[INFO] fetching crate schnorr 0.0.20...
[INFO] documenting schnorr-0.0.20 against 1.69.0 for beta-1.70-rustdoc-1
[INFO] extracting crate schnorr 0.0.20 into /workspace/builds/worker-5-tc1/source
[INFO] validating manifest of crates.io crate schnorr 0.0.20 on toolchain 1.69.0
[INFO] running `Command { std: CARGO_HOME="/workspace/cargo-home" RUSTUP_HOME="/workspace/rustup-home" "/workspace/cargo-home/bin/cargo" "+1.69.0" "metadata" "--manifest-path" "Cargo.toml" "--no-deps", kill_on_drop: false }`
[INFO] started tweaking crates.io crate schnorr 0.0.20
[INFO] finished tweaking crates.io crate schnorr 0.0.20
[INFO] tweaked toml for crates.io crate schnorr 0.0.20 written to /workspace/builds/worker-5-tc1/source/Cargo.toml
[INFO] running `Command { std: CARGO_HOME="/workspace/cargo-home" RUSTUP_HOME="/workspace/rustup-home" __CARGO_TEST_CHANNEL_OVERRIDE_DO_NOT_USE_THIS="nightly" "/workspace/cargo-home/bin/cargo" "+1.69.0" "generate-lockfile" "--manifest-path" "Cargo.toml" "-Zno-index-update", kill_on_drop: false }`
[INFO] running `Command { std: CARGO_HOME="/workspace/cargo-home" RUSTUP_HOME="/workspace/rustup-home" "/workspace/cargo-home/bin/cargo" "+1.69.0" "fetch" "--manifest-path" "Cargo.toml", kill_on_drop: false }`
[INFO] [stderr]     Blocking waiting for file lock on package cache
[INFO] [stderr]  Downloading crates ...
[INFO] [stderr]   Downloaded blake2 v0.8.1
[INFO] [stderr]   Downloaded bacteria v0.0.8
[INFO] [stderr]   Downloaded mohan v0.0.53
[INFO] running `Command { std: "docker" "create" "-v" "/var/lib/crater-agent-workspace/builds/worker-5-tc1/target:/opt/rustwide/target:rw,Z" "-v" "/var/lib/crater-agent-workspace/builds/worker-5-tc1/source:/opt/rustwide/workdir:ro,Z" "-v" "/var/lib/crater-agent-workspace/cargo-home:/opt/rustwide/cargo-home:ro,Z" "-v" "/var/lib/crater-agent-workspace/rustup-home:/opt/rustwide/rustup-home:ro,Z" "-e" "SOURCE_DIR=/opt/rustwide/workdir" "-e" "CARGO_TARGET_DIR=/opt/rustwide/target" "-e" "CARGO_HOME=/opt/rustwide/cargo-home" "-e" "RUSTUP_HOME=/opt/rustwide/rustup-home" "-w" "/opt/rustwide/workdir" "-m" "1610612736" "--user" "0:0" "--network" "none" "ghcr.io/rust-lang/crates-build-env/linux@sha256:5ff2268d62e97bff2cde7d5815dd6ed5b47097566f13b8d0ca110b04b60e07ed" "/opt/rustwide/cargo-home/bin/cargo" "+1.69.0" "metadata" "--no-deps" "--format-version=1", kill_on_drop: false }`
[INFO] [stdout] cb525ed0765d8b1fef531dbc760cb786ac39c4575ff85b2d045780c136642d6d
[INFO] running `Command { std: "docker" "start" "-a" "cb525ed0765d8b1fef531dbc760cb786ac39c4575ff85b2d045780c136642d6d", kill_on_drop: false }`
[INFO] running `Command { std: "docker" "inspect" "cb525ed0765d8b1fef531dbc760cb786ac39c4575ff85b2d045780c136642d6d", kill_on_drop: false }`
[INFO] running `Command { std: "docker" "rm" "-f" "cb525ed0765d8b1fef531dbc760cb786ac39c4575ff85b2d045780c136642d6d", kill_on_drop: false }`
[INFO] [stdout] cb525ed0765d8b1fef531dbc760cb786ac39c4575ff85b2d045780c136642d6d
[INFO] running `Command { std: "docker" "create" "-v" "/var/lib/crater-agent-workspace/builds/worker-5-tc1/target:/opt/rustwide/target:rw,Z" "-v" "/var/lib/crater-agent-workspace/builds/worker-5-tc1/source:/opt/rustwide/workdir:ro,Z" "-v" "/var/lib/crater-agent-workspace/cargo-home:/opt/rustwide/cargo-home:ro,Z" "-v" "/var/lib/crater-agent-workspace/rustup-home:/opt/rustwide/rustup-home:ro,Z" "-e" "SOURCE_DIR=/opt/rustwide/workdir" "-e" "CARGO_TARGET_DIR=/opt/rustwide/target" "-e" "CARGO_INCREMENTAL=0" "-e" "RUST_BACKTRACE=full" "-e" "RUSTFLAGS=--cap-lints=warn" "-e" "RUSTDOCFLAGS=--cap-lints=warn" "-e" "CARGO_HOME=/opt/rustwide/cargo-home" "-e" "RUSTUP_HOME=/opt/rustwide/rustup-home" "-w" "/opt/rustwide/workdir" "-m" "1610612736" "--user" "0:0" "--network" "none" "ghcr.io/rust-lang/crates-build-env/linux@sha256:5ff2268d62e97bff2cde7d5815dd6ed5b47097566f13b8d0ca110b04b60e07ed" "/opt/rustwide/cargo-home/bin/cargo" "+1.69.0" "doc" "--frozen" "--no-deps" "--document-private-items" "--message-format=json", kill_on_drop: false }`
[INFO] [stdout] 982dee7d42ac475a1c6169ea4c0e4ccf916c0dbb047c1ab3f709e2bbb1d9295a
[INFO] running `Command { std: "docker" "start" "-a" "982dee7d42ac475a1c6169ea4c0e4ccf916c0dbb047c1ab3f709e2bbb1d9295a", kill_on_drop: false }`
[INFO] [stderr]    Compiling crossbeam-utils v0.8.15
[INFO] [stderr]    Compiling memchr v2.5.0
[INFO] [stderr]    Compiling getrandom v0.1.16
[INFO] [stderr]    Compiling indexmap v1.9.3
[INFO] [stderr]    Compiling syn v2.0.15
[INFO] [stderr]    Compiling backtrace v0.3.67
[INFO] [stderr]    Compiling libm v0.1.4
[INFO] [stderr]    Compiling serde v1.0.160
[INFO] [stderr]     Checking fixedbitset v0.2.0
[INFO] [stderr]    Compiling crunchy v0.2.2
[INFO] [stderr]    Compiling rayon-core v1.11.0
[INFO] [stderr]    Compiling packed_simd_2 v0.3.8
[INFO] [stderr]     Checking rand_core v0.5.1
[INFO] [stderr]     Checking generic-array v0.12.4
[INFO] [stderr]     Checking thread-id v3.3.0
[INFO] [stderr]     Checking byteorder v1.4.3
[INFO] [stderr]     Checking petgraph v0.5.1
[INFO] [stderr]     Checking object v0.30.3
[INFO] [stderr]     Checking rand_chacha v0.2.2
[INFO] [stderr]     Checking crossbeam-epoch v0.9.14
[INFO] [stderr]     Checking crossbeam-channel v0.5.8
[INFO] [stderr]     Checking digest v0.8.1
[INFO] [stderr]     Checking crossbeam-deque v0.8.3
[INFO] [stderr]     Checking lock_api v0.3.4
[INFO] [stderr]     Checking constant_time_eq v0.1.5
[INFO] [stderr]     Checking either v1.8.1
[INFO] [stderr]     Checking arrayvec v0.5.2
[INFO] [stderr]     Checking subtle v2.5.0
[INFO] [stderr]     Checking rustc-hex v2.1.0
[INFO] [stderr]     Checking static_assertions v1.1.0
[INFO] [stderr]     Checking arrayref v0.3.7
[INFO] [stderr]     Checking rand v0.7.3
[INFO] [stderr]     Checking uint v0.8.5
[INFO] [stderr]     Checking blake2b_simd v0.5.11
[INFO] [stderr]     Checking rayon v1.7.0
[INFO] [stdout] error[E0554]: `#![feature]` may not be used on the stable release channel
[INFO] [stdout]    --> /opt/rustwide/cargo-home/registry/src/github.com-1ecc6299db9ec823/packed_simd_2-0.3.8/src/lib.rs:214:1
[INFO] [stdout]     |
[INFO] [stdout] 214 | / #![feature(
[INFO] [stdout] 215 | |     adt_const_params,
[INFO] [stdout] 216 | |     repr_simd,
[INFO] [stdout] 217 | |     rustc_attrs,
[INFO] [stdout] ...   |
[INFO] [stdout] 224 | |     custom_inner_attributes,
[INFO] [stdout] 225 | | )]
[INFO] [stdout]     | |__^
[INFO] [stdout] 
[INFO] [stdout] 
[INFO] [stdout] error[E0554]: `#![feature]` may not be used on the stable release channel
[INFO] [stdout]    --> /opt/rustwide/cargo-home/registry/src/github.com-1ecc6299db9ec823/packed_simd_2-0.3.8/src/lib.rs:219:5
[INFO] [stdout]     |
[INFO] [stdout] 219 |     stdsimd,
[INFO] [stdout]     |     ^^^^^^^
[INFO] [stdout] 
[INFO] [stdout] 
[INFO] [stdout] error[E0554]: `#![feature]` may not be used on the stable release channel
[INFO] [stdout]    --> /opt/rustwide/cargo-home/registry/src/github.com-1ecc6299db9ec823/packed_simd_2-0.3.8/src/lib.rs:222:5
[INFO] [stdout]     |
[INFO] [stdout] 222 |     core_intrinsics,
[INFO] [stdout]     |     ^^^^^^^^^^^^^^^
[INFO] [stdout] 
[INFO] [stdout] 
[INFO] [stderr]     Checking parking_lot_core v0.7.3
[INFO] [stderr]    Compiling serde_derive v1.0.160
[INFO] [stderr]    Compiling zeroize_derive v1.4.2
[INFO] [stderr]    Compiling thiserror-impl v1.0.40
[INFO] [stderr]     Checking parking_lot v0.10.2
[INFO] [stderr]     Checking zeroize v1.6.0
[INFO] [stderr]     Checking thiserror v1.0.40
[INFO] [stdout] error: aborting due to 3 previous errors
[INFO] [stdout] 
[INFO] [stdout] 
[INFO] [stdout] For more information about this error, try `rustc --explain E0554`.
[INFO] [stdout] 
[INFO] [stderr] error: could not compile `packed_simd_2` due to 4 previous errors
[INFO] [stderr] warning: build failed, waiting for other jobs to finish...
[INFO] running `Command { std: "docker" "inspect" "982dee7d42ac475a1c6169ea4c0e4ccf916c0dbb047c1ab3f709e2bbb1d9295a", kill_on_drop: false }`
[INFO] running `Command { std: "docker" "rm" "-f" "982dee7d42ac475a1c6169ea4c0e4ccf916c0dbb047c1ab3f709e2bbb1d9295a", kill_on_drop: false }`
[INFO] [stdout] 982dee7d42ac475a1c6169ea4c0e4ccf916c0dbb047c1ab3f709e2bbb1d9295a
