[INFO] fetching crate safe-token-swap 3.0.0...
[INFO] documenting safe-token-swap-3.0.0 against 1.69.0 for beta-1.70-rustdoc-1
[INFO] extracting crate safe-token-swap 3.0.0 into /workspace/builds/worker-6-tc1/source
[INFO] validating manifest of crates.io crate safe-token-swap 3.0.0 on toolchain 1.69.0
[INFO] running `Command { std: CARGO_HOME="/workspace/cargo-home" RUSTUP_HOME="/workspace/rustup-home" "/workspace/cargo-home/bin/cargo" "+1.69.0" "metadata" "--manifest-path" "Cargo.toml" "--no-deps", kill_on_drop: false }`
[INFO] started tweaking crates.io crate safe-token-swap 3.0.0
[INFO] finished tweaking crates.io crate safe-token-swap 3.0.0
[INFO] tweaked toml for crates.io crate safe-token-swap 3.0.0 written to /workspace/builds/worker-6-tc1/source/Cargo.toml
[INFO] running `Command { std: CARGO_HOME="/workspace/cargo-home" RUSTUP_HOME="/workspace/rustup-home" __CARGO_TEST_CHANNEL_OVERRIDE_DO_NOT_USE_THIS="nightly" "/workspace/cargo-home/bin/cargo" "+1.69.0" "generate-lockfile" "--manifest-path" "Cargo.toml" "-Zno-index-update", kill_on_drop: false }`
[INFO] running `Command { std: CARGO_HOME="/workspace/cargo-home" RUSTUP_HOME="/workspace/rustup-home" "/workspace/cargo-home/bin/cargo" "+1.69.0" "fetch" "--manifest-path" "Cargo.toml", kill_on_drop: false }`
[INFO] [stderr]  Downloading crates ...
[INFO] [stderr]   Downloaded safe-memo v3.0.9
[INFO] [stderr]   Downloaded safe-token v3.5.1
[INFO] [stderr]   Downloaded roots v0.0.7
[INFO] [stderr]   Downloaded safecoin-program v1.14.17
[INFO] [stderr]   Downloaded safecoin-frozen-abi v1.14.17
[INFO] [stderr]   Downloaded safecoin-logger v1.14.17
[INFO] [stderr]   Downloaded safecoin-sdk v1.14.17
[INFO] [stderr]   Downloaded safecoin-frozen-abi-macro v1.14.17
[INFO] [stderr]   Downloaded safecoin-sdk-macro v1.14.17
[INFO] [stderr]   Downloaded safe-token-2022 v0.4.3
[INFO] [stderr]   Downloaded safe-zk-token-sdk v1.14.17
[INFO] running `Command { std: "docker" "create" "-v" "/var/lib/crater-agent-workspace/builds/worker-6-tc1/target:/opt/rustwide/target:rw,Z" "-v" "/var/lib/crater-agent-workspace/builds/worker-6-tc1/source:/opt/rustwide/workdir:ro,Z" "-v" "/var/lib/crater-agent-workspace/cargo-home:/opt/rustwide/cargo-home:ro,Z" "-v" "/var/lib/crater-agent-workspace/rustup-home:/opt/rustwide/rustup-home:ro,Z" "-e" "SOURCE_DIR=/opt/rustwide/workdir" "-e" "CARGO_TARGET_DIR=/opt/rustwide/target" "-e" "CARGO_HOME=/opt/rustwide/cargo-home" "-e" "RUSTUP_HOME=/opt/rustwide/rustup-home" "-w" "/opt/rustwide/workdir" "-m" "1610612736" "--user" "0:0" "--network" "none" "ghcr.io/rust-lang/crates-build-env/linux@sha256:5ff2268d62e97bff2cde7d5815dd6ed5b47097566f13b8d0ca110b04b60e07ed" "/opt/rustwide/cargo-home/bin/cargo" "+1.69.0" "metadata" "--no-deps" "--format-version=1", kill_on_drop: false }`
[INFO] [stdout] 2ad7a25f605690ccd4246d8e9e59372b1be1095d6aba93567f313356b7fcb1a4
[INFO] running `Command { std: "docker" "start" "-a" "2ad7a25f605690ccd4246d8e9e59372b1be1095d6aba93567f313356b7fcb1a4", kill_on_drop: false }`
[INFO] running `Command { std: "docker" "inspect" "2ad7a25f605690ccd4246d8e9e59372b1be1095d6aba93567f313356b7fcb1a4", kill_on_drop: false }`
[INFO] running `Command { std: "docker" "rm" "-f" "2ad7a25f605690ccd4246d8e9e59372b1be1095d6aba93567f313356b7fcb1a4", kill_on_drop: false }`
[INFO] [stdout] 2ad7a25f605690ccd4246d8e9e59372b1be1095d6aba93567f313356b7fcb1a4
[INFO] running `Command { std: "docker" "create" "-v" "/var/lib/crater-agent-workspace/builds/worker-6-tc1/target:/opt/rustwide/target:rw,Z" "-v" "/var/lib/crater-agent-workspace/builds/worker-6-tc1/source:/opt/rustwide/workdir:ro,Z" "-v" "/var/lib/crater-agent-workspace/cargo-home:/opt/rustwide/cargo-home:ro,Z" "-v" "/var/lib/crater-agent-workspace/rustup-home:/opt/rustwide/rustup-home:ro,Z" "-e" "SOURCE_DIR=/opt/rustwide/workdir" "-e" "CARGO_TARGET_DIR=/opt/rustwide/target" "-e" "CARGO_INCREMENTAL=0" "-e" "RUST_BACKTRACE=full" "-e" "RUSTFLAGS=--cap-lints=warn" "-e" "RUSTDOCFLAGS=--cap-lints=warn" "-e" "CARGO_HOME=/opt/rustwide/cargo-home" "-e" "RUSTUP_HOME=/opt/rustwide/rustup-home" "-w" "/opt/rustwide/workdir" "-m" "1610612736" "--user" "0:0" "--network" "none" "ghcr.io/rust-lang/crates-build-env/linux@sha256:5ff2268d62e97bff2cde7d5815dd6ed5b47097566f13b8d0ca110b04b60e07ed" "/opt/rustwide/cargo-home/bin/cargo" "+1.69.0" "doc" "--frozen" "--no-deps" "--document-private-items" "--message-format=json", kill_on_drop: false }`
[INFO] [stdout] 8a8c06164a09243ba74dfc9e320bba9d863ed877227c15326ab616e9d06dcdc3
[INFO] running `Command { std: "docker" "start" "-a" "8a8c06164a09243ba74dfc9e320bba9d863ed877227c15326ab616e9d06dcdc3", kill_on_drop: false }`
[INFO] [stderr]    Compiling serde v1.0.160
[INFO] [stderr]    Compiling syn v1.0.109
[INFO] [stderr]     Checking subtle v2.4.1
[INFO] [stderr]    Compiling libm v0.2.6
[INFO] [stderr]    Compiling cfg-if v1.0.0
[INFO] [stderr]    Compiling generic-array v0.14.7
[INFO] [stderr]    Compiling ahash v0.7.6
[INFO] [stderr]    Compiling num-traits v0.2.15
[INFO] [stderr]    Compiling libc v0.2.142
[INFO] [stderr]    Compiling getrandom v0.1.16
[INFO] [stderr]    Compiling crunchy v0.2.2
[INFO] [stderr]    Compiling syn v2.0.15
[INFO] [stderr]     Checking getrandom v0.2.9
[INFO] [stderr]     Checking block-padding v0.2.1
[INFO] [stderr]    Compiling typenum v1.16.0
[INFO] [stderr]     Checking byteorder v1.4.3
[INFO] [stderr]    Compiling wasm-bindgen-shared v0.2.84
[INFO] [stderr]    Compiling feature-probe v0.1.1
[INFO] [stderr]     Checking rand_core v0.6.4
[INFO] [stderr]     Checking either v1.8.1
[INFO] [stderr]     Checking rayon-core v1.11.0
[INFO] [stderr]    Compiling log v0.4.17
[INFO] [stderr]     Checking bitmaps v2.1.0
[INFO] [stderr]    Compiling im v15.1.0
[INFO] [stderr]    Compiling bumpalo v3.12.1
[INFO] [stderr]    Compiling bv v0.11.1
[INFO] [stderr]     Checking rand_core v0.5.1
[INFO] [stderr]    Compiling rustversion v1.0.12
[INFO] [stderr]     Checking arrayref v0.3.7
[INFO] [stderr]     Checking rand_xoshiro v0.6.0
[INFO] [stderr]     Checking jobserver v0.1.26
[INFO] [stderr]     Checking keccak v0.1.3
[INFO] [stderr]     Checking rand_chacha v0.2.2
[INFO] [stderr]     Checking rayon v1.7.0
[INFO] [stderr]     Checking arrayvec v0.7.2
[INFO] [stderr]     Checking constant_time_eq v0.2.5
[INFO] [stderr]    Compiling ucd-trie v0.1.5
[INFO] [stderr]     Checking hashbrown v0.12.3
[INFO] [stderr]     Checking cc v1.0.79
[INFO] [stderr]     Checking memmap2 v0.5.10
[INFO] [stderr]     Checking bs58 v0.4.0
[INFO] [stderr]    Compiling wasm-bindgen v0.2.84
[INFO] [stderr]     Checking rand v0.7.3
[INFO] [stderr]     Checking hashbrown v0.11.2
[INFO] [stderr]     Checking sized-chunks v0.6.5
[INFO] [stderr]    Compiling safecoin-frozen-abi-macro v1.14.17
[INFO] [stderr]     Checking base64 v0.12.3
[INFO] [stderr]     Checking rustc-hash v1.1.0
[INFO] [stderr]     Checking itertools v0.10.5
[INFO] [stderr]     Checking rand_chacha v0.3.1
[INFO] [stderr]    Compiling safecoin-frozen-abi v1.14.17
[INFO] [stderr]    Compiling memoffset v0.6.5
[INFO] [stderr]     Checking base64 v0.13.1
[INFO] [stderr]     Checking num-integer v0.1.45
[INFO] [stderr]    Compiling paste v1.0.12
[INFO] [stderr]     Checking rand v0.8.5
[INFO] [stderr]    Compiling toml_datetime v0.6.1
[INFO] [stderr]     Checking signature v1.6.4
[INFO] [stderr]     Checking num-bigint v0.4.3
[INFO] [stderr]    Compiling solana-frozen-abi-macro v1.15.2
[INFO] [stderr]     Checking atty v0.2.14
[INFO] [stderr]     Checking ed25519 v1.5.3
[INFO] [stderr]     Checking humantime v2.1.0
[INFO] [stderr]    Compiling safecoin-sdk v1.14.17
[INFO] [stderr]    Compiling solana-frozen-abi v1.15.2
[INFO] [stderr]     Checking derivation-path v0.2.0
[INFO] [stderr]     Checking qstring v0.7.2
[INFO] [stderr]     Checking uriparse v0.6.4
[INFO] [stderr]     Checking chrono v0.4.24
[INFO] [stderr]     Checking assert_matches v1.5.0
[INFO] [stderr]     Checking env_logger v0.9.3
[INFO] [stderr]     Checking ark-std v0.3.0
[INFO] [stderr]     Checking rustc-hex v2.1.0
[INFO] [stderr]     Checking array-bytes v1.4.1
[INFO] [stderr]    Compiling indexmap v1.9.3
[INFO] [stderr]     Checking uint v0.8.5
[INFO] [stderr]     Checking safecoin-logger v1.14.17
[INFO] [stderr]    Compiling blake3 v1.3.3
[INFO] [stderr]    Compiling safecoin-program v1.14.17
[INFO] [stderr]    Compiling solana-program v1.15.2
[INFO] [stderr]    Compiling toml_edit v0.19.8
[INFO] [stderr]    Compiling proc-macro-crate v1.3.1
[INFO] [stderr]    Compiling serde_derive v1.0.160
[INFO] [stderr]    Compiling thiserror-impl v1.0.40
[INFO] [stderr]    Compiling zeroize_derive v1.4.2
[INFO] [stderr]    Compiling bytemuck_derive v1.4.1
[INFO] [stderr]    Compiling wasm-bindgen-backend v0.2.84
[INFO] [stderr]    Compiling borsh-schema-derive-internal v0.9.3
[INFO] [stderr]    Compiling borsh-derive-internal v0.9.3
[INFO] [stderr]    Compiling borsh-derive-internal v0.7.2
[INFO] [stderr]    Compiling borsh-schema-derive-internal v0.7.2
[INFO] [stderr]    Compiling borsh-schema-derive-internal v0.8.2
[INFO] [stderr]    Compiling borsh-derive-internal v0.8.2
[INFO] [stderr]     Checking zeroize v1.3.0
[INFO] [stderr]     Checking bytemuck v1.13.1
[INFO] [stderr]     Checking merlin v3.0.0
[INFO] [stderr]    Compiling wasm-bindgen-macro-support v0.2.84
[INFO] [stderr]     Checking thiserror v1.0.40
[INFO] [stderr]    Compiling num-derive v0.3.3
[INFO] [stderr]    Compiling safecoin-sdk-macro v1.14.17
[INFO] [stderr]    Compiling ark-ff-asm v0.3.0
[INFO] [stderr]    Compiling ark-ff-macros v0.3.0
[INFO] [stderr]    Compiling derivative v2.2.0
[INFO] [stderr]    Compiling num_enum_derive v0.5.11
[INFO] [stderr]    Compiling solana-sdk-macro v1.15.2
[INFO] [stderr]    Compiling borsh-derive v0.7.2
[INFO] [stderr]    Compiling enum_dispatch v0.3.11
[INFO] [stderr]    Compiling pest v2.6.0
[INFO] [stderr]     Checking borsh v0.7.2
[INFO] [stderr]    Compiling wasm-bindgen-macro v0.2.84
[INFO] [stderr]    Compiling semver-parser v0.10.2
[INFO] [stderr]     Checking num_enum v0.5.11
[INFO] [stderr]    Compiling semver v0.11.0
[INFO] [stderr]    Compiling rustc_version v0.3.3
[INFO] [stderr]    Compiling ark-ff v0.3.0
[INFO] [stderr]     Checking serde_bytes v0.11.9
[INFO] [stderr]     Checking serde_json v1.0.96
[INFO] [stderr]     Checking bincode v1.3.3
[INFO] [stderr]    Compiling toml v0.5.11
[INFO] [stderr]     Checking digest v0.9.0
[INFO] [stderr]     Checking crypto-common v0.1.6
[INFO] [stderr]     Checking block-buffer v0.10.4
[INFO] [stderr]     Checking block-buffer v0.9.0
[INFO] [stderr]     Checking crypto-mac v0.8.0
[INFO] [stderr]     Checking cipher v0.3.0
[INFO] [stderr]     Checking universal-hash v0.4.1
[INFO] [stderr]     Checking aead v0.4.3
[INFO] [stderr]     Checking inout v0.1.3
[INFO] [stderr]     Checking pbkdf2 v0.4.0
[INFO] [stderr]     Checking hmac v0.8.1
[INFO] [stderr]     Checking curve25519-dalek v3.2.1
[INFO] [stderr]     Checking libsecp256k1-core v0.2.2
[INFO] [stderr]     Checking ark-serialize v0.3.0
[INFO] [stderr]     Checking digest v0.10.6
[INFO] [stderr]     Checking aes v0.7.5
[INFO] [stderr]     Checking ctr v0.8.0
[INFO] [stderr]     Checking sha2 v0.9.9
[INFO] [stderr]     Checking sha3 v0.9.1
[INFO] [stderr]     Checking polyval v0.5.3
[INFO] [stderr]     Checking cipher v0.4.4
[INFO] [stderr]     Checking hmac-drbg v0.3.0
[INFO] [stderr]     Checking sha2 v0.10.6
[INFO] [stderr]     Checking sha3 v0.10.7
[INFO] [stderr]     Checking hmac v0.12.1
[INFO] [stderr]     Checking pbkdf2 v0.11.0
[INFO] [stderr]     Checking tiny-bip39 v0.8.2
[INFO] [stderr]    Compiling proc-macro-crate v0.1.5
[INFO] [stderr]     Checking aes-gcm-siv v0.10.3
[INFO] [stderr]    Compiling borsh-derive v0.9.3
[INFO] [stderr]    Compiling borsh-derive v0.8.2
[INFO] [stderr]     Checking ed25519-dalek v1.0.1
[INFO] [stderr]     Checking ed25519-dalek-bip32 v0.2.0
[INFO] [stderr]    Compiling libsecp256k1-gen-genmult v0.2.1
[INFO] [stderr]    Compiling libsecp256k1-gen-ecmult v0.2.1
[INFO] [stderr]    Compiling libsecp256k1 v0.6.0
[INFO] [stderr]     Checking borsh v0.9.3
[INFO] [stderr]     Checking ark-ec v0.3.0
[INFO] [stderr]     Checking ark-bn254 v0.3.0
[INFO] [stderr]     Checking safe-token v3.5.1
[INFO] [stderr]     Checking safe-memo v3.0.9
[INFO] [stderr]     Checking safe-zk-token-sdk v1.14.17
[INFO] [stderr]     Checking safe-token-2022 v0.4.3
[INFO] [stdout] error[E0433]: failed to resolve: use of undeclared crate or module `safecoin_program`
[INFO] [stdout]  --> /opt/rustwide/cargo-home/registry/src/github.com-1ecc6299db9ec823/safe-token-2022-0.4.3/src/error.rs:5:5
[INFO] [stdout]   |
[INFO] [stdout] 5 |     safecoin_program::{
[INFO] [stdout]   |     ^^^^^^^^^^^^^^^^ use of undeclared crate or module `safecoin_program`
[INFO] [stdout] 
[INFO] [stdout] 
[INFO] [stdout] error[E0433]: failed to resolve: use of undeclared crate or module `safecoin_program`
[INFO] [stdout]   --> /opt/rustwide/cargo-home/registry/src/github.com-1ecc6299db9ec823/safe-token-2022-0.4.3/src/extension/mod.rs:21:5
[INFO] [stdout]    |
[INFO] [stdout] 21 |     safecoin_program::{
[INFO] [stdout]    |     ^^^^^^^^^^^^^^^^ use of undeclared crate or module `safecoin_program`
[INFO] [stdout] 
[INFO] [stdout] 
[INFO] [stdout] error[E0433]: failed to resolve: use of undeclared crate or module `safecoin_program`
[INFO] [stdout]  --> /opt/rustwide/cargo-home/registry/src/github.com-1ecc6299db9ec823/safe-token-2022-0.4.3/src/extension/confidential_transfer/mod.rs:8:5
[INFO] [stdout]   |
[INFO] [stdout] 8 |     safecoin_program::{entrypoint::ProgramResult, pubkey::Pubkey},
[INFO] [stdout]   |     ^^^^^^^^^^^^^^^^ use of undeclared crate or module `safecoin_program`
[INFO] [stdout] 
[INFO] [stdout] 
[INFO] [stdout] error[E0433]: failed to resolve: use of undeclared crate or module `safecoin_program`
[INFO] [stdout]   --> /opt/rustwide/cargo-home/registry/src/github.com-1ecc6299db9ec823/safe-token-2022-0.4.3/src/extension/confidential_transfer/instruction.rs:12:5
[INFO] [stdout]    |
[INFO] [stdout] 12 |     safecoin_program::{
[INFO] [stdout]    |     ^^^^^^^^^^^^^^^^ use of undeclared crate or module `safecoin_program`
[INFO] [stdout] 
[INFO] [stdout] 
[INFO] [stdout] error[E0432]: unresolved import `safecoin_program`
[INFO] [stdout]  --> /opt/rustwide/cargo-home/registry/src/github.com-1ecc6299db9ec823/safe-token-2022-0.4.3/src/error.rs:5:5
[INFO] [stdout]   |
[INFO] [stdout] 5 |     safecoin_program::{
[INFO] [stdout]   |     ^^^^^^^^^^^^^^^^ use of undeclared crate or module `safecoin_program`
[INFO] [stdout] 
[INFO] [stdout] 
[INFO] [stdout] error[E0433]: failed to resolve: use of undeclared crate or module `safecoin_program`
[INFO] [stdout]   --> /opt/rustwide/cargo-home/registry/src/github.com-1ecc6299db9ec823/safe-token-2022-0.4.3/src/extension/confidential_transfer/processor.rs:14:5
[INFO] [stdout]    |
[INFO] [stdout] 14 |     safecoin_program::{
[INFO] [stdout]    |     ^^^^^^^^^^^^^^^^ use of undeclared crate or module `safecoin_program`
[INFO] [stdout] 
[INFO] [stdout] 
[INFO] [stdout] error[E0432]: unresolved import `safecoin_program`
[INFO] [stdout]   --> /opt/rustwide/cargo-home/registry/src/github.com-1ecc6299db9ec823/safe-token-2022-0.4.3/src/extension/confidential_transfer/instruction.rs:12:5
[INFO] [stdout]    |
[INFO] [stdout] 12 |     safecoin_program::{
[INFO] [stdout]    |     ^^^^^^^^^^^^^^^^ use of undeclared crate or module `safecoin_program`
[INFO] [stdout] 
[INFO] [stdout] 
[INFO] [stderr]     Checking spl-math v0.1.0
[INFO] [stdout] error[E0433]: failed to resolve: use of undeclared crate or module `safecoin_program`
[INFO] [stdout]   --> /opt/rustwide/cargo-home/registry/src/github.com-1ecc6299db9ec823/safe-token-2022-0.4.3/src/extension/confidential_transfer/processor.rs:29:5
[INFO] [stdout]    |
[INFO] [stdout] 29 |     safecoin_program::{clock::Clock, sysvar::Sysvar},
[INFO] [stdout]    |     ^^^^^^^^^^^^^^^^ use of undeclared crate or module `safecoin_program`
[INFO] [stdout] 
[INFO] [stdout] 
[INFO] [stdout] error[E0433]: failed to resolve: use of undeclared crate or module `safecoin_program`
[INFO] [stdout]  --> /opt/rustwide/cargo-home/registry/src/github.com-1ecc6299db9ec823/safe-token-2022-0.4.3/src/extension/default_account_state/instruction.rs:7:5
[INFO] [stdout]   |
[INFO] [stdout] 7 |     safecoin_program::{
[INFO] [stdout]   |     ^^^^^^^^^^^^^^^^ use of undeclared crate or module `safecoin_program`
[INFO] [stdout] 
[INFO] [stdout] 
[INFO] [stdout] error[E0433]: failed to resolve: use of undeclared crate or module `safecoin_program`
[INFO] [stdout]   --> /opt/rustwide/cargo-home/registry/src/github.com-1ecc6299db9ec823/safe-token-2022-0.4.3/src/extension/default_account_state/processor.rs:15:5
[INFO] [stdout]    |
[INFO] [stdout] 15 |     safecoin_program::{
[INFO] [stdout]    |     ^^^^^^^^^^^^^^^^ use of undeclared crate or module `safecoin_program`
[INFO] [stdout] 
[INFO] [stdout] 
[INFO] [stdout] error[E0432]: unresolved import `safecoin_program`
[INFO] [stdout]   --> /opt/rustwide/cargo-home/registry/src/github.com-1ecc6299db9ec823/safe-token-2022-0.4.3/src/extension/confidential_transfer/processor.rs:14:5
[INFO] [stdout]    |
[INFO] [stdout] 14 |     safecoin_program::{
[INFO] [stdout]    |     ^^^^^^^^^^^^^^^^ use of undeclared crate or module `safecoin_program`
[INFO] [stdout] 
[INFO] [stdout] 
[INFO] [stdout] error[E0433]: failed to resolve: use of undeclared crate or module `safecoin_program`
[INFO] [stdout]  --> /opt/rustwide/cargo-home/registry/src/github.com-1ecc6299db9ec823/safe-token-2022-0.4.3/src/extension/interest_bearing_mint/mod.rs:7:5
[INFO] [stdout]   |
[INFO] [stdout] 7 |     safecoin_program::program_error::ProgramError,
[INFO] [stdout]   |     ^^^^^^^^^^^^^^^^ use of undeclared crate or module `safecoin_program`
[INFO] [stdout] 
[INFO] [stdout] 
[INFO] [stdout] error[E0433]: failed to resolve: use of undeclared crate or module `safecoin_program`
[INFO] [stdout]   --> /opt/rustwide/cargo-home/registry/src/github.com-1ecc6299db9ec823/safe-token-2022-0.4.3/src/extension/interest_bearing_mint/instruction.rs:10:5
[INFO] [stdout]    |
[INFO] [stdout] 10 |     safecoin_program::{
[INFO] [stdout]    |     ^^^^^^^^^^^^^^^^ use of undeclared crate or module `safecoin_program`
[INFO] [stdout] 
[INFO] [stdout] 
[INFO] [stdout] error[E0433]: failed to resolve: use of undeclared crate or module `safecoin_program`
[INFO] [stdout]   --> /opt/rustwide/cargo-home/registry/src/github.com-1ecc6299db9ec823/safe-token-2022-0.4.3/src/extension/interest_bearing_mint/processor.rs:17:5
[INFO] [stdout]    |
[INFO] [stdout] 17 |     safecoin_program::{
[INFO] [stdout]    |     ^^^^^^^^^^^^^^^^ use of undeclared crate or module `safecoin_program`
[INFO] [stdout] 
[INFO] [stdout] 
[INFO] [stdout] error[E0432]: unresolved import `safecoin_program`
[INFO] [stdout]   --> /opt/rustwide/cargo-home/registry/src/github.com-1ecc6299db9ec823/safe-token-2022-0.4.3/src/extension/default_account_state/processor.rs:15:5
[INFO] [stdout]    |
[INFO] [stdout] 15 |     safecoin_program::{
[INFO] [stdout]    |     ^^^^^^^^^^^^^^^^ use of undeclared crate or module `safecoin_program`
[INFO] [stdout] 
[INFO] [stdout] 
[INFO] [stdout] error[E0433]: failed to resolve: use of undeclared crate or module `safecoin_program`
[INFO] [stdout]  --> /opt/rustwide/cargo-home/registry/src/github.com-1ecc6299db9ec823/safe-token-2022-0.4.3/src/extension/memo_transfer/mod.rs:9:5
[INFO] [stdout]   |
[INFO] [stdout] 9 |     safecoin_program::{
[INFO] [stdout]   |     ^^^^^^^^^^^^^^^^ use of undeclared crate or module `safecoin_program`
[INFO] [stdout] 
[INFO] [stdout] 
[INFO] [stdout] error[E0433]: failed to resolve: use of undeclared crate or module `safecoin_program`
[INFO] [stdout]  --> /opt/rustwide/cargo-home/registry/src/github.com-1ecc6299db9ec823/safe-token-2022-0.4.3/src/extension/memo_transfer/instruction.rs:7:5
[INFO] [stdout]   |
[INFO] [stdout] 7 |     safecoin_program::{
[INFO] [stdout]   |     ^^^^^^^^^^^^^^^^ use of undeclared crate or module `safecoin_program`
[INFO] [stdout] 
[INFO] [stdout] 
[INFO] [stdout] error[E0433]: failed to resolve: use of undeclared crate or module `safecoin_program`
[INFO] [stdout]   --> /opt/rustwide/cargo-home/registry/src/github.com-1ecc6299db9ec823/safe-token-2022-0.4.3/src/extension/memo_transfer/processor.rs:12:5
[INFO] [stdout]    |
[INFO] [stdout] 12 |     safecoin_program::{
[INFO] [stdout]    |     ^^^^^^^^^^^^^^^^ use of undeclared crate or module `safecoin_program`
[INFO] [stdout] 
[INFO] [stdout] 
[INFO] [stdout] error[E0432]: unresolved import `safecoin_program`
[INFO] [stdout]   --> /opt/rustwide/cargo-home/registry/src/github.com-1ecc6299db9ec823/safe-token-2022-0.4.3/src/extension/interest_bearing_mint/processor.rs:17:5
[INFO] [stdout]    |
[INFO] [stdout] 17 |     safecoin_program::{
[INFO] [stdout]    |     ^^^^^^^^^^^^^^^^ use of undeclared crate or module `safecoin_program`
[INFO] [stdout] 
[INFO] [stdout] 
[INFO] [stdout] error[E0433]: failed to resolve: use of undeclared crate or module `safecoin_program`
[INFO] [stdout]  --> /opt/rustwide/cargo-home/registry/src/github.com-1ecc6299db9ec823/safe-token-2022-0.4.3/src/extension/reallocate.rs:8:5
[INFO] [stdout]   |
[INFO] [stdout] 8 |     safecoin_program::{
[INFO] [stdout]   |     ^^^^^^^^^^^^^^^^ use of undeclared crate or module `safecoin_program`
[INFO] [stdout] 
[INFO] [stdout] 
[INFO] [stdout] error[E0432]: unresolved import `safecoin_program`
[INFO] [stdout]   --> /opt/rustwide/cargo-home/registry/src/github.com-1ecc6299db9ec823/safe-token-2022-0.4.3/src/extension/memo_transfer/processor.rs:12:5
[INFO] [stdout]    |
[INFO] [stdout] 12 |     safecoin_program::{
[INFO] [stdout]    |     ^^^^^^^^^^^^^^^^ use of undeclared crate or module `safecoin_program`
[INFO] [stdout] 
[INFO] [stdout] 
[INFO] [stdout] error[E0433]: failed to resolve: use of undeclared crate or module `safecoin_program`
[INFO] [stdout]  --> /opt/rustwide/cargo-home/registry/src/github.com-1ecc6299db9ec823/safe-token-2022-0.4.3/src/extension/transfer_fee/mod.rs:8:5
[INFO] [stdout]   |
[INFO] [stdout] 8 |     safecoin_program::{clock::Epoch, entrypoint::ProgramResult},
[INFO] [stdout]   |     ^^^^^^^^^^^^^^^^ use of undeclared crate or module `safecoin_program`
[INFO] [stdout] 
[INFO] [stdout] 
[INFO] [stdout] error[E0433]: failed to resolve: use of undeclared crate or module `safecoin_program`
[INFO] [stdout]  --> /opt/rustwide/cargo-home/registry/src/github.com-1ecc6299db9ec823/safe-token-2022-0.4.3/src/extension/transfer_fee/instruction.rs:3:5
[INFO] [stdout]   |
[INFO] [stdout] 3 |     safecoin_program::{
[INFO] [stdout]   |     ^^^^^^^^^^^^^^^^ use of undeclared crate or module `safecoin_program`
[INFO] [stdout] 
[INFO] [stdout] 
[INFO] [stdout] error[E0433]: failed to resolve: use of undeclared crate or module `safecoin_program`
[INFO] [stdout]   --> /opt/rustwide/cargo-home/registry/src/github.com-1ecc6299db9ec823/safe-token-2022-0.4.3/src/extension/transfer_fee/processor.rs:15:5
[INFO] [stdout]    |
[INFO] [stdout] 15 |     safecoin_program::{
[INFO] [stdout]    |     ^^^^^^^^^^^^^^^^ use of undeclared crate or module `safecoin_program`
[INFO] [stdout] 
[INFO] [stdout] 
[INFO] [stdout] error[E0432]: unresolved import `safecoin_program`
[INFO] [stdout]  --> /opt/rustwide/cargo-home/registry/src/github.com-1ecc6299db9ec823/safe-token-2022-0.4.3/src/extension/reallocate.rs:8:5
[INFO] [stdout]   |
[INFO] [stdout] 8 |     safecoin_program::{
[INFO] [stdout]   |     ^^^^^^^^^^^^^^^^ use of undeclared crate or module `safecoin_program`
[INFO] [stdout] 
[INFO] [stdout] 
[INFO] [stdout] error[E0433]: failed to resolve: use of undeclared crate or module `safecoin_program`
[INFO] [stdout]  --> /opt/rustwide/cargo-home/registry/src/github.com-1ecc6299db9ec823/safe-token-2022-0.4.3/src/generic_token_account.rs:5:5
[INFO] [stdout]   |
[INFO] [stdout] 5 |     safecoin_program::pubkey::{Pubkey, PUBKEY_BYTES},
[INFO] [stdout]   |     ^^^^^^^^^^^^^^^^ use of undeclared crate or module `safecoin_program`
[INFO] [stdout] 
[INFO] [stdout] 
[INFO] [stdout] error[E0433]: failed to resolve: use of undeclared crate or module `safecoin_program`
[INFO] [stdout]   --> /opt/rustwide/cargo-home/registry/src/github.com-1ecc6299db9ec823/safe-token-2022-0.4.3/src/instruction.rs:13:5
[INFO] [stdout]    |
[INFO] [stdout] 13 |     safecoin_program::{
[INFO] [stdout]    |     ^^^^^^^^^^^^^^^^ use of undeclared crate or module `safecoin_program`
[INFO] [stdout] 
[INFO] [stdout] 
[INFO] [stdout] error[E0432]: unresolved import `safecoin_program`
[INFO] [stdout]   --> /opt/rustwide/cargo-home/registry/src/github.com-1ecc6299db9ec823/safe-token-2022-0.4.3/src/extension/transfer_fee/processor.rs:15:5
[INFO] [stdout]    |
[INFO] [stdout] 15 |     safecoin_program::{
[INFO] [stdout]    |     ^^^^^^^^^^^^^^^^ use of undeclared crate or module `safecoin_program`
[INFO] [stdout] 
[INFO] [stdout] 
[INFO] [stdout] error[E0433]: failed to resolve: use of undeclared crate or module `safecoin_program`
[INFO] [stdout]  --> /opt/rustwide/cargo-home/registry/src/github.com-1ecc6299db9ec823/safe-token-2022-0.4.3/src/pod.rs:4:5
[INFO] [stdout]   |
[INFO] [stdout] 4 |     safecoin_program::{program_error::ProgramError, program_option::COption, pubkey::Pubkey},
[INFO] [stdout]   |     ^^^^^^^^^^^^^^^^ use of undeclared crate or module `safecoin_program`
[INFO] [stdout] 
[INFO] [stdout] 
[INFO] [stdout] error[E0433]: failed to resolve: use of undeclared crate or module `safecoin_program`
[INFO] [stdout]   --> /opt/rustwide/cargo-home/registry/src/github.com-1ecc6299db9ec823/safe-token-2022-0.4.3/src/processor.rs:23:5
[INFO] [stdout]    |
[INFO] [stdout] 23 |     safecoin_program::{
[INFO] [stdout]    |     ^^^^^^^^^^^^^^^^ use of undeclared crate or module `safecoin_program`
[INFO] [stdout] 
[INFO] [stdout] 
[INFO] [stdout] error[E0432]: unresolved import `safecoin_program`
[INFO] [stdout]   --> /opt/rustwide/cargo-home/registry/src/github.com-1ecc6299db9ec823/safe-token-2022-0.4.3/src/instruction.rs:13:5
[INFO] [stdout]    |
[INFO] [stdout] 13 |     safecoin_program::{
[INFO] [stdout]    |     ^^^^^^^^^^^^^^^^ use of undeclared crate or module `safecoin_program`
[INFO] [stdout] 
[INFO] [stdout] 
[INFO] [stdout] error[E0433]: failed to resolve: use of undeclared crate or module `safecoin_program`
[INFO] [stdout]   --> /opt/rustwide/cargo-home/registry/src/github.com-1ecc6299db9ec823/safe-token-2022-0.4.3/src/state.rs:11:5
[INFO] [stdout]    |
[INFO] [stdout] 11 |     safecoin_program::{
[INFO] [stdout]    |     ^^^^^^^^^^^^^^^^ use of undeclared crate or module `safecoin_program`
[INFO] [stdout] 
[INFO] [stdout] 
[INFO] [stdout] error[E0432]: unresolved import `safecoin_program`
[INFO] [stdout]   --> /opt/rustwide/cargo-home/registry/src/github.com-1ecc6299db9ec823/safe-token-2022-0.4.3/src/processor.rs:23:5
[INFO] [stdout]    |
[INFO] [stdout] 23 |     safecoin_program::{
[INFO] [stdout]    |     ^^^^^^^^^^^^^^^^ use of undeclared crate or module `safecoin_program`
[INFO] [stdout] 
[INFO] [stdout] 
[INFO] [stdout] error[E0432]: unresolved import `safecoin_program`
[INFO] [stdout]   --> /opt/rustwide/cargo-home/registry/src/github.com-1ecc6299db9ec823/safe-token-2022-0.4.3/src/lib.rs:22:9
[INFO] [stdout]    |
[INFO] [stdout] 22 | pub use safecoin_program;
[INFO] [stdout]    |         ^^^^^^^^^^^^^^^^ no external crate `safecoin_program`
[INFO] [stdout] 
[INFO] [stdout] 
[INFO] [stdout] error[E0433]: failed to resolve: use of undeclared crate or module `safecoin_program`
[INFO] [stdout]  --> /opt/rustwide/cargo-home/registry/src/github.com-1ecc6299db9ec823/safe-token-2022-0.4.3/src/native_mint.rs:7:1
[INFO] [stdout]   |
[INFO] [stdout] 7 | safecoin_program::declare_id!("JUFMnWZ6ksBramrswzjQNraYAgHXbQPeC57URvxdcf8");
[INFO] [stdout]   | ^^^^^^^^^^^^^^^^ use of undeclared crate or module `safecoin_program`
[INFO] [stdout] 
[INFO] [stdout] 
[INFO] [stdout] error: cannot determine resolution for the macro `safecoin_program::declare_id`
[INFO] [stdout]   --> /opt/rustwide/cargo-home/registry/src/github.com-1ecc6299db9ec823/safe-token-2022-0.4.3/src/lib.rs:91:1
[INFO] [stdout]    |
[INFO] [stdout] 91 | safecoin_program::declare_id!("ZToGWcF1Qh9H7te1MmABiGsFUKvj5zXPQ2QnTqoHpHN");
[INFO] [stdout]    | ^^^^^^^^^^^^^^^^^^^^^^^^^^^^
[INFO] [stdout]    |
[INFO] [stdout]    = note: import resolution is stuck, try simplifying macro imports
[INFO] [stdout] 
[INFO] [stdout] 
[INFO] [stdout] error: cannot determine resolution for the macro `msg`
[INFO] [stdout]    --> /opt/rustwide/cargo-home/registry/src/github.com-1ecc6299db9ec823/safe-token-2022-0.4.3/src/error.rs:180:42
[INFO] [stdout]     |
[INFO] [stdout] 180 |             TokenError::NotRentExempt => msg!("Error: Lamport balance below rent-exempt threshold"),
[INFO] [stdout]     |                                          ^^^
[INFO] [stdout]     |
[INFO] [stdout]     = note: import resolution is stuck, try simplifying macro imports
[INFO] [stdout] 
[INFO] [stdout] 
[INFO] [stdout] error: cannot determine resolution for the macro `msg`
[INFO] [stdout]    --> /opt/rustwide/cargo-home/registry/src/github.com-1ecc6299db9ec823/safe-token-2022-0.4.3/src/error.rs:181:46
[INFO] [stdout]     |
[INFO] [stdout] 181 |             TokenError::InsufficientFunds => msg!("Error: insufficient funds"),
[INFO] [stdout]     |                                              ^^^
[INFO] [stdout]     |
[INFO] [stdout]     = note: import resolution is stuck, try simplifying macro imports
[INFO] [stdout] 
[INFO] [stdout] 
[INFO] [stdout] error: cannot determine resolution for the macro `msg`
[INFO] [stdout]    --> /opt/rustwide/cargo-home/registry/src/github.com-1ecc6299db9ec823/safe-token-2022-0.4.3/src/error.rs:182:40
[INFO] [stdout]     |
[INFO] [stdout] 182 |             TokenError::InvalidMint => msg!("Error: Invalid Mint"),
[INFO] [stdout]     |                                        ^^^
[INFO] [stdout]     |
[INFO] [stdout]     = note: import resolution is stuck, try simplifying macro imports
[INFO] [stdout] 
[INFO] [stdout] 
[INFO] [stdout] error: cannot determine resolution for the macro `msg`
[INFO] [stdout]    --> /opt/rustwide/cargo-home/registry/src/github.com-1ecc6299db9ec823/safe-token-2022-0.4.3/src/error.rs:183:41
[INFO] [stdout]     |
[INFO] [stdout] 183 |             TokenError::MintMismatch => msg!("Error: Account not associated with this Mint"),
[INFO] [stdout]     |                                         ^^^
[INFO] [stdout]     |
[INFO] [stdout]     = note: import resolution is stuck, try simplifying macro imports
[INFO] [stdout] 
[INFO] [stdout] 
[INFO] [stdout] error: cannot determine resolution for the macro `msg`
[INFO] [stdout]    --> /opt/rustwide/cargo-home/registry/src/github.com-1ecc6299db9ec823/safe-token-2022-0.4.3/src/error.rs:184:42
[INFO] [stdout]     |
[INFO] [stdout] 184 |             TokenError::OwnerMismatch => msg!("Error: owner does not match"),
[INFO] [stdout]     |                                          ^^^
[INFO] [stdout]     |
[INFO] [stdout]     = note: import resolution is stuck, try simplifying macro imports
[INFO] [stdout] 
[INFO] [stdout] 
[INFO] [stdout] error: cannot determine resolution for the macro `msg`
[INFO] [stdout]    --> /opt/rustwide/cargo-home/registry/src/github.com-1ecc6299db9ec823/safe-token-2022-0.4.3/src/error.rs:185:40
[INFO] [stdout]     |
[INFO] [stdout] 185 |             TokenError::FixedSupply => msg!("Error: the total supply of this token is fixed"),
[INFO] [stdout]     |                                        ^^^
[INFO] [stdout]     |
[INFO] [stdout]     = note: import resolution is stuck, try simplifying macro imports
[INFO] [stdout] 
[INFO] [stdout] 
[INFO] [stdout] error: cannot determine resolution for the macro `msg`
[INFO] [stdout]    --> /opt/rustwide/cargo-home/registry/src/github.com-1ecc6299db9ec823/safe-token-2022-0.4.3/src/error.rs:186:41
[INFO] [stdout]     |
[INFO] [stdout] 186 |             TokenError::AlreadyInUse => msg!("Error: account or token already in use"),
[INFO] [stdout]     |                                         ^^^
[INFO] [stdout]     |
[INFO] [stdout]     = note: import resolution is stuck, try simplifying macro imports
[INFO] [stdout] 
[INFO] [stdout] 
[INFO] [stdout] error: cannot determine resolution for the macro `msg`
[INFO] [stdout]    --> /opt/rustwide/cargo-home/registry/src/github.com-1ecc6299db9ec823/safe-token-2022-0.4.3/src/error.rs:188:17
[INFO] [stdout]     |
[INFO] [stdout] 188 |                 msg!("Error: Invalid number of provided signers")
[INFO] [stdout]     |                 ^^^
[INFO] [stdout]     |
[INFO] [stdout]     = note: import resolution is stuck, try simplifying macro imports
[INFO] [stdout] 
[INFO] [stdout] 
[INFO] [stdout] error: cannot determine resolution for the macro `msg`
[INFO] [stdout]    --> /opt/rustwide/cargo-home/registry/src/github.com-1ecc6299db9ec823/safe-token-2022-0.4.3/src/error.rs:191:17
[INFO] [stdout]     |
[INFO] [stdout] 191 |                 msg!("Error: Invalid number of required signers")
[INFO] [stdout]     |                 ^^^
[INFO] [stdout]     |
[INFO] [stdout]     = note: import resolution is stuck, try simplifying macro imports
[INFO] [stdout] 
[INFO] [stdout] 
[INFO] [stdout] error: cannot determine resolution for the macro `msg`
[INFO] [stdout]    --> /opt/rustwide/cargo-home/registry/src/github.com-1ecc6299db9ec823/safe-token-2022-0.4.3/src/error.rs:193:47
[INFO] [stdout]     |
[INFO] [stdout] 193 |             TokenError::UninitializedState => msg!("Error: State is uninitialized"),
[INFO] [stdout]     |                                               ^^^
[INFO] [stdout]     |
[INFO] [stdout]     = note: import resolution is stuck, try simplifying macro imports
[INFO] [stdout] 
[INFO] [stdout] 
[INFO] [stdout] error: cannot determine resolution for the macro `msg`
[INFO] [stdout]    --> /opt/rustwide/cargo-home/registry/src/github.com-1ecc6299db9ec823/safe-token-2022-0.4.3/src/error.rs:195:17
[INFO] [stdout]     |
[INFO] [stdout] 195 |                 msg!("Error: Instruction does not support native tokens")
[INFO] [stdout]     |                 ^^^
[INFO] [stdout]     |
[INFO] [stdout]     = note: import resolution is stuck, try simplifying macro imports
[INFO] [stdout] 
[INFO] [stdout] 
[INFO] [stdout] error: cannot determine resolution for the macro `msg`
[INFO] [stdout]    --> /opt/rustwide/cargo-home/registry/src/github.com-1ecc6299db9ec823/safe-token-2022-0.4.3/src/error.rs:198:17
[INFO] [stdout]     |
[INFO] [stdout] 198 |                 msg!("Error: Non-native account can only be closed if its balance is zero")
[INFO] [stdout]     |                 ^^^
[INFO] [stdout]     |
[INFO] [stdout]     = note: import resolution is stuck, try simplifying macro imports
[INFO] [stdout] 
[INFO] [stdout] 
[INFO] [stdout] error: cannot determine resolution for the macro `msg`
[INFO] [stdout]    --> /opt/rustwide/cargo-home/registry/src/github.com-1ecc6299db9ec823/safe-token-2022-0.4.3/src/error.rs:200:47
[INFO] [stdout]     |
[INFO] [stdout] 200 |             TokenError::InvalidInstruction => msg!("Error: Invalid instruction"),
[INFO] [stdout]     |                                               ^^^
[INFO] [stdout]     |
[INFO] [stdout]     = note: import resolution is stuck, try simplifying macro imports
[INFO] [stdout] 
[INFO] [stdout] 
[INFO] [stdout] error: cannot determine resolution for the macro `msg`
[INFO] [stdout]    --> /opt/rustwide/cargo-home/registry/src/github.com-1ecc6299db9ec823/safe-token-2022-0.4.3/src/error.rs:201:41
[INFO] [stdout]     |
[INFO] [stdout] 201 |             TokenError::InvalidState => msg!("Error: Invalid account state for operation"),
[INFO] [stdout]     |                                         ^^^
[INFO] [stdout]     |
[INFO] [stdout]     = note: import resolution is stuck, try simplifying macro imports
[INFO] [stdout] 
[INFO] [stdout] 
[INFO] [stdout] error: cannot determine resolution for the macro `msg`
[INFO] [stdout]    --> /opt/rustwide/cargo-home/registry/src/github.com-1ecc6299db9ec823/safe-token-2022-0.4.3/src/error.rs:202:37
[INFO] [stdout]     |
[INFO] [stdout] 202 |             TokenError::Overflow => msg!("Error: Operation overflowed"),
[INFO] [stdout]     |                                     ^^^
[INFO] [stdout]     |
[INFO] [stdout]     = note: import resolution is stuck, try simplifying macro imports
[INFO] [stdout] 
[INFO] [stdout] 
[INFO] [stdout] error: cannot determine resolution for the macro `msg`
[INFO] [stdout]    --> /opt/rustwide/cargo-home/registry/src/github.com-1ecc6299db9ec823/safe-token-2022-0.4.3/src/error.rs:204:17
[INFO] [stdout]     |
[INFO] [stdout] 204 |                 msg!("Error: Account does not support specified authority type")
[INFO] [stdout]     |                 ^^^
[INFO] [stdout]     |
[INFO] [stdout]     = note: import resolution is stuck, try simplifying macro imports
[INFO] [stdout] 
[INFO] [stdout] 
[INFO] [stdout] error: cannot determine resolution for the macro `msg`
[INFO] [stdout]    --> /opt/rustwide/cargo-home/registry/src/github.com-1ecc6299db9ec823/safe-token-2022-0.4.3/src/error.rs:206:45
[INFO] [stdout]     |
[INFO] [stdout] 206 |             TokenError::MintCannotFreeze => msg!("Error: This token mint cannot freeze accounts"),
[INFO] [stdout]     |                                             ^^^
[INFO] [stdout]     |
[INFO] [stdout]     = note: import resolution is stuck, try simplifying macro imports
[INFO] [stdout] 
[INFO] [stdout] 
[INFO] [stdout] error: cannot determine resolution for the macro `msg`
[INFO] [stdout]    --> /opt/rustwide/cargo-home/registry/src/github.com-1ecc6299db9ec823/safe-token-2022-0.4.3/src/error.rs:207:42
[INFO] [stdout]     |
[INFO] [stdout] 207 |             TokenError::AccountFrozen => msg!("Error: Account is frozen"),
[INFO] [stdout]     |                                          ^^^
[INFO] [stdout]     |
[INFO] [stdout]     = note: import resolution is stuck, try simplifying macro imports
[INFO] [stdout] 
[INFO] [stdout] 
[INFO] [stdout] error: cannot determine resolution for the macro `msg`
[INFO] [stdout]    --> /opt/rustwide/cargo-home/registry/src/github.com-1ecc6299db9ec823/safe-token-2022-0.4.3/src/error.rs:209:17
[INFO] [stdout]     |
[INFO] [stdout] 209 |                 msg!("Error: decimals different from the Mint decimals")
[INFO] [stdout]     |                 ^^^
[INFO] [stdout]     |
[INFO] [stdout]     = note: import resolution is stuck, try simplifying macro imports
[INFO] [stdout] 
[INFO] [stdout] 
[INFO] [stdout] error: cannot determine resolution for the macro `msg`
[INFO] [stdout]    --> /opt/rustwide/cargo-home/registry/src/github.com-1ecc6299db9ec823/safe-token-2022-0.4.3/src/error.rs:212:17
[INFO] [stdout]     |
[INFO] [stdout] 212 |                 msg!("Error: Instruction does not support non-native tokens")
[INFO] [stdout]     |                 ^^^
[INFO] [stdout]     |
[INFO] [stdout]     = note: import resolution is stuck, try simplifying macro imports
[INFO] [stdout] 
[INFO] [stdout] 
[INFO] [stdout] error: cannot determine resolution for the macro `msg`
[INFO] [stdout]    --> /opt/rustwide/cargo-home/registry/src/github.com-1ecc6299db9ec823/safe-token-2022-0.4.3/src/error.rs:215:17
[INFO] [stdout]     |
[INFO] [stdout] 215 |                 msg!("Error: New extension type does not match already existing extensions")
[INFO] [stdout]     |                 ^^^
[INFO] [stdout]     |
[INFO] [stdout]     = note: import resolution is stuck, try simplifying macro imports
[INFO] [stdout] 
[INFO] [stdout] 
[INFO] [stdout] error: cannot determine resolution for the macro `msg`
[INFO] [stdout]    --> /opt/rustwide/cargo-home/registry/src/github.com-1ecc6299db9ec823/safe-token-2022-0.4.3/src/error.rs:218:17
[INFO] [stdout]     |
[INFO] [stdout] 218 |                 msg!("Error: Extension does not match the base type provided")
[INFO] [stdout]     |                 ^^^
[INFO] [stdout]     |
[INFO] [stdout]     = note: import resolution is stuck, try simplifying macro imports
[INFO] [stdout] 
[INFO] [stdout] 
[INFO] [stdout] error: cannot determine resolution for the macro `msg`
[INFO] [stdout]    --> /opt/rustwide/cargo-home/registry/src/github.com-1ecc6299db9ec823/safe-token-2022-0.4.3/src/error.rs:221:17
[INFO] [stdout]     |
[INFO] [stdout] 221 |                 msg!("Error: Extension already initialized on this account")
[INFO] [stdout]     |                 ^^^
[INFO] [stdout]     |
[INFO] [stdout]     = note: import resolution is stuck, try simplifying macro imports
[INFO] [stdout] 
[INFO] [stdout] 
[INFO] [stdout] error: cannot determine resolution for the macro `msg`
[INFO] [stdout]    --> /opt/rustwide/cargo-home/registry/src/github.com-1ecc6299db9ec823/safe-token-2022-0.4.3/src/error.rs:224:17
[INFO] [stdout]     |
[INFO] [stdout] 224 |                 msg!("Error: An account can only be closed if its confidential balance is zero")
[INFO] [stdout]     |                 ^^^
[INFO] [stdout]     |
[INFO] [stdout]     = note: import resolution is stuck, try simplifying macro imports
[INFO] [stdout] 
[INFO] [stdout] 
[INFO] [stdout] error: cannot determine resolution for the macro `msg`
[INFO] [stdout]    --> /opt/rustwide/cargo-home/registry/src/github.com-1ecc6299db9ec823/safe-token-2022-0.4.3/src/error.rs:227:17
[INFO] [stdout]     |
[INFO] [stdout] 227 |                 msg!("Error: Account not approved for confidential transfers")
[INFO] [stdout]     |                 ^^^
[INFO] [stdout]     |
[INFO] [stdout]     = note: import resolution is stuck, try simplifying macro imports
[INFO] [stdout] 
[INFO] [stdout] 
[INFO] [stdout] error: cannot determine resolution for the macro `msg`
[INFO] [stdout]    --> /opt/rustwide/cargo-home/registry/src/github.com-1ecc6299db9ec823/safe-token-2022-0.4.3/src/error.rs:230:17
[INFO] [stdout]     |
[INFO] [stdout] 230 |                 msg!("Error: Account not accepting deposits or transfers")
[INFO] [stdout]     |                 ^^^
[INFO] [stdout]     |
[INFO] [stdout]     = note: import resolution is stuck, try simplifying macro imports
[INFO] [stdout] 
[INFO] [stdout] 
[INFO] [stdout] error: cannot determine resolution for the macro `msg`
[INFO] [stdout]    --> /opt/rustwide/cargo-home/registry/src/github.com-1ecc6299db9ec823/safe-token-2022-0.4.3/src/error.rs:233:17
[INFO] [stdout]     |
[INFO] [stdout] 233 |                 msg!("Error: ElGamal public key mismatch")
[INFO] [stdout]     |                 ^^^
[INFO] [stdout]     |
[INFO] [stdout]     = note: import resolution is stuck, try simplifying macro imports
[INFO] [stdout] 
[INFO] [stdout] 
[INFO] [stdout] error: cannot determine resolution for the macro `msg`
[INFO] [stdout]    --> /opt/rustwide/cargo-home/registry/src/github.com-1ecc6299db9ec823/safe-token-2022-0.4.3/src/error.rs:236:17
[INFO] [stdout]     |
[INFO] [stdout] 236 |                 msg!("Error: Balance mismatch")
[INFO] [stdout]     |                 ^^^
[INFO] [stdout]     |
[INFO] [stdout]     = note: import resolution is stuck, try simplifying macro imports
[INFO] [stdout] 
[INFO] [stdout] 
[INFO] [stdout] error: cannot determine resolution for the macro `msg`
[INFO] [stdout]    --> /opt/rustwide/cargo-home/registry/src/github.com-1ecc6299db9ec823/safe-token-2022-0.4.3/src/error.rs:239:17
[INFO] [stdout]     |
[INFO] [stdout] 239 |                 msg!("Error: Mint has non-zero supply. Burn all tokens before closing the mint")
[INFO] [stdout]     |                 ^^^
[INFO] [stdout]     |
[INFO] [stdout]     = note: import resolution is stuck, try simplifying macro imports
[INFO] [stdout] 
[INFO] [stdout] 
[INFO] [stdout] error: cannot determine resolution for the macro `msg`
[INFO] [stdout]    --> /opt/rustwide/cargo-home/registry/src/github.com-1ecc6299db9ec823/safe-token-2022-0.4.3/src/error.rs:242:17
[INFO] [stdout]     |
[INFO] [stdout] 242 |                 msg!("Error: No authority exists to perform the desired operation");
[INFO] [stdout]     |                 ^^^
[INFO] [stdout]     |
[INFO] [stdout]     = note: import resolution is stuck, try simplifying macro imports
[INFO] [stdout] 
[INFO] [stdout] 
[INFO] [stdout] error: cannot determine resolution for the macro `msg`
[INFO] [stdout]    --> /opt/rustwide/cargo-home/registry/src/github.com-1ecc6299db9ec823/safe-token-2022-0.4.3/src/error.rs:245:17
[INFO] [stdout]     |
[INFO] [stdout] 245 |                 msg!("Error: Transfer fee exceeds maximum of 10,000 basis points");
[INFO] [stdout]     |                 ^^^
[INFO] [stdout]     |
[INFO] [stdout]     = note: import resolution is stuck, try simplifying macro imports
[INFO] [stdout] 
[INFO] [stdout] 
[INFO] [stdout] error: cannot determine resolution for the macro `msg`
[INFO] [stdout]    --> /opt/rustwide/cargo-home/registry/src/github.com-1ecc6299db9ec823/safe-token-2022-0.4.3/src/error.rs:248:17
[INFO] [stdout]     |
[INFO] [stdout] 248 |                 msg!("Mint required for this account to transfer tokens, use `transfer_checked` or `transfer_checked_with_fee`");
[INFO] [stdout]     |                 ^^^
[INFO] [stdout]     |
[INFO] [stdout]     = note: import resolution is stuck, try simplifying macro imports
[INFO] [stdout] 
[INFO] [stdout] 
[INFO] [stdout] error: cannot determine resolution for the macro `msg`
[INFO] [stdout]    --> /opt/rustwide/cargo-home/registry/src/github.com-1ecc6299db9ec823/safe-token-2022-0.4.3/src/error.rs:251:17
[INFO] [stdout]     |
[INFO] [stdout] 251 |                 msg!("Calculated fee does not match expected fee");
[INFO] [stdout]     |                 ^^^
[INFO] [stdout]     |
[INFO] [stdout]     = note: import resolution is stuck, try simplifying macro imports
[INFO] [stdout] 
[INFO] [stdout] 
[INFO] [stdout] error: cannot determine resolution for the macro `msg`
[INFO] [stdout]    --> /opt/rustwide/cargo-home/registry/src/github.com-1ecc6299db9ec823/safe-token-2022-0.4.3/src/error.rs:254:17
[INFO] [stdout]     |
[INFO] [stdout] 254 |                 msg!("Fee parameters associated with zero-knowledge proofs do not match fee parameters in mint")
[INFO] [stdout]     |                 ^^^
[INFO] [stdout]     |
[INFO] [stdout]     = note: import resolution is stuck, try simplifying macro imports
[INFO] [stdout] 
[INFO] [stdout] 
[INFO] [stdout] error: cannot determine resolution for the macro `msg`
[INFO] [stdout]    --> /opt/rustwide/cargo-home/registry/src/github.com-1ecc6299db9ec823/safe-token-2022-0.4.3/src/error.rs:257:17
[INFO] [stdout]     |
[INFO] [stdout] 257 |                 msg!("The owner authority cannot be changed");
[INFO] [stdout]     |                 ^^^
[INFO] [stdout]     |
[INFO] [stdout]     = note: import resolution is stuck, try simplifying macro imports
[INFO] [stdout] 
[INFO] [stdout] 
[INFO] [stdout] error: cannot determine resolution for the macro `msg`
[INFO] [stdout]    --> /opt/rustwide/cargo-home/registry/src/github.com-1ecc6299db9ec823/safe-token-2022-0.4.3/src/error.rs:260:17
[INFO] [stdout]     |
[INFO] [stdout] 260 |                 msg!("Error: An account can only be closed if its withheld fee balance is zero, harvest fees to the mint and try again");
[INFO] [stdout]     |                 ^^^
[INFO] [stdout]     |
[INFO] [stdout]     = note: import resolution is stuck, try simplifying macro imports
[INFO] [stdout] 
[INFO] [stdout] 
[INFO] [stdout] error: cannot determine resolution for the macro `msg`
[INFO] [stdout]    --> /opt/rustwide/cargo-home/registry/src/github.com-1ecc6299db9ec823/safe-token-2022-0.4.3/src/error.rs:263:17
[INFO] [stdout]     |
[INFO] [stdout] 263 |                 msg!("Error: No memo in previous instruction; required for recipient to receive a transfer");
[INFO] [stdout]     |                 ^^^
[INFO] [stdout]     |
[INFO] [stdout]     = note: import resolution is stuck, try simplifying macro imports
[INFO] [stdout] 
[INFO] [stdout] 
[INFO] [stdout] error: cannot determine resolution for the macro `msg`
[INFO] [stdout]    --> /opt/rustwide/cargo-home/registry/src/github.com-1ecc6299db9ec823/safe-token-2022-0.4.3/src/error.rs:266:17
[INFO] [stdout]     |
[INFO] [stdout] 266 |                 msg!("Transfer is disabled for this mint");
[INFO] [stdout]     |                 ^^^
[INFO] [stdout]     |
[INFO] [stdout]     = note: import resolution is stuck, try simplifying macro imports
[INFO] [stdout] 
[INFO] [stdout] 
[INFO] [stdout] error: cannot determine resolution for the macro `msg`
[INFO] [stdout]    --> /opt/rustwide/cargo-home/registry/src/github.com-1ecc6299db9ec823/safe-token-2022-0.4.3/src/error.rs:269:17
[INFO] [stdout]     |
[INFO] [stdout] 269 |                 msg!("Non-transferable tokens can't be minted to an account without immutable ownership");
[INFO] [stdout]     |                 ^^^
[INFO] [stdout]     |
[INFO] [stdout]     = note: import resolution is stuck, try simplifying macro imports
[INFO] [stdout] 
[INFO] [stdout] 
[INFO] [stdout] error: cannot determine resolution for the macro `msg`
[INFO] [stdout]    --> /opt/rustwide/cargo-home/registry/src/github.com-1ecc6299db9ec823/safe-token-2022-0.4.3/src/error.rs:272:17
[INFO] [stdout]     |
[INFO] [stdout] 272 | ...   msg!("The total number of `Deposit` and `Transfer` instructions to an account cannot exceed the associated `maximum_pending_balance...
[INFO] [stdout]     |       ^^^
[INFO] [stdout]     |
[INFO] [stdout]     = note: import resolution is stuck, try simplifying macro imports
[INFO] [stdout] 
[INFO] [stdout] 
[INFO] [stdout] error: cannot determine resolution for the macro `msg`
[INFO] [stdout]    --> /opt/rustwide/cargo-home/registry/src/github.com-1ecc6299db9ec823/safe-token-2022-0.4.3/src/error.rs:275:17
[INFO] [stdout]     |
[INFO] [stdout] 275 |                 msg!("Deposit amount exceeds maximum limit")
[INFO] [stdout]     |                 ^^^
[INFO] [stdout]     |
[INFO] [stdout]     = note: import resolution is stuck, try simplifying macro imports
[INFO] [stdout] 
[INFO] [stdout] 
[INFO] [stdout] error: cannot determine resolution for the macro `msg`
[INFO] [stdout]   --> /opt/rustwide/cargo-home/registry/src/github.com-1ecc6299db9ec823/safe-token-2022-0.4.3/src/extension/confidential_transfer/processor.rs:40:9
[INFO] [stdout]    |
[INFO] [stdout] 40 |         msg!("Unexpected proof instruction");
[INFO] [stdout]    |         ^^^
[INFO] [stdout]    |
[INFO] [stdout]    = note: import resolution is stuck, try simplifying macro imports
[INFO] [stdout] 
[INFO] [stdout] 
[INFO] [stdout] error: cannot determine resolution for the macro `msg`
[INFO] [stdout]    --> /opt/rustwide/cargo-home/registry/src/github.com-1ecc6299db9ec823/safe-token-2022-0.4.3/src/extension/confidential_transfer/processor.rs:240:9
[INFO] [stdout]     |
[INFO] [stdout] 240 |         msg!("Pending balance is not zero");
[INFO] [stdout]     |         ^^^
[INFO] [stdout]     |
[INFO] [stdout]     = note: import resolution is stuck, try simplifying macro imports
[INFO] [stdout] 
[INFO] [stdout] 
[INFO] [stdout] error: cannot determine resolution for the macro `msg`
[INFO] [stdout]    --> /opt/rustwide/cargo-home/registry/src/github.com-1ecc6299db9ec823/safe-token-2022-0.4.3/src/extension/confidential_transfer/processor.rs:245:9
[INFO] [stdout]     |
[INFO] [stdout] 245 |         msg!("Pending balance is not zero");
[INFO] [stdout]     |         ^^^
[INFO] [stdout]     |
[INFO] [stdout]     = note: import resolution is stuck, try simplifying macro imports
[INFO] [stdout] 
[INFO] [stdout] 
[INFO] [stdout] error: cannot determine resolution for the macro `msg`
[INFO] [stdout]    --> /opt/rustwide/cargo-home/registry/src/github.com-1ecc6299db9ec823/safe-token-2022-0.4.3/src/extension/confidential_transfer/processor.rs:250:9
[INFO] [stdout]     |
[INFO] [stdout] 250 |         msg!("Available balance mismatch");
[INFO] [stdout]     |         ^^^
[INFO] [stdout]     |
[INFO] [stdout]     = note: import resolution is stuck, try simplifying macro imports
[INFO] [stdout] 
[INFO] [stdout] 
[INFO] [stdout] error: cannot determine resolution for the macro `msg`
[INFO] [stdout]     --> /opt/rustwide/cargo-home/registry/src/github.com-1ecc6299db9ec823/safe-token-2022-0.4.3/src/extension/confidential_transfer/processor.rs:1018:21
[INFO] [stdout]      |
[INFO] [stdout] 1018 |                     msg!("Error harvesting from {}: {}", account_info.key, e);
[INFO] [stdout]      |                     ^^^
[INFO] [stdout]      |
[INFO] [stdout]      = note: import resolution is stuck, try simplifying macro imports
[INFO] [stdout] 
[INFO] [stdout] 
[INFO] [stdout] error: cannot determine resolution for the macro `msg`
[INFO] [stdout]     --> /opt/rustwide/cargo-home/registry/src/github.com-1ecc6299db9ec823/safe-token-2022-0.4.3/src/extension/confidential_transfer/processor.rs:1113:17
[INFO] [stdout]      |
[INFO] [stdout] 1113 |                 msg!("Error harvesting from {}: {}", token_account_info.key, e);
[INFO] [stdout]      |                 ^^^
[INFO] [stdout]      |
[INFO] [stdout]      = note: import resolution is stuck, try simplifying macro imports
[INFO] [stdout] 
[INFO] [stdout] 
[INFO] [stdout] error: cannot determine resolution for the macro `msg`
[INFO] [stdout]     --> /opt/rustwide/cargo-home/registry/src/github.com-1ecc6299db9ec823/safe-token-2022-0.4.3/src/extension/confidential_transfer/processor.rs:1130:13
[INFO] [stdout]      |
[INFO] [stdout] 1130 |             msg!("ConfidentialTransferInstruction::InitializeMint");
[INFO] [stdout]      |             ^^^
[INFO] [stdout]      |
[INFO] [stdout]      = note: import resolution is stuck, try simplifying macro imports
[INFO] [stdout] 
[INFO] [stdout] 
[INFO] [stdout] error: cannot determine resolution for the macro `msg`
[INFO] [stdout]     --> /opt/rustwide/cargo-home/registry/src/github.com-1ecc6299db9ec823/safe-token-2022-0.4.3/src/extension/confidential_transfer/processor.rs:1137:13
[INFO] [stdout]      |
[INFO] [stdout] 1137 |             msg!("ConfidentialTransferInstruction::UpdateMint");
[INFO] [stdout]      |             ^^^
[INFO] [stdout]      |
[INFO] [stdout]      = note: import resolution is stuck, try simplifying macro imports
[INFO] [stdout] 
[INFO] [stdout] 
[INFO] [stdout] error: cannot determine resolution for the macro `msg`
[INFO] [stdout]     --> /opt/rustwide/cargo-home/registry/src/github.com-1ecc6299db9ec823/safe-token-2022-0.4.3/src/extension/confidential_transfer/processor.rs:1144:13
[INFO] [stdout]      |
[INFO] [stdout] 1144 |             msg!("ConfidentialTransferInstruction::ConfigureAccount");
[INFO] [stdout]      |             ^^^
[INFO] [stdout]      |
[INFO] [stdout]      = note: import resolution is stuck, try simplifying macro imports
[INFO] [stdout] 
[INFO] [stdout] 
[INFO] [stdout] error: cannot determine resolution for the macro `msg`
[INFO] [stdout]     --> /opt/rustwide/cargo-home/registry/src/github.com-1ecc6299db9ec823/safe-token-2022-0.4.3/src/extension/confidential_transfer/processor.rs:1152:13
[INFO] [stdout]      |
[INFO] [stdout] 1152 |             msg!("ConfidentialTransferInstruction::ApproveAccount");
[INFO] [stdout]      |             ^^^
[INFO] [stdout]      |
[INFO] [stdout]      = note: import resolution is stuck, try simplifying macro imports
[INFO] [stdout] 
[INFO] [stdout] 
[INFO] [stdout] error: cannot determine resolution for the macro `msg`
[INFO] [stdout]     --> /opt/rustwide/cargo-home/registry/src/github.com-1ecc6299db9ec823/safe-token-2022-0.4.3/src/extension/confidential_transfer/processor.rs:1156:13
[INFO] [stdout]      |
[INFO] [stdout] 1156 |             msg!("ConfidentialTransferInstruction::EmptyAccount");
[INFO] [stdout]      |             ^^^
[INFO] [stdout]      |
[INFO] [stdout]      = note: import resolution is stuck, try simplifying macro imports
[INFO] [stdout] 
[INFO] [stdout] 
[INFO] [stdout] error: cannot determine resolution for the macro `msg`
[INFO] [stdout]     --> /opt/rustwide/cargo-home/registry/src/github.com-1ecc6299db9ec823/safe-token-2022-0.4.3/src/extension/confidential_transfer/processor.rs:1161:13
[INFO] [stdout]      |
[INFO] [stdout] 1161 |             msg!("ConfidentialTransferInstruction::Deposit");
[INFO] [stdout]      |             ^^^
[INFO] [stdout]      |
[INFO] [stdout]      = note: import resolution is stuck, try simplifying macro imports
[INFO] [stdout] 
[INFO] [stdout] 
[INFO] [stdout] error: cannot determine resolution for the macro `msg`
[INFO] [stdout]     --> /opt/rustwide/cargo-home/registry/src/github.com-1ecc6299db9ec823/safe-token-2022-0.4.3/src/extension/confidential_transfer/processor.rs:1171:13
[INFO] [stdout]      |
[INFO] [stdout] 1171 |             msg!("ConfidentialTransferInstruction::Withdraw");
[INFO] [stdout]      |             ^^^
[INFO] [stdout]      |
[INFO] [stdout]      = note: import resolution is stuck, try simplifying macro imports
[INFO] [stdout] 
[INFO] [stdout] 
[INFO] [stdout] error: cannot determine resolution for the macro `msg`
[INFO] [stdout]     --> /opt/rustwide/cargo-home/registry/src/github.com-1ecc6299db9ec823/safe-token-2022-0.4.3/src/extension/confidential_transfer/processor.rs:1188:13
[INFO] [stdout]      |
[INFO] [stdout] 1188 |             msg!("ConfidentialTransferInstruction::Transfer");
[INFO] [stdout]      |             ^^^
[INFO] [stdout]      |
[INFO] [stdout]      = note: import resolution is stuck, try simplifying macro imports
[INFO] [stdout] 
[INFO] [stdout] 
[INFO] [stdout] error: cannot determine resolution for the macro `msg`
[INFO] [stdout]     --> /opt/rustwide/cargo-home/registry/src/github.com-1ecc6299db9ec823/safe-token-2022-0.4.3/src/extension/confidential_transfer/processor.rs:1203:13
[INFO] [stdout]      |
[INFO] [stdout] 1203 |             msg!("ConfidentialTransferInstruction::TransferWithFee");
[INFO] [stdout]      |             ^^^
[INFO] [stdout]      |
[INFO] [stdout]      = note: import resolution is stuck, try simplifying macro imports
[INFO] [stdout] 
[INFO] [stdout] 
[INFO] [stdout] error: cannot determine resolution for the macro `msg`
[INFO] [stdout]     --> /opt/rustwide/cargo-home/registry/src/github.com-1ecc6299db9ec823/safe-token-2022-0.4.3/src/extension/confidential_transfer/processor.rs:1220:13
[INFO] [stdout]      |
[INFO] [stdout] 1220 |             msg!("ConfidentialTransferInstruction::ApplyPendingBalance");
[INFO] [stdout]      |             ^^^
[INFO] [stdout]      |
[INFO] [stdout]      = note: import resolution is stuck, try simplifying macro imports
[INFO] [stdout] 
[INFO] [stdout] 
[INFO] [stdout] error: cannot determine resolution for the macro `msg`
[INFO] [stdout]     --> /opt/rustwide/cargo-home/registry/src/github.com-1ecc6299db9ec823/safe-token-2022-0.4.3/src/extension/confidential_transfer/processor.rs:1235:13
[INFO] [stdout]      |
[INFO] [stdout] 1235 |             msg!("ConfidentialTransferInstruction::DisableBalanceCredits");
[INFO] [stdout]      |             ^^^
[INFO] [stdout]      |
[INFO] [stdout]      = note: import resolution is stuck, try simplifying macro imports
[INFO] [stdout] 
[INFO] [stdout] 
[INFO] [stdout] error: cannot determine resolution for the macro `msg`
[INFO] [stdout]     --> /opt/rustwide/cargo-home/registry/src/github.com-1ecc6299db9ec823/safe-token-2022-0.4.3/src/extension/confidential_transfer/processor.rs:1239:13
[INFO] [stdout]      |
[INFO] [stdout] 1239 |             msg!("ConfidentialTransferInstruction::EnableBalanceCredits");
[INFO] [stdout]      |             ^^^
[INFO] [stdout]      |
[INFO] [stdout]      = note: import resolution is stuck, try simplifying macro imports
[INFO] [stdout] 
[INFO] [stdout] 
[INFO] [stdout] error: cannot determine resolution for the macro `msg`
[INFO] [stdout]     --> /opt/rustwide/cargo-home/registry/src/github.com-1ecc6299db9ec823/safe-token-2022-0.4.3/src/extension/confidential_transfer/processor.rs:1243:13
[INFO] [stdout]      |
[INFO] [stdout] 1243 |             msg!("ConfidentialTransferInstruction::WithdrawWithheldTokensFromMint");
[INFO] [stdout]      |             ^^^
[INFO] [stdout]      |
[INFO] [stdout]      = note: import resolution is stuck, try simplifying macro imports
[INFO] [stdout] 
[INFO] [stdout] 
[INFO] [stdout] error: cannot determine resolution for the macro `msg`
[INFO] [stdout]     --> /opt/rustwide/cargo-home/registry/src/github.com-1ecc6299db9ec823/safe-token-2022-0.4.3/src/extension/confidential_transfer/processor.rs:1257:13
[INFO] [stdout]      |
[INFO] [stdout] 1257 |             msg!("ConfidentialTransferInstruction::WithdrawWithheldTokensFromAccounts");
[INFO] [stdout]      |             ^^^
[INFO] [stdout]      |
[INFO] [stdout]      = note: import resolution is stuck, try simplifying macro imports
[INFO] [stdout] 
[INFO] [stdout] 
[INFO] [stdout] error: cannot determine resolution for the macro `msg`
[INFO] [stdout]     --> /opt/rustwide/cargo-home/registry/src/github.com-1ecc6299db9ec823/safe-token-2022-0.4.3/src/extension/confidential_transfer/processor.rs:1273:13
[INFO] [stdout]      |
[INFO] [stdout] 1273 |             msg!("ConfidentialTransferInstruction::HarvestWithheldTokensToMint");
[INFO] [stdout]      |             ^^^
[INFO] [stdout]      |
[INFO] [stdout]      = note: import resolution is stuck, try simplifying macro imports
[INFO] [stdout] 
[INFO] [stdout] 
[INFO] [stdout] error: cannot determine resolution for the macro `msg`
[INFO] [stdout]   --> /opt/rustwide/cargo-home/registry/src/github.com-1ecc6299db9ec823/safe-token-2022-0.4.3/src/extension/default_account_state/processor.rs:83:13
[INFO] [stdout]    |
[INFO] [stdout] 83 |             msg!("DefaultAccountStateInstruction::Initialize");
[INFO] [stdout]    |             ^^^
[INFO] [stdout]    |
[INFO] [stdout]    = note: import resolution is stuck, try simplifying macro imports
[INFO] [stdout] 
[INFO] [stdout] 
[INFO] [stdout] error: cannot determine resolution for the macro `msg`
[INFO] [stdout]   --> /opt/rustwide/cargo-home/registry/src/github.com-1ecc6299db9ec823/safe-token-2022-0.4.3/src/extension/default_account_state/processor.rs:87:13
[INFO] [stdout]    |
[INFO] [stdout] 87 |             msg!("DefaultAccountStateInstruction::Update");
[INFO] [stdout]    |             ^^^
[INFO] [stdout]    |
[INFO] [stdout]    = note: import resolution is stuck, try simplifying macro imports
[INFO] [stdout] 
[INFO] [stdout] 
[INFO] [stdout] error: cannot determine resolution for the macro `msg`
[INFO] [stdout]   --> /opt/rustwide/cargo-home/registry/src/github.com-1ecc6299db9ec823/safe-token-2022-0.4.3/src/extension/interest_bearing_mint/processor.rs:94:13
[INFO] [stdout]    |
[INFO] [stdout] 94 |             msg!("InterestBearingMintInstruction::Initialize");
[INFO] [stdout]    |             ^^^
[INFO] [stdout]    |
[INFO] [stdout]    = note: import resolution is stuck, try simplifying macro imports
[INFO] [stdout] 
[INFO] [stdout] 
[INFO] [stdout] error: cannot determine resolution for the macro `msg`
[INFO] [stdout]    --> /opt/rustwide/cargo-home/registry/src/github.com-1ecc6299db9ec823/safe-token-2022-0.4.3/src/extension/interest_bearing_mint/processor.rs:102:13
[INFO] [stdout]     |
[INFO] [stdout] 102 |             msg!("InterestBearingMintInstruction::UpdateRate");
[INFO] [stdout]     |             ^^^
[INFO] [stdout]     |
[INFO] [stdout]     = note: import resolution is stuck, try simplifying macro imports
[INFO] [stdout] 
[INFO] [stdout] 
[INFO] [stdout] error: cannot determine resolution for the macro `msg`
[INFO] [stdout]   --> /opt/rustwide/cargo-home/registry/src/github.com-1ecc6299db9ec823/safe-token-2022-0.4.3/src/extension/memo_transfer/processor.rs:88:13
[INFO] [stdout]    |
[INFO] [stdout] 88 |             msg!("RequiredMemoTransfersInstruction::Enable");
[INFO] [stdout]    |             ^^^
[INFO] [stdout]    |
[INFO] [stdout]    = note: import resolution is stuck, try simplifying macro imports
[INFO] [stdout] 
[INFO] [stdout] 
[INFO] [stdout] error: cannot determine resolution for the macro `msg`
[INFO] [stdout]   --> /opt/rustwide/cargo-home/registry/src/github.com-1ecc6299db9ec823/safe-token-2022-0.4.3/src/extension/memo_transfer/processor.rs:92:13
[INFO] [stdout]    |
[INFO] [stdout] 92 |             msg!("RequiredMemoTransfersInstruction::Disable");
[INFO] [stdout]    |             ^^^
[INFO] [stdout]    |
[INFO] [stdout]    = note: import resolution is stuck, try simplifying macro imports
[INFO] [stdout] 
[INFO] [stdout] 
[INFO] [stdout] error: cannot determine resolution for the macro `msg`
[INFO] [stdout]   --> /opt/rustwide/cargo-home/registry/src/github.com-1ecc6299db9ec823/safe-token-2022-0.4.3/src/extension/reallocate.rs:63:5
[INFO] [stdout]    |
[INFO] [stdout] 63 |     msg!(
[INFO] [stdout]    |     ^^^
[INFO] [stdout]    |
[INFO] [stdout]    = note: import resolution is stuck, try simplifying macro imports
[INFO] [stdout] 
[INFO] [stdout] 
[INFO] [stdout] error: cannot determine resolution for the macro `msg`
[INFO] [stdout]    --> /opt/rustwide/cargo-home/registry/src/github.com-1ecc6299db9ec823/safe-token-2022-0.4.3/src/extension/transfer_fee/processor.rs:195:17
[INFO] [stdout]     |
[INFO] [stdout] 195 |                 msg!("Error harvesting from {}: {}", token_account_info.key, e);
[INFO] [stdout]     |                 ^^^
[INFO] [stdout]     |
[INFO] [stdout]     = note: import resolution is stuck, try simplifying macro imports
[INFO] [stdout] 
[INFO] [stdout] 
[INFO] [stdout] error: cannot determine resolution for the macro `msg`
[INFO] [stdout]    --> /opt/rustwide/cargo-home/registry/src/github.com-1ecc6299db9ec823/safe-token-2022-0.4.3/src/extension/transfer_fee/processor.rs:263:21
[INFO] [stdout]     |
[INFO] [stdout] 263 |                     msg!("Error harvesting from {}: {}", account_info.key, e);
[INFO] [stdout]     |                     ^^^
[INFO] [stdout]     |
[INFO] [stdout]     = note: import resolution is stuck, try simplifying macro imports
[INFO] [stdout] 
[INFO] [stdout] 
[INFO] [stdout] error: cannot determine resolution for the macro `msg`
[INFO] [stdout]    --> /opt/rustwide/cargo-home/registry/src/github.com-1ecc6299db9ec823/safe-token-2022-0.4.3/src/extension/transfer_fee/processor.rs:298:13
[INFO] [stdout]     |
[INFO] [stdout] 298 |             msg!("TransferFeeInstruction: TransferCheckedWithFee");
[INFO] [stdout]     |             ^^^
[INFO] [stdout]     |
[INFO] [stdout]     = note: import resolution is stuck, try simplifying macro imports
[INFO] [stdout] 
[INFO] [stdout] 
[INFO] [stdout] error: cannot determine resolution for the macro `msg`
[INFO] [stdout]    --> /opt/rustwide/cargo-home/registry/src/github.com-1ecc6299db9ec823/safe-token-2022-0.4.3/src/extension/transfer_fee/processor.rs:302:13
[INFO] [stdout]     |
[INFO] [stdout] 302 |             msg!("TransferFeeInstruction: WithdrawWithheldTokensFromMint");
[INFO] [stdout]     |             ^^^
[INFO] [stdout]     |
[INFO] [stdout]     = note: import resolution is stuck, try simplifying macro imports
[INFO] [stdout] 
[INFO] [stdout] 
[INFO] [stdout] error: cannot determine resolution for the macro `msg`
[INFO] [stdout]    --> /opt/rustwide/cargo-home/registry/src/github.com-1ecc6299db9ec823/safe-token-2022-0.4.3/src/extension/transfer_fee/processor.rs:306:13
[INFO] [stdout]     |
[INFO] [stdout] 306 |             msg!("TransferFeeInstruction: WithdrawWithheldTokensFromAccounts");
[INFO] [stdout]     |             ^^^
[INFO] [stdout]     |
[INFO] [stdout]     = note: import resolution is stuck, try simplifying macro imports
[INFO] [stdout] 
[INFO] [stdout] 
[INFO] [stdout] error: cannot determine resolution for the macro `msg`
[INFO] [stdout]    --> /opt/rustwide/cargo-home/registry/src/github.com-1ecc6299db9ec823/safe-token-2022-0.4.3/src/extension/transfer_fee/processor.rs:310:13
[INFO] [stdout]     |
[INFO] [stdout] 310 |             msg!("TransferFeeInstruction: HarvestWithheldTokensToMint");
[INFO] [stdout]     |             ^^^
[INFO] [stdout]     |
[INFO] [stdout]     = note: import resolution is stuck, try simplifying macro imports
[INFO] [stdout] 
[INFO] [stdout] 
[INFO] [stdout] error: cannot determine resolution for the macro `msg`
[INFO] [stdout]    --> /opt/rustwide/cargo-home/registry/src/github.com-1ecc6299db9ec823/safe-token-2022-0.4.3/src/extension/transfer_fee/processor.rs:317:13
[INFO] [stdout]     |
[INFO] [stdout] 317 |             msg!("TransferFeeInstruction: SetTransferFee");
[INFO] [stdout]     |             ^^^
[INFO] [stdout]     |
[INFO] [stdout]     = note: import resolution is stuck, try simplifying macro imports
[INFO] [stdout] 
[INFO] [stdout] 
[INFO] [stdout] error: cannot determine resolution for the macro `msg`
[INFO] [stdout]    --> /opt/rustwide/cargo-home/registry/src/github.com-1ecc6299db9ec823/safe-token-2022-0.4.3/src/processor.rs:322:17
[INFO] [stdout]     |
[INFO] [stdout] 322 |                 msg!("Calculated fee {}, received {}", fee, expected_fee);
[INFO] [stdout]     |                 ^^^
[INFO] [stdout]     |
[INFO] [stdout]     = note: import resolution is stuck, try simplifying macro imports
[INFO] [stdout] 
[INFO] [stdout] 
[INFO] [stdout] error: cannot determine resolution for the macro `msg`
[INFO] [stdout]     --> /opt/rustwide/cargo-home/registry/src/github.com-1ecc6299db9ec823/safe-token-2022-0.4.3/src/processor.rs:1177:17
[INFO] [stdout]      |
[INFO] [stdout] 1177 |                 msg!("Instruction: InitializeMint");
[INFO] [stdout]      |                 ^^^
[INFO] [stdout]      |
[INFO] [stdout]      = note: import resolution is stuck, try simplifying macro imports
[INFO] [stdout] 
[INFO] [stdout] 
[INFO] [stdout] error: cannot determine resolution for the macro `msg`
[INFO] [stdout]     --> /opt/rustwide/cargo-home/registry/src/github.com-1ecc6299db9ec823/safe-token-2022-0.4.3/src/processor.rs:1185:17
[INFO] [stdout]      |
[INFO] [stdout] 1185 |                 msg!("Instruction: InitializeMint2");
[INFO] [stdout]      |                 ^^^
[INFO] [stdout]      |
[INFO] [stdout]      = note: import resolution is stuck, try simplifying macro imports
[INFO] [stdout] 
[INFO] [stdout] 
[INFO] [stdout] error: cannot determine resolution for the macro `msg`
[INFO] [stdout]     --> /opt/rustwide/cargo-home/registry/src/github.com-1ecc6299db9ec823/safe-token-2022-0.4.3/src/processor.rs:1189:17
[INFO] [stdout]      |
[INFO] [stdout] 1189 |                 msg!("Instruction: InitializeAccount");
[INFO] [stdout]      |                 ^^^
[INFO] [stdout]      |
[INFO] [stdout]      = note: import resolution is stuck, try simplifying macro imports
[INFO] [stdout] 
[INFO] [stdout] 
[INFO] [stdout] error: cannot determine resolution for the macro `msg`
[INFO] [stdout]     --> /opt/rustwide/cargo-home/registry/src/github.com-1ecc6299db9ec823/safe-token-2022-0.4.3/src/processor.rs:1193:17
[INFO] [stdout]      |
[INFO] [stdout] 1193 |                 msg!("Instruction: InitializeAccount2");
[INFO] [stdout]      |                 ^^^
[INFO] [stdout]      |
[INFO] [stdout]      = note: import resolution is stuck, try simplifying macro imports
[INFO] [stdout] 
[INFO] [stdout] 
[INFO] [stdout] error: cannot determine resolution for the macro `msg`
[INFO] [stdout]     --> /opt/rustwide/cargo-home/registry/src/github.com-1ecc6299db9ec823/safe-token-2022-0.4.3/src/processor.rs:1197:17
[INFO] [stdout]      |
[INFO] [stdout] 1197 |                 msg!("Instruction: InitializeAccount3");
[INFO] [stdout]      |                 ^^^
[INFO] [stdout]      |
[INFO] [stdout]      = note: import resolution is stuck, try simplifying macro imports
[INFO] [stdout] 
[INFO] [stdout] 
[INFO] [stdout] error: cannot determine resolution for the macro `msg`
[INFO] [stdout]     --> /opt/rustwide/cargo-home/registry/src/github.com-1ecc6299db9ec823/safe-token-2022-0.4.3/src/processor.rs:1201:17
[INFO] [stdout]      |
[INFO] [stdout] 1201 |                 msg!("Instruction: InitializeMultisig");
[INFO] [stdout]      |                 ^^^
[INFO] [stdout]      |
[INFO] [stdout]      = note: import resolution is stuck, try simplifying macro imports
[INFO] [stdout] 
[INFO] [stdout] 
[INFO] [stdout] error: cannot determine resolution for the macro `msg`
[INFO] [stdout]     --> /opt/rustwide/cargo-home/registry/src/github.com-1ecc6299db9ec823/safe-token-2022-0.4.3/src/processor.rs:1205:17
[INFO] [stdout]      |
[INFO] [stdout] 1205 |                 msg!("Instruction: InitializeMultisig2");
[INFO] [stdout]      |                 ^^^
[INFO] [stdout]      |
[INFO] [stdout]      = note: import resolution is stuck, try simplifying macro imports
[INFO] [stdout] 
[INFO] [stdout] 
[INFO] [stdout] error: cannot determine resolution for the macro `msg`
[INFO] [stdout]     --> /opt/rustwide/cargo-home/registry/src/github.com-1ecc6299db9ec823/safe-token-2022-0.4.3/src/processor.rs:1210:17
[INFO] [stdout]      |
[INFO] [stdout] 1210 |                 msg!("Instruction: Transfer");
[INFO] [stdout]      |                 ^^^
[INFO] [stdout]      |
[INFO] [stdout]      = note: import resolution is stuck, try simplifying macro imports
[INFO] [stdout] 
[INFO] [stdout] 
[INFO] [stdout] error: cannot determine resolution for the macro `msg`
[INFO] [stdout]     --> /opt/rustwide/cargo-home/registry/src/github.com-1ecc6299db9ec823/safe-token-2022-0.4.3/src/processor.rs:1214:17
[INFO] [stdout]      |
[INFO] [stdout] 1214 |                 msg!("Instruction: Approve");
[INFO] [stdout]      |                 ^^^
[INFO] [stdout]      |
[INFO] [stdout]      = note: import resolution is stuck, try simplifying macro imports
[INFO] [stdout] 
[INFO] [stdout] 
[INFO] [stdout] error: cannot determine resolution for the macro `msg`
[INFO] [stdout]     --> /opt/rustwide/cargo-home/registry/src/github.com-1ecc6299db9ec823/safe-token-2022-0.4.3/src/processor.rs:1218:17
[INFO] [stdout]      |
[INFO] [stdout] 1218 |                 msg!("Instruction: Revoke");
[INFO] [stdout]      |                 ^^^
[INFO] [stdout]      |
[INFO] [stdout]      = note: import resolution is stuck, try simplifying macro imports
[INFO] [stdout] 
[INFO] [stdout] 
[INFO] [stdout] error: cannot determine resolution for the macro `msg`
[INFO] [stdout]     --> /opt/rustwide/cargo-home/registry/src/github.com-1ecc6299db9ec823/safe-token-2022-0.4.3/src/processor.rs:1225:17
[INFO] [stdout]      |
[INFO] [stdout] 1225 |                 msg!("Instruction: SetAuthority");
[INFO] [stdout]      |                 ^^^
[INFO] [stdout]      |
[INFO] [stdout]      = note: import resolution is stuck, try simplifying macro imports
[INFO] [stdout] 
[INFO] [stdout] 
[INFO] [stdout] error: cannot determine resolution for the macro `msg`
[INFO] [stdout]     --> /opt/rustwide/cargo-home/registry/src/github.com-1ecc6299db9ec823/safe-token-2022-0.4.3/src/processor.rs:1229:17
[INFO] [stdout]      |
[INFO] [stdout] 1229 |                 msg!("Instruction: MintTo");
[INFO] [stdout]      |                 ^^^
[INFO] [stdout]      |
[INFO] [stdout]      = note: import resolution is stuck, try simplifying macro imports
[INFO] [stdout] 
[INFO] [stdout] 
[INFO] [stdout] error: cannot determine resolution for the macro `msg`
[INFO] [stdout]     --> /opt/rustwide/cargo-home/registry/src/github.com-1ecc6299db9ec823/safe-token-2022-0.4.3/src/processor.rs:1233:17
[INFO] [stdout]      |
[INFO] [stdout] 1233 |                 msg!("Instruction: Burn");
[INFO] [stdout]      |                 ^^^
[INFO] [stdout]      |
[INFO] [stdout]      = note: import resolution is stuck, try simplifying macro imports
[INFO] [stdout] 
[INFO] [stdout] 
[INFO] [stdout] error: cannot determine resolution for the macro `msg`
[INFO] [stdout]     --> /opt/rustwide/cargo-home/registry/src/github.com-1ecc6299db9ec823/safe-token-2022-0.4.3/src/processor.rs:1237:17
[INFO] [stdout]      |
[INFO] [stdout] 1237 |                 msg!("Instruction: CloseAccount");
[INFO] [stdout]      |                 ^^^
[INFO] [stdout]      |
[INFO] [stdout]      = note: import resolution is stuck, try simplifying macro imports
[INFO] [stdout] 
[INFO] [stdout] 
[INFO] [stdout] error: cannot determine resolution for the macro `msg`
[INFO] [stdout]     --> /opt/rustwide/cargo-home/registry/src/github.com-1ecc6299db9ec823/safe-token-2022-0.4.3/src/processor.rs:1241:17
[INFO] [stdout]      |
[INFO] [stdout] 1241 |                 msg!("Instruction: FreezeAccount");
[INFO] [stdout]      |                 ^^^
[INFO] [stdout]      |
[INFO] [stdout]      = note: import resolution is stuck, try simplifying macro imports
[INFO] [stdout] 
[INFO] [stdout] 
[INFO] [stdout] error: cannot determine resolution for the macro `msg`
[INFO] [stdout]     --> /opt/rustwide/cargo-home/registry/src/github.com-1ecc6299db9ec823/safe-token-2022-0.4.3/src/processor.rs:1245:17
[INFO] [stdout]      |
[INFO] [stdout] 1245 |                 msg!("Instruction: ThawAccount");
[INFO] [stdout]      |                 ^^^
[INFO] [stdout]      |
[INFO] [stdout]      = note: import resolution is stuck, try simplifying macro imports
[INFO] [stdout] 
[INFO] [stdout] 
[INFO] [stdout] error: cannot determine resolution for the macro `msg`
[INFO] [stdout]     --> /opt/rustwide/cargo-home/registry/src/github.com-1ecc6299db9ec823/safe-token-2022-0.4.3/src/processor.rs:1249:17
[INFO] [stdout]      |
[INFO] [stdout] 1249 |                 msg!("Instruction: TransferChecked");
[INFO] [stdout]      |                 ^^^
[INFO] [stdout]      |
[INFO] [stdout]      = note: import resolution is stuck, try simplifying macro imports
[INFO] [stdout] 
[INFO] [stdout] 
[INFO] [stdout] error: cannot determine resolution for the macro `msg`
[INFO] [stdout]     --> /opt/rustwide/cargo-home/registry/src/github.com-1ecc6299db9ec823/safe-token-2022-0.4.3/src/processor.rs:1253:17
[INFO] [stdout]      |
[INFO] [stdout] 1253 |                 msg!("Instruction: ApproveChecked");
[INFO] [stdout]      |                 ^^^
[INFO] [stdout]      |
[INFO] [stdout]      = note: import resolution is stuck, try simplifying macro imports
[INFO] [stdout] 
[INFO] [stdout] 
[INFO] [stdout] error: cannot determine resolution for the macro `msg`
[INFO] [stdout]     --> /opt/rustwide/cargo-home/registry/src/github.com-1ecc6299db9ec823/safe-token-2022-0.4.3/src/processor.rs:1257:17
[INFO] [stdout]      |
[INFO] [stdout] 1257 |                 msg!("Instruction: MintToChecked");
[INFO] [stdout]      |                 ^^^
[INFO] [stdout]      |
[INFO] [stdout]      = note: import resolution is stuck, try simplifying macro imports
[INFO] [stdout] 
[INFO] [stdout] 
[INFO] [stdout] error: cannot determine resolution for the macro `msg`
[INFO] [stdout]     --> /opt/rustwide/cargo-home/registry/src/github.com-1ecc6299db9ec823/safe-token-2022-0.4.3/src/processor.rs:1261:17
[INFO] [stdout]      |
[INFO] [stdout] 1261 |                 msg!("Instruction: BurnChecked");
[INFO] [stdout]      |                 ^^^
[INFO] [stdout]      |
[INFO] [stdout]      = note: import resolution is stuck, try simplifying macro imports
[INFO] [stdout] 
[INFO] [stdout] 
[INFO] [stdout] error: cannot determine resolution for the macro `msg`
[INFO] [stdout]     --> /opt/rustwide/cargo-home/registry/src/github.com-1ecc6299db9ec823/safe-token-2022-0.4.3/src/processor.rs:1265:17
[INFO] [stdout]      |
[INFO] [stdout] 1265 |                 msg!("Instruction: SyncNative");
[INFO] [stdout]      |                 ^^^
[INFO] [stdout]      |
[INFO] [stdout]      = note: import resolution is stuck, try simplifying macro imports
[INFO] [stdout] 
[INFO] [stdout] 
[INFO] [stdout] error: cannot determine resolution for the macro `msg`
[INFO] [stdout]     --> /opt/rustwide/cargo-home/registry/src/github.com-1ecc6299db9ec823/safe-token-2022-0.4.3/src/processor.rs:1269:17
[INFO] [stdout]      |
[INFO] [stdout] 1269 |                 msg!("Instruction: GetAccountDataSize");
[INFO] [stdout]      |                 ^^^
[INFO] [stdout]      |
[INFO] [stdout]      = note: import resolution is stuck, try simplifying macro imports
[INFO] [stdout] 
[INFO] [stdout] 
[INFO] [stdout] error: cannot determine resolution for the macro `msg`
[INFO] [stdout]     --> /opt/rustwide/cargo-home/registry/src/github.com-1ecc6299db9ec823/safe-token-2022-0.4.3/src/processor.rs:1273:17
[INFO] [stdout]      |
[INFO] [stdout] 1273 |                 msg!("Instruction: InitializeMintCloseAuthority");
[INFO] [stdout]      |                 ^^^
[INFO] [stdout]      |
[INFO] [stdout]      = note: import resolution is stuck, try simplifying macro imports
[INFO] [stdout] 
[INFO] [stdout] 
[INFO] [stdout] error: cannot determine resolution for the macro `msg`
[INFO] [stdout]     --> /opt/rustwide/cargo-home/registry/src/github.com-1ecc6299db9ec823/safe-token-2022-0.4.3/src/processor.rs:1294:17
[INFO] [stdout]      |
[INFO] [stdout] 1294 |                 msg!("Instruction: InitializeImmutableOwner");
[INFO] [stdout]      |                 ^^^
[INFO] [stdout]      |
[INFO] [stdout]      = note: import resolution is stuck, try simplifying macro imports
[INFO] [stdout] 
[INFO] [stdout] 
[INFO] [stdout] error: cannot determine resolution for the macro `msg`
[INFO] [stdout]     --> /opt/rustwide/cargo-home/registry/src/github.com-1ecc6299db9ec823/safe-token-2022-0.4.3/src/processor.rs:1298:17
[INFO] [stdout]      |
[INFO] [stdout] 1298 |                 msg!("Instruction: AmountToUiAmount");
[INFO] [stdout]      |                 ^^^
[INFO] [stdout]      |
[INFO] [stdout]      = note: import resolution is stuck, try simplifying macro imports
[INFO] [stdout] 
[INFO] [stdout] 
[INFO] [stdout] error: cannot determine resolution for the macro `msg`
[INFO] [stdout]     --> /opt/rustwide/cargo-home/registry/src/github.com-1ecc6299db9ec823/safe-token-2022-0.4.3/src/processor.rs:1302:17
[INFO] [stdout]      |
[INFO] [stdout] 1302 |                 msg!("Instruction: UiAmountToAmount");
[INFO] [stdout]      |                 ^^^
[INFO] [stdout]      |
[INFO] [stdout]      = note: import resolution is stuck, try simplifying macro imports
[INFO] [stdout] 
[INFO] [stdout] 
[INFO] [stdout] error: cannot determine resolution for the macro `msg`
[INFO] [stdout]     --> /opt/rustwide/cargo-home/registry/src/github.com-1ecc6299db9ec823/safe-token-2022-0.4.3/src/processor.rs:1306:17
[INFO] [stdout]      |
[INFO] [stdout] 1306 |                 msg!("Instruction: Reallocate");
[INFO] [stdout]      |                 ^^^
[INFO] [stdout]      |
[INFO] [stdout]      = note: import resolution is stuck, try simplifying macro imports
[INFO] [stdout] 
[INFO] [stdout] 
[INFO] [stdout] error: cannot determine resolution for the macro `msg`
[INFO] [stdout]     --> /opt/rustwide/cargo-home/registry/src/github.com-1ecc6299db9ec823/safe-token-2022-0.4.3/src/processor.rs:1313:17
[INFO] [stdout]      |
[INFO] [stdout] 1313 |                 msg!("Instruction: CreateNativeMint");
[INFO] [stdout]      |                 ^^^
[INFO] [stdout]      |
[INFO] [stdout]      = note: import resolution is stuck, try simplifying macro imports
[INFO] [stdout] 
[INFO] [stdout] 
[INFO] [stdout] error: cannot determine resolution for the macro `msg`
[INFO] [stdout]     --> /opt/rustwide/cargo-home/registry/src/github.com-1ecc6299db9ec823/safe-token-2022-0.4.3/src/processor.rs:1317:17
[INFO] [stdout]      |
[INFO] [stdout] 1317 |                 msg!("Instruction: InitializeNonTransferableMint");
[INFO] [stdout]      |                 ^^^
[INFO] [stdout]      |
[INFO] [stdout]      = note: import resolution is stuck, try simplifying macro imports
[INFO] [stdout] 
[INFO] [stdout] 
[INFO] [stdout] error[E0433]: failed to resolve: use of undeclared crate or module `safecoin_program`
[INFO] [stdout]    --> /opt/rustwide/cargo-home/registry/src/github.com-1ecc6299db9ec823/safe-token-2022-0.4.3/src/processor.rs:899:24
[INFO] [stdout]     |
[INFO] [stdout] 899 |             } else if !safecoin_program::incinerator::check_id(destination_account_info.key) {
[INFO] [stdout]     |                        ^^^^^^^^^^^^^^^^ use of undeclared crate or module `safecoin_program`
[INFO] [stdout] 
[INFO] [stdout] 
[INFO] [stdout] error[E0433]: failed to resolve: use of undeclared crate or module `safecoin_program`
[INFO] [stdout]     --> /opt/rustwide/cargo-home/registry/src/github.com-1ecc6299db9ec823/safe-token-2022-0.4.3/src/processor.rs:1398:5
[INFO] [stdout]      |
[INFO] [stdout] 1398 |     safecoin_program::program_memory::sol_memset(*account_data, 0, data_len);
[INFO] [stdout]      |     ^^^^^^^^^^^^^^^^ use of undeclared crate or module `safecoin_program`
[INFO] [stdout] 
[INFO] [stdout] 
[INFO] [stdout] error[E0433]: failed to resolve: use of undeclared crate or module `safecoin_program`
[INFO] [stdout]    --> /opt/rustwide/cargo-home/registry/src/github.com-1ecc6299db9ec823/safe-token-2022-0.4.3/src/state.rs:124:9
[INFO] [stdout]     |
[INFO] [stdout] 124 |         safecoin_program::system_program::check_id(&self.owner)
[INFO] [stdout]     |         ^^^^^^^^^^^^^^^^ use of undeclared crate or module `safecoin_program`
[INFO] [stdout] 
[INFO] [stdout] 
[INFO] [stdout] error[E0433]: failed to resolve: use of undeclared crate or module `safecoin_program`
[INFO] [stdout]    --> /opt/rustwide/cargo-home/registry/src/github.com-1ecc6299db9ec823/safe-token-2022-0.4.3/src/state.rs:125:16
[INFO] [stdout]     |
[INFO] [stdout] 125 |             || safecoin_program::incinerator::check_id(&self.owner)
[INFO] [stdout]     |                ^^^^^^^^^^^^^^^^ use of undeclared crate or module `safecoin_program`
[INFO] [stdout] 
[INFO] [stdout] 
[INFO] [stdout] error[E0425]: cannot find function `id` in module `crate::native_mint`
[INFO] [stdout]     --> /opt/rustwide/cargo-home/registry/src/github.com-1ecc6299db9ec823/safe-token-2022-0.4.3/src/instruction.rs:1727:50
[INFO] [stdout]      |
[INFO] [stdout] 1727 |             AccountMeta::new(crate::native_mint::id(), false),
[INFO] [stdout]      |                                                  ^^ not found in `crate::native_mint`
[INFO] [stdout]      |
[INFO] [stdout] help: consider importing one of these items
[INFO] [stdout]      |
[INFO] [stdout] 5    | use crate::safe_zk_token_sdk::zk_token_proof_program::id;
[INFO] [stdout]      |
[INFO] [stdout] 5    | use safe_memo::id;
[INFO] [stdout]      |
[INFO] [stdout] 5    | use safe_memo::v1::id;
[INFO] [stdout]      |
[INFO] [stdout] 5    | use safe_token::id;
[INFO] [stdout]      |
[INFO] [stdout]        and 27 other candidates
[INFO] [stdout] help: if you import `id`, refer to it directly
[INFO] [stdout]      |
[INFO] [stdout] 1727 -             AccountMeta::new(crate::native_mint::id(), false),
[INFO] [stdout] 1727 +             AccountMeta::new(id(), false),
[INFO] [stdout]      |
[INFO] [stdout] 
[INFO] [stdout] 
[INFO] [stdout] error[E0425]: cannot find function `id` in module `native_mint`
[INFO] [stdout]    --> /opt/rustwide/cargo-home/registry/src/github.com-1ecc6299db9ec823/safe-token-2022-0.4.3/src/processor.rs:169:53
[INFO] [stdout]     |
[INFO] [stdout] 169 |         if cmp_pubkeys(mint_info.key, &native_mint::id()) {
[INFO] [stdout]     |                                                     ^^ not found in `native_mint`
[INFO] [stdout]     |
[INFO] [stdout] help: consider importing one of these items
[INFO] [stdout]     |
[INFO] [stdout] 3   | use crate::safe_zk_token_sdk::zk_token_proof_program::id;
[INFO] [stdout]     |
[INFO] [stdout] 3   | use safe_memo::id;
[INFO] [stdout]     |
[INFO] [stdout] 3   | use safe_memo::v1::id;
[INFO] [stdout]     |
[INFO] [stdout] 3   | use safe_token::id;
[INFO] [stdout]     |
[INFO] [stdout]       and 27 other candidates
[INFO] [stdout] help: if you import `id`, refer to it directly
[INFO] [stdout]     |
[INFO] [stdout] 169 -         if cmp_pubkeys(mint_info.key, &native_mint::id()) {
[INFO] [stdout] 169 +         if cmp_pubkeys(mint_info.key, &id()) {
[INFO] [stdout]     |
[INFO] [stdout] 
[INFO] [stdout] 
[INFO] [stdout] error[E0425]: cannot find function `id` in module `native_mint`
[INFO] [stdout]     --> /opt/rustwide/cargo-home/registry/src/github.com-1ecc6299db9ec823/safe-token-2022-0.4.3/src/processor.rs:1117:50
[INFO] [stdout]      |
[INFO] [stdout] 1117 |         if *native_mint_info.key != native_mint::id() {
[INFO] [stdout]      |                                                  ^^ not found in `native_mint`
[INFO] [stdout]      |
[INFO] [stdout] help: consider importing one of these items
[INFO] [stdout]      |
[INFO] [stdout] 3    | use crate::safe_zk_token_sdk::zk_token_proof_program::id;
[INFO] [stdout]      |
[INFO] [stdout] 3    | use safe_memo::id;
[INFO] [stdout]      |
[INFO] [stdout] 3    | use safe_memo::v1::id;
[INFO] [stdout]      |
[INFO] [stdout] 3    | use safe_token::id;
[INFO] [stdout]      |
[INFO] [stdout]        and 27 other candidates
[INFO] [stdout] help: if you import `id`, refer to it directly
[INFO] [stdout]      |
[INFO] [stdout] 1117 -         if *native_mint_info.key != native_mint::id() {
[INFO] [stdout] 1117 +         if *native_mint_info.key != id() {
[INFO] [stdout]      |
[INFO] [stdout] 
[INFO] [stdout] 
[INFO] [stdout] error[E0425]: cannot find function `id` in the crate root
[INFO] [stdout]     --> /opt/rustwide/cargo-home/registry/src/github.com-1ecc6299db9ec823/safe-token-2022-0.4.3/src/processor.rs:1140:71
[INFO] [stdout]      |
[INFO] [stdout] 1140 |             &system_instruction::assign(native_mint_info.key, &crate::id()),
[INFO] [stdout]      |                                                                       ^^ not found in the crate root
[INFO] [stdout]      |
[INFO] [stdout] help: consider importing one of these items
[INFO] [stdout]      |
[INFO] [stdout] 3    | use crate::safe_zk_token_sdk::zk_token_proof_program::id;
[INFO] [stdout]      |
[INFO] [stdout] 3    | use safe_memo::id;
[INFO] [stdout]      |
[INFO] [stdout] 3    | use safe_memo::v1::id;
[INFO] [stdout]      |
[INFO] [stdout] 3    | use safe_token::id;
[INFO] [stdout]      |
[INFO] [stdout]        and 27 other candidates
[INFO] [stdout] help: if you import `id`, refer to it directly
[INFO] [stdout]      |
[INFO] [stdout] 1140 -             &system_instruction::assign(native_mint_info.key, &crate::id()),
[INFO] [stdout] 1140 +             &system_instruction::assign(native_mint_info.key, &id()),
[INFO] [stdout]      |
[INFO] [stdout] 
[INFO] [stdout] 
[INFO] [stdout] error[E0425]: cannot find function `id` in this scope
[INFO] [stdout]   --> /opt/rustwide/cargo-home/registry/src/github.com-1ecc6299db9ec823/safe-token-2022-0.4.3/src/lib.rs:95:34
[INFO] [stdout]    |
[INFO] [stdout] 95 |     if safe_token_program_id != &id() {
[INFO] [stdout]    |                                  ^^ not found in this scope
[INFO] [stdout]    |
[INFO] [stdout] help: consider importing one of these items
[INFO] [stdout]    |
[INFO] [stdout] 22 | use crate::safe_zk_token_sdk::zk_token_proof_program::id;
[INFO] [stdout]    |
[INFO] [stdout] 22 | use safe_memo::id;
[INFO] [stdout]    |
[INFO] [stdout] 22 | use safe_memo::v1::id;
[INFO] [stdout]    |
[INFO] [stdout] 22 | use safe_token::id;
[INFO] [stdout]    |
[INFO] [stdout]      and 27 other candidates
[INFO] [stdout] 
[INFO] [stdout] 
[INFO] [stdout] error[E0425]: cannot find function `id` in this scope
[INFO] [stdout]    --> /opt/rustwide/cargo-home/registry/src/github.com-1ecc6299db9ec823/safe-token-2022-0.4.3/src/lib.rs:103:34
[INFO] [stdout]     |
[INFO] [stdout] 103 |     if safe_token_program_id != &id() && safe_token_program_id != &safe_token::id() {
[INFO] [stdout]     |                                  ^^ not found in this scope
[INFO] [stdout]     |
[INFO] [stdout] help: consider importing one of these items
[INFO] [stdout]     |
[INFO] [stdout] 22  | use crate::safe_zk_token_sdk::zk_token_proof_program::id;
[INFO] [stdout]     |
[INFO] [stdout] 22  | use safe_memo::id;
[INFO] [stdout]     |
[INFO] [stdout] 22  | use safe_memo::v1::id;
[INFO] [stdout]     |
[INFO] [stdout] 22  | use safe_token::id;
[INFO] [stdout]     |
[INFO] [stdout]       and 27 other candidates
[INFO] [stdout] 
[INFO] [stdout] 
[INFO] [stdout] error: aborting due to 152 previous errors
[INFO] [stdout] 
[INFO] [stdout] 
[INFO] [stdout] Some errors have detailed explanations: E0425, E0432, E0433.
[INFO] [stdout] 
[INFO] [stdout] For more information about an error, try `rustc --explain E0425`.
[INFO] [stdout] 
[INFO] [stderr] error: could not compile `safe-token-2022` due to 153 previous errors
[INFO] [stderr] warning: build failed, waiting for other jobs to finish...
[INFO] running `Command { std: "docker" "inspect" "8a8c06164a09243ba74dfc9e320bba9d863ed877227c15326ab616e9d06dcdc3", kill_on_drop: false }`
[INFO] running `Command { std: "docker" "rm" "-f" "8a8c06164a09243ba74dfc9e320bba9d863ed877227c15326ab616e9d06dcdc3", kill_on_drop: false }`
[INFO] [stdout] 8a8c06164a09243ba74dfc9e320bba9d863ed877227c15326ab616e9d06dcdc3
