[INFO] fetching crate safe-anchor-spl 0.22.0...
[INFO] documenting safe-anchor-spl-0.22.0 against 1.69.0 for beta-1.70-rustdoc-1
[INFO] extracting crate safe-anchor-spl 0.22.0 into /workspace/builds/worker-0-tc1/source
[INFO] validating manifest of crates.io crate safe-anchor-spl 0.22.0 on toolchain 1.69.0
[INFO] running `Command { std: CARGO_HOME="/workspace/cargo-home" RUSTUP_HOME="/workspace/rustup-home" "/workspace/cargo-home/bin/cargo" "+1.69.0" "metadata" "--manifest-path" "Cargo.toml" "--no-deps", kill_on_drop: false }`
[INFO] started tweaking crates.io crate safe-anchor-spl 0.22.0
[INFO] finished tweaking crates.io crate safe-anchor-spl 0.22.0
[INFO] tweaked toml for crates.io crate safe-anchor-spl 0.22.0 written to /workspace/builds/worker-0-tc1/source/Cargo.toml
[INFO] running `Command { std: CARGO_HOME="/workspace/cargo-home" RUSTUP_HOME="/workspace/rustup-home" __CARGO_TEST_CHANNEL_OVERRIDE_DO_NOT_USE_THIS="nightly" "/workspace/cargo-home/bin/cargo" "+1.69.0" "generate-lockfile" "--manifest-path" "Cargo.toml" "-Zno-index-update", kill_on_drop: false }`
[INFO] running `Command { std: CARGO_HOME="/workspace/cargo-home" RUSTUP_HOME="/workspace/rustup-home" "/workspace/cargo-home/bin/cargo" "+1.69.0" "fetch" "--manifest-path" "Cargo.toml", kill_on_drop: false }`
[INFO] [stderr]  Downloading crates ...
[INFO] [stderr]   Downloaded safe-transmute v0.11.2
[INFO] [stderr]   Downloaded safe-token v3.5.1
[INFO] [stderr]   Downloaded safecoin-frozen-abi-macro v1.14.17
[INFO] [stderr]   Downloaded safecoin-sdk-macro v1.14.17
[INFO] [stderr]   Downloaded alloc-traits v0.1.1
[INFO] [stderr]   Downloaded anchor-attribute-interface v0.22.1
[INFO] [stderr]   Downloaded anchor-derive-accounts v0.22.1
[INFO] [stderr]   Downloaded anchor-attribute-account v0.22.1
[INFO] [stderr]   Downloaded anchor-attribute-access-control v0.22.1
[INFO] [stderr]   Downloaded anchor-attribute-constant v0.22.1
[INFO] [stderr]   Downloaded anchor-attribute-error v0.22.1
[INFO] [stderr]   Downloaded safe-memo v3.0.9
[INFO] [stderr]   Downloaded anchor-attribute-state v0.22.1
[INFO] [stderr]   Downloaded safecoin-program v1.14.17
[INFO] [stderr]   Downloaded anchor-attribute-event v0.22.1
[INFO] [stderr]   Downloaded unsize v1.1.0
[INFO] [stderr]   Downloaded anchor-syn v0.22.1
[INFO] [stderr]   Downloaded serum_dex v0.4.0
[INFO] [stderr]   Downloaded anchor-attribute-program v0.22.1
[INFO] [stderr]   Downloaded safecoin-frozen-abi v1.14.17
[INFO] [stderr]   Downloaded without-alloc v0.2.2
[INFO] [stderr]   Downloaded safecoin-logger v1.14.17
[INFO] [stderr]   Downloaded safe-associated-token-account v1.1.2
[INFO] [stderr]   Downloaded safe-token-2022 v0.5.0
[INFO] [stderr]   Downloaded safecoin-sdk v1.14.17
[INFO] [stderr]   Downloaded safe-zk-token-sdk v1.14.17
[INFO] [stderr]   Downloaded safe-anchor-lang v0.22.0
[INFO] running `Command { std: "docker" "create" "-v" "/var/lib/crater-agent-workspace/builds/worker-0-tc1/target:/opt/rustwide/target:rw,Z" "-v" "/var/lib/crater-agent-workspace/builds/worker-0-tc1/source:/opt/rustwide/workdir:ro,Z" "-v" "/var/lib/crater-agent-workspace/cargo-home:/opt/rustwide/cargo-home:ro,Z" "-v" "/var/lib/crater-agent-workspace/rustup-home:/opt/rustwide/rustup-home:ro,Z" "-e" "SOURCE_DIR=/opt/rustwide/workdir" "-e" "CARGO_TARGET_DIR=/opt/rustwide/target" "-e" "CARGO_HOME=/opt/rustwide/cargo-home" "-e" "RUSTUP_HOME=/opt/rustwide/rustup-home" "-w" "/opt/rustwide/workdir" "-m" "1610612736" "--user" "0:0" "--network" "none" "ghcr.io/rust-lang/crates-build-env/linux@sha256:5ff2268d62e97bff2cde7d5815dd6ed5b47097566f13b8d0ca110b04b60e07ed" "/opt/rustwide/cargo-home/bin/cargo" "+1.69.0" "metadata" "--no-deps" "--format-version=1", kill_on_drop: false }`
[INFO] [stdout] 3d103957a7ed26e95346893d4dff7a24b403086b7d58a8539464d11ee4d6d298
[INFO] running `Command { std: "docker" "start" "-a" "3d103957a7ed26e95346893d4dff7a24b403086b7d58a8539464d11ee4d6d298", kill_on_drop: false }`
[INFO] running `Command { std: "docker" "inspect" "3d103957a7ed26e95346893d4dff7a24b403086b7d58a8539464d11ee4d6d298", kill_on_drop: false }`
[INFO] running `Command { std: "docker" "rm" "-f" "3d103957a7ed26e95346893d4dff7a24b403086b7d58a8539464d11ee4d6d298", kill_on_drop: false }`
[INFO] [stdout] 3d103957a7ed26e95346893d4dff7a24b403086b7d58a8539464d11ee4d6d298
[INFO] running `Command { std: "docker" "create" "-v" "/var/lib/crater-agent-workspace/builds/worker-0-tc1/target:/opt/rustwide/target:rw,Z" "-v" "/var/lib/crater-agent-workspace/builds/worker-0-tc1/source:/opt/rustwide/workdir:ro,Z" "-v" "/var/lib/crater-agent-workspace/cargo-home:/opt/rustwide/cargo-home:ro,Z" "-v" "/var/lib/crater-agent-workspace/rustup-home:/opt/rustwide/rustup-home:ro,Z" "-e" "SOURCE_DIR=/opt/rustwide/workdir" "-e" "CARGO_TARGET_DIR=/opt/rustwide/target" "-e" "CARGO_INCREMENTAL=0" "-e" "RUST_BACKTRACE=full" "-e" "RUSTFLAGS=--cap-lints=warn" "-e" "RUSTDOCFLAGS=--cap-lints=warn" "-e" "CARGO_HOME=/opt/rustwide/cargo-home" "-e" "RUSTUP_HOME=/opt/rustwide/rustup-home" "-w" "/opt/rustwide/workdir" "-m" "1610612736" "--user" "0:0" "--network" "none" "ghcr.io/rust-lang/crates-build-env/linux@sha256:5ff2268d62e97bff2cde7d5815dd6ed5b47097566f13b8d0ca110b04b60e07ed" "/opt/rustwide/cargo-home/bin/cargo" "+1.69.0" "doc" "--frozen" "--no-deps" "--document-private-items" "--message-format=json", kill_on_drop: false }`
[INFO] [stdout] bf4edbeba86cbd061e0b624cfa562cdbef7a53cf0e22d56fe5da0e40af3bc343
[INFO] running `Command { std: "docker" "start" "-a" "bf4edbeba86cbd061e0b624cfa562cdbef7a53cf0e22d56fe5da0e40af3bc343", kill_on_drop: false }`
[INFO] [stderr]     Blocking waiting for file lock on package cache
[INFO] [stderr]    Compiling proc-macro2 v1.0.56
[INFO] [stderr]    Compiling quote v1.0.26
[INFO] [stderr]    Compiling unicode-ident v1.0.8
[INFO] [stderr]    Compiling serde_derive v1.0.160
[INFO] [stderr]    Compiling serde v1.0.160
[INFO] [stderr]    Compiling typenum v1.16.0
[INFO] [stderr]    Compiling libc v0.2.142
[INFO] [stderr]    Compiling generic-array v0.14.7
[INFO] [stderr]    Compiling syn v1.0.109
[INFO] [stderr]     Checking subtle v2.4.1
[INFO] [stderr]    Compiling thiserror v1.0.40
[INFO] [stderr]    Compiling anyhow v1.0.71
[INFO] [stderr]    Compiling serde_json v1.0.96
[INFO] [stderr]    Compiling ahash v0.7.6
[INFO] [stderr]    Compiling syn v2.0.15
[INFO] [stderr]    Compiling semver v1.0.17
[INFO] [stderr]    Compiling getrandom v0.1.16
[INFO] [stderr]    Compiling once_cell v1.17.1
[INFO] [stderr]    Compiling log v0.4.17
[INFO] [stderr]     Checking cpufeatures v0.2.7
[INFO] [stderr]    Compiling crunchy v0.2.2
[INFO] [stderr]     Checking getrandom v0.2.9
[INFO] [stderr]    Compiling rustc_version v0.4.0
[INFO] [stderr]     Checking opaque-debug v0.3.0
[INFO] [stderr]    Compiling crossbeam-utils v0.8.15
[INFO] [stderr]    Compiling memoffset v0.8.0
[INFO] [stderr]     Checking block-padding v0.2.1
[INFO] [stderr]     Checking rand_core v0.5.1
[INFO] [stderr]    Compiling jobserver v0.1.26
[INFO] [stderr]    Compiling crossbeam-epoch v0.9.14
[INFO] [stderr]    Compiling cc v1.0.79
[INFO] [stderr]    Compiling wasm-bindgen-shared v0.2.84
[INFO] [stderr]     Checking ppv-lite86 v0.2.17
[INFO] [stderr]    Compiling proc-macro2-diagnostics v0.9.1
[INFO] [stderr]    Compiling rayon-core v1.11.0
[INFO] [stderr]     Checking rand_chacha v0.2.2
[INFO] [stderr]     Checking byteorder v1.4.3
[INFO] [stderr]     Checking rand v0.7.3
[INFO] [stderr]     Checking crossbeam-deque v0.8.3
[INFO] [stderr]     Checking crossbeam-channel v0.5.8
[INFO] [stderr]     Checking rand_core v0.6.4
[INFO] [stderr]     Checking num_cpus v1.15.0
[INFO] [stderr]    Compiling num-traits v0.2.15
[INFO] [stderr]    Compiling bumpalo v3.12.1
[INFO] [stderr]    Compiling yansi v0.5.1
[INFO] [stderr]    Compiling unicode-segmentation v1.10.1
[INFO] [stderr]     Checking either v1.8.1
[INFO] [stderr]    Compiling ryu v1.0.13
[INFO] [stderr]    Compiling itoa v1.0.6
[INFO] [stderr]    Compiling rustversion v1.0.12
[INFO] [stderr]    Compiling feature-probe v0.1.1
[INFO] [stderr]    Compiling blake3 v1.3.3
[INFO] [stderr]    Compiling bv v0.11.1
[INFO] [stderr]    Compiling heck v0.3.3
[INFO] [stderr]    Compiling safecoin-frozen-abi-macro v1.14.17
[INFO] [stderr]     Checking bitmaps v2.1.0
[INFO] [stderr]    Compiling im v15.1.0
[INFO] [stderr]     Checking arrayref v0.3.7
[INFO] [stderr]     Checking keccak v0.1.3
[INFO] [stderr]     Checking tinyvec_macros v0.1.1
[INFO] [stderr]    Compiling bs58 v0.3.1
[INFO] [stderr]     Checking rayon v1.7.0
[INFO] [stderr]     Checking tinyvec v1.6.0
[INFO] [stderr]     Checking sized-chunks v0.6.5
[INFO] [stderr]    Compiling wasm-bindgen-backend v0.2.84
[INFO] [stderr]    Compiling borsh-derive-internal v0.9.3
[INFO] [stderr]    Compiling borsh-schema-derive-internal v0.9.3
[INFO] [stderr]     Checking rand_xoshiro v0.6.0
[INFO] [stderr]    Compiling safecoin-frozen-abi v1.14.17
[INFO] [stderr]    Compiling memoffset v0.6.5
[INFO] [stderr]     Checking constant_time_eq v0.2.5
[INFO] [stderr]     Checking arrayvec v0.7.2
[INFO] [stderr]    Compiling wasm-bindgen-macro-support v0.2.84
[INFO] [stderr]    Compiling bs58 v0.4.0
[INFO] [stderr]    Compiling wasm-bindgen v0.2.84
[INFO] [stderr]    Compiling thiserror-impl v1.0.40
[INFO] [stderr]    Compiling zeroize_derive v1.4.2
[INFO] [stderr]    Compiling bytemuck_derive v1.4.1
[INFO] [stderr]     Checking unicode-normalization v0.1.22
[INFO] [stderr]    Compiling safecoin-program v1.14.17
[INFO] [stderr]     Checking hashbrown v0.12.3
[INFO] [stderr]     Checking hashbrown v0.11.2
[INFO] [stderr]     Checking zeroize v1.3.0
[INFO] [stderr]     Checking memmap2 v0.5.10
[INFO] [stderr]    Compiling indexmap v1.9.3
[INFO] [stderr]     Checking base64 v0.12.3
[INFO] [stderr]     Checking rustc-hash v1.1.0
[INFO] [stderr]     Checking bytemuck v1.13.1
[INFO] [stderr]     Checking itertools v0.10.5
[INFO] [stderr]     Checking base64 v0.13.1
[INFO] [stderr]     Checking aho-corasick v1.0.1
[INFO] [stderr]    Compiling winnow v0.4.4
[INFO] [stderr]    Compiling wasm-bindgen-macro v0.2.84
[INFO] [stderr]    Compiling num-derive v0.3.3
[INFO] [stderr]    Compiling safecoin-sdk-macro v1.14.17
[INFO] [stderr]    Compiling toml_datetime v0.6.1
[INFO] [stderr]     Checking signature v1.6.4
[INFO] [stderr]     Checking regex-syntax v0.7.1
[INFO] [stderr]     Checking ed25519 v1.5.3
[INFO] [stderr]     Checking atty v0.2.14
[INFO] [stderr]     Checking termcolor v1.2.0
[INFO] [stderr]     Checking num-integer v0.1.45
[INFO] [stderr]    Compiling safecoin-sdk v1.14.17
[INFO] [stderr]     Checking fnv v1.0.7
[INFO] [stderr]     Checking derivation-path v0.2.0
[INFO] [stderr]    Compiling toml_edit v0.19.8
[INFO] [stderr]     Checking percent-encoding v2.2.0
[INFO] [stderr]     Checking uriparse v0.6.4
[INFO] [stderr]     Checking chrono v0.4.24
[INFO] [stderr]    Compiling memchr v2.5.0
[INFO] [stderr]     Checking qstring v0.7.2
[INFO] [stderr]     Checking assert_matches v1.5.0
[INFO] [stderr]     Checking merlin v3.0.0
[INFO] [stderr]     Checking regex v1.8.1
[INFO] [stderr]    Compiling proc-macro-crate v1.3.1
[INFO] [stderr]     Checking env_logger v0.9.3
[INFO] [stderr]     Checking safecoin-logger v1.14.17
[INFO] [stderr]    Compiling num_enum_derive v0.5.11
[INFO] [stderr]     Checking num_enum v0.5.11
[INFO] [stderr]     Checking serde_bytes v0.11.9
[INFO] [stderr]     Checking bincode v1.3.3
[INFO] [stderr]    Compiling toml v0.5.11
[INFO] [stderr]     Checking digest v0.9.0
[INFO] [stderr]     Checking crypto-common v0.1.6
[INFO] [stderr]     Checking block-buffer v0.10.4
[INFO] [stderr]     Checking block-buffer v0.9.0
[INFO] [stderr]     Checking crypto-mac v0.8.0
[INFO] [stderr]     Checking curve25519-dalek v3.2.1
[INFO] [stderr]     Checking digest v0.10.6
[INFO] [stderr]     Checking sha2 v0.9.9
[INFO] [stderr]     Checking hmac v0.8.1
[INFO] [stderr]     Checking sha2 v0.10.6
[INFO] [stderr]     Checking hmac-drbg v0.3.0
[INFO] [stderr]     Checking pbkdf2 v0.4.0
[INFO] [stderr]     Checking libsecp256k1-core v0.2.2
[INFO] [stderr]     Checking tiny-bip39 v0.8.2
[INFO] [stderr]    Compiling proc-macro-crate v0.1.5
[INFO] [stderr]     Checking sha3 v0.10.7
[INFO] [stderr]     Checking cipher v0.3.0
[INFO] [stderr]    Compiling anchor-syn v0.22.1
[INFO] [stderr]     Checking ed25519-dalek v1.0.1
[INFO] [stderr]     Checking hmac v0.12.1
[INFO] [stderr]     Checking universal-hash v0.4.1
[INFO] [stderr]     Checking aes v0.7.5
[INFO] [stderr]     Checking ctr v0.8.0
[INFO] [stderr]     Checking pbkdf2 v0.11.0
[INFO] [stderr]     Checking ed25519-dalek-bip32 v0.2.0
[INFO] [stderr]     Checking polyval v0.5.3
[INFO] [stderr]     Checking aead v0.4.3
[INFO] [stderr]    Compiling libsecp256k1-gen-genmult v0.2.1
[INFO] [stderr]    Compiling libsecp256k1-gen-ecmult v0.2.1
[INFO] [stderr]    Compiling borsh-derive v0.9.3
[INFO] [stderr]     Checking inout v0.1.3
[INFO] [stderr]     Checking sha3 v0.9.1
[INFO] [stderr]     Checking cipher v0.4.4
[INFO] [stderr]     Checking aes-gcm-siv v0.10.3
[INFO] [stderr]    Compiling libsecp256k1 v0.6.0
[INFO] [stderr]     Checking borsh v0.9.3
[INFO] [stderr]    Compiling anchor-attribute-program v0.22.1
[INFO] [stderr]    Compiling anchor-attribute-state v0.22.1
[INFO] [stderr]    Compiling anchor-attribute-access-control v0.22.1
[INFO] [stderr]    Compiling anchor-attribute-account v0.22.1
[INFO] [stderr]    Compiling anchor-attribute-interface v0.22.1
[INFO] [stderr]    Compiling anchor-derive-accounts v0.22.1
[INFO] [stderr]    Compiling anchor-attribute-constant v0.22.1
[INFO] [stderr]    Compiling anchor-attribute-error v0.22.1
[INFO] [stderr]    Compiling anchor-attribute-event v0.22.1
[INFO] [stderr]     Checking safe-token v3.5.1
[INFO] [stderr]     Checking safe-memo v3.0.9
[INFO] [stderr]     Checking safe-anchor-lang v0.22.0
[INFO] [stdout] error[E0433]: failed to resolve: use of undeclared crate or module `safecoin_program`
[INFO] [stdout]  --> /opt/rustwide/cargo-home/registry/src/github.com-1ecc6299db9ec823/safe-anchor-lang-0.22.0/src/account_meta.rs:2:5
[INFO] [stdout]   |
[INFO] [stdout] 2 | use safecoin_program::instruction::AccountMeta;
[INFO] [stdout]   |     ^^^^^^^^^^^^^^^^ use of undeclared crate or module `safecoin_program`
[INFO] [stdout] 
[INFO] [stdout] 
[INFO] [stdout] error[E0433]: failed to resolve: use of undeclared crate or module `safecoin_program`
[INFO] [stdout]  --> /opt/rustwide/cargo-home/registry/src/github.com-1ecc6299db9ec823/safe-anchor-lang-0.22.0/src/accounts/account_info.rs:7:5
[INFO] [stdout]   |
[INFO] [stdout] 7 | use safecoin_program::account_info::AccountInfo;
[INFO] [stdout]   |     ^^^^^^^^^^^^^^^^ use of undeclared crate or module `safecoin_program`
[INFO] [stdout] 
[INFO] [stdout] 
[INFO] [stdout] error[E0433]: failed to resolve: use of undeclared crate or module `safecoin_program`
[INFO] [stdout]  --> /opt/rustwide/cargo-home/registry/src/github.com-1ecc6299db9ec823/safe-anchor-lang-0.22.0/src/accounts/account_info.rs:8:5
[INFO] [stdout]   |
[INFO] [stdout] 8 | use safecoin_program::instruction::AccountMeta;
[INFO] [stdout]   |     ^^^^^^^^^^^^^^^^ use of undeclared crate or module `safecoin_program`
[INFO] [stdout] 
[INFO] [stdout] 
[INFO] [stdout] error[E0433]: failed to resolve: use of undeclared crate or module `safecoin_program`
[INFO] [stdout]  --> /opt/rustwide/cargo-home/registry/src/github.com-1ecc6299db9ec823/safe-anchor-lang-0.22.0/src/accounts/account_info.rs:9:5
[INFO] [stdout]   |
[INFO] [stdout] 9 | use safecoin_program::pubkey::Pubkey;
[INFO] [stdout]   |     ^^^^^^^^^^^^^^^^ use of undeclared crate or module `safecoin_program`
[INFO] [stdout] 
[INFO] [stdout] 
[INFO] [stdout] error[E0433]: failed to resolve: use of undeclared crate or module `safecoin_program`
[INFO] [stdout]   --> /opt/rustwide/cargo-home/registry/src/github.com-1ecc6299db9ec823/safe-anchor-lang-0.22.0/src/accounts/boxed.rs:17:5
[INFO] [stdout]    |
[INFO] [stdout] 17 | use safecoin_program::account_info::AccountInfo;
[INFO] [stdout]    |     ^^^^^^^^^^^^^^^^ use of undeclared crate or module `safecoin_program`
[INFO] [stdout] 
[INFO] [stdout] 
[INFO] [stdout] error[E0433]: failed to resolve: use of undeclared crate or module `safecoin_program`
[INFO] [stdout]   --> /opt/rustwide/cargo-home/registry/src/github.com-1ecc6299db9ec823/safe-anchor-lang-0.22.0/src/accounts/boxed.rs:18:5
[INFO] [stdout]    |
[INFO] [stdout] 18 | use safecoin_program::instruction::AccountMeta;
[INFO] [stdout]    |     ^^^^^^^^^^^^^^^^ use of undeclared crate or module `safecoin_program`
[INFO] [stdout] 
[INFO] [stdout] 
[INFO] [stdout] error[E0433]: failed to resolve: use of undeclared crate or module `safecoin_program`
[INFO] [stdout]   --> /opt/rustwide/cargo-home/registry/src/github.com-1ecc6299db9ec823/safe-anchor-lang-0.22.0/src/accounts/boxed.rs:19:5
[INFO] [stdout]    |
[INFO] [stdout] 19 | use safecoin_program::pubkey::Pubkey;
[INFO] [stdout]    |     ^^^^^^^^^^^^^^^^ use of undeclared crate or module `safecoin_program`
[INFO] [stdout] 
[INFO] [stdout] 
[INFO] [stdout] error[E0433]: failed to resolve: use of undeclared crate or module `safecoin_program`
[INFO] [stdout]  --> /opt/rustwide/cargo-home/registry/src/github.com-1ecc6299db9ec823/safe-anchor-lang-0.22.0/src/accounts/loader.rs:7:5
[INFO] [stdout]   |
[INFO] [stdout] 7 | use safecoin_program::account_info::AccountInfo;
[INFO] [stdout]   |     ^^^^^^^^^^^^^^^^ use of undeclared crate or module `safecoin_program`
[INFO] [stdout] 
[INFO] [stdout] 
[INFO] [stdout] error[E0433]: failed to resolve: use of undeclared crate or module `safecoin_program`
[INFO] [stdout]  --> /opt/rustwide/cargo-home/registry/src/github.com-1ecc6299db9ec823/safe-anchor-lang-0.22.0/src/accounts/loader.rs:8:5
[INFO] [stdout]   |
[INFO] [stdout] 8 | use safecoin_program::instruction::AccountMeta;
[INFO] [stdout]   |     ^^^^^^^^^^^^^^^^ use of undeclared crate or module `safecoin_program`
[INFO] [stdout] 
[INFO] [stdout] 
[INFO] [stdout] error[E0433]: failed to resolve: use of undeclared crate or module `safecoin_program`
[INFO] [stdout]  --> /opt/rustwide/cargo-home/registry/src/github.com-1ecc6299db9ec823/safe-anchor-lang-0.22.0/src/accounts/loader.rs:9:5
[INFO] [stdout]   |
[INFO] [stdout] 9 | use safecoin_program::pubkey::Pubkey;
[INFO] [stdout]   |     ^^^^^^^^^^^^^^^^ use of undeclared crate or module `safecoin_program`
[INFO] [stdout] 
[INFO] [stdout] 
[INFO] [stdout] error[E0433]: failed to resolve: use of undeclared crate or module `safecoin_program`
[INFO] [stdout]  --> /opt/rustwide/cargo-home/registry/src/github.com-1ecc6299db9ec823/safe-anchor-lang-0.22.0/src/accounts/sysvar.rs:5:5
[INFO] [stdout]   |
[INFO] [stdout] 5 | use safecoin_program::account_info::AccountInfo;
[INFO] [stdout]   |     ^^^^^^^^^^^^^^^^ use of undeclared crate or module `safecoin_program`
[INFO] [stdout] 
[INFO] [stdout] 
[INFO] [stdout] error[E0433]: failed to resolve: use of undeclared crate or module `safecoin_program`
[INFO] [stdout]  --> /opt/rustwide/cargo-home/registry/src/github.com-1ecc6299db9ec823/safe-anchor-lang-0.22.0/src/accounts/sysvar.rs:6:5
[INFO] [stdout]   |
[INFO] [stdout] 6 | use safecoin_program::instruction::AccountMeta;
[INFO] [stdout]   |     ^^^^^^^^^^^^^^^^ use of undeclared crate or module `safecoin_program`
[INFO] [stdout] 
[INFO] [stdout] 
[INFO] [stdout] error[E0433]: failed to resolve: use of undeclared crate or module `safecoin_program`
[INFO] [stdout]  --> /opt/rustwide/cargo-home/registry/src/github.com-1ecc6299db9ec823/safe-anchor-lang-0.22.0/src/accounts/sysvar.rs:7:5
[INFO] [stdout]   |
[INFO] [stdout] 7 | use safecoin_program::pubkey::Pubkey;
[INFO] [stdout]   |     ^^^^^^^^^^^^^^^^ use of undeclared crate or module `safecoin_program`
[INFO] [stdout] 
[INFO] [stdout] 
[INFO] [stdout] error[E0433]: failed to resolve: use of undeclared crate or module `safecoin_program`
[INFO] [stdout]  --> /opt/rustwide/cargo-home/registry/src/github.com-1ecc6299db9ec823/safe-anchor-lang-0.22.0/src/common.rs:4:5
[INFO] [stdout]   |
[INFO] [stdout] 4 | use safecoin_program::account_info::AccountInfo;
[INFO] [stdout]   |     ^^^^^^^^^^^^^^^^ use of undeclared crate or module `safecoin_program`
[INFO] [stdout] 
[INFO] [stdout] 
[INFO] [stdout] error[E0433]: failed to resolve: use of undeclared crate or module `safecoin_program`
[INFO] [stdout]  --> /opt/rustwide/cargo-home/registry/src/github.com-1ecc6299db9ec823/safe-anchor-lang-0.22.0/src/context.rs:4:5
[INFO] [stdout]   |
[INFO] [stdout] 4 | use safecoin_program::account_info::AccountInfo;
[INFO] [stdout]   |     ^^^^^^^^^^^^^^^^ use of undeclared crate or module `safecoin_program`
[INFO] [stdout] 
[INFO] [stdout] 
[INFO] [stdout] error[E0433]: failed to resolve: use of undeclared crate or module `safecoin_program`
[INFO] [stdout]  --> /opt/rustwide/cargo-home/registry/src/github.com-1ecc6299db9ec823/safe-anchor-lang-0.22.0/src/context.rs:5:5
[INFO] [stdout]   |
[INFO] [stdout] 5 | use safecoin_program::instruction::AccountMeta;
[INFO] [stdout]   |     ^^^^^^^^^^^^^^^^ use of undeclared crate or module `safecoin_program`
[INFO] [stdout] 
[INFO] [stdout] 
[INFO] [stdout] error[E0433]: failed to resolve: use of undeclared crate or module `safecoin_program`
[INFO] [stdout]  --> /opt/rustwide/cargo-home/registry/src/github.com-1ecc6299db9ec823/safe-anchor-lang-0.22.0/src/context.rs:6:5
[INFO] [stdout]   |
[INFO] [stdout] 6 | use safecoin_program::pubkey::Pubkey;
[INFO] [stdout]   |     ^^^^^^^^^^^^^^^^ use of undeclared crate or module `safecoin_program`
[INFO] [stdout] 
[INFO] [stdout] 
[INFO] [stdout] error[E0433]: failed to resolve: use of undeclared crate or module `safecoin_program`
[INFO] [stdout]  --> /opt/rustwide/cargo-home/registry/src/github.com-1ecc6299db9ec823/safe-anchor-lang-0.22.0/src/vec.rs:2:5
[INFO] [stdout]   |
[INFO] [stdout] 2 | use safecoin_program::account_info::AccountInfo;
[INFO] [stdout]   |     ^^^^^^^^^^^^^^^^ use of undeclared crate or module `safecoin_program`
[INFO] [stdout] 
[INFO] [stdout] 
[INFO] [stdout] error[E0433]: failed to resolve: use of undeclared crate or module `safecoin_program`
[INFO] [stdout]  --> /opt/rustwide/cargo-home/registry/src/github.com-1ecc6299db9ec823/safe-anchor-lang-0.22.0/src/vec.rs:3:5
[INFO] [stdout]   |
[INFO] [stdout] 3 | use safecoin_program::instruction::AccountMeta;
[INFO] [stdout]   |     ^^^^^^^^^^^^^^^^ use of undeclared crate or module `safecoin_program`
[INFO] [stdout] 
[INFO] [stdout] 
[INFO] [stdout] error[E0433]: failed to resolve: use of undeclared crate or module `safecoin_program`
[INFO] [stdout]  --> /opt/rustwide/cargo-home/registry/src/github.com-1ecc6299db9ec823/safe-anchor-lang-0.22.0/src/vec.rs:4:5
[INFO] [stdout]   |
[INFO] [stdout] 4 | use safecoin_program::pubkey::Pubkey;
[INFO] [stdout]   |     ^^^^^^^^^^^^^^^^ use of undeclared crate or module `safecoin_program`
[INFO] [stdout] 
[INFO] [stdout] 
[INFO] [stdout] error[E0433]: failed to resolve: use of undeclared crate or module `safecoin_program`
[INFO] [stdout]    --> /opt/rustwide/cargo-home/registry/src/github.com-1ecc6299db9ec823/safe-anchor-lang-0.22.0/src/lib.rs:288:9
[INFO] [stdout]     |
[INFO] [stdout] 288 |     use safecoin_program::pubkey::Pubkey;
[INFO] [stdout]     |         ^^^^^^^^^^^^^^^^ use of undeclared crate or module `safecoin_program`
[INFO] [stdout] 
[INFO] [stdout] 
[INFO] [stdout] error[E0433]: failed to resolve: use of undeclared crate or module `safecoin_program`
[INFO] [stdout]   --> /opt/rustwide/cargo-home/registry/src/github.com-1ecc6299db9ec823/safe-anchor-lang-0.22.0/src/lib.rs:27:5
[INFO] [stdout]    |
[INFO] [stdout] 27 | use safecoin_program::account_info::AccountInfo;
[INFO] [stdout]    |     ^^^^^^^^^^^^^^^^ use of undeclared crate or module `safecoin_program`
[INFO] [stdout] 
[INFO] [stdout] 
[INFO] [stdout] error[E0433]: failed to resolve: use of undeclared crate or module `safecoin_program`
[INFO] [stdout]   --> /opt/rustwide/cargo-home/registry/src/github.com-1ecc6299db9ec823/safe-anchor-lang-0.22.0/src/lib.rs:28:5
[INFO] [stdout]    |
[INFO] [stdout] 28 | use safecoin_program::instruction::AccountMeta;
[INFO] [stdout]    |     ^^^^^^^^^^^^^^^^ use of undeclared crate or module `safecoin_program`
[INFO] [stdout] 
[INFO] [stdout] 
[INFO] [stdout] error[E0433]: failed to resolve: use of undeclared crate or module `safecoin_program`
[INFO] [stdout]   --> /opt/rustwide/cargo-home/registry/src/github.com-1ecc6299db9ec823/safe-anchor-lang-0.22.0/src/lib.rs:29:5
[INFO] [stdout]    |
[INFO] [stdout] 29 | use safecoin_program::pubkey::Pubkey;
[INFO] [stdout]    |     ^^^^^^^^^^^^^^^^ use of undeclared crate or module `safecoin_program`
[INFO] [stdout] 
[INFO] [stdout] 
[INFO] [stdout] error[E0433]: failed to resolve: use of undeclared crate or module `safecoin_program`
[INFO] [stdout]  --> /opt/rustwide/cargo-home/registry/src/github.com-1ecc6299db9ec823/safe-anchor-lang-0.22.0/src/accounts/account.rs:5:5
[INFO] [stdout]   |
[INFO] [stdout] 5 | use safecoin_program::account_info::AccountInfo;
[INFO] [stdout]   |     ^^^^^^^^^^^^^^^^ use of undeclared crate or module `safecoin_program`
[INFO] [stdout] 
[INFO] [stdout] 
[INFO] [stdout] error[E0433]: failed to resolve: use of undeclared crate or module `safecoin_program`
[INFO] [stdout]  --> /opt/rustwide/cargo-home/registry/src/github.com-1ecc6299db9ec823/safe-anchor-lang-0.22.0/src/accounts/account.rs:6:5
[INFO] [stdout]   |
[INFO] [stdout] 6 | use safecoin_program::instruction::AccountMeta;
[INFO] [stdout]   |     ^^^^^^^^^^^^^^^^ use of undeclared crate or module `safecoin_program`
[INFO] [stdout] 
[INFO] [stdout] 
[INFO] [stdout] error[E0433]: failed to resolve: use of undeclared crate or module `safecoin_program`
[INFO] [stdout]  --> /opt/rustwide/cargo-home/registry/src/github.com-1ecc6299db9ec823/safe-anchor-lang-0.22.0/src/accounts/account.rs:7:5
[INFO] [stdout]   |
[INFO] [stdout] 7 | use safecoin_program::pubkey::Pubkey;
[INFO] [stdout]   |     ^^^^^^^^^^^^^^^^ use of undeclared crate or module `safecoin_program`
[INFO] [stdout] 
[INFO] [stdout] 
[INFO] [stdout] error[E0433]: failed to resolve: use of undeclared crate or module `safecoin_program`
[INFO] [stdout]  --> /opt/rustwide/cargo-home/registry/src/github.com-1ecc6299db9ec823/safe-anchor-lang-0.22.0/src/accounts/account_loader.rs:9:5
[INFO] [stdout]   |
[INFO] [stdout] 9 | use safecoin_program::account_info::AccountInfo;
[INFO] [stdout]   |     ^^^^^^^^^^^^^^^^ use of undeclared crate or module `safecoin_program`
[INFO] [stdout] 
[INFO] [stdout] 
[INFO] [stdout] error[E0433]: failed to resolve: use of undeclared crate or module `safecoin_program`
[INFO] [stdout]   --> /opt/rustwide/cargo-home/registry/src/github.com-1ecc6299db9ec823/safe-anchor-lang-0.22.0/src/accounts/account_loader.rs:10:5
[INFO] [stdout]    |
[INFO] [stdout] 10 | use safecoin_program::instruction::AccountMeta;
[INFO] [stdout]    |     ^^^^^^^^^^^^^^^^ use of undeclared crate or module `safecoin_program`
[INFO] [stdout] 
[INFO] [stdout] 
[INFO] [stdout] error[E0433]: failed to resolve: use of undeclared crate or module `safecoin_program`
[INFO] [stdout]   --> /opt/rustwide/cargo-home/registry/src/github.com-1ecc6299db9ec823/safe-anchor-lang-0.22.0/src/accounts/account_loader.rs:11:5
[INFO] [stdout]    |
[INFO] [stdout] 11 | use safecoin_program::pubkey::Pubkey;
[INFO] [stdout]    |     ^^^^^^^^^^^^^^^^ use of undeclared crate or module `safecoin_program`
[INFO] [stdout] 
[INFO] [stdout] 
[INFO] [stdout] error[E0433]: failed to resolve: use of undeclared crate or module `safecoin_program`
[INFO] [stdout]  --> /opt/rustwide/cargo-home/registry/src/github.com-1ecc6299db9ec823/safe-anchor-lang-0.22.0/src/accounts/cpi_account.rs:3:5
[INFO] [stdout]   |
[INFO] [stdout] 3 | use safecoin_program::account_info::AccountInfo;
[INFO] [stdout]   |     ^^^^^^^^^^^^^^^^ use of undeclared crate or module `safecoin_program`
[INFO] [stdout] 
[INFO] [stdout] 
[INFO] [stdout] error[E0433]: failed to resolve: use of undeclared crate or module `safecoin_program`
[INFO] [stdout]  --> /opt/rustwide/cargo-home/registry/src/github.com-1ecc6299db9ec823/safe-anchor-lang-0.22.0/src/accounts/cpi_account.rs:4:5
[INFO] [stdout]   |
[INFO] [stdout] 4 | use safecoin_program::instruction::AccountMeta;
[INFO] [stdout]   |     ^^^^^^^^^^^^^^^^ use of undeclared crate or module `safecoin_program`
[INFO] [stdout] 
[INFO] [stdout] 
[INFO] [stdout] error[E0433]: failed to resolve: use of undeclared crate or module `safecoin_program`
[INFO] [stdout]  --> /opt/rustwide/cargo-home/registry/src/github.com-1ecc6299db9ec823/safe-anchor-lang-0.22.0/src/accounts/cpi_account.rs:5:5
[INFO] [stdout]   |
[INFO] [stdout] 5 | use safecoin_program::pubkey::Pubkey;
[INFO] [stdout]   |     ^^^^^^^^^^^^^^^^ use of undeclared crate or module `safecoin_program`
[INFO] [stdout] 
[INFO] [stdout] 
[INFO] [stdout] error[E0433]: failed to resolve: use of undeclared crate or module `safecoin_program`
[INFO] [stdout]  --> /opt/rustwide/cargo-home/registry/src/github.com-1ecc6299db9ec823/safe-anchor-lang-0.22.0/src/accounts/cpi_state.rs:8:5
[INFO] [stdout]   |
[INFO] [stdout] 8 | use safecoin_program::account_info::AccountInfo;
[INFO] [stdout]   |     ^^^^^^^^^^^^^^^^ use of undeclared crate or module `safecoin_program`
[INFO] [stdout] 
[INFO] [stdout] 
[INFO] [stdout] error[E0433]: failed to resolve: use of undeclared crate or module `safecoin_program`
[INFO] [stdout]  --> /opt/rustwide/cargo-home/registry/src/github.com-1ecc6299db9ec823/safe-anchor-lang-0.22.0/src/accounts/cpi_state.rs:9:5
[INFO] [stdout]   |
[INFO] [stdout] 9 | use safecoin_program::instruction::AccountMeta;
[INFO] [stdout]   |     ^^^^^^^^^^^^^^^^ use of undeclared crate or module `safecoin_program`
[INFO] [stdout] 
[INFO] [stdout] 
[INFO] [stdout] error[E0433]: failed to resolve: use of undeclared crate or module `safecoin_program`
[INFO] [stdout]   --> /opt/rustwide/cargo-home/registry/src/github.com-1ecc6299db9ec823/safe-anchor-lang-0.22.0/src/accounts/cpi_state.rs:10:5
[INFO] [stdout]    |
[INFO] [stdout] 10 | use safecoin_program::pubkey::Pubkey;
[INFO] [stdout]    |     ^^^^^^^^^^^^^^^^ use of undeclared crate or module `safecoin_program`
[INFO] [stdout] 
[INFO] [stdout] 
[INFO] [stdout] error[E0433]: failed to resolve: use of undeclared crate or module `safecoin_program`
[INFO] [stdout]  --> /opt/rustwide/cargo-home/registry/src/github.com-1ecc6299db9ec823/safe-anchor-lang-0.22.0/src/accounts/program.rs:5:5
[INFO] [stdout]   |
[INFO] [stdout] 5 | use safecoin_program::account_info::AccountInfo;
[INFO] [stdout]   |     ^^^^^^^^^^^^^^^^ use of undeclared crate or module `safecoin_program`
[INFO] [stdout] 
[INFO] [stdout] 
[INFO] [stdout] error[E0433]: failed to resolve: use of undeclared crate or module `safecoin_program`
[INFO] [stdout]  --> /opt/rustwide/cargo-home/registry/src/github.com-1ecc6299db9ec823/safe-anchor-lang-0.22.0/src/accounts/program.rs:6:5
[INFO] [stdout]   |
[INFO] [stdout] 6 | use safecoin_program::bpf_loader_upgradeable::{self, UpgradeableLoaderState};
[INFO] [stdout]   |     ^^^^^^^^^^^^^^^^ use of undeclared crate or module `safecoin_program`
[INFO] [stdout] 
[INFO] [stdout] 
[INFO] [stdout] error[E0433]: failed to resolve: use of undeclared crate or module `safecoin_program`
[INFO] [stdout]  --> /opt/rustwide/cargo-home/registry/src/github.com-1ecc6299db9ec823/safe-anchor-lang-0.22.0/src/accounts/program.rs:7:5
[INFO] [stdout]   |
[INFO] [stdout] 7 | use safecoin_program::instruction::AccountMeta;
[INFO] [stdout]   |     ^^^^^^^^^^^^^^^^ use of undeclared crate or module `safecoin_program`
[INFO] [stdout] 
[INFO] [stdout] 
[INFO] [stdout] error[E0433]: failed to resolve: use of undeclared crate or module `safecoin_program`
[INFO] [stdout]  --> /opt/rustwide/cargo-home/registry/src/github.com-1ecc6299db9ec823/safe-anchor-lang-0.22.0/src/accounts/program.rs:8:5
[INFO] [stdout]   |
[INFO] [stdout] 8 | use safecoin_program::pubkey::Pubkey;
[INFO] [stdout]   |     ^^^^^^^^^^^^^^^^ use of undeclared crate or module `safecoin_program`
[INFO] [stdout] 
[INFO] [stdout] 
[INFO] [stdout] error[E0433]: failed to resolve: use of undeclared crate or module `safecoin_program`
[INFO] [stdout]  --> /opt/rustwide/cargo-home/registry/src/github.com-1ecc6299db9ec823/safe-anchor-lang-0.22.0/src/accounts/program_account.rs:8:5
[INFO] [stdout]   |
[INFO] [stdout] 8 | use safecoin_program::account_info::AccountInfo;
[INFO] [stdout]   |     ^^^^^^^^^^^^^^^^ use of undeclared crate or module `safecoin_program`
[INFO] [stdout] 
[INFO] [stdout] 
[INFO] [stdout] error[E0433]: failed to resolve: use of undeclared crate or module `safecoin_program`
[INFO] [stdout]  --> /opt/rustwide/cargo-home/registry/src/github.com-1ecc6299db9ec823/safe-anchor-lang-0.22.0/src/accounts/program_account.rs:9:5
[INFO] [stdout]   |
[INFO] [stdout] 9 | use safecoin_program::instruction::AccountMeta;
[INFO] [stdout]   |     ^^^^^^^^^^^^^^^^ use of undeclared crate or module `safecoin_program`
[INFO] [stdout] 
[INFO] [stdout] 
[INFO] [stdout] error[E0433]: failed to resolve: use of undeclared crate or module `safecoin_program`
[INFO] [stdout]   --> /opt/rustwide/cargo-home/registry/src/github.com-1ecc6299db9ec823/safe-anchor-lang-0.22.0/src/accounts/program_account.rs:10:5
[INFO] [stdout]    |
[INFO] [stdout] 10 | use safecoin_program::pubkey::Pubkey;
[INFO] [stdout]    |     ^^^^^^^^^^^^^^^^ use of undeclared crate or module `safecoin_program`
[INFO] [stdout] 
[INFO] [stdout] 
[INFO] [stdout] error[E0433]: failed to resolve: use of undeclared crate or module `safecoin_program`
[INFO] [stdout]  --> /opt/rustwide/cargo-home/registry/src/github.com-1ecc6299db9ec823/safe-anchor-lang-0.22.0/src/accounts/signer.rs:4:5
[INFO] [stdout]   |
[INFO] [stdout] 4 | use safecoin_program::account_info::AccountInfo;
[INFO] [stdout]   |     ^^^^^^^^^^^^^^^^ use of undeclared crate or module `safecoin_program`
[INFO] [stdout] 
[INFO] [stdout] 
[INFO] [stdout] error[E0433]: failed to resolve: use of undeclared crate or module `safecoin_program`
[INFO] [stdout]  --> /opt/rustwide/cargo-home/registry/src/github.com-1ecc6299db9ec823/safe-anchor-lang-0.22.0/src/accounts/signer.rs:5:5
[INFO] [stdout]   |
[INFO] [stdout] 5 | use safecoin_program::instruction::AccountMeta;
[INFO] [stdout]   |     ^^^^^^^^^^^^^^^^ use of undeclared crate or module `safecoin_program`
[INFO] [stdout] 
[INFO] [stdout] 
[INFO] [stdout] error[E0433]: failed to resolve: use of undeclared crate or module `safecoin_program`
[INFO] [stdout]  --> /opt/rustwide/cargo-home/registry/src/github.com-1ecc6299db9ec823/safe-anchor-lang-0.22.0/src/accounts/signer.rs:6:5
[INFO] [stdout]   |
[INFO] [stdout] 6 | use safecoin_program::pubkey::Pubkey;
[INFO] [stdout]   |     ^^^^^^^^^^^^^^^^ use of undeclared crate or module `safecoin_program`
[INFO] [stdout] 
[INFO] [stdout] 
[INFO] [stdout] error[E0433]: failed to resolve: use of undeclared crate or module `safecoin_program`
[INFO] [stdout]  --> /opt/rustwide/cargo-home/registry/src/github.com-1ecc6299db9ec823/safe-anchor-lang-0.22.0/src/accounts/state.rs:8:5
[INFO] [stdout]   |
[INFO] [stdout] 8 | use safecoin_program::account_info::AccountInfo;
[INFO] [stdout]   |     ^^^^^^^^^^^^^^^^ use of undeclared crate or module `safecoin_program`
[INFO] [stdout] 
[INFO] [stdout] 
[INFO] [stdout] error[E0433]: failed to resolve: use of undeclared crate or module `safecoin_program`
[INFO] [stdout]  --> /opt/rustwide/cargo-home/registry/src/github.com-1ecc6299db9ec823/safe-anchor-lang-0.22.0/src/accounts/state.rs:9:5
[INFO] [stdout]   |
[INFO] [stdout] 9 | use safecoin_program::instruction::AccountMeta;
[INFO] [stdout]   |     ^^^^^^^^^^^^^^^^ use of undeclared crate or module `safecoin_program`
[INFO] [stdout] 
[INFO] [stdout] 
[INFO] [stdout] error[E0433]: failed to resolve: use of undeclared crate or module `safecoin_program`
[INFO] [stdout]   --> /opt/rustwide/cargo-home/registry/src/github.com-1ecc6299db9ec823/safe-anchor-lang-0.22.0/src/accounts/state.rs:10:5
[INFO] [stdout]    |
[INFO] [stdout] 10 | use safecoin_program::pubkey::Pubkey;
[INFO] [stdout]    |     ^^^^^^^^^^^^^^^^ use of undeclared crate or module `safecoin_program`
[INFO] [stdout] 
[INFO] [stdout] 
[INFO] [stdout] error[E0433]: failed to resolve: use of undeclared crate or module `safecoin_program`
[INFO] [stdout]  --> /opt/rustwide/cargo-home/registry/src/github.com-1ecc6299db9ec823/safe-anchor-lang-0.22.0/src/accounts/system_account.rs:5:5
[INFO] [stdout]   |
[INFO] [stdout] 5 | use safecoin_program::account_info::AccountInfo;
[INFO] [stdout]   |     ^^^^^^^^^^^^^^^^ use of undeclared crate or module `safecoin_program`
[INFO] [stdout] 
[INFO] [stdout] 
[INFO] [stdout] error[E0433]: failed to resolve: use of undeclared crate or module `safecoin_program`
[INFO] [stdout]  --> /opt/rustwide/cargo-home/registry/src/github.com-1ecc6299db9ec823/safe-anchor-lang-0.22.0/src/accounts/system_account.rs:6:5
[INFO] [stdout]   |
[INFO] [stdout] 6 | use safecoin_program::instruction::AccountMeta;
[INFO] [stdout]   |     ^^^^^^^^^^^^^^^^ use of undeclared crate or module `safecoin_program`
[INFO] [stdout] 
[INFO] [stdout] 
[INFO] [stdout] error[E0433]: failed to resolve: use of undeclared crate or module `safecoin_program`
[INFO] [stdout]  --> /opt/rustwide/cargo-home/registry/src/github.com-1ecc6299db9ec823/safe-anchor-lang-0.22.0/src/accounts/system_account.rs:7:5
[INFO] [stdout]   |
[INFO] [stdout] 7 | use safecoin_program::pubkey::Pubkey;
[INFO] [stdout]   |     ^^^^^^^^^^^^^^^^ use of undeclared crate or module `safecoin_program`
[INFO] [stdout] 
[INFO] [stdout] 
[INFO] [stdout] error[E0432]: unresolved import `safecoin_program`
[INFO] [stdout]  --> /opt/rustwide/cargo-home/registry/src/github.com-1ecc6299db9ec823/safe-anchor-lang-0.22.0/src/accounts/program.rs:6:5
[INFO] [stdout]   |
[INFO] [stdout] 6 | use safecoin_program::bpf_loader_upgradeable::{self, UpgradeableLoaderState};
[INFO] [stdout]   |     ^^^^^^^^^^^^^^^^ use of undeclared crate or module `safecoin_program`
[INFO] [stdout] 
[INFO] [stdout] 
[INFO] [stdout] error[E0433]: failed to resolve: use of undeclared crate or module `safecoin_program`
[INFO] [stdout]  --> /opt/rustwide/cargo-home/registry/src/github.com-1ecc6299db9ec823/safe-anchor-lang-0.22.0/src/accounts/unchecked_account.rs:6:5
[INFO] [stdout]   |
[INFO] [stdout] 6 | use safecoin_program::account_info::AccountInfo;
[INFO] [stdout]   |     ^^^^^^^^^^^^^^^^ use of undeclared crate or module `safecoin_program`
[INFO] [stdout] 
[INFO] [stdout] 
[INFO] [stdout] error[E0433]: failed to resolve: use of undeclared crate or module `safecoin_program`
[INFO] [stdout]  --> /opt/rustwide/cargo-home/registry/src/github.com-1ecc6299db9ec823/safe-anchor-lang-0.22.0/src/accounts/unchecked_account.rs:7:5
[INFO] [stdout]   |
[INFO] [stdout] 7 | use safecoin_program::instruction::AccountMeta;
[INFO] [stdout]   |     ^^^^^^^^^^^^^^^^ use of undeclared crate or module `safecoin_program`
[INFO] [stdout] 
[INFO] [stdout] 
[INFO] [stdout] error[E0433]: failed to resolve: use of undeclared crate or module `safecoin_program`
[INFO] [stdout]  --> /opt/rustwide/cargo-home/registry/src/github.com-1ecc6299db9ec823/safe-anchor-lang-0.22.0/src/accounts/unchecked_account.rs:8:5
[INFO] [stdout]   |
[INFO] [stdout] 8 | use safecoin_program::pubkey::Pubkey;
[INFO] [stdout]   |     ^^^^^^^^^^^^^^^^ use of undeclared crate or module `safecoin_program`
[INFO] [stdout] 
[INFO] [stdout] 
[INFO] [stdout] error[E0433]: failed to resolve: use of undeclared crate or module `safecoin_program`
[INFO] [stdout]  --> /opt/rustwide/cargo-home/registry/src/github.com-1ecc6299db9ec823/safe-anchor-lang-0.22.0/src/bpf_upgradeable_state.rs:3:5
[INFO] [stdout]   |
[INFO] [stdout] 3 | use safecoin_program::{
[INFO] [stdout]   |     ^^^^^^^^^^^^^^^^ use of undeclared crate or module `safecoin_program`
[INFO] [stdout] 
[INFO] [stdout] 
[INFO] [stdout] error[E0433]: failed to resolve: use of undeclared crate or module `safecoin_program`
[INFO] [stdout]  --> /opt/rustwide/cargo-home/registry/src/github.com-1ecc6299db9ec823/safe-anchor-lang-0.22.0/src/ctor.rs:2:5
[INFO] [stdout]   |
[INFO] [stdout] 2 | use safecoin_program::account_info::AccountInfo;
[INFO] [stdout]   |     ^^^^^^^^^^^^^^^^ use of undeclared crate or module `safecoin_program`
[INFO] [stdout] 
[INFO] [stdout] 
[INFO] [stdout] error[E0433]: failed to resolve: use of undeclared crate or module `safecoin_program`
[INFO] [stdout]  --> /opt/rustwide/cargo-home/registry/src/github.com-1ecc6299db9ec823/safe-anchor-lang-0.22.0/src/error.rs:3:5
[INFO] [stdout]   |
[INFO] [stdout] 3 | use safecoin_program::program_error::ProgramError;
[INFO] [stdout]   |     ^^^^^^^^^^^^^^^^ use of undeclared crate or module `safecoin_program`
[INFO] [stdout] 
[INFO] [stdout] 
[INFO] [stdout] error[E0433]: failed to resolve: use of undeclared crate or module `safecoin_program`
[INFO] [stdout]   --> /opt/rustwide/cargo-home/registry/src/github.com-1ecc6299db9ec823/safe-anchor-lang-0.22.0/src/idl.rs:23:5
[INFO] [stdout]    |
[INFO] [stdout] 23 | use safecoin_program::pubkey::Pubkey;
[INFO] [stdout]    |     ^^^^^^^^^^^^^^^^ use of undeclared crate or module `safecoin_program`
[INFO] [stdout] 
[INFO] [stdout] 
[INFO] [stdout] error[E0433]: failed to resolve: use of undeclared crate or module `safecoin_program`
[INFO] [stdout]  --> /opt/rustwide/cargo-home/registry/src/github.com-1ecc6299db9ec823/safe-anchor-lang-0.22.0/src/system_program.rs:2:5
[INFO] [stdout]   |
[INFO] [stdout] 2 | use safecoin_program::pubkey::Pubkey;
[INFO] [stdout]   |     ^^^^^^^^^^^^^^^^ use of undeclared crate or module `safecoin_program`
[INFO] [stdout] 
[INFO] [stdout] 
[INFO] [stdout] error[E0433]: failed to resolve: use of undeclared crate or module `safecoin_program`
[INFO] [stdout]  --> /opt/rustwide/cargo-home/registry/src/github.com-1ecc6299db9ec823/safe-anchor-lang-0.22.0/src/system_program.rs:4:9
[INFO] [stdout]   |
[INFO] [stdout] 4 | pub use safecoin_program::system_program::ID;
[INFO] [stdout]   |         ^^^^^^^^^^^^^^^^ use of undeclared crate or module `safecoin_program`
[INFO] [stdout] 
[INFO] [stdout] 
[INFO] [stdout] error[E0432]: unresolved import `safecoin_program`
[INFO] [stdout]  --> /opt/rustwide/cargo-home/registry/src/github.com-1ecc6299db9ec823/safe-anchor-lang-0.22.0/src/accounts/system_account.rs:8:5
[INFO] [stdout]   |
[INFO] [stdout] 8 | use safecoin_program::system_program;
[INFO] [stdout]   |     ^^^^^^^^^^^^^^^^ use of undeclared crate or module `safecoin_program`
[INFO] [stdout] 
[INFO] [stdout] 
[INFO] [stdout] error[E0433]: failed to resolve: use of undeclared crate or module `safecoin_program`
[INFO] [stdout]    --> /opt/rustwide/cargo-home/registry/src/github.com-1ecc6299db9ec823/safe-anchor-lang-0.22.0/src/lib.rs:252:13
[INFO] [stdout]     |
[INFO] [stdout] 252 |     pub use safecoin_program::account_info::{next_account_info, AccountInfo};
[INFO] [stdout]     |             ^^^^^^^^^^^^^^^^ use of undeclared crate or module `safecoin_program`
[INFO] [stdout] 
[INFO] [stdout] 
[INFO] [stdout] error[E0433]: failed to resolve: use of undeclared crate or module `safecoin_program`
[INFO] [stdout]    --> /opt/rustwide/cargo-home/registry/src/github.com-1ecc6299db9ec823/safe-anchor-lang-0.22.0/src/lib.rs:253:13
[INFO] [stdout]     |
[INFO] [stdout] 253 |     pub use safecoin_program::instruction::AccountMeta;
[INFO] [stdout]     |             ^^^^^^^^^^^^^^^^ use of undeclared crate or module `safecoin_program`
[INFO] [stdout] 
[INFO] [stdout] 
[INFO] [stdout] error[E0432]: unresolved import `safecoin_program`
[INFO] [stdout]   --> /opt/rustwide/cargo-home/registry/src/github.com-1ecc6299db9ec823/safe-anchor-lang-0.22.0/src/lib.rs:58:9
[INFO] [stdout]    |
[INFO] [stdout] 58 | pub use safecoin_program;
[INFO] [stdout]    |         ^^^^^^^^^^^^^^^^ no external crate `safecoin_program`
[INFO] [stdout] 
[INFO] [stdout] 
[INFO] [stdout] error[E0433]: failed to resolve: use of undeclared crate or module `safecoin_program`
[INFO] [stdout]    --> /opt/rustwide/cargo-home/registry/src/github.com-1ecc6299db9ec823/safe-anchor-lang-0.22.0/src/lib.rs:255:13
[INFO] [stdout]     |
[INFO] [stdout] 255 |     pub use safecoin_program::program_error::ProgramError;
[INFO] [stdout]     |             ^^^^^^^^^^^^^^^^ use of undeclared crate or module `safecoin_program`
[INFO] [stdout] 
[INFO] [stdout] 
[INFO] [stdout] error[E0433]: failed to resolve: use of undeclared crate or module `safecoin_program`
[INFO] [stdout]    --> /opt/rustwide/cargo-home/registry/src/github.com-1ecc6299db9ec823/safe-anchor-lang-0.22.0/src/lib.rs:256:13
[INFO] [stdout]     |
[INFO] [stdout] 256 |     pub use safecoin_program::pubkey::Pubkey;
[INFO] [stdout]     |             ^^^^^^^^^^^^^^^^ use of undeclared crate or module `safecoin_program`
[INFO] [stdout] 
[INFO] [stdout] 
[INFO] [stdout] error[E0433]: failed to resolve: use of undeclared crate or module `safecoin_program`
[INFO] [stdout]    --> /opt/rustwide/cargo-home/registry/src/github.com-1ecc6299db9ec823/safe-anchor-lang-0.22.0/src/lib.rs:257:13
[INFO] [stdout]     |
[INFO] [stdout] 257 |     pub use safecoin_program::sysvar::clock::Clock;
[INFO] [stdout]     |             ^^^^^^^^^^^^^^^^ use of undeclared crate or module `safecoin_program`
[INFO] [stdout] 
[INFO] [stdout] 
[INFO] [stdout] error[E0433]: failed to resolve: use of undeclared crate or module `safecoin_program`
[INFO] [stdout]    --> /opt/rustwide/cargo-home/registry/src/github.com-1ecc6299db9ec823/safe-anchor-lang-0.22.0/src/lib.rs:258:13
[INFO] [stdout]     |
[INFO] [stdout] 258 |     pub use safecoin_program::sysvar::epoch_schedule::EpochSchedule;
[INFO] [stdout]     |             ^^^^^^^^^^^^^^^^ use of undeclared crate or module `safecoin_program`
[INFO] [stdout] 
[INFO] [stdout] 
[INFO] [stdout] error[E0433]: failed to resolve: use of undeclared crate or module `safecoin_program`
[INFO] [stdout]    --> /opt/rustwide/cargo-home/registry/src/github.com-1ecc6299db9ec823/safe-anchor-lang-0.22.0/src/lib.rs:259:13
[INFO] [stdout]     |
[INFO] [stdout] 259 |     pub use safecoin_program::sysvar::fees::Fees;
[INFO] [stdout]     |             ^^^^^^^^^^^^^^^^ use of undeclared crate or module `safecoin_program`
[INFO] [stdout] 
[INFO] [stdout] 
[INFO] [stdout] error[E0433]: failed to resolve: use of undeclared crate or module `safecoin_program`
[INFO] [stdout]    --> /opt/rustwide/cargo-home/registry/src/github.com-1ecc6299db9ec823/safe-anchor-lang-0.22.0/src/lib.rs:260:13
[INFO] [stdout]     |
[INFO] [stdout] 260 |     pub use safecoin_program::sysvar::instructions::Instructions;
[INFO] [stdout]     |             ^^^^^^^^^^^^^^^^ use of undeclared crate or module `safecoin_program`
[INFO] [stdout] 
[INFO] [stdout] 
[INFO] [stdout] error[E0433]: failed to resolve: use of undeclared crate or module `safecoin_program`
[INFO] [stdout]    --> /opt/rustwide/cargo-home/registry/src/github.com-1ecc6299db9ec823/safe-anchor-lang-0.22.0/src/lib.rs:261:13
[INFO] [stdout]     |
[INFO] [stdout] 261 |     pub use safecoin_program::sysvar::recent_blockhashes::RecentBlockhashes;
[INFO] [stdout]     |             ^^^^^^^^^^^^^^^^ use of undeclared crate or module `safecoin_program`
[INFO] [stdout] 
[INFO] [stdout] 
[INFO] [stdout] error[E0433]: failed to resolve: use of undeclared crate or module `safecoin_program`
[INFO] [stdout]    --> /opt/rustwide/cargo-home/registry/src/github.com-1ecc6299db9ec823/safe-anchor-lang-0.22.0/src/lib.rs:262:13
[INFO] [stdout]     |
[INFO] [stdout] 262 |     pub use safecoin_program::sysvar::rent::Rent;
[INFO] [stdout]     |             ^^^^^^^^^^^^^^^^ use of undeclared crate or module `safecoin_program`
[INFO] [stdout] 
[INFO] [stdout] 
[INFO] [stdout] error[E0433]: failed to resolve: use of undeclared crate or module `safecoin_program`
[INFO] [stdout]    --> /opt/rustwide/cargo-home/registry/src/github.com-1ecc6299db9ec823/safe-anchor-lang-0.22.0/src/lib.rs:263:13
[INFO] [stdout]     |
[INFO] [stdout] 263 |     pub use safecoin_program::sysvar::rewards::Rewards;
[INFO] [stdout]     |             ^^^^^^^^^^^^^^^^ use of undeclared crate or module `safecoin_program`
[INFO] [stdout] 
[INFO] [stdout] 
[INFO] [stdout] error[E0433]: failed to resolve: use of undeclared crate or module `safecoin_program`
[INFO] [stdout]    --> /opt/rustwide/cargo-home/registry/src/github.com-1ecc6299db9ec823/safe-anchor-lang-0.22.0/src/lib.rs:264:13
[INFO] [stdout]     |
[INFO] [stdout] 264 |     pub use safecoin_program::sysvar::slot_hashes::SlotHashes;
[INFO] [stdout]     |             ^^^^^^^^^^^^^^^^ use of undeclared crate or module `safecoin_program`
[INFO] [stdout] 
[INFO] [stdout] 
[INFO] [stdout] error[E0433]: failed to resolve: use of undeclared crate or module `safecoin_program`
[INFO] [stdout]    --> /opt/rustwide/cargo-home/registry/src/github.com-1ecc6299db9ec823/safe-anchor-lang-0.22.0/src/lib.rs:265:13
[INFO] [stdout]     |
[INFO] [stdout] 265 |     pub use safecoin_program::sysvar::slot_history::SlotHistory;
[INFO] [stdout]     |             ^^^^^^^^^^^^^^^^ use of undeclared crate or module `safecoin_program`
[INFO] [stdout] 
[INFO] [stdout] 
[INFO] [stdout] error[E0433]: failed to resolve: use of undeclared crate or module `safecoin_program`
[INFO] [stdout]    --> /opt/rustwide/cargo-home/registry/src/github.com-1ecc6299db9ec823/safe-anchor-lang-0.22.0/src/lib.rs:266:13
[INFO] [stdout]     |
[INFO] [stdout] 266 |     pub use safecoin_program::sysvar::stake_history::StakeHistory;
[INFO] [stdout]     |             ^^^^^^^^^^^^^^^^ use of undeclared crate or module `safecoin_program`
[INFO] [stdout] 
[INFO] [stdout] 
[INFO] [stdout] error[E0433]: failed to resolve: use of undeclared crate or module `safecoin_program`
[INFO] [stdout]    --> /opt/rustwide/cargo-home/registry/src/github.com-1ecc6299db9ec823/safe-anchor-lang-0.22.0/src/lib.rs:267:13
[INFO] [stdout]     |
[INFO] [stdout] 267 |     pub use safecoin_program::sysvar::Sysvar as SafecoinSysvar;
[INFO] [stdout]     |             ^^^^^^^^^^^^^^^^ use of undeclared crate or module `safecoin_program`
[INFO] [stdout] 
[INFO] [stdout] 
[INFO] [stdout] error[E0432]: unresolved import `safecoin_program`
[INFO] [stdout]    --> /opt/rustwide/cargo-home/registry/src/github.com-1ecc6299db9ec823/safe-anchor-lang-0.22.0/src/lib.rs:254:13
[INFO] [stdout]     |
[INFO] [stdout] 254 |     pub use safecoin_program::msg;
[INFO] [stdout]     |             ^^^^^^^^^^^^^^^^ use of undeclared crate or module `safecoin_program`
[INFO] [stdout] 
[INFO] [stdout] 
[INFO] [stdout] error: cannot determine resolution for the macro `anchor_lang::safecoin_program::msg`
[INFO] [stdout]    --> /opt/rustwide/cargo-home/registry/src/github.com-1ecc6299db9ec823/safe-anchor-lang-0.22.0/src/error.rs:259:13
[INFO] [stdout]     |
[INFO] [stdout] 259 |             anchor_lang::safecoin_program::msg!(
[INFO] [stdout]     |             ^^^^^^^^^^^^^^^^^^^^^^^^^^^^^^^^^^
[INFO] [stdout]     |
[INFO] [stdout]     = note: import resolution is stuck, try simplifying macro imports
[INFO] [stdout] 
[INFO] [stdout] 
[INFO] [stdout] error: cannot determine resolution for the macro `anchor_lang::safecoin_program::msg`
[INFO] [stdout]    --> /opt/rustwide/cargo-home/registry/src/github.com-1ecc6299db9ec823/safe-anchor-lang-0.22.0/src/error.rs:308:13
[INFO] [stdout]     |
[INFO] [stdout] 308 |             anchor_lang::safecoin_program::msg!(
[INFO] [stdout]     |             ^^^^^^^^^^^^^^^^^^^^^^^^^^^^^^^^^^
[INFO] [stdout]     |
[INFO] [stdout]     = note: import resolution is stuck, try simplifying macro imports
[INFO] [stdout] 
[INFO] [stdout] 
[INFO] [stdout] error[E0433]: failed to resolve: use of undeclared crate or module `safecoin_program`
[INFO] [stdout]   --> /opt/rustwide/cargo-home/registry/src/github.com-1ecc6299db9ec823/safe-anchor-lang-0.22.0/src/accounts/state.rs:45:13
[INFO] [stdout]    |
[INFO] [stdout] 45 |             safecoin_program::msg!("Invalid state address");
[INFO] [stdout]    |             ^^^^^^^^^^^^^^^^ use of undeclared crate or module `safecoin_program`
[INFO] [stdout] 
[INFO] [stdout] 
[INFO] [stdout] error[E0433]: failed to resolve: use of undeclared crate or module `safecoin_program`
[INFO] [stdout]   --> /opt/rustwide/cargo-home/registry/src/github.com-1ecc6299db9ec823/safe-anchor-lang-0.22.0/src/accounts/sysvar.rs:33:29
[INFO] [stdout]    |
[INFO] [stdout] 33 | pub struct Sysvar<'info, T: safecoin_program::sysvar::Sysvar> {
[INFO] [stdout]    |                             ^^^^^^^^^^^^^^^^ use of undeclared crate or module `safecoin_program`
[INFO] [stdout] 
[INFO] [stdout] 
[INFO] [stdout] error[E0433]: failed to resolve: use of undeclared crate or module `safecoin_program`
[INFO] [stdout]   --> /opt/rustwide/cargo-home/registry/src/github.com-1ecc6299db9ec823/safe-anchor-lang-0.22.0/src/accounts/sysvar.rs:38:16
[INFO] [stdout]    |
[INFO] [stdout] 38 | impl<'info, T: safecoin_program::sysvar::Sysvar + fmt::Debug> fmt::Debug for Sysvar<'info, T> {
[INFO] [stdout]    |                ^^^^^^^^^^^^^^^^ use of undeclared crate or module `safecoin_program`
[INFO] [stdout] 
[INFO] [stdout] 
[INFO] [stdout] error[E0433]: failed to resolve: use of undeclared crate or module `safecoin_program`
[INFO] [stdout]   --> /opt/rustwide/cargo-home/registry/src/github.com-1ecc6299db9ec823/safe-anchor-lang-0.22.0/src/accounts/sysvar.rs:47:16
[INFO] [stdout]    |
[INFO] [stdout] 47 | impl<'info, T: safecoin_program::sysvar::Sysvar> Sysvar<'info, T> {
[INFO] [stdout]    |                ^^^^^^^^^^^^^^^^ use of undeclared crate or module `safecoin_program`
[INFO] [stdout] 
[INFO] [stdout] 
[INFO] [stdout] error[E0433]: failed to resolve: use of undeclared crate or module `safecoin_program`
[INFO] [stdout]   --> /opt/rustwide/cargo-home/registry/src/github.com-1ecc6299db9ec823/safe-anchor-lang-0.22.0/src/accounts/sysvar.rs:56:16
[INFO] [stdout]    |
[INFO] [stdout] 56 | impl<'info, T: safecoin_program::sysvar::Sysvar> Clone for Sysvar<'info, T> {
[INFO] [stdout]    |                ^^^^^^^^^^^^^^^^ use of undeclared crate or module `safecoin_program`
[INFO] [stdout] 
[INFO] [stdout] 
[INFO] [stdout] error[E0433]: failed to resolve: use of undeclared crate or module `safecoin_program`
[INFO] [stdout]   --> /opt/rustwide/cargo-home/registry/src/github.com-1ecc6299db9ec823/safe-anchor-lang-0.22.0/src/accounts/sysvar.rs:65:16
[INFO] [stdout]    |
[INFO] [stdout] 65 | impl<'info, T: safecoin_program::sysvar::Sysvar> Accounts<'info> for Sysvar<'info, T> {
[INFO] [stdout]    |                ^^^^^^^^^^^^^^^^ use of undeclared crate or module `safecoin_program`
[INFO] [stdout] 
[INFO] [stdout] 
[INFO] [stdout] error[E0433]: failed to resolve: use of undeclared crate or module `safecoin_program`
[INFO] [stdout]   --> /opt/rustwide/cargo-home/registry/src/github.com-1ecc6299db9ec823/safe-anchor-lang-0.22.0/src/accounts/sysvar.rs:81:16
[INFO] [stdout]    |
[INFO] [stdout] 81 | impl<'info, T: safecoin_program::sysvar::Sysvar> ToAccountMetas for Sysvar<'info, T> {
[INFO] [stdout]    |                ^^^^^^^^^^^^^^^^ use of undeclared crate or module `safecoin_program`
[INFO] [stdout] 
[INFO] [stdout] 
[INFO] [stdout] error[E0433]: failed to resolve: use of undeclared crate or module `safecoin_program`
[INFO] [stdout]   --> /opt/rustwide/cargo-home/registry/src/github.com-1ecc6299db9ec823/safe-anchor-lang-0.22.0/src/accounts/sysvar.rs:87:16
[INFO] [stdout]    |
[INFO] [stdout] 87 | impl<'info, T: safecoin_program::sysvar::Sysvar> ToAccountInfos<'info> for Sysvar<'info, T> {
[INFO] [stdout]    |                ^^^^^^^^^^^^^^^^ use of undeclared crate or module `safecoin_program`
[INFO] [stdout] 
[INFO] [stdout] 
[INFO] [stdout] error[E0433]: failed to resolve: use of undeclared crate or module `safecoin_program`
[INFO] [stdout]   --> /opt/rustwide/cargo-home/registry/src/github.com-1ecc6299db9ec823/safe-anchor-lang-0.22.0/src/accounts/sysvar.rs:93:16
[INFO] [stdout]    |
[INFO] [stdout] 93 | impl<'info, T: safecoin_program::sysvar::Sysvar> AsRef<AccountInfo<'info>> for Sysvar<'info, T> {
[INFO] [stdout]    |                ^^^^^^^^^^^^^^^^ use of undeclared crate or module `safecoin_program`
[INFO] [stdout] 
[INFO] [stdout] 
[INFO] [stdout] error[E0433]: failed to resolve: use of undeclared crate or module `safecoin_program`
[INFO] [stdout]   --> /opt/rustwide/cargo-home/registry/src/github.com-1ecc6299db9ec823/safe-anchor-lang-0.22.0/src/accounts/sysvar.rs:99:13
[INFO] [stdout]    |
[INFO] [stdout] 99 | impl<'a, T: safecoin_program::sysvar::Sysvar> Deref for Sysvar<'a, T> {
[INFO] [stdout]    |             ^^^^^^^^^^^^^^^^ use of undeclared crate or module `safecoin_program`
[INFO] [stdout] 
[INFO] [stdout] 
[INFO] [stdout] error[E0433]: failed to resolve: use of undeclared crate or module `safecoin_program`
[INFO] [stdout]    --> /opt/rustwide/cargo-home/registry/src/github.com-1ecc6299db9ec823/safe-anchor-lang-0.22.0/src/accounts/sysvar.rs:107:13
[INFO] [stdout]     |
[INFO] [stdout] 107 | impl<'a, T: safecoin_program::sysvar::Sysvar> DerefMut for Sysvar<'a, T> {
[INFO] [stdout]     |             ^^^^^^^^^^^^^^^^ use of undeclared crate or module `safecoin_program`
[INFO] [stdout] 
[INFO] [stdout] 
[INFO] [stdout] error[E0433]: failed to resolve: use of undeclared crate or module `safecoin_program`
[INFO] [stdout]    --> /opt/rustwide/cargo-home/registry/src/github.com-1ecc6299db9ec823/safe-anchor-lang-0.22.0/src/accounts/sysvar.rs:113:16
[INFO] [stdout]     |
[INFO] [stdout] 113 | impl<'info, T: safecoin_program::sysvar::Sysvar> AccountsExit<'info> for Sysvar<'info, T> {}
[INFO] [stdout]     |                ^^^^^^^^^^^^^^^^ use of undeclared crate or module `safecoin_program`
[INFO] [stdout] 
[INFO] [stdout] 
[INFO] [stdout] error[E0433]: failed to resolve: use of undeclared crate or module `safecoin_program`
[INFO] [stdout]   --> /opt/rustwide/cargo-home/registry/src/github.com-1ecc6299db9ec823/safe-anchor-lang-0.22.0/src/bpf_upgradeable_state.rs:48:19
[INFO] [stdout]    |
[INFO] [stdout] 48 |     fn owner() -> safecoin_program::pubkey::Pubkey {
[INFO] [stdout]    |                   ^^^^^^^^^^^^^^^^ use of undeclared crate or module `safecoin_program`
[INFO] [stdout] 
[INFO] [stdout] 
[INFO] [stdout] error[E0433]: failed to resolve: could not find `solana_program` in the crate root
[INFO] [stdout]   --> /opt/rustwide/cargo-home/registry/src/github.com-1ecc6299db9ec823/safe-anchor-lang-0.22.0/src/ctor.rs:11:10
[INFO] [stdout]    |
[INFO] [stdout] 11 | #[derive(Accounts)]
[INFO] [stdout]    |          ^^^^^^^^ could not find `solana_program` in the crate root
[INFO] [stdout]    |
[INFO] [stdout]    = note: this error originates in the derive macro `Accounts` (in Nightly builds, run with -Z macro-backtrace for more info)
[INFO] [stdout] 
[INFO] [stdout] 
[INFO] [stdout] error[E0433]: failed to resolve: could not find `solana_program` in the crate root
[INFO] [stdout]   --> /opt/rustwide/cargo-home/registry/src/github.com-1ecc6299db9ec823/safe-anchor-lang-0.22.0/src/idl.rs:50:10
[INFO] [stdout]    |
[INFO] [stdout] 50 | #[derive(Accounts)]
[INFO] [stdout]    |          ^^^^^^^^ could not find `solana_program` in the crate root
[INFO] [stdout]    |
[INFO] [stdout]    = note: this error originates in the derive macro `Accounts` (in Nightly builds, run with -Z macro-backtrace for more info)
[INFO] [stdout] 
[INFO] [stdout] 
[INFO] [stdout] error[E0433]: failed to resolve: could not find `solana_program` in the crate root
[INFO] [stdout]   --> /opt/rustwide/cargo-home/registry/src/github.com-1ecc6299db9ec823/safe-anchor-lang-0.22.0/src/idl.rs:60:10
[INFO] [stdout]    |
[INFO] [stdout] 60 | #[derive(Accounts)]
[INFO] [stdout]    |          ^^^^^^^^ could not find `solana_program` in the crate root
[INFO] [stdout]    |
[INFO] [stdout]    = note: this error originates in the derive macro `Accounts` (in Nightly builds, run with -Z macro-backtrace for more info)
[INFO] [stdout] 
[INFO] [stdout] 
[INFO] [stdout] error[E0433]: failed to resolve: could not find `solana_program` in the crate root
[INFO] [stdout]   --> /opt/rustwide/cargo-home/registry/src/github.com-1ecc6299db9ec823/safe-anchor-lang-0.22.0/src/idl.rs:70:10
[INFO] [stdout]    |
[INFO] [stdout] 70 | #[derive(Accounts)]
[INFO] [stdout]    |          ^^^^^^^^ could not find `solana_program` in the crate root
[INFO] [stdout]    |
[INFO] [stdout]    = note: this error originates in the derive macro `Accounts` (in Nightly builds, run with -Z macro-backtrace for more info)
[INFO] [stdout] 
[INFO] [stdout] 
[INFO] [stdout] error[E0433]: failed to resolve: could not find `solana_program` in the crate root
[INFO] [stdout]   --> /opt/rustwide/cargo-home/registry/src/github.com-1ecc6299db9ec823/safe-anchor-lang-0.22.0/src/ctor.rs:11:10
[INFO] [stdout]    |
[INFO] [stdout] 11 | #[derive(Accounts)]
[INFO] [stdout]    |          ^^^^^^^^ could not find `solana_program` in the crate root
[INFO] [stdout]    |
[INFO] [stdout]    = help: consider importing this struct:
[INFO] [stdout]            solana_program::instruction::AccountMeta
[INFO] [stdout]    = note: this error originates in the derive macro `Accounts` (in Nightly builds, run with -Z macro-backtrace for more info)
[INFO] [stdout] 
[INFO] [stdout] 
[INFO] [stdout] error[E0433]: failed to resolve: could not find `solana_program` in the crate root
[INFO] [stdout]   --> /opt/rustwide/cargo-home/registry/src/github.com-1ecc6299db9ec823/safe-anchor-lang-0.22.0/src/idl.rs:50:10
[INFO] [stdout]    |
[INFO] [stdout] 50 | #[derive(Accounts)]
[INFO] [stdout]    |          ^^^^^^^^ could not find `solana_program` in the crate root
[INFO] [stdout]    |
[INFO] [stdout]    = help: consider importing this struct:
[INFO] [stdout]            solana_program::instruction::AccountMeta
[INFO] [stdout]    = note: this error originates in the derive macro `Accounts` (in Nightly builds, run with -Z macro-backtrace for more info)
[INFO] [stdout] 
[INFO] [stdout] 
[INFO] [stdout] error[E0433]: failed to resolve: could not find `solana_program` in the crate root
[INFO] [stdout]   --> /opt/rustwide/cargo-home/registry/src/github.com-1ecc6299db9ec823/safe-anchor-lang-0.22.0/src/idl.rs:60:10
[INFO] [stdout]    |
[INFO] [stdout] 60 | #[derive(Accounts)]
[INFO] [stdout]    |          ^^^^^^^^ could not find `solana_program` in the crate root
[INFO] [stdout]    |
[INFO] [stdout]    = help: consider importing this struct:
[INFO] [stdout]            solana_program::instruction::AccountMeta
[INFO] [stdout]    = note: this error originates in the derive macro `Accounts` (in Nightly builds, run with -Z macro-backtrace for more info)
[INFO] [stdout] 
[INFO] [stdout] 
[INFO] [stdout] error[E0433]: failed to resolve: could not find `solana_program` in the crate root
[INFO] [stdout]   --> /opt/rustwide/cargo-home/registry/src/github.com-1ecc6299db9ec823/safe-anchor-lang-0.22.0/src/idl.rs:70:10
[INFO] [stdout]    |
[INFO] [stdout] 70 | #[derive(Accounts)]
[INFO] [stdout]    |          ^^^^^^^^ could not find `solana_program` in the crate root
[INFO] [stdout]    |
[INFO] [stdout]    = help: consider importing this struct:
[INFO] [stdout]            solana_program::instruction::AccountMeta
[INFO] [stdout]    = note: this error originates in the derive macro `Accounts` (in Nightly builds, run with -Z macro-backtrace for more info)
[INFO] [stdout] 
[INFO] [stdout] 
[INFO] [stdout] error: aborting due to 103 previous errors
[INFO] [stdout] 
[INFO] [stdout] 
[INFO] [stdout] Some errors have detailed explanations: E0432, E0433.
[INFO] [stdout] 
[INFO] [stdout] For more information about an error, try `rustc --explain E0432`.
[INFO] [stdout] 
[INFO] [stderr] error: could not compile `safe-anchor-lang` due to 104 previous errors
[INFO] [stderr] warning: build failed, waiting for other jobs to finish...
[INFO] running `Command { std: "docker" "inspect" "bf4edbeba86cbd061e0b624cfa562cdbef7a53cf0e22d56fe5da0e40af3bc343", kill_on_drop: false }`
[INFO] running `Command { std: "docker" "rm" "-f" "bf4edbeba86cbd061e0b624cfa562cdbef7a53cf0e22d56fe5da0e40af3bc343", kill_on_drop: false }`
[INFO] [stdout] bf4edbeba86cbd061e0b624cfa562cdbef7a53cf0e22d56fe5da0e40af3bc343
