[INFO] fetching crate rusvid_lib 0.2.1...
[INFO] documenting rusvid_lib-0.2.1 against 1.69.0 for beta-1.70-rustdoc-1
[INFO] extracting crate rusvid_lib 0.2.1 into /workspace/builds/worker-6-tc1/source
[INFO] validating manifest of crates.io crate rusvid_lib 0.2.1 on toolchain 1.69.0
[INFO] running `Command { std: CARGO_HOME="/workspace/cargo-home" RUSTUP_HOME="/workspace/rustup-home" "/workspace/cargo-home/bin/cargo" "+1.69.0" "metadata" "--manifest-path" "Cargo.toml" "--no-deps", kill_on_drop: false }`
[INFO] started tweaking crates.io crate rusvid_lib 0.2.1
[INFO] finished tweaking crates.io crate rusvid_lib 0.2.1
[INFO] tweaked toml for crates.io crate rusvid_lib 0.2.1 written to /workspace/builds/worker-6-tc1/source/Cargo.toml
[INFO] running `Command { std: CARGO_HOME="/workspace/cargo-home" RUSTUP_HOME="/workspace/rustup-home" __CARGO_TEST_CHANNEL_OVERRIDE_DO_NOT_USE_THIS="nightly" "/workspace/cargo-home/bin/cargo" "+1.69.0" "generate-lockfile" "--manifest-path" "Cargo.toml" "-Zno-index-update", kill_on_drop: false }`
[INFO] running `Command { std: CARGO_HOME="/workspace/cargo-home" RUSTUP_HOME="/workspace/rustup-home" "/workspace/cargo-home/bin/cargo" "+1.69.0" "fetch" "--manifest-path" "Cargo.toml", kill_on_drop: false }`
[INFO] [stderr]  Downloading crates ...
[INFO] [stderr]   Downloaded usvg v0.28.0
[INFO] [stderr]   Downloaded roxmltree v0.15.1
[INFO] [stderr]   Downloaded svgtypes v0.8.2
[INFO] [stderr]   Downloaded pico-args v0.5.0
[INFO] [stderr]   Downloaded data-url v0.2.0
[INFO] [stderr]   Downloaded imagesize v0.10.1
[INFO] [stderr]   Downloaded kurbo v0.8.3
[INFO] [stderr]   Downloaded rctree v0.5.0
[INFO] [stderr]   Downloaded resvg v0.28.0
[INFO] [stderr]   Downloaded rstar v0.9.3
[INFO] [stderr]   Downloaded concat-idents v1.1.4
[INFO] [stderr]   Downloaded accurate v0.3.1
[INFO] [stderr]   Downloaded atomic-polyfill v0.1.11
[INFO] [stderr]   Downloaded roots v0.0.7
[INFO] [stderr]   Downloaded tiny-skia-path v0.8.4
[INFO] [stderr]   Downloaded tiny-skia v0.8.4
[INFO] [stderr]   Downloaded ffmpeg-sys-next v5.1.1
[INFO] [stderr]   Downloaded robust v0.2.3
[INFO] [stderr]   Downloaded geographiclib-rs v0.2.3
[INFO] [stderr]   Downloaded easer v0.3.0
[INFO] [stderr]   Downloaded rusvid_effect v0.2.1
[INFO] [stderr]   Downloaded flo_curves v0.6.1
[INFO] [stderr]   Downloaded rusvid_video_encoder v0.2.1
[INFO] [stderr]   Downloaded heapless v0.7.16
[INFO] [stderr]   Downloaded geo v0.23.1
[INFO] [stderr]   Downloaded rusvid_core v0.2.1
[INFO] [stderr]   Downloaded glam v0.22.0
[INFO] running `Command { std: "docker" "create" "-v" "/var/lib/crater-agent-workspace/builds/worker-6-tc1/target:/opt/rustwide/target:rw,Z" "-v" "/var/lib/crater-agent-workspace/builds/worker-6-tc1/source:/opt/rustwide/workdir:ro,Z" "-v" "/var/lib/crater-agent-workspace/cargo-home:/opt/rustwide/cargo-home:ro,Z" "-v" "/var/lib/crater-agent-workspace/rustup-home:/opt/rustwide/rustup-home:ro,Z" "-e" "SOURCE_DIR=/opt/rustwide/workdir" "-e" "CARGO_TARGET_DIR=/opt/rustwide/target" "-e" "CARGO_HOME=/opt/rustwide/cargo-home" "-e" "RUSTUP_HOME=/opt/rustwide/rustup-home" "-w" "/opt/rustwide/workdir" "-m" "1610612736" "--user" "0:0" "--network" "none" "ghcr.io/rust-lang/crates-build-env/linux@sha256:5ff2268d62e97bff2cde7d5815dd6ed5b47097566f13b8d0ca110b04b60e07ed" "/opt/rustwide/cargo-home/bin/cargo" "+1.69.0" "metadata" "--no-deps" "--format-version=1", kill_on_drop: false }`
[INFO] [stdout] 3563325b750d5152ea97d8efbba441cb53e7253e23aa2fa681c20d4fcea72928
[INFO] running `Command { std: "docker" "start" "-a" "3563325b750d5152ea97d8efbba441cb53e7253e23aa2fa681c20d4fcea72928", kill_on_drop: false }`
[INFO] running `Command { std: "docker" "inspect" "3563325b750d5152ea97d8efbba441cb53e7253e23aa2fa681c20d4fcea72928", kill_on_drop: false }`
[INFO] running `Command { std: "docker" "rm" "-f" "3563325b750d5152ea97d8efbba441cb53e7253e23aa2fa681c20d4fcea72928", kill_on_drop: false }`
[INFO] [stdout] 3563325b750d5152ea97d8efbba441cb53e7253e23aa2fa681c20d4fcea72928
[INFO] running `Command { std: "docker" "create" "-v" "/var/lib/crater-agent-workspace/builds/worker-6-tc1/target:/opt/rustwide/target:rw,Z" "-v" "/var/lib/crater-agent-workspace/builds/worker-6-tc1/source:/opt/rustwide/workdir:ro,Z" "-v" "/var/lib/crater-agent-workspace/cargo-home:/opt/rustwide/cargo-home:ro,Z" "-v" "/var/lib/crater-agent-workspace/rustup-home:/opt/rustwide/rustup-home:ro,Z" "-e" "SOURCE_DIR=/opt/rustwide/workdir" "-e" "CARGO_TARGET_DIR=/opt/rustwide/target" "-e" "CARGO_INCREMENTAL=0" "-e" "RUST_BACKTRACE=full" "-e" "RUSTFLAGS=--cap-lints=warn" "-e" "RUSTDOCFLAGS=--cap-lints=warn" "-e" "CARGO_HOME=/opt/rustwide/cargo-home" "-e" "RUSTUP_HOME=/opt/rustwide/rustup-home" "-w" "/opt/rustwide/workdir" "-m" "1610612736" "--user" "0:0" "--network" "none" "ghcr.io/rust-lang/crates-build-env/linux@sha256:5ff2268d62e97bff2cde7d5815dd6ed5b47097566f13b8d0ca110b04b60e07ed" "/opt/rustwide/cargo-home/bin/cargo" "+1.69.0" "doc" "--frozen" "--no-deps" "--document-private-items" "--message-format=json", kill_on_drop: false }`
[INFO] [stdout] 3ddee89abf6948bda9da56e53fd4ff36b3c53979a5d420072825f59934bf613d
[INFO] running `Command { std: "docker" "start" "-a" "3ddee89abf6948bda9da56e53fd4ff36b3c53979a5d420072825f59934bf613d", kill_on_drop: false }`
[INFO] [stderr]    Compiling num-traits v0.2.15
[INFO] [stderr]    Compiling syn v1.0.109
[INFO] [stderr]    Compiling once_cell v1.17.1
[INFO] [stderr]     Checking simd-adler32 v0.3.5
[INFO] [stderr]    Compiling wasm-bindgen-shared v0.2.84
[INFO] [stderr]    Compiling crunchy v0.2.2
[INFO] [stderr]    Compiling tiny-keccak v2.0.2
[INFO] [stderr]     Checking getrandom v0.2.9
[INFO] [stderr]    Compiling clang-sys v1.6.1
[INFO] [stderr]    Compiling log v0.4.17
[INFO] [stderr]    Compiling heapless v0.7.16
[INFO] [stderr]    Compiling memchr v2.5.0
[INFO] [stderr]     Checking bytemuck v1.13.1
[INFO] [stderr]    Compiling bumpalo v3.12.1
[INFO] [stderr]     Checking smallvec v1.10.0
[INFO] [stderr]     Checking float-cmp v0.9.0
[INFO] [stderr]     Checking strict-num v0.1.0
[INFO] [stderr]     Checking miniz_oxide v0.7.1
[INFO] [stderr]     Checking fdeflate v0.3.0
[INFO] [stderr]     Checking spin v0.9.8
[INFO] [stderr]     Checking hash32 v0.2.1
[INFO] [stderr]    Compiling num-integer v0.1.45
[INFO] [stderr]    Compiling serde v1.0.160
[INFO] [stderr]     Checking stable_deref_trait v1.2.0
[INFO] [stderr]    Compiling minimal-lexical v0.2.1
[INFO] [stderr]     Checking rand_core v0.6.4
[INFO] [stderr]    Compiling smartstring v1.0.1
[INFO] [stderr]    Compiling ahash v0.8.3
[INFO] [stderr]    Compiling libloading v0.7.4
[INFO] [stderr]    Compiling num-rational v0.4.1
[INFO] [stderr]    Compiling const-random-macro v0.1.15
[INFO] [stderr]     Checking arrayref v0.3.7
[INFO] [stderr]    Compiling wasm-bindgen v0.2.84
[INFO] [stderr]     Checking xmlparser v0.13.5
[INFO] [stderr]     Checking ieee754 v0.2.6
[INFO] [stderr]    Compiling regex-syntax v0.7.1
[INFO] [stderr]    Compiling bindgen v0.59.2
[INFO] [stderr]    Compiling nom v7.1.3
[INFO] [stderr]     Checking flate2 v1.0.26
[INFO] [stderr]     Checking rand_chacha v0.3.1
[INFO] [stderr]     Checking svgtypes v0.8.2
[INFO] [stderr]     Checking tiny-skia-path v0.8.4
[INFO] [stderr]     Checking roxmltree v0.15.1
[INFO] [stderr]     Checking kurbo v0.8.3
[INFO] [stderr]     Checking simplecss v0.2.1
[INFO] [stderr]     Checking png v0.17.8
[INFO] [stderr]    Compiling lazycell v1.3.0
[INFO] [stderr]     Checking base64 v0.13.1
[INFO] [stderr]     Checking rctree v0.5.0
[INFO] [stderr]    Compiling bitflags v1.3.2
[INFO] [stderr]    Compiling peeking_take_while v0.1.2
[INFO] [stderr]     Checking const-random v0.1.15
[INFO] [stderr]     Checking data-url v0.2.0
[INFO] [stderr]     Checking imagesize v0.10.1
[INFO] [stderr]    Compiling shlex v1.1.0
[INFO] [stderr]    Compiling rustc-hash v1.1.0
[INFO] [stderr]     Checking rand v0.8.5
[INFO] [stderr]     Checking rgb v0.8.36
[INFO] [stderr]    Compiling thiserror-impl v1.0.40
[INFO] [stderr]     Checking robust v0.2.3
[INFO] [stderr]     Checking color_quant v1.1.0
[INFO] [stderr]     Checking pico-args v0.5.0
[INFO] [stderr]     Checking jpeg-decoder v0.3.0
[INFO] [stderr]     Checking approx v0.5.1
[INFO] [stderr]     Checking accurate v0.3.1
[INFO] [stderr]     Checking rstar v0.9.3
[INFO] [stderr]     Checking float_next_after v0.1.5
[INFO] [stderr]     Checking roots v0.0.7
[INFO] [stderr]     Checking glam v0.22.0
[INFO] [stderr]     Checking usvg v0.28.0
[INFO] [stderr]     Checking geographiclib-rs v0.2.3
[INFO] [stderr]     Checking rayon-core v1.11.0
[INFO] [stderr]     Checking tiny-skia v0.8.4
[INFO] [stderr]    Compiling anyhow v1.0.71
[INFO] [stderr]     Checking easer v0.3.0
[INFO] [stderr]     Checking flo_curves v0.6.1
[INFO] [stderr]     Checking rayon v1.7.0
[INFO] [stderr]     Checking image v0.24.6
[INFO] [stderr]    Compiling cexpr v0.6.0
[INFO] [stderr]    Compiling regex v1.8.1
[INFO] [stderr]     Checking thiserror v1.0.40
[INFO] [stderr]     Checking resvg v0.28.0
[INFO] [stderr]     Checking geo-types v0.7.9
[INFO] [stderr]     Checking geo v0.23.1
[INFO] [stderr]    Compiling wasm-bindgen-backend v0.2.84
[INFO] [stderr]    Compiling rhai_codegen v1.5.0
[INFO] [stderr]    Compiling concat-idents v1.1.4
[INFO] [stderr]    Compiling wasm-bindgen-macro-support v0.2.84
[INFO] [stderr]    Compiling wasm-bindgen-macro v0.2.84
[INFO] [stderr]     Checking rhai v1.13.0
[INFO] [stderr]     Checking uuid v1.3.2
[INFO] [stderr]    Compiling ffmpeg-sys-next v5.1.1
[INFO] [stderr]     Checking rusvid_core v0.2.1
[INFO] [stdout] error[E0554]: `#![feature]` may not be used on the stable release channel
[INFO] [stdout]  --> /opt/rustwide/cargo-home/registry/src/github.com-1ecc6299db9ec823/rusvid_core-0.2.1/src/lib.rs:1:12
[INFO] [stdout]   |
[INFO] [stdout] 1 | #![feature(iter_array_chunks)]
[INFO] [stdout]   |            ^^^^^^^^^^^^^^^^^
[INFO] [stdout] 
[INFO] [stdout] 
[INFO] [stdout] error[E0554]: `#![feature]` may not be used on the stable release channel
[INFO] [stdout]  --> /opt/rustwide/cargo-home/registry/src/github.com-1ecc6299db9ec823/rusvid_core-0.2.1/src/lib.rs:2:12
[INFO] [stdout]   |
[INFO] [stdout] 2 | #![feature(variant_count)]
[INFO] [stdout]   |            ^^^^^^^^^^^^^
[INFO] [stdout] 
[INFO] [stdout] 
[INFO] [stdout] error[E0554]: `#![feature]` may not be used on the stable release channel
[INFO] [stdout]  --> /opt/rustwide/cargo-home/registry/src/github.com-1ecc6299db9ec823/rusvid_core-0.2.1/src/lib.rs:3:12
[INFO] [stdout]   |
[INFO] [stdout] 3 | #![feature(is_some_and)]
[INFO] [stdout]   |            ^^^^^^^^^^^
[INFO] [stdout] 
[INFO] [stdout] 
[INFO] [stdout] error: aborting due to 3 previous errors
[INFO] [stdout] 
[INFO] [stdout] 
[INFO] [stdout] For more information about this error, try `rustc --explain E0554`.
[INFO] [stdout] 
[INFO] [stderr] error: could not compile `rusvid_core` due to 4 previous errors
[INFO] running `Command { std: "docker" "inspect" "3ddee89abf6948bda9da56e53fd4ff36b3c53979a5d420072825f59934bf613d", kill_on_drop: false }`
[INFO] running `Command { std: "docker" "rm" "-f" "3ddee89abf6948bda9da56e53fd4ff36b3c53979a5d420072825f59934bf613d", kill_on_drop: false }`
[INFO] [stdout] 3ddee89abf6948bda9da56e53fd4ff36b3c53979a5d420072825f59934bf613d
