[INFO] fetching crate rustlex 0.4.0...
[INFO] documenting rustlex-0.4.0 against 1.69.0 for beta-1.70-rustdoc-1
[INFO] extracting crate rustlex 0.4.0 into /workspace/builds/worker-2-tc1/source
[INFO] validating manifest of crates.io crate rustlex 0.4.0 on toolchain 1.69.0
[INFO] running `Command { std: CARGO_HOME="/workspace/cargo-home" RUSTUP_HOME="/workspace/rustup-home" "/workspace/cargo-home/bin/cargo" "+1.69.0" "metadata" "--manifest-path" "Cargo.toml" "--no-deps", kill_on_drop: false }`
[INFO] started tweaking crates.io crate rustlex 0.4.0
[INFO] finished tweaking crates.io crate rustlex 0.4.0
[INFO] tweaked toml for crates.io crate rustlex 0.4.0 written to /workspace/builds/worker-2-tc1/source/Cargo.toml
[INFO] running `Command { std: CARGO_HOME="/workspace/cargo-home" RUSTUP_HOME="/workspace/rustup-home" __CARGO_TEST_CHANNEL_OVERRIDE_DO_NOT_USE_THIS="nightly" "/workspace/cargo-home/bin/cargo" "+1.69.0" "generate-lockfile" "--manifest-path" "Cargo.toml" "-Zno-index-update", kill_on_drop: false }`
[INFO] running `Command { std: CARGO_HOME="/workspace/cargo-home" RUSTUP_HOME="/workspace/rustup-home" "/workspace/cargo-home/bin/cargo" "+1.69.0" "fetch" "--manifest-path" "Cargo.toml", kill_on_drop: false }`
[INFO] [stderr]  Downloading crates ...
[INFO] [stderr]   Downloaded bit-set v0.4.0
[INFO] [stderr]   Downloaded rustlex_fsa v0.4.0
[INFO] [stderr]   Downloaded rustlex_codegen v0.4.0
[INFO] running `Command { std: "docker" "create" "-v" "/var/lib/crater-agent-workspace/builds/worker-2-tc1/target:/opt/rustwide/target:rw,Z" "-v" "/var/lib/crater-agent-workspace/builds/worker-2-tc1/source:/opt/rustwide/workdir:ro,Z" "-v" "/var/lib/crater-agent-workspace/cargo-home:/opt/rustwide/cargo-home:ro,Z" "-v" "/var/lib/crater-agent-workspace/rustup-home:/opt/rustwide/rustup-home:ro,Z" "-e" "SOURCE_DIR=/opt/rustwide/workdir" "-e" "CARGO_TARGET_DIR=/opt/rustwide/target" "-e" "CARGO_HOME=/opt/rustwide/cargo-home" "-e" "RUSTUP_HOME=/opt/rustwide/rustup-home" "-w" "/opt/rustwide/workdir" "-m" "1610612736" "--user" "0:0" "--network" "none" "ghcr.io/rust-lang/crates-build-env/linux@sha256:5ff2268d62e97bff2cde7d5815dd6ed5b47097566f13b8d0ca110b04b60e07ed" "/opt/rustwide/cargo-home/bin/cargo" "+1.69.0" "metadata" "--no-deps" "--format-version=1", kill_on_drop: false }`
[INFO] [stdout] 5dfdd32b972d1147bdc103cfceea3584d3bf3c5f06b3d04ef39833bce129a372
[INFO] running `Command { std: "docker" "start" "-a" "5dfdd32b972d1147bdc103cfceea3584d3bf3c5f06b3d04ef39833bce129a372", kill_on_drop: false }`
[INFO] running `Command { std: "docker" "inspect" "5dfdd32b972d1147bdc103cfceea3584d3bf3c5f06b3d04ef39833bce129a372", kill_on_drop: false }`
[INFO] running `Command { std: "docker" "rm" "-f" "5dfdd32b972d1147bdc103cfceea3584d3bf3c5f06b3d04ef39833bce129a372", kill_on_drop: false }`
[INFO] [stdout] 5dfdd32b972d1147bdc103cfceea3584d3bf3c5f06b3d04ef39833bce129a372
[INFO] running `Command { std: "docker" "create" "-v" "/var/lib/crater-agent-workspace/builds/worker-2-tc1/target:/opt/rustwide/target:rw,Z" "-v" "/var/lib/crater-agent-workspace/builds/worker-2-tc1/source:/opt/rustwide/workdir:ro,Z" "-v" "/var/lib/crater-agent-workspace/cargo-home:/opt/rustwide/cargo-home:ro,Z" "-v" "/var/lib/crater-agent-workspace/rustup-home:/opt/rustwide/rustup-home:ro,Z" "-e" "SOURCE_DIR=/opt/rustwide/workdir" "-e" "CARGO_TARGET_DIR=/opt/rustwide/target" "-e" "CARGO_INCREMENTAL=0" "-e" "RUST_BACKTRACE=full" "-e" "RUSTFLAGS=--cap-lints=warn" "-e" "RUSTDOCFLAGS=--cap-lints=warn" "-e" "CARGO_HOME=/opt/rustwide/cargo-home" "-e" "RUSTUP_HOME=/opt/rustwide/rustup-home" "-w" "/opt/rustwide/workdir" "-m" "1610612736" "--user" "0:0" "--network" "none" "ghcr.io/rust-lang/crates-build-env/linux@sha256:5ff2268d62e97bff2cde7d5815dd6ed5b47097566f13b8d0ca110b04b60e07ed" "/opt/rustwide/cargo-home/bin/cargo" "+1.69.0" "doc" "--frozen" "--no-deps" "--document-private-items" "--message-format=json", kill_on_drop: false }`
[INFO] [stdout] cb7eff9328633be9a5265ec8f6087437ce88bce6919e79a60e74383e792010f0
[INFO] running `Command { std: "docker" "start" "-a" "cb7eff9328633be9a5265ec8f6087437ce88bce6919e79a60e74383e792010f0", kill_on_drop: false }`
[INFO] [stderr]    Compiling log v0.4.17
[INFO] [stderr]     Checking bit-vec v0.4.4
[INFO] [stderr]     Checking bit-vec v0.6.3
[INFO] [stderr]     Checking bit-set v0.4.0
[INFO] [stderr]     Checking bit-set v0.5.3
[INFO] [stderr]     Checking rustlex_fsa v0.4.0
[INFO] [stderr]     Checking log v0.3.9
[INFO] [stderr]     Checking rustlex_codegen v0.4.0
[INFO] [stdout] error[E0557]: feature has been removed
[INFO] [stdout]  --> /opt/rustwide/cargo-home/registry/src/github.com-1ecc6299db9ec823/rustlex_codegen-0.4.0/lib.rs:1:12
[INFO] [stdout]   |
[INFO] [stdout] 1 | #![feature(plugin_registrar,rustc_private,quote)]
[INFO] [stdout]   |            ^^^^^^^^^^^^^^^^ feature has been removed
[INFO] [stdout]   |
[INFO] [stdout]   = note: a __rustc_plugin_registrar symbol must now be defined instead
[INFO] [stdout] 
[INFO] [stdout] 
[INFO] [stdout] error[E0557]: feature has been removed
[INFO] [stdout]  --> /opt/rustwide/cargo-home/registry/src/github.com-1ecc6299db9ec823/rustlex_codegen-0.4.0/lib.rs:1:43
[INFO] [stdout]   |
[INFO] [stdout] 1 | #![feature(plugin_registrar,rustc_private,quote)]
[INFO] [stdout]   |                                           ^^^^^ feature has been removed
[INFO] [stdout] 
[INFO] [stdout] 
[INFO] [stdout] error[E0463]: can't find crate for `syntax`
[INFO] [stdout]  --> /opt/rustwide/cargo-home/registry/src/github.com-1ecc6299db9ec823/rustlex_codegen-0.4.0/lib.rs:3:1
[INFO] [stdout]   |
[INFO] [stdout] 3 | extern crate syntax;
[INFO] [stdout]   | ^^^^^^^^^^^^^^^^^^^^ can't find crate
[INFO] [stdout] 
[INFO] [stdout] 
[INFO] [stdout] error[E0463]: can't find crate for `rustc_plugin`
[INFO] [stdout]  --> /opt/rustwide/cargo-home/registry/src/github.com-1ecc6299db9ec823/rustlex_codegen-0.4.0/lib.rs:4:1
[INFO] [stdout]   |
[INFO] [stdout] 4 | extern crate rustc_plugin;
[INFO] [stdout]   | ^^^^^^^^^^^^^^^^^^^^^^^^^^ can't find crate
[INFO] [stdout]   |
[INFO] [stdout]   = help: maybe you need to install the missing components with: `rustup component add rust-src rustc-dev llvm-tools-preview`
[INFO] [stdout] 
[INFO] [stdout] 
[INFO] [stdout] error[E0463]: can't find crate for `rustc_errors`
[INFO] [stdout]  --> /opt/rustwide/cargo-home/registry/src/github.com-1ecc6299db9ec823/rustlex_codegen-0.4.0/lib.rs:5:1
[INFO] [stdout]   |
[INFO] [stdout] 5 | extern crate rustc_errors;
[INFO] [stdout]   | ^^^^^^^^^^^^^^^^^^^^^^^^^^ can't find crate
[INFO] [stdout]   |
[INFO] [stdout]   = help: maybe you need to install the missing components with: `rustup component add rust-src rustc-dev llvm-tools-preview`
[INFO] [stdout] 
[INFO] [stdout] 
[INFO] [stdout] error: cannot find macro `quote_ty` in this scope
[INFO] [stdout]   --> /opt/rustwide/cargo-home/registry/src/github.com-1ecc6299db9ec823/rustlex_codegen-0.4.0/codegen.rs:82:13
[INFO] [stdout]    |
[INFO] [stdout] 82 |         ty: quote_ty!(&*cx, ::rustlex::rt::RustLexLexer<R>),
[INFO] [stdout]    |             ^^^^^^^^
[INFO] [stdout] 
[INFO] [stdout] 
[INFO] [stdout] error: cannot find macro `quote_ty` in this scope
[INFO] [stdout]   --> /opt/rustwide/cargo-home/registry/src/github.com-1ecc6299db9ec823/rustlex_codegen-0.4.0/codegen.rs:91:13
[INFO] [stdout]    |
[INFO] [stdout] 91 |         ty: quote_ty!(&*cx, usize),
[INFO] [stdout]    |             ^^^^^^^^
[INFO] [stdout] 
[INFO] [stdout] 
[INFO] [stdout] error: cannot find macro `quote_expr` in this scope
[INFO] [stdout]    --> /opt/rustwide/cargo-home/registry/src/github.com-1ecc6299db9ec823/rustlex_codegen-0.4.0/codegen.rs:160:22
[INFO] [stdout]     |
[INFO] [stdout] 160 |     let match_expr = quote_expr!(&*cx, last_matching_action);
[INFO] [stdout]     |                      ^^^^^^^^^^
[INFO] [stdout] 
[INFO] [stdout] 
[INFO] [stdout] error: cannot find macro `quote_ty` in this scope
[INFO] [stdout]    --> /opt/rustwide/cargo-home/registry/src/github.com-1ecc6299db9ec823/rustlex_codegen-0.4.0/codegen.rs:166:23
[INFO] [stdout]     |
[INFO] [stdout] 166 |     let action_type = quote_ty!(&*cx,  Fn(&mut $ident<R>) -> Option<$tokens>);
[INFO] [stdout]     |                       ^^^^^^^^
[INFO] [stdout] 
[INFO] [stdout] 
[INFO] [stdout] error: cannot find macro `quote_expr` in this scope
[INFO] [stdout]    --> /opt/rustwide/cargo-home/registry/src/github.com-1ecc6299db9ec823/rustlex_codegen-0.4.0/codegen.rs:169:24
[INFO] [stdout]     |
[INFO] [stdout] 169 |         let pat_expr = quote_expr!(&*cx, $i);
[INFO] [stdout]     |                        ^^^^^^^^^^
[INFO] [stdout] 
[INFO] [stdout] 
[INFO] [stdout] error: cannot find macro `quote_expr` in this scope
[INFO] [stdout]    --> /opt/rustwide/cargo-home/registry/src/github.com-1ecc6299db9ec823/rustlex_codegen-0.4.0/codegen.rs:173:13
[INFO] [stdout]     |
[INFO] [stdout] 173 |             quote_expr!(&*cx, (Box::new($new_act)) as Box<$action_type>));
[INFO] [stdout]     |             ^^^^^^^^^^
[INFO] [stdout] 
[INFO] [stdout] 
[INFO] [stdout] error: cannot find macro `quote_expr` in this scope
[INFO] [stdout]    --> /opt/rustwide/cargo-home/registry/src/github.com-1ecc6299db9ec823/rustlex_codegen-0.4.0/codegen.rs:178:19
[INFO] [stdout]     |
[INFO] [stdout] 178 |     let def_act = quote_expr!(&*cx, Box::new(|_:&mut $ident<R>| -> Option<$tokens> {
[INFO] [stdout]     |                   ^^^^^^^^^^
[INFO] [stdout] 
[INFO] [stdout] 
[INFO] [stdout] error: cannot find macro `quote_item` in this scope
[INFO] [stdout]    --> /opt/rustwide/cargo-home/registry/src/github.com-1ecc6299db9ec823/rustlex_codegen-0.4.0/codegen.rs:215:5
[INFO] [stdout]     |
[INFO] [stdout] 215 |     quote_item!(cx,
[INFO] [stdout]     |     ^^^^^^^^^^
[INFO] [stdout] 
[INFO] [stdout] 
[INFO] [stdout] error: cannot find macro `quote_item` in this scope
[INFO] [stdout]    --> /opt/rustwide/cargo-home/registry/src/github.com-1ecc6299db9ec823/rustlex_codegen-0.4.0/codegen.rs:246:5
[INFO] [stdout]     |
[INFO] [stdout] 246 |     quote_item!(cx,
[INFO] [stdout]     |     ^^^^^^^^^^
[INFO] [stdout] 
[INFO] [stdout] 
[INFO] [stdout] error: cannot find macro `quote_expr` in this scope
[INFO] [stdout]    --> /opt/rustwide/cargo-home/registry/src/github.com-1ecc6299db9ec823/rustlex_codegen-0.4.0/codegen.rs:267:9
[INFO] [stdout]     |
[INFO] [stdout] 267 |         quote_expr!(&*cx, ::rustlex::rt::RustLexLexer::new(reader))));
[INFO] [stdout]     |         ^^^^^^^^^^
[INFO] [stdout] 
[INFO] [stdout] 
[INFO] [stdout] error: cannot find macro `quote_expr` in this scope
[INFO] [stdout]    --> /opt/rustwide/cargo-home/registry/src/github.com-1ecc6299db9ec823/rustlex_codegen-0.4.0/codegen.rs:269:9
[INFO] [stdout]     |
[INFO] [stdout] 269 |         quote_expr!(&*cx, $initial)));
[INFO] [stdout]     |         ^^^^^^^^^^
[INFO] [stdout] 
[INFO] [stdout] 
[INFO] [stdout] error: cannot find macro `quote_item` in this scope
[INFO] [stdout]    --> /opt/rustwide/cargo-home/registry/src/github.com-1ecc6299db9ec823/rustlex_codegen-0.4.0/codegen.rs:278:9
[INFO] [stdout]     |
[INFO] [stdout] 278 |         quote_item!(cx,
[INFO] [stdout]     |         ^^^^^^^^^^
[INFO] [stdout] 
[INFO] [stdout] 
[INFO] [stdout] error: cannot find macro `quote_item` in this scope
[INFO] [stdout]    --> /opt/rustwide/cargo-home/registry/src/github.com-1ecc6299db9ec823/rustlex_codegen-0.4.0/codegen.rs:288:16
[INFO] [stdout]     |
[INFO] [stdout] 288 |     items.push(quote_item!(cx,
[INFO] [stdout]     |                ^^^^^^^^^^
[INFO] [stdout] 
[INFO] [stdout] 
[INFO] [stdout] error: cannot find macro `quote_item` in this scope
[INFO] [stdout]    --> /opt/rustwide/cargo-home/registry/src/github.com-1ecc6299db9ec823/rustlex_codegen-0.4.0/codegen.rs:327:16
[INFO] [stdout]     |
[INFO] [stdout] 327 |     items.push(quote_item!(cx,
[INFO] [stdout]     |                ^^^^^^^^^^
[INFO] [stdout] 
[INFO] [stdout] 
[INFO] [stdout] error[E0554]: `#![feature]` may not be used on the stable release channel
[INFO] [stdout]  --> /opt/rustwide/cargo-home/registry/src/github.com-1ecc6299db9ec823/rustlex_codegen-0.4.0/lib.rs:1:1
[INFO] [stdout]   |
[INFO] [stdout] 1 | #![feature(plugin_registrar,rustc_private,quote)]
[INFO] [stdout]   | ^^^^^^^^^^^^^^^^^^^^^^^^^^^^^^^^^^^^^^^^^^^^^^^^^
[INFO] [stdout] 
[INFO] [stdout] 
[INFO] [stdout] error: aborting due to 20 previous errors
[INFO] [stdout] 
[INFO] [stdout] 
[INFO] [stdout] Some errors have detailed explanations: E0463, E0554, E0557.
[INFO] [stdout] 
[INFO] [stdout] For more information about an error, try `rustc --explain E0463`.
[INFO] [stdout] 
[INFO] [stderr] error: could not compile `rustlex_codegen` due to 21 previous errors
[INFO] running `Command { std: "docker" "inspect" "cb7eff9328633be9a5265ec8f6087437ce88bce6919e79a60e74383e792010f0", kill_on_drop: false }`
[INFO] running `Command { std: "docker" "rm" "-f" "cb7eff9328633be9a5265ec8f6087437ce88bce6919e79a60e74383e792010f0", kill_on_drop: false }`
[INFO] [stdout] cb7eff9328633be9a5265ec8f6087437ce88bce6919e79a60e74383e792010f0
