[INFO] fetching crate rust_decimal 1.29.1...
[INFO] documenting rust_decimal-1.29.1 against 1.69.0 for beta-1.70-rustdoc-1
[INFO] extracting crate rust_decimal 1.29.1 into /workspace/builds/worker-3-tc1/source
[INFO] validating manifest of crates.io crate rust_decimal 1.29.1 on toolchain 1.69.0
[INFO] running `Command { std: CARGO_HOME="/workspace/cargo-home" RUSTUP_HOME="/workspace/rustup-home" "/workspace/cargo-home/bin/cargo" "+1.69.0" "metadata" "--manifest-path" "Cargo.toml" "--no-deps", kill_on_drop: false }`
[INFO] started tweaking crates.io crate rust_decimal 1.29.1
[INFO] finished tweaking crates.io crate rust_decimal 1.29.1
[INFO] tweaked toml for crates.io crate rust_decimal 1.29.1 written to /workspace/builds/worker-3-tc1/source/Cargo.toml
[INFO] running `Command { std: CARGO_HOME="/workspace/cargo-home" RUSTUP_HOME="/workspace/rustup-home" __CARGO_TEST_CHANNEL_OVERRIDE_DO_NOT_USE_THIS="nightly" "/workspace/cargo-home/bin/cargo" "+1.69.0" "generate-lockfile" "--manifest-path" "Cargo.toml" "-Zno-index-update", kill_on_drop: false }`
[INFO] running `Command { std: CARGO_HOME="/workspace/cargo-home" RUSTUP_HOME="/workspace/rustup-home" "/workspace/cargo-home/bin/cargo" "+1.69.0" "fetch" "--manifest-path" "Cargo.toml", kill_on_drop: false }`
[INFO] [stderr]  Downloading crates ...
[INFO] [stderr]   Downloaded postgres v0.19.5
[INFO] running `Command { std: "docker" "create" "-v" "/var/lib/crater-agent-workspace/builds/worker-3-tc1/target:/opt/rustwide/target:rw,Z" "-v" "/var/lib/crater-agent-workspace/builds/worker-3-tc1/source:/opt/rustwide/workdir:ro,Z" "-v" "/var/lib/crater-agent-workspace/cargo-home:/opt/rustwide/cargo-home:ro,Z" "-v" "/var/lib/crater-agent-workspace/rustup-home:/opt/rustwide/rustup-home:ro,Z" "-e" "SOURCE_DIR=/opt/rustwide/workdir" "-e" "CARGO_TARGET_DIR=/opt/rustwide/target" "-e" "CARGO_HOME=/opt/rustwide/cargo-home" "-e" "RUSTUP_HOME=/opt/rustwide/rustup-home" "-w" "/opt/rustwide/workdir" "-m" "1610612736" "--user" "0:0" "--network" "none" "ghcr.io/rust-lang/crates-build-env/linux@sha256:5ff2268d62e97bff2cde7d5815dd6ed5b47097566f13b8d0ca110b04b60e07ed" "/opt/rustwide/cargo-home/bin/cargo" "+1.69.0" "metadata" "--no-deps" "--format-version=1", kill_on_drop: false }`
[INFO] [stdout] 25ee2b8d8093fe4c555bada4f49f3f2a2fde35ee2d96fc3a310b1a463138a48e
[INFO] running `Command { std: "docker" "start" "-a" "25ee2b8d8093fe4c555bada4f49f3f2a2fde35ee2d96fc3a310b1a463138a48e", kill_on_drop: false }`
[INFO] running `Command { std: "docker" "inspect" "25ee2b8d8093fe4c555bada4f49f3f2a2fde35ee2d96fc3a310b1a463138a48e", kill_on_drop: false }`
[INFO] running `Command { std: "docker" "rm" "-f" "25ee2b8d8093fe4c555bada4f49f3f2a2fde35ee2d96fc3a310b1a463138a48e", kill_on_drop: false }`
[INFO] [stdout] 25ee2b8d8093fe4c555bada4f49f3f2a2fde35ee2d96fc3a310b1a463138a48e
[INFO] running `Command { std: "docker" "create" "-v" "/var/lib/crater-agent-workspace/builds/worker-3-tc1/target:/opt/rustwide/target:rw,Z" "-v" "/var/lib/crater-agent-workspace/builds/worker-3-tc1/source:/opt/rustwide/workdir:ro,Z" "-v" "/var/lib/crater-agent-workspace/cargo-home:/opt/rustwide/cargo-home:ro,Z" "-v" "/var/lib/crater-agent-workspace/rustup-home:/opt/rustwide/rustup-home:ro,Z" "-e" "SOURCE_DIR=/opt/rustwide/workdir" "-e" "CARGO_TARGET_DIR=/opt/rustwide/target" "-e" "CARGO_INCREMENTAL=0" "-e" "RUST_BACKTRACE=full" "-e" "RUSTFLAGS=--cap-lints=warn" "-e" "RUSTDOCFLAGS=--cap-lints=warn" "-e" "CARGO_HOME=/opt/rustwide/cargo-home" "-e" "RUSTUP_HOME=/opt/rustwide/rustup-home" "-w" "/opt/rustwide/workdir" "-m" "1610612736" "--user" "0:0" "--network" "none" "ghcr.io/rust-lang/crates-build-env/linux@sha256:5ff2268d62e97bff2cde7d5815dd6ed5b47097566f13b8d0ca110b04b60e07ed" "/opt/rustwide/cargo-home/bin/cargo" "+1.69.0" "doc" "--frozen" "--no-deps" "--document-private-items" "--message-format=json", kill_on_drop: false }`
[INFO] [stdout] b9e94ef61169bd866f5d4689f6700218fd2ab3039e53863cf2d5d1f7c8988b9a
[INFO] running `Command { std: "docker" "start" "-a" "b9e94ef61169bd866f5d4689f6700218fd2ab3039e53863cf2d5d1f7c8988b9a", kill_on_drop: false }`
[INFO] [stderr]    Compiling rust_decimal v1.29.1 (/opt/rustwide/workdir)
[INFO] [stderr]  Documenting rust_decimal v1.29.1 (/opt/rustwide/workdir)
[INFO] [stderr]     Finished dev [unoptimized + debuginfo] target(s) in 0.76s
[INFO] running `Command { std: "docker" "inspect" "b9e94ef61169bd866f5d4689f6700218fd2ab3039e53863cf2d5d1f7c8988b9a", kill_on_drop: false }`
[INFO] running `Command { std: "docker" "rm" "-f" "b9e94ef61169bd866f5d4689f6700218fd2ab3039e53863cf2d5d1f7c8988b9a", kill_on_drop: false }`
[INFO] [stdout] b9e94ef61169bd866f5d4689f6700218fd2ab3039e53863cf2d5d1f7c8988b9a
[INFO] running `Command { std: "docker" "create" "-v" "/var/lib/crater-agent-workspace/builds/worker-3-tc1/target:/opt/rustwide/target:rw,Z" "-v" "/var/lib/crater-agent-workspace/builds/worker-3-tc1/source:/opt/rustwide/workdir:ro,Z" "-v" "/var/lib/crater-agent-workspace/cargo-home:/opt/rustwide/cargo-home:ro,Z" "-v" "/var/lib/crater-agent-workspace/rustup-home:/opt/rustwide/rustup-home:ro,Z" "-e" "SOURCE_DIR=/opt/rustwide/workdir" "-e" "CARGO_TARGET_DIR=/opt/rustwide/target" "-e" "CARGO_INCREMENTAL=0" "-e" "RUST_BACKTRACE=full" "-e" "RUSTFLAGS=--cap-lints=warn" "-e" "RUSTDOCFLAGS=--cap-lints=warn" "-e" "RUSTC_BOOTSTRAP=1" "-e" "DOCS_RS=1" "-e" "CARGO_HOME=/opt/rustwide/cargo-home" "-e" "RUSTUP_HOME=/opt/rustwide/rustup-home" "-w" "/opt/rustwide/workdir" "-m" "1610612736" "--user" "0:0" "--network" "none" "ghcr.io/rust-lang/crates-build-env/linux@sha256:5ff2268d62e97bff2cde7d5815dd6ed5b47097566f13b8d0ca110b04b60e07ed" "/opt/rustwide/cargo-home/bin/cargo" "+1.69.0" "rustdoc" "--lib" "-Zrustdoc-map" "--all-features" "-Z" "unstable-options" "--config" "build.rustdocflags=[\"-Z\", \"unstable-options\", \"--document-private-items\"]" "--frozen" "--message-format=json", kill_on_drop: false }`
[INFO] [stdout] c96fab0035c49a30ec1e28a857a1822841b2b81b55e8f5edb849e2233ce27ed6
[INFO] running `Command { std: "docker" "start" "-a" "c96fab0035c49a30ec1e28a857a1822841b2b81b55e8f5edb849e2233ce27ed6", kill_on_drop: false }`
[INFO] [stderr]    Compiling syn v1.0.109
[INFO] [stderr]     Checking once_cell v1.17.1
[INFO] [stderr]    Compiling futures-channel v0.3.28
[INFO] [stderr]    Compiling proc-macro2-diagnostics v0.10.0
[INFO] [stderr]    Compiling syn v2.0.15
[INFO] [stderr]    Compiling tokio v1.28.0
[INFO] [stderr]    Compiling futures-task v0.3.28
[INFO] [stderr]     Checking mio v0.8.6
[INFO] [stderr]     Checking num_cpus v1.15.0
[INFO] [stderr]     Checking socket2 v0.4.9
[INFO] [stderr]    Compiling futures-util v0.3.28
[INFO] [stderr]    Compiling futures-core v0.3.28
[INFO] [stderr]    Compiling time-macros v0.2.8
[INFO] [stderr]    Compiling libc v0.2.142
[INFO] [stderr]     Checking tracing-core v0.1.30
[INFO] [stderr]     Checking futures-io v0.3.28
[INFO] [stderr]    Compiling itoa v1.0.6
[INFO] [stderr]    Compiling cookie v0.17.0
[INFO] [stderr]    Compiling futures-sink v0.3.28
[INFO] [stderr]     Checking tracing v0.1.37
[INFO] [stderr]    Compiling ref-cast v1.0.16
[INFO] [stderr]    Compiling serde v1.0.160
[INFO] [stderr]    Compiling bytes v1.4.0
[INFO] [stderr]    Compiling http v0.2.9
[INFO] [stderr]     Checking ahash v0.7.6
[INFO] [stderr]    Compiling bitflags v2.2.1
[INFO] [stderr]    Compiling rustix v0.37.18
[INFO] [stderr]    Compiling try-lock v0.2.4
[INFO] [stderr]    Compiling want v0.3.0
[INFO] [stderr]    Compiling http-body v0.4.5
[INFO] [stderr]    Compiling mysqlclient-sys v0.2.5
[INFO] [stderr]    Compiling time v0.3.20
[INFO] [stderr]     Checking hashbrown v0.12.3
[INFO] [stderr]    Compiling ahash v0.8.3
[INFO] [stderr]    Compiling pq-sys v0.4.8
[INFO] [stderr]     Checking siphasher v0.3.10
[INFO] [stderr]    Compiling bytecheck v0.6.10
[INFO] [stderr]    Compiling devise_core v0.4.1
[INFO] [stderr]     Checking phf_shared v0.11.1
[INFO] [stderr]    Compiling futures v0.3.28
[INFO] [stderr]    Compiling proc-macro-error-attr v1.0.4
[INFO] [stderr]    Compiling hyper v0.14.26
[INFO] [stderr]    Compiling ptr_meta_derive v0.1.4
[INFO] [stderr]    Compiling bytecheck_derive v0.6.10
[INFO] [stderr]    Compiling toml v0.5.11
[INFO] [stderr]    Compiling matrixmultiply v0.3.5
[INFO] [stderr]    Compiling multer v2.1.0
[INFO] [stderr]     Checking ptr_meta v0.1.4
[INFO] [stderr]    Compiling either v1.8.1
[INFO] [stderr]     Checking matches v0.1.10
[INFO] [stderr]     Checking simdutf8 v0.1.4
[INFO] [stderr]    Compiling rend v0.4.0
[INFO] [stderr]    Compiling tokio-macros v2.1.0
[INFO] [stderr]    Compiling serde_derive v1.0.160
[INFO] [stderr]    Compiling futures-macro v0.3.28
[INFO] [stderr]    Compiling pear_codegen v0.2.4
[INFO] [stderr]    Compiling ref-cast-impl v1.0.16
[INFO] [stderr]    Compiling devise_codegen v0.4.1
[INFO] [stderr]    Compiling async-trait v0.1.68
[INFO] [stderr]     Checking pear v0.2.4
[INFO] [stderr]    Compiling proc-macro-crate v0.1.5
[INFO] [stderr]    Compiling devise v0.4.1
[INFO] [stderr]    Compiling async-stream-impl v0.3.5
[INFO] [stderr]     Checking idna v0.1.5
[INFO] [stderr]    Compiling rocket_http v0.5.0-rc.3
[INFO] [stderr]    Compiling proc-macro-error v1.0.4
[INFO] [stderr]     Checking phf v0.11.1
[INFO] [stderr]    Compiling borsh-derive-internal v0.10.3
[INFO] [stderr]    Compiling borsh-schema-derive-internal v0.10.3
[INFO] [stderr]     Checking socket2 v0.5.2
[INFO] [stderr]    Compiling rocket v0.5.0-rc.3
[INFO] [stderr]     Checking spin v0.9.8
[INFO] [stderr]     Checking fastrand v1.9.0
[INFO] [stderr]     Checking percent-encoding v1.0.1
[INFO] [stderr]     Checking rawpointer v0.2.1
[INFO] [stderr]    Compiling serde_json v1.0.96
[INFO] [stderr]    Compiling rkyv v0.7.41
[INFO] [stderr]     Checking url v1.7.2
[INFO] [stderr]     Checking tempfile v3.5.0
[INFO] [stderr]    Compiling borsh-derive v0.10.3
[INFO] [stdout] error[E0433]: failed to resolve: use of undeclared crate or module `std`
[INFO] [stdout]   --> /opt/rustwide/cargo-home/registry/src/github.com-1ecc6299db9ec823/matrixmultiply-0.3.5/src/cgemm_common.rs:10:5
[INFO] [stdout]    |
[INFO] [stdout] 10 | use std::ptr::copy_nonoverlapping;
[INFO] [stdout]    |     ^^^ use of undeclared crate or module `std`
[INFO] [stdout] 
[INFO] [stdout] 
[INFO] [stdout] error[E0432]: unresolved import `std`
[INFO] [stdout]  --> /opt/rustwide/cargo-home/registry/src/github.com-1ecc6299db9ec823/matrixmultiply-0.3.5/src/cgemm_common.rs:9:5
[INFO] [stdout]   |
[INFO] [stdout] 9 | use std::mem;
[INFO] [stdout]   |     ^^^ use of undeclared crate or module `std`
[INFO] [stdout] 
[INFO] [stdout] 
[INFO] [stderr]    Compiling diesel_derives v2.0.2
[INFO] [stdout] error[E0599]: no method named `mul_add` found for type `f32` in the current scope
[INFO] [stdout]    --> /opt/rustwide/cargo-home/registry/src/github.com-1ecc6299db9ec823/matrixmultiply-0.3.5/src/cgemm_common.rs:21:23
[INFO] [stdout]     |
[INFO] [stdout] 21  |               $dst = $a.mul_add($b, $dst);
[INFO] [stdout]     |                         ^^^^^^^ method not found in `f32`
[INFO] [stdout]     |
[INFO] [stdout]    ::: /opt/rustwide/cargo-home/registry/src/github.com-1ecc6299db9ec823/matrixmultiply-0.3.5/src/cgemm_kernel.rs:199:1
[INFO] [stdout]     |
[INFO] [stdout] 199 | / kernel_fallback_impl_complex! {
[INFO] [stdout] 200 | |     // instantiate separately
[INFO] [stdout] 201 | |     [inline target_feature(enable="avx2") target_feature(enable="fma")] [fma_yes]
[INFO] [stdout] 202 | |     kernel_target_avx2, T, TReal, KernelAvx2::MR, KernelAvx2::NR, 4
[INFO] [stdout] 203 | | }
[INFO] [stdout]     | |_- in this macro invocation
[INFO] [stdout]     |
[INFO] [stdout]     = note: this error originates in the macro `fmuladd` which comes from the expansion of the macro `kernel_fallback_impl_complex` (in Nightly builds, run with -Z macro-backtrace for more info)
[INFO] [stdout] 
[INFO] [stdout] 
[INFO] [stdout] error[E0599]: no method named `mul_add` found for type `f32` in the current scope
[INFO] [stdout]    --> /opt/rustwide/cargo-home/registry/src/github.com-1ecc6299db9ec823/matrixmultiply-0.3.5/src/cgemm_common.rs:21:23
[INFO] [stdout]     |
[INFO] [stdout] 21  |               $dst = $a.mul_add($b, $dst);
[INFO] [stdout]     |                         ^^^^^^^ method not found in `f32`
[INFO] [stdout]     |
[INFO] [stdout]    ::: /opt/rustwide/cargo-home/registry/src/github.com-1ecc6299db9ec823/matrixmultiply-0.3.5/src/cgemm_kernel.rs:199:1
[INFO] [stdout]     |
[INFO] [stdout] 199 | / kernel_fallback_impl_complex! {
[INFO] [stdout] 200 | |     // instantiate separately
[INFO] [stdout] 201 | |     [inline target_feature(enable="avx2") target_feature(enable="fma")] [fma_yes]
[INFO] [stdout] 202 | |     kernel_target_avx2, T, TReal, KernelAvx2::MR, KernelAvx2::NR, 4
[INFO] [stdout] 203 | | }
[INFO] [stdout]     | |_- in this macro invocation
[INFO] [stdout]     |
[INFO] [stdout]     = note: this error originates in the macro `fmuladd` which comes from the expansion of the macro `kernel_fallback_impl_complex` (in Nightly builds, run with -Z macro-backtrace for more info)
[INFO] [stdout] 
[INFO] [stdout] 
[INFO] [stdout] error[E0599]: no method named `mul_add` found for type `f32` in the current scope
[INFO] [stdout]    --> /opt/rustwide/cargo-home/registry/src/github.com-1ecc6299db9ec823/matrixmultiply-0.3.5/src/cgemm_common.rs:21:23
[INFO] [stdout]     |
[INFO] [stdout] 21  |               $dst = $a.mul_add($b, $dst);
[INFO] [stdout]     |                         ^^^^^^^ method not found in `f32`
[INFO] [stdout]     |
[INFO] [stdout]    ::: /opt/rustwide/cargo-home/registry/src/github.com-1ecc6299db9ec823/matrixmultiply-0.3.5/src/cgemm_kernel.rs:199:1
[INFO] [stdout]     |
[INFO] [stdout] 199 | / kernel_fallback_impl_complex! {
[INFO] [stdout] 200 | |     // instantiate separately
[INFO] [stdout] 201 | |     [inline target_feature(enable="avx2") target_feature(enable="fma")] [fma_yes]
[INFO] [stdout] 202 | |     kernel_target_avx2, T, TReal, KernelAvx2::MR, KernelAvx2::NR, 4
[INFO] [stdout] 203 | | }
[INFO] [stdout]     | |_- in this macro invocation
[INFO] [stdout]     |
[INFO] [stdout]     = note: this error originates in the macro `fmuladd` which comes from the expansion of the macro `kernel_fallback_impl_complex` (in Nightly builds, run with -Z macro-backtrace for more info)
[INFO] [stdout] 
[INFO] [stdout] 
[INFO] [stdout] error[E0599]: no method named `mul_add` found for type `f32` in the current scope
[INFO] [stdout]    --> /opt/rustwide/cargo-home/registry/src/github.com-1ecc6299db9ec823/matrixmultiply-0.3.5/src/cgemm_common.rs:21:23
[INFO] [stdout]     |
[INFO] [stdout] 21  |               $dst = $a.mul_add($b, $dst);
[INFO] [stdout]     |                         ^^^^^^^ method not found in `f32`
[INFO] [stdout]     |
[INFO] [stdout]    ::: /opt/rustwide/cargo-home/registry/src/github.com-1ecc6299db9ec823/matrixmultiply-0.3.5/src/cgemm_kernel.rs:199:1
[INFO] [stdout]     |
[INFO] [stdout] 199 | / kernel_fallback_impl_complex! {
[INFO] [stdout] 200 | |     // instantiate separately
[INFO] [stdout] 201 | |     [inline target_feature(enable="avx2") target_feature(enable="fma")] [fma_yes]
[INFO] [stdout] 202 | |     kernel_target_avx2, T, TReal, KernelAvx2::MR, KernelAvx2::NR, 4
[INFO] [stdout] 203 | | }
[INFO] [stdout]     | |_- in this macro invocation
[INFO] [stdout]     |
[INFO] [stdout]     = note: this error originates in the macro `fmuladd` which comes from the expansion of the macro `kernel_fallback_impl_complex` (in Nightly builds, run with -Z macro-backtrace for more info)
[INFO] [stdout] 
[INFO] [stdout] 
[INFO] [stderr]     Checking async-stream v0.3.5
[INFO] [stdout] error[E0599]: no method named `mul_add` found for type `f64` in the current scope
[INFO] [stdout]    --> /opt/rustwide/cargo-home/registry/src/github.com-1ecc6299db9ec823/matrixmultiply-0.3.5/src/cgemm_common.rs:21:23
[INFO] [stdout]     |
[INFO] [stdout] 21  |               $dst = $a.mul_add($b, $dst);
[INFO] [stdout]     |                         ^^^^^^^ method not found in `f64`
[INFO] [stdout]     |
[INFO] [stdout]    ::: /opt/rustwide/cargo-home/registry/src/github.com-1ecc6299db9ec823/matrixmultiply-0.3.5/src/zgemm_kernel.rs:196:1
[INFO] [stdout]     |
[INFO] [stdout] 196 | / kernel_fallback_impl_complex! {
[INFO] [stdout] 197 | |     // instantiate fma separately
[INFO] [stdout] 198 | |     [inline target_feature(enable="fma") target_feature(enable="avx2")] [fma_yes]
[INFO] [stdout] 199 | |     kernel_target_avx2, T, TReal, KernelAvx2::MR, KernelAvx2::NR, 4
[INFO] [stdout] 200 | | }
[INFO] [stdout]     | |_- in this macro invocation
[INFO] [stdout]     |
[INFO] [stdout]     = note: this error originates in the macro `fmuladd` which comes from the expansion of the macro `kernel_fallback_impl_complex` (in Nightly builds, run with -Z macro-backtrace for more info)
[INFO] [stdout] 
[INFO] [stdout] 
[INFO] [stdout] error[E0599]: no method named `mul_add` found for type `f64` in the current scope
[INFO] [stdout]    --> /opt/rustwide/cargo-home/registry/src/github.com-1ecc6299db9ec823/matrixmultiply-0.3.5/src/cgemm_common.rs:21:23
[INFO] [stdout]     |
[INFO] [stdout] 21  |               $dst = $a.mul_add($b, $dst);
[INFO] [stdout]     |                         ^^^^^^^ method not found in `f64`
[INFO] [stdout]     |
[INFO] [stdout]    ::: /opt/rustwide/cargo-home/registry/src/github.com-1ecc6299db9ec823/matrixmultiply-0.3.5/src/zgemm_kernel.rs:196:1
[INFO] [stdout]     |
[INFO] [stdout] 196 | / kernel_fallback_impl_complex! {
[INFO] [stdout] 197 | |     // instantiate fma separately
[INFO] [stdout] 198 | |     [inline target_feature(enable="fma") target_feature(enable="avx2")] [fma_yes]
[INFO] [stdout] 199 | |     kernel_target_avx2, T, TReal, KernelAvx2::MR, KernelAvx2::NR, 4
[INFO] [stdout] 200 | | }
[INFO] [stdout]     | |_- in this macro invocation
[INFO] [stdout]     |
[INFO] [stdout]     = note: this error originates in the macro `fmuladd` which comes from the expansion of the macro `kernel_fallback_impl_complex` (in Nightly builds, run with -Z macro-backtrace for more info)
[INFO] [stdout] 
[INFO] [stdout] 
[INFO] [stdout] error[E0599]: no method named `mul_add` found for type `f64` in the current scope
[INFO] [stdout]    --> /opt/rustwide/cargo-home/registry/src/github.com-1ecc6299db9ec823/matrixmultiply-0.3.5/src/cgemm_common.rs:21:23
[INFO] [stdout]     |
[INFO] [stdout] 21  |               $dst = $a.mul_add($b, $dst);
[INFO] [stdout]     |                         ^^^^^^^ method not found in `f64`
[INFO] [stdout]     |
[INFO] [stdout]    ::: /opt/rustwide/cargo-home/registry/src/github.com-1ecc6299db9ec823/matrixmultiply-0.3.5/src/zgemm_kernel.rs:196:1
[INFO] [stdout]     |
[INFO] [stdout] 196 | / kernel_fallback_impl_complex! {
[INFO] [stdout] 197 | |     // instantiate fma separately
[INFO] [stdout] 198 | |     [inline target_feature(enable="fma") target_feature(enable="avx2")] [fma_yes]
[INFO] [stdout] 199 | |     kernel_target_avx2, T, TReal, KernelAvx2::MR, KernelAvx2::NR, 4
[INFO] [stdout] 200 | | }
[INFO] [stdout]     | |_- in this macro invocation
[INFO] [stdout]     |
[INFO] [stdout]     = note: this error originates in the macro `fmuladd` which comes from the expansion of the macro `kernel_fallback_impl_complex` (in Nightly builds, run with -Z macro-backtrace for more info)
[INFO] [stdout] 
[INFO] [stdout] 
[INFO] [stdout] error[E0599]: no method named `mul_add` found for type `f64` in the current scope
[INFO] [stdout]    --> /opt/rustwide/cargo-home/registry/src/github.com-1ecc6299db9ec823/matrixmultiply-0.3.5/src/cgemm_common.rs:21:23
[INFO] [stdout]     |
[INFO] [stdout] 21  |               $dst = $a.mul_add($b, $dst);
[INFO] [stdout]     |                         ^^^^^^^ method not found in `f64`
[INFO] [stdout]     |
[INFO] [stdout]    ::: /opt/rustwide/cargo-home/registry/src/github.com-1ecc6299db9ec823/matrixmultiply-0.3.5/src/zgemm_kernel.rs:196:1
[INFO] [stdout]     |
[INFO] [stdout] 196 | / kernel_fallback_impl_complex! {
[INFO] [stdout] 197 | |     // instantiate fma separately
[INFO] [stdout] 198 | |     [inline target_feature(enable="fma") target_feature(enable="avx2")] [fma_yes]
[INFO] [stdout] 199 | |     kernel_target_avx2, T, TReal, KernelAvx2::MR, KernelAvx2::NR, 4
[INFO] [stdout] 200 | | }
[INFO] [stdout]     | |_- in this macro invocation
[INFO] [stdout]     |
[INFO] [stdout]     = note: this error originates in the macro `fmuladd` which comes from the expansion of the macro `kernel_fallback_impl_complex` (in Nightly builds, run with -Z macro-backtrace for more info)
[INFO] [stdout] 
[INFO] [stdout] 
[INFO] [stdout] error[E0599]: no method named `mul_add` found for type `f64` in the current scope
[INFO] [stdout]    --> /opt/rustwide/cargo-home/registry/src/github.com-1ecc6299db9ec823/matrixmultiply-0.3.5/src/cgemm_common.rs:21:23
[INFO] [stdout]     |
[INFO] [stdout] 21  |               $dst = $a.mul_add($b, $dst);
[INFO] [stdout]     |                         ^^^^^^^ method not found in `f64`
[INFO] [stdout]     |
[INFO] [stdout]    ::: /opt/rustwide/cargo-home/registry/src/github.com-1ecc6299db9ec823/matrixmultiply-0.3.5/src/zgemm_kernel.rs:196:1
[INFO] [stdout]     |
[INFO] [stdout] 196 | / kernel_fallback_impl_complex! {
[INFO] [stdout] 197 | |     // instantiate fma separately
[INFO] [stdout] 198 | |     [inline target_feature(enable="fma") target_feature(enable="avx2")] [fma_yes]
[INFO] [stdout] 199 | |     kernel_target_avx2, T, TReal, KernelAvx2::MR, KernelAvx2::NR, 4
[INFO] [stdout] 200 | | }
[INFO] [stdout]     | |_- in this macro invocation
[INFO] [stdout]     |
[INFO] [stdout]     = note: this error originates in the macro `fmuladd` which comes from the expansion of the macro `kernel_fallback_impl_complex` (in Nightly builds, run with -Z macro-backtrace for more info)
[INFO] [stdout] 
[INFO] [stdout] 
[INFO] [stdout] error[E0599]: no method named `mul_add` found for type `f64` in the current scope
[INFO] [stdout]    --> /opt/rustwide/cargo-home/registry/src/github.com-1ecc6299db9ec823/matrixmultiply-0.3.5/src/cgemm_common.rs:21:23
[INFO] [stdout]     |
[INFO] [stdout] 21  |               $dst = $a.mul_add($b, $dst);
[INFO] [stdout]     |                         ^^^^^^^ method not found in `f64`
[INFO] [stdout]     |
[INFO] [stdout]    ::: /opt/rustwide/cargo-home/registry/src/github.com-1ecc6299db9ec823/matrixmultiply-0.3.5/src/zgemm_kernel.rs:196:1
[INFO] [stdout]     |
[INFO] [stdout] 196 | / kernel_fallback_impl_complex! {
[INFO] [stdout] 197 | |     // instantiate fma separately
[INFO] [stdout] 198 | |     [inline target_feature(enable="fma") target_feature(enable="avx2")] [fma_yes]
[INFO] [stdout] 199 | |     kernel_target_avx2, T, TReal, KernelAvx2::MR, KernelAvx2::NR, 4
[INFO] [stdout] 200 | | }
[INFO] [stdout]     | |_- in this macro invocation
[INFO] [stdout]     |
[INFO] [stdout]     = note: this error originates in the macro `fmuladd` which comes from the expansion of the macro `kernel_fallback_impl_complex` (in Nightly builds, run with -Z macro-backtrace for more info)
[INFO] [stdout] 
[INFO] [stdout] 
[INFO] [stdout] error[E0599]: no method named `mul_add` found for type `f64` in the current scope
[INFO] [stdout]    --> /opt/rustwide/cargo-home/registry/src/github.com-1ecc6299db9ec823/matrixmultiply-0.3.5/src/cgemm_common.rs:21:23
[INFO] [stdout]     |
[INFO] [stdout] 21  |               $dst = $a.mul_add($b, $dst);
[INFO] [stdout]     |                         ^^^^^^^ method not found in `f64`
[INFO] [stdout]     |
[INFO] [stdout]    ::: /opt/rustwide/cargo-home/registry/src/github.com-1ecc6299db9ec823/matrixmultiply-0.3.5/src/zgemm_kernel.rs:196:1
[INFO] [stdout]     |
[INFO] [stdout] 196 | / kernel_fallback_impl_complex! {
[INFO] [stdout] 197 | |     // instantiate fma separately
[INFO] [stdout] 198 | |     [inline target_feature(enable="fma") target_feature(enable="avx2")] [fma_yes]
[INFO] [stdout] 199 | |     kernel_target_avx2, T, TReal, KernelAvx2::MR, KernelAvx2::NR, 4
[INFO] [stdout] 200 | | }
[INFO] [stdout]     | |_- in this macro invocation
[INFO] [stdout]     |
[INFO] [stdout]     = note: this error originates in the macro `fmuladd` which comes from the expansion of the macro `kernel_fallback_impl_complex` (in Nightly builds, run with -Z macro-backtrace for more info)
[INFO] [stdout] 
[INFO] [stdout] 
[INFO] [stdout] error[E0599]: no method named `mul_add` found for type `f64` in the current scope
[INFO] [stdout]    --> /opt/rustwide/cargo-home/registry/src/github.com-1ecc6299db9ec823/matrixmultiply-0.3.5/src/cgemm_common.rs:21:23
[INFO] [stdout]     |
[INFO] [stdout] 21  |               $dst = $a.mul_add($b, $dst);
[INFO] [stdout]     |                         ^^^^^^^ method not found in `f64`
[INFO] [stdout]     |
[INFO] [stdout]    ::: /opt/rustwide/cargo-home/registry/src/github.com-1ecc6299db9ec823/matrixmultiply-0.3.5/src/zgemm_kernel.rs:196:1
[INFO] [stdout]     |
[INFO] [stdout] 196 | / kernel_fallback_impl_complex! {
[INFO] [stdout] 197 | |     // instantiate fma separately
[INFO] [stdout] 198 | |     [inline target_feature(enable="fma") target_feature(enable="avx2")] [fma_yes]
[INFO] [stdout] 199 | |     kernel_target_avx2, T, TReal, KernelAvx2::MR, KernelAvx2::NR, 4
[INFO] [stdout] 200 | | }
[INFO] [stdout]     | |_- in this macro invocation
[INFO] [stdout]     |
[INFO] [stdout]     = note: this error originates in the macro `fmuladd` which comes from the expansion of the macro `kernel_fallback_impl_complex` (in Nightly builds, run with -Z macro-backtrace for more info)
[INFO] [stdout] 
[INFO] [stdout] 
[INFO] [stdout] error: aborting due to 14 previous errors
[INFO] [stdout] 
[INFO] [stdout] 
[INFO] [stdout] Some errors have detailed explanations: E0432, E0433, E0599.
[INFO] [stdout] 
[INFO] [stdout] For more information about an error, try `rustc --explain E0432`.
[INFO] [stdout] 
[INFO] [stderr] error: could not compile `matrixmultiply` due to 15 previous errors
[INFO] [stderr] warning: build failed, waiting for other jobs to finish...
[INFO] running `Command { std: "docker" "inspect" "c96fab0035c49a30ec1e28a857a1822841b2b81b55e8f5edb849e2233ce27ed6", kill_on_drop: false }`
[INFO] running `Command { std: "docker" "rm" "-f" "c96fab0035c49a30ec1e28a857a1822841b2b81b55e8f5edb849e2233ce27ed6", kill_on_drop: false }`
[INFO] [stdout] c96fab0035c49a30ec1e28a857a1822841b2b81b55e8f5edb849e2233ce27ed6
