[INFO] fetching crate rtps 0.2.3...
[INFO] documenting rtps-0.2.3 against 1.69.0 for beta-1.70-rustdoc-1
[INFO] extracting crate rtps 0.2.3 into /workspace/builds/worker-6-tc1/source
[INFO] validating manifest of crates.io crate rtps 0.2.3 on toolchain 1.69.0
[INFO] running `Command { std: CARGO_HOME="/workspace/cargo-home" RUSTUP_HOME="/workspace/rustup-home" "/workspace/cargo-home/bin/cargo" "+1.69.0" "metadata" "--manifest-path" "Cargo.toml" "--no-deps", kill_on_drop: false }`
[INFO] started tweaking crates.io crate rtps 0.2.3
[INFO] removed 0 missing tests
[INFO] finished tweaking crates.io crate rtps 0.2.3
[INFO] tweaked toml for crates.io crate rtps 0.2.3 written to /workspace/builds/worker-6-tc1/source/Cargo.toml
[INFO] running `Command { std: CARGO_HOME="/workspace/cargo-home" RUSTUP_HOME="/workspace/rustup-home" __CARGO_TEST_CHANNEL_OVERRIDE_DO_NOT_USE_THIS="nightly" "/workspace/cargo-home/bin/cargo" "+1.69.0" "generate-lockfile" "--manifest-path" "Cargo.toml" "-Zno-index-update", kill_on_drop: false }`
[INFO] running `Command { std: CARGO_HOME="/workspace/cargo-home" RUSTUP_HOME="/workspace/rustup-home" "/workspace/cargo-home/bin/cargo" "+1.69.0" "fetch" "--manifest-path" "Cargo.toml", kill_on_drop: false }`
[INFO] running `Command { std: "docker" "create" "-v" "/var/lib/crater-agent-workspace/builds/worker-6-tc1/target:/opt/rustwide/target:rw,Z" "-v" "/var/lib/crater-agent-workspace/builds/worker-6-tc1/source:/opt/rustwide/workdir:ro,Z" "-v" "/var/lib/crater-agent-workspace/cargo-home:/opt/rustwide/cargo-home:ro,Z" "-v" "/var/lib/crater-agent-workspace/rustup-home:/opt/rustwide/rustup-home:ro,Z" "-e" "SOURCE_DIR=/opt/rustwide/workdir" "-e" "CARGO_TARGET_DIR=/opt/rustwide/target" "-e" "CARGO_HOME=/opt/rustwide/cargo-home" "-e" "RUSTUP_HOME=/opt/rustwide/rustup-home" "-w" "/opt/rustwide/workdir" "-m" "1610612736" "--user" "0:0" "--network" "none" "ghcr.io/rust-lang/crates-build-env/linux@sha256:5ff2268d62e97bff2cde7d5815dd6ed5b47097566f13b8d0ca110b04b60e07ed" "/opt/rustwide/cargo-home/bin/cargo" "+1.69.0" "metadata" "--no-deps" "--format-version=1", kill_on_drop: false }`
[INFO] [stdout] 6b345672f003a2b539ee124406c3bd1a3d799cd366d75e928dd199434f82a818
[INFO] running `Command { std: "docker" "start" "-a" "6b345672f003a2b539ee124406c3bd1a3d799cd366d75e928dd199434f82a818", kill_on_drop: false }`
[INFO] running `Command { std: "docker" "inspect" "6b345672f003a2b539ee124406c3bd1a3d799cd366d75e928dd199434f82a818", kill_on_drop: false }`
[INFO] running `Command { std: "docker" "rm" "-f" "6b345672f003a2b539ee124406c3bd1a3d799cd366d75e928dd199434f82a818", kill_on_drop: false }`
[INFO] [stdout] 6b345672f003a2b539ee124406c3bd1a3d799cd366d75e928dd199434f82a818
[INFO] running `Command { std: "docker" "create" "-v" "/var/lib/crater-agent-workspace/builds/worker-6-tc1/target:/opt/rustwide/target:rw,Z" "-v" "/var/lib/crater-agent-workspace/builds/worker-6-tc1/source:/opt/rustwide/workdir:ro,Z" "-v" "/var/lib/crater-agent-workspace/cargo-home:/opt/rustwide/cargo-home:ro,Z" "-v" "/var/lib/crater-agent-workspace/rustup-home:/opt/rustwide/rustup-home:ro,Z" "-e" "SOURCE_DIR=/opt/rustwide/workdir" "-e" "CARGO_TARGET_DIR=/opt/rustwide/target" "-e" "CARGO_INCREMENTAL=0" "-e" "RUST_BACKTRACE=full" "-e" "RUSTFLAGS=--cap-lints=warn" "-e" "RUSTDOCFLAGS=--cap-lints=warn" "-e" "CARGO_HOME=/opt/rustwide/cargo-home" "-e" "RUSTUP_HOME=/opt/rustwide/rustup-home" "-w" "/opt/rustwide/workdir" "-m" "1610612736" "--user" "0:0" "--network" "none" "ghcr.io/rust-lang/crates-build-env/linux@sha256:5ff2268d62e97bff2cde7d5815dd6ed5b47097566f13b8d0ca110b04b60e07ed" "/opt/rustwide/cargo-home/bin/cargo" "+1.69.0" "doc" "--frozen" "--no-deps" "--document-private-items" "--message-format=json", kill_on_drop: false }`
[INFO] [stdout] 09b77f9c20a7a7e83db6dcb7ec1b02e12bbaf7b956300f1a7038214cde89e989
[INFO] running `Command { std: "docker" "start" "-a" "09b77f9c20a7a7e83db6dcb7ec1b02e12bbaf7b956300f1a7038214cde89e989", kill_on_drop: false }`
[INFO] [stderr] warning: rtps v0.2.3 (/opt/rustwide/workdir) ignoring invalid dependency `clippy` which is missing a lib target
[INFO] [stderr]    Compiling quote v0.3.15
[INFO] [stderr]    Compiling unicode-xid v0.0.3
[INFO] [stderr]     Checking bitflags v0.7.0
[INFO] [stderr]     Checking serde v0.8.23
[INFO] [stderr]     Checking byteorder v0.5.3
[INFO] [stderr]     Checking net2 v0.2.38
[INFO] [stderr]    Compiling syn v0.9.2
[INFO] [stderr]    Compiling serde_codegen_internals v0.10.0
[INFO] [stderr]    Compiling serde_codegen v0.8.14
[INFO] [stdout] error[E0463]: can't find crate for `syntax`
[INFO] [stdout]   --> /opt/rustwide/cargo-home/registry/src/github.com-1ecc6299db9ec823/serde_codegen-0.8.14/src/lib.rs:21:1
[INFO] [stdout]    |
[INFO] [stdout] 21 | extern crate syntax;
[INFO] [stdout]    | ^^^^^^^^^^^^^^^^^^^^ can't find crate
[INFO] [stdout] 
[INFO] [stdout] 
[INFO] [stdout] error[E0463]: can't find crate for `rustc_plugin`
[INFO] [stdout]   --> /opt/rustwide/cargo-home/registry/src/github.com-1ecc6299db9ec823/serde_codegen-0.8.14/src/lib.rs:24:1
[INFO] [stdout]    |
[INFO] [stdout] 24 | extern crate rustc_plugin;
[INFO] [stdout]    | ^^^^^^^^^^^^^^^^^^^^^^^^^^ can't find crate
[INFO] [stdout]    |
[INFO] [stdout]    = help: maybe you need to install the missing components with: `rustup component add rust-src rustc-dev llvm-tools-preview`
[INFO] [stdout] 
[INFO] [stdout] 
[INFO] [stdout] error[E0554]: `#![feature]` may not be used on the stable release channel
[INFO] [stdout]  --> /opt/rustwide/cargo-home/registry/src/github.com-1ecc6299db9ec823/serde_codegen-0.8.14/src/lib.rs:5:43
[INFO] [stdout]   |
[INFO] [stdout] 5 | #![cfg_attr(not(feature = "with-syntex"), feature(rustc_private, plugin))]
[INFO] [stdout]   |                                           ^^^^^^^^^^^^^^^^^^^^^^^^^^^^^^
[INFO] [stdout] 
[INFO] [stdout] 
[INFO] [stdout] error: aborting due to 3 previous errors
[INFO] [stdout] 
[INFO] [stdout] 
[INFO] [stdout] Some errors have detailed explanations: E0463, E0554.
[INFO] [stdout] 
[INFO] [stdout] For more information about an error, try `rustc --explain E0463`.
[INFO] [stdout] 
[INFO] [stderr] error: could not compile `serde_codegen` due to 4 previous errors
[INFO] running `Command { std: "docker" "inspect" "09b77f9c20a7a7e83db6dcb7ec1b02e12bbaf7b956300f1a7038214cde89e989", kill_on_drop: false }`
[INFO] running `Command { std: "docker" "rm" "-f" "09b77f9c20a7a7e83db6dcb7ec1b02e12bbaf7b956300f1a7038214cde89e989", kill_on_drop: false }`
[INFO] [stdout] 09b77f9c20a7a7e83db6dcb7ec1b02e12bbaf7b956300f1a7038214cde89e989
