[INFO] fetching crate rsautogui 0.2.2...
[INFO] documenting rsautogui-0.2.2 against 1.69.0 for beta-1.70-rustdoc-1
[INFO] extracting crate rsautogui 0.2.2 into /workspace/builds/worker-5-tc1/source
[INFO] validating manifest of crates.io crate rsautogui 0.2.2 on toolchain 1.69.0
[INFO] running `Command { std: CARGO_HOME="/workspace/cargo-home" RUSTUP_HOME="/workspace/rustup-home" "/workspace/cargo-home/bin/cargo" "+1.69.0" "metadata" "--manifest-path" "Cargo.toml" "--no-deps", kill_on_drop: false }`
[INFO] started tweaking crates.io crate rsautogui 0.2.2
[INFO] finished tweaking crates.io crate rsautogui 0.2.2
[INFO] tweaked toml for crates.io crate rsautogui 0.2.2 written to /workspace/builds/worker-5-tc1/source/Cargo.toml
[INFO] running `Command { std: CARGO_HOME="/workspace/cargo-home" RUSTUP_HOME="/workspace/rustup-home" __CARGO_TEST_CHANNEL_OVERRIDE_DO_NOT_USE_THIS="nightly" "/workspace/cargo-home/bin/cargo" "+1.69.0" "generate-lockfile" "--manifest-path" "Cargo.toml" "-Zno-index-update", kill_on_drop: false }`
[INFO] running `Command { std: CARGO_HOME="/workspace/cargo-home" RUSTUP_HOME="/workspace/rustup-home" "/workspace/cargo-home/bin/cargo" "+1.69.0" "fetch" "--manifest-path" "Cargo.toml", kill_on_drop: false }`
[INFO] [stderr]  Downloading crates ...
[INFO] [stderr]   Downloaded screenshots v0.5.4
[INFO] [stderr]   Downloaded display-info v0.4.1
[INFO] [stderr]   Downloaded winput v0.2.5
[INFO] running `Command { std: "docker" "create" "-v" "/var/lib/crater-agent-workspace/builds/worker-5-tc1/target:/opt/rustwide/target:rw,Z" "-v" "/var/lib/crater-agent-workspace/builds/worker-5-tc1/source:/opt/rustwide/workdir:ro,Z" "-v" "/var/lib/crater-agent-workspace/cargo-home:/opt/rustwide/cargo-home:ro,Z" "-v" "/var/lib/crater-agent-workspace/rustup-home:/opt/rustwide/rustup-home:ro,Z" "-e" "SOURCE_DIR=/opt/rustwide/workdir" "-e" "CARGO_TARGET_DIR=/opt/rustwide/target" "-e" "CARGO_HOME=/opt/rustwide/cargo-home" "-e" "RUSTUP_HOME=/opt/rustwide/rustup-home" "-w" "/opt/rustwide/workdir" "-m" "1610612736" "--user" "0:0" "--network" "none" "ghcr.io/rust-lang/crates-build-env/linux@sha256:5ff2268d62e97bff2cde7d5815dd6ed5b47097566f13b8d0ca110b04b60e07ed" "/opt/rustwide/cargo-home/bin/cargo" "+1.69.0" "metadata" "--no-deps" "--format-version=1", kill_on_drop: false }`
[INFO] [stdout] 24693a7da11ef9798c861081642540abc232a3f090a33fbd89e5bb56eed1363e
[INFO] running `Command { std: "docker" "start" "-a" "24693a7da11ef9798c861081642540abc232a3f090a33fbd89e5bb56eed1363e", kill_on_drop: false }`
[INFO] running `Command { std: "docker" "inspect" "24693a7da11ef9798c861081642540abc232a3f090a33fbd89e5bb56eed1363e", kill_on_drop: false }`
[INFO] running `Command { std: "docker" "rm" "-f" "24693a7da11ef9798c861081642540abc232a3f090a33fbd89e5bb56eed1363e", kill_on_drop: false }`
[INFO] [stdout] 24693a7da11ef9798c861081642540abc232a3f090a33fbd89e5bb56eed1363e
[INFO] running `Command { std: "docker" "create" "-v" "/var/lib/crater-agent-workspace/builds/worker-5-tc1/target:/opt/rustwide/target:rw,Z" "-v" "/var/lib/crater-agent-workspace/builds/worker-5-tc1/source:/opt/rustwide/workdir:ro,Z" "-v" "/var/lib/crater-agent-workspace/cargo-home:/opt/rustwide/cargo-home:ro,Z" "-v" "/var/lib/crater-agent-workspace/rustup-home:/opt/rustwide/rustup-home:ro,Z" "-e" "SOURCE_DIR=/opt/rustwide/workdir" "-e" "CARGO_TARGET_DIR=/opt/rustwide/target" "-e" "CARGO_INCREMENTAL=0" "-e" "RUST_BACKTRACE=full" "-e" "RUSTFLAGS=--cap-lints=warn" "-e" "RUSTDOCFLAGS=--cap-lints=warn" "-e" "CARGO_HOME=/opt/rustwide/cargo-home" "-e" "RUSTUP_HOME=/opt/rustwide/rustup-home" "-w" "/opt/rustwide/workdir" "-m" "1610612736" "--user" "0:0" "--network" "none" "ghcr.io/rust-lang/crates-build-env/linux@sha256:5ff2268d62e97bff2cde7d5815dd6ed5b47097566f13b8d0ca110b04b60e07ed" "/opt/rustwide/cargo-home/bin/cargo" "+1.69.0" "doc" "--frozen" "--no-deps" "--document-private-items" "--message-format=json", kill_on_drop: false }`
[INFO] [stdout] c57754160486d483522aeaf2db80b7c5a88d8805b8d58013e4f0f0b97339c422
[INFO] running `Command { std: "docker" "start" "-a" "c57754160486d483522aeaf2db80b7c5a88d8805b8d58013e4f0f0b97339c422", kill_on_drop: false }`
[INFO] [stderr]    Compiling autocfg v1.1.0
[INFO] [stderr]     Checking cfg-if v1.0.0
[INFO] [stderr]    Compiling libc v0.2.142
[INFO] [stderr]    Compiling crossbeam-utils v0.8.15
[INFO] [stderr]     Checking scopeguard v1.1.0
[INFO] [stderr]     Checking simd-adler32 v0.3.5
[INFO] [stderr]    Compiling proc-macro2 v1.0.56
[INFO] [stderr]    Compiling quote v1.0.26
[INFO] [stderr]    Compiling memchr v2.5.0
[INFO] [stderr]    Compiling unicode-ident v1.0.8
[INFO] [stderr]     Checking adler v1.0.2
[INFO] [stderr]    Compiling crc32fast v1.3.2
[INFO] [stderr]    Compiling syn v1.0.109
[INFO] [stderr]    Compiling rayon-core v1.11.0
[INFO] [stderr]    Compiling memoffset v0.8.0
[INFO] [stderr]    Compiling crossbeam-epoch v0.9.14
[INFO] [stderr]     Checking crossbeam-channel v0.5.8
[INFO] [stderr]    Compiling lock_api v0.4.9
[INFO] [stderr]    Compiling num-traits v0.2.15
[INFO] [stderr]     Checking miniz_oxide v0.7.1
[INFO] [stderr]    Compiling quick-xml v0.28.2
[INFO] [stderr]     Checking num_cpus v1.15.0
[INFO] [stderr]     Checking crossbeam-deque v0.8.3
[INFO] [stderr]    Compiling futures-core v0.3.28
[INFO] [stderr]     Checking bitflags v1.3.2
[INFO] [stderr]    Compiling cc v1.0.79
[INFO] [stderr]    Compiling pkg-config v0.3.26
[INFO] [stderr]     Checking flate2 v1.0.26
[INFO] [stderr]     Checking getrandom v0.2.9
[INFO] [stderr]    Compiling num-integer v0.1.45
[INFO] [stderr]    Compiling anyhow v1.0.71
[INFO] [stderr]     Checking either v1.8.1
[INFO] [stderr]     Checking nanorand v0.7.0
[INFO] [stderr]     Checking rayon v1.7.0
[INFO] [stderr]    Compiling xcb v1.2.1
[INFO] [stderr]     Checking spin v0.9.8
[INFO] [stderr]    Compiling num-rational v0.4.1
[INFO] [stderr]     Checking fdeflate v0.3.0
[INFO] [stderr]     Checking weezl v0.1.7
[INFO] [stderr]     Checking futures-sink v0.3.28
[INFO] [stderr]    Compiling winapi v0.3.9
[INFO] [stderr]     Checking png v0.17.8
[INFO] [stderr]    Compiling libdbus-sys v0.2.5
[INFO] [stderr]     Checking miniz_oxide v0.6.2
[INFO] [stderr]     Checking zune-inflate v0.2.54
[INFO] [stderr]     Checking bit_field v0.10.2
[INFO] [stderr]     Checking bytemuck v1.13.1
[INFO] [stderr]     Checking smallvec v1.10.0
[INFO] [stderr]    Compiling screenshots v0.5.4
[INFO] [stderr]     Checking lebe v0.5.2
[INFO] [stderr]     Checking half v2.2.1
[INFO] [stderr]     Checking color_quant v1.1.0
[INFO] [stderr]     Checking qoi v0.4.1
[INFO] [stderr]     Checking gif v0.12.0
[INFO] [stderr]     Checking byteorder v1.4.3
[INFO] [stderr]     Checking winput v0.2.5
[INFO] [stderr]     Checking jpeg-decoder v0.3.0
[INFO] [stdout] error[E0433]: failed to resolve: could not find `um` in `winapi`
[INFO] [stdout]   --> /opt/rustwide/cargo-home/registry/src/github.com-1ecc6299db9ec823/winput-0.2.5/src/error.rs:26:21
[INFO] [stdout]    |
[INFO] [stdout] 26 |         use winapi::um::errhandlingapi::GetLastError;
[INFO] [stdout]    |                     ^^ could not find `um` in `winapi`
[INFO] [stdout] 
[INFO] [stdout] 
[INFO] [stdout] error[E0433]: failed to resolve: could not find `um` in `winapi`
[INFO] [stdout]    --> /opt/rustwide/cargo-home/registry/src/github.com-1ecc6299db9ec823/winput-0.2.5/src/vk.rs:707:21
[INFO] [stdout]     |
[INFO] [stdout] 707 |         use winapi::um::winuser::GetAsyncKeyState;
[INFO] [stdout]     |                     ^^ could not find `um` in `winapi`
[INFO] [stdout] 
[INFO] [stdout] 
[INFO] [stdout] error[E0433]: failed to resolve: could not find `um` in `winapi`
[INFO] [stdout]    --> /opt/rustwide/cargo-home/registry/src/github.com-1ecc6299db9ec823/winput-0.2.5/src/vk.rs:733:21
[INFO] [stdout]     |
[INFO] [stdout] 733 |         use winapi::um::winuser::GetKeyState;
[INFO] [stdout]     |                     ^^ could not find `um` in `winapi`
[INFO] [stdout] 
[INFO] [stdout] 
[INFO] [stdout] error[E0432]: unresolved import `winapi::um`
[INFO] [stdout]   --> /opt/rustwide/cargo-home/registry/src/github.com-1ecc6299db9ec823/winput-0.2.5/src/error.rs:47:21
[INFO] [stdout]    |
[INFO] [stdout] 47 |         use winapi::um::winbase;
[INFO] [stdout]    |                     ^^ could not find `um` in `winapi`
[INFO] [stdout] 
[INFO] [stdout] 
[INFO] [stdout] error[E0432]: unresolved import `winapi::um`
[INFO] [stdout]  --> /opt/rustwide/cargo-home/registry/src/github.com-1ecc6299db9ec823/winput-0.2.5/src/input.rs:3:13
[INFO] [stdout]   |
[INFO] [stdout] 3 | use winapi::um::winuser;
[INFO] [stdout]   |             ^^ could not find `um` in `winapi`
[INFO] [stdout] 
[INFO] [stdout] 
[INFO] [stdout] error[E0432]: unresolved import `winapi::shared`
[INFO] [stdout]  --> /opt/rustwide/cargo-home/registry/src/github.com-1ecc6299db9ec823/winput-0.2.5/src/mouse.rs:6:13
[INFO] [stdout]   |
[INFO] [stdout] 6 | use winapi::shared::windef;
[INFO] [stdout]   |             ^^^^^^ could not find `shared` in `winapi`
[INFO] [stdout] 
[INFO] [stdout] 
[INFO] [stdout] error[E0433]: failed to resolve: could not find `windows` in `os`
[INFO] [stdout]   --> /opt/rustwide/cargo-home/registry/src/github.com-1ecc6299db9ec823/winput-0.2.5/src/message_loop.rs:35:14
[INFO] [stdout]    |
[INFO] [stdout] 35 | use std::os::windows::ffi::OsStrExt;
[INFO] [stdout]    |              ^^^^^^^ could not find `windows` in `os`
[INFO] [stdout] 
[INFO] [stdout] 
[INFO] [stdout] error[E0432]: unresolved import `winapi::um`
[INFO] [stdout]  --> /opt/rustwide/cargo-home/registry/src/github.com-1ecc6299db9ec823/winput-0.2.5/src/mouse.rs:7:13
[INFO] [stdout]   |
[INFO] [stdout] 7 | use winapi::um::winuser;
[INFO] [stdout]   |             ^^ could not find `um` in `winapi`
[INFO] [stdout] 
[INFO] [stdout] 
[INFO] [stdout] error[E0432]: unresolved import `winapi::shared`
[INFO] [stdout]   --> /opt/rustwide/cargo-home/registry/src/github.com-1ecc6299db9ec823/winput-0.2.5/src/message_loop.rs:41:13
[INFO] [stdout]    |
[INFO] [stdout] 41 | use winapi::shared::{hidusage, minwindef, windef};
[INFO] [stdout]    |             ^^^^^^ could not find `shared` in `winapi`
[INFO] [stdout] 
[INFO] [stdout] 
[INFO] [stdout] error[E0432]: unresolved import `winapi::um`
[INFO] [stdout]   --> /opt/rustwide/cargo-home/registry/src/github.com-1ecc6299db9ec823/winput-0.2.5/src/message_loop.rs:42:13
[INFO] [stdout]    |
[INFO] [stdout] 42 | use winapi::um::{libloaderapi, winuser};
[INFO] [stdout]    |             ^^ could not find `um` in `winapi`
[INFO] [stdout] 
[INFO] [stdout] 
[INFO] [stdout] error[E0599]: no method named `encode_wide` found for reference `&OsStr` in the current scope
[INFO] [stdout]    --> /opt/rustwide/cargo-home/registry/src/github.com-1ecc6299db9ec823/winput-0.2.5/src/message_loop.rs:372:18
[INFO] [stdout]     |
[INFO] [stdout] 371 |               let class_name = OsStr::new("winput_message_loop")
[INFO] [stdout]     |  ______________________________-
[INFO] [stdout] 372 | |                 .encode_wide()
[INFO] [stdout]     | |                 -^^^^^^^^^^^ method not found in `&OsStr`
[INFO] [stdout]     | |_________________|
[INFO] [stdout]     | 
[INFO] [stdout] 
[INFO] [stdout] 
[INFO] [stderr]     Checking spin_sleep v1.1.1
[INFO] [stdout] error: aborting due to 11 previous errors
[INFO] [stdout] 
[INFO] [stdout] 
[INFO] [stdout] Some errors have detailed explanations: E0432, E0433, E0599.
[INFO] [stdout] 
[INFO] [stdout] For more information about an error, try `rustc --explain E0432`.
[INFO] [stdout] 
[INFO] [stderr] error: could not compile `winput` due to 12 previous errors
[INFO] [stderr] warning: build failed, waiting for other jobs to finish...
[INFO] running `Command { std: "docker" "inspect" "c57754160486d483522aeaf2db80b7c5a88d8805b8d58013e4f0f0b97339c422", kill_on_drop: false }`
[INFO] running `Command { std: "docker" "rm" "-f" "c57754160486d483522aeaf2db80b7c5a88d8805b8d58013e4f0f0b97339c422", kill_on_drop: false }`
[INFO] [stdout] c57754160486d483522aeaf2db80b7c5a88d8805b8d58013e4f0f0b97339c422
