[INFO] fetching crate rq 0.1.2...
[INFO] documenting rq-0.1.2 against 1.69.0 for beta-1.70-rustdoc-1
[INFO] extracting crate rq 0.1.2 into /workspace/builds/worker-3-tc1/source
[INFO] validating manifest of crates.io crate rq 0.1.2 on toolchain 1.69.0
[INFO] running `Command { std: CARGO_HOME="/workspace/cargo-home" RUSTUP_HOME="/workspace/rustup-home" "/workspace/cargo-home/bin/cargo" "+1.69.0" "metadata" "--manifest-path" "Cargo.toml" "--no-deps", kill_on_drop: false }`
[INFO] started tweaking crates.io crate rq 0.1.2
[INFO] finished tweaking crates.io crate rq 0.1.2
[INFO] tweaked toml for crates.io crate rq 0.1.2 written to /workspace/builds/worker-3-tc1/source/Cargo.toml
[INFO] running `Command { std: CARGO_HOME="/workspace/cargo-home" RUSTUP_HOME="/workspace/rustup-home" __CARGO_TEST_CHANNEL_OVERRIDE_DO_NOT_USE_THIS="nightly" "/workspace/cargo-home/bin/cargo" "+1.69.0" "generate-lockfile" "--manifest-path" "Cargo.toml" "-Zno-index-update", kill_on_drop: false }`
[INFO] running `Command { std: CARGO_HOME="/workspace/cargo-home" RUSTUP_HOME="/workspace/rustup-home" "/workspace/cargo-home/bin/cargo" "+1.69.0" "fetch" "--manifest-path" "Cargo.toml", kill_on_drop: false }`
[INFO] [stderr]  Downloading crates ...
[INFO] [stderr]   Downloaded rq_derive v0.1.2
[INFO] running `Command { std: "docker" "create" "-v" "/var/lib/crater-agent-workspace/builds/worker-3-tc1/target:/opt/rustwide/target:rw,Z" "-v" "/var/lib/crater-agent-workspace/builds/worker-3-tc1/source:/opt/rustwide/workdir:ro,Z" "-v" "/var/lib/crater-agent-workspace/cargo-home:/opt/rustwide/cargo-home:ro,Z" "-v" "/var/lib/crater-agent-workspace/rustup-home:/opt/rustwide/rustup-home:ro,Z" "-e" "SOURCE_DIR=/opt/rustwide/workdir" "-e" "CARGO_TARGET_DIR=/opt/rustwide/target" "-e" "CARGO_HOME=/opt/rustwide/cargo-home" "-e" "RUSTUP_HOME=/opt/rustwide/rustup-home" "-w" "/opt/rustwide/workdir" "-m" "1610612736" "--user" "0:0" "--network" "none" "ghcr.io/rust-lang/crates-build-env/linux@sha256:5ff2268d62e97bff2cde7d5815dd6ed5b47097566f13b8d0ca110b04b60e07ed" "/opt/rustwide/cargo-home/bin/cargo" "+1.69.0" "metadata" "--no-deps" "--format-version=1", kill_on_drop: false }`
[INFO] [stdout] 244cc86592d70ba8ce074a25824b56decb2910cb064bc879dcf50e011423e200
[INFO] running `Command { std: "docker" "start" "-a" "244cc86592d70ba8ce074a25824b56decb2910cb064bc879dcf50e011423e200", kill_on_drop: false }`
[INFO] running `Command { std: "docker" "inspect" "244cc86592d70ba8ce074a25824b56decb2910cb064bc879dcf50e011423e200", kill_on_drop: false }`
[INFO] running `Command { std: "docker" "rm" "-f" "244cc86592d70ba8ce074a25824b56decb2910cb064bc879dcf50e011423e200", kill_on_drop: false }`
[INFO] [stdout] 244cc86592d70ba8ce074a25824b56decb2910cb064bc879dcf50e011423e200
[INFO] running `Command { std: "docker" "create" "-v" "/var/lib/crater-agent-workspace/builds/worker-3-tc1/target:/opt/rustwide/target:rw,Z" "-v" "/var/lib/crater-agent-workspace/builds/worker-3-tc1/source:/opt/rustwide/workdir:ro,Z" "-v" "/var/lib/crater-agent-workspace/cargo-home:/opt/rustwide/cargo-home:ro,Z" "-v" "/var/lib/crater-agent-workspace/rustup-home:/opt/rustwide/rustup-home:ro,Z" "-e" "SOURCE_DIR=/opt/rustwide/workdir" "-e" "CARGO_TARGET_DIR=/opt/rustwide/target" "-e" "CARGO_INCREMENTAL=0" "-e" "RUST_BACKTRACE=full" "-e" "RUSTFLAGS=--cap-lints=warn" "-e" "RUSTDOCFLAGS=--cap-lints=warn" "-e" "CARGO_HOME=/opt/rustwide/cargo-home" "-e" "RUSTUP_HOME=/opt/rustwide/rustup-home" "-w" "/opt/rustwide/workdir" "-m" "1610612736" "--user" "0:0" "--network" "none" "ghcr.io/rust-lang/crates-build-env/linux@sha256:5ff2268d62e97bff2cde7d5815dd6ed5b47097566f13b8d0ca110b04b60e07ed" "/opt/rustwide/cargo-home/bin/cargo" "+1.69.0" "doc" "--frozen" "--no-deps" "--document-private-items" "--message-format=json", kill_on_drop: false }`
[INFO] [stdout] ad4a0372be73aafe13e6ea21ea08a395a48ff721f07c216f08539e8a2f602113
[INFO] running `Command { std: "docker" "start" "-a" "ad4a0372be73aafe13e6ea21ea08a395a48ff721f07c216f08539e8a2f602113", kill_on_drop: false }`
[INFO] [stderr]    Compiling proc-macro2 v0.4.30
[INFO] [stderr]    Compiling unicode-xid v0.1.0
[INFO] [stderr]    Compiling syn v0.15.44
[INFO] [stderr]    Compiling libc v0.2.142
[INFO] [stderr]    Compiling cmake v0.1.50
[INFO] [stderr]    Compiling rq v0.1.2 (/opt/rustwide/workdir)
[INFO] [stderr]    Compiling quote v0.6.13
[INFO] [stderr] error: could not compile `syn`
[INFO] [stderr] 
[INFO] [stderr] Caused by:
[INFO] [stderr]   process didn't exit successfully: `rustc --crate-name syn /opt/rustwide/cargo-home/registry/src/github.com-1ecc6299db9ec823/syn-0.15.44/src/lib.rs --error-format=json --json=diagnostic-rendered-ansi,artifacts,future-incompat --crate-type lib --emit=dep-info,metadata,link -C embed-bitcode=no --cfg 'feature="clone-impls"' --cfg 'feature="default"' --cfg 'feature="derive"' --cfg 'feature="full"' --cfg 'feature="parsing"' --cfg 'feature="printing"' --cfg 'feature="proc-macro"' --cfg 'feature="quote"' -C metadata=7805457ac69005d6 -C extra-filename=-7805457ac69005d6 --out-dir /opt/rustwide/target/debug/deps -L dependency=/opt/rustwide/target/debug/deps --extern proc_macro2=/opt/rustwide/target/debug/deps/libproc_macro2-0fccd25f405ab2f5.rmeta --extern quote=/opt/rustwide/target/debug/deps/libquote-0ced2807704a787a.rmeta --extern unicode_xid=/opt/rustwide/target/debug/deps/libunicode_xid-d9678ef7bb9870d6.rmeta --cap-lints allow --cap-lints=warn --cfg syn_can_match_trailing_dollar --cfg syn_can_use_thread_id --cfg syn_can_use_associated_constants --cfg syn_can_call_macro_by_path --cfg syn_disable_nightly_tests` (signal: 9, SIGKILL: kill)
[INFO] [stderr] warning: build failed, waiting for other jobs to finish...
[INFO] [stderr] error: failed to run custom build command for `rq v0.1.2 (/opt/rustwide/workdir)`
[INFO] [stderr] note: To improve backtraces for build dependencies, set the CARGO_PROFILE_DEV_BUILD_OVERRIDE_DEBUG=true environment variable to enable debug information generation.
[INFO] [stderr] 
[INFO] [stderr] Caused by:
[INFO] [stderr]   process didn't exit successfully: `/opt/rustwide/target/debug/build/rq-34f46c290c4e8a9c/build-script-build` (exit status: 101)
[INFO] [stderr]   --- stdout
[INFO] [stderr]   CMAKE_TOOLCHAIN_FILE_x86_64-unknown-linux-gnu = None
[INFO] [stderr]   CMAKE_TOOLCHAIN_FILE_x86_64_unknown_linux_gnu = None
[INFO] [stderr]   HOST_CMAKE_TOOLCHAIN_FILE = None
[INFO] [stderr]   CMAKE_TOOLCHAIN_FILE = None
[INFO] [stderr]   CMAKE_GENERATOR_x86_64-unknown-linux-gnu = None
[INFO] [stderr]   CMAKE_GENERATOR_x86_64_unknown_linux_gnu = None
[INFO] [stderr]   HOST_CMAKE_GENERATOR = None
[INFO] [stderr]   CMAKE_GENERATOR = None
[INFO] [stderr]   CMAKE_PREFIX_PATH_x86_64-unknown-linux-gnu = None
[INFO] [stderr]   CMAKE_PREFIX_PATH_x86_64_unknown_linux_gnu = None
[INFO] [stderr]   HOST_CMAKE_PREFIX_PATH = None
[INFO] [stderr]   CMAKE_PREFIX_PATH = None
[INFO] [stderr]   CMAKE_x86_64-unknown-linux-gnu = None
[INFO] [stderr]   CMAKE_x86_64_unknown_linux_gnu = None
[INFO] [stderr]   HOST_CMAKE = None
[INFO] [stderr]   CMAKE = None
[INFO] [stderr]   running: cd "/opt/rustwide/target/debug/build/rq-52ff00c1494777a0/out/build" && CMAKE_PREFIX_PATH="" "cmake" "/opt/rustwide/workdir/cql/src" "-DCMAKE_INSTALL_PREFIX=/opt/rustwide/target/debug/build/rq-52ff00c1494777a0/out" "-DCMAKE_C_FLAGS= -ffunction-sections -fdata-sections -fPIC -m64" "-DCMAKE_C_COMPILER=/usr/bin/cc" "-DCMAKE_CXX_FLAGS= -ffunction-sections -fdata-sections -fPIC -m64" "-DCMAKE_CXX_COMPILER=/usr/bin/c++" "-DCMAKE_ASM_FLAGS= -ffunction-sections -fdata-sections -fPIC -m64" "-DCMAKE_ASM_COMPILER=/usr/bin/cc" "-DCMAKE_BUILD_TYPE=Debug"
[INFO] [stderr]   -- The C compiler identification is GNU 11.3.0
[INFO] [stderr]   -- The CXX compiler identification is GNU 11.3.0
[INFO] [stderr]   -- Detecting C compiler ABI info
[INFO] [stderr]   -- Detecting C compiler ABI info - done
[INFO] [stderr]   -- Check for working C compiler: /usr/bin/cc - skipped
[INFO] [stderr]   -- Detecting C compile features
[INFO] [stderr]   -- Detecting C compile features - done
[INFO] [stderr]   -- Detecting CXX compiler ABI info
[INFO] [stderr]   -- Detecting CXX compiler ABI info - done
[INFO] [stderr]   -- Check for working CXX compiler: /usr/bin/c++ - skipped
[INFO] [stderr]   -- Detecting CXX compile features
[INFO] [stderr]   -- Detecting CXX compile features - done
[INFO] [stderr]   -- Configuring done
[INFO] [stderr]   -- Generating done
[INFO] [stderr]   -- Build files have been written to: /opt/rustwide/target/debug/build/rq-52ff00c1494777a0/out/build
[INFO] [stderr]   running: cd "/opt/rustwide/target/debug/build/rq-52ff00c1494777a0/out/build" && MAKEFLAGS="-j --jobserver-fds=13,14 --jobserver-auth=13,14" "cmake" "--build" "." "--target" "install" "--config" "Debug"
[INFO] [stderr]   [  4%] Building CXX object l/CMakeFiles/l.dir/defs.cpp.o
[INFO] [stderr]   [  4%] Building CXX object l/CMakeFiles/l.dir/flt.cpp.o
[INFO] [stderr]   [  4%] Building CXX object l/CMakeFiles/l.dir/err.cpp.o
[INFO] [stderr]   [  4%] Automatic MOC for target q
[INFO] [stderr]   [  5%] Building CXX object l/CMakeFiles/l.dir/ij.cpp.o
[INFO] [stderr]   [  6%] Building CXX object l/CMakeFiles/l.dir/json.cpp.o
[INFO] [stderr]   [  8%] Building CXX object l/CMakeFiles/l.dir/num.cpp.o
[INFO] [stderr]   [  8%] Building CXX object l/CMakeFiles/l.dir/log.cpp.o
[INFO] [stderr]   [  9%] Automatic MOC for target cql
[INFO] [stderr]   [ 10%] Building CXX object l/CMakeFiles/l.dir/str.cpp.o
[INFO] [stderr]   [ 11%] Building CXX object l/CMakeFiles/l.dir/ptr.cpp.o
[INFO] [stderr]   [ 13%] Building CXX object l/CMakeFiles/l.dir/path.cpp.o
[INFO] [stderr]   [ 13%] Building CXX object l/CMakeFiles/l.dir/path_lst.cpp.o
[INFO] [stderr]   [ 14%] Building CXX object l/CMakeFiles/l.dir/str_cat.cpp.o
[INFO] [stderr]   [ 14%] Building CXX object l/CMakeFiles/l.dir/str_lst.cpp.o
[INFO] [stderr]   [ 15%] Building CXX object l/CMakeFiles/l.dir/tim.cpp.o
[INFO] [stderr]   [ 16%] Building CXX object l/CMakeFiles/l.dir/xy.cpp.o
[INFO] [stderr]   [ 16%] Built target q_autogen
[INFO] [stderr]   [ 16%] Built target cql_autogen
[INFO] [stderr]   [ 19%] Building CXX object q/CMakeFiles/q.dir/q_autogen/mocs_compilation.cpp.o
[INFO] [stderr]   [ 19%] Building CXX object q/CMakeFiles/q.dir/btn.cpp.o
[INFO] [stderr]   [ 19%] Building CXX object q/CMakeFiles/q.dir/acts.cpp.o
[INFO] [stderr]   [ 20%] Building CXX object q/CMakeFiles/q.dir/defs.cpp.o
[INFO] [stderr]   [ 22%] Building CXX object q/CMakeFiles/q.dir/cbo.cpp.o
[INFO] [stderr]   [ 22%] Building CXX object q/CMakeFiles/q.dir/chk.cpp.o
[INFO] [stderr]   [ 23%] Building CXX object q/CMakeFiles/q.dir/app.cpp.o
[INFO] [stderr]   [ 24%] Building CXX object q/CMakeFiles/q.dir/dlg_about.cpp.o
[INFO] [stderr]   [ 24%] Building CXX object cql/CMakeFiles/cql.dir/cql_autogen/mocs_compilation.cpp.o
[INFO] [stderr]   [ 25%] Building CXX object cql/CMakeFiles/cql.dir/__/l/defs.cpp.o
[INFO] [stderr]   [ 26%] Building CXX object cql/CMakeFiles/cql.dir/__/l/err.cpp.o
[INFO] [stderr]   [ 27%] Building CXX object q/CMakeFiles/q.dir/dlg_file.cpp.o
[INFO] [stderr]   [ 28%] Building CXX object cql/CMakeFiles/cql.dir/__/l/flt.cpp.o
[INFO] [stderr]   [ 29%] Building CXX object cql/CMakeFiles/cql.dir/__/l/ij.cpp.o
[INFO] [stderr]   [ 30%] Building CXX object cql/CMakeFiles/cql.dir/__/l/json.cpp.o
[INFO] [stderr]   [ 31%] Building CXX object q/CMakeFiles/q.dir/dlg_msg.cpp.o
[INFO] [stderr]   [ 32%] Linking CXX static library libl.a
[INFO] [stderr]   [ 33%] Building CXX object cql/CMakeFiles/cql.dir/__/l/log.cpp.o
[INFO] [stderr]   [ 33%] Built target l
[INFO] [stderr]   [ 34%] Building CXX object cql/CMakeFiles/cql.dir/__/l/num.cpp.o
[INFO] [stderr]   [ 35%] Building CXX object cql/CMakeFiles/cql.dir/__/l/path.cpp.o
[INFO] [stderr]   [ 36%] Building CXX object q/CMakeFiles/q.dir/dock.cpp.o
[INFO] [stderr]   [ 37%] Building CXX object cql/CMakeFiles/cql.dir/__/l/path_lst.cpp.o
[INFO] [stderr]   [ 38%] Building CXX object cql/CMakeFiles/cql.dir/__/l/ptr.cpp.o
[INFO] [stderr]   [ 39%] Building CXX object cql/CMakeFiles/cql.dir/__/l/str.cpp.o
[INFO] [stderr]   [ 40%] Building CXX object cql/CMakeFiles/cql.dir/__/l/str_cat.cpp.o
[INFO] [stderr]   [ 41%] Building CXX object cql/CMakeFiles/cql.dir/__/l/str_lst.cpp.o
[INFO] [stderr]   [ 42%] Building CXX object cql/CMakeFiles/cql.dir/__/l/tim.cpp.o
[INFO] [stderr]   [ 43%] Building CXX object cql/CMakeFiles/cql.dir/__/l/xy.cpp.o
[INFO] [stderr]   [ 44%] Building CXX object cql/CMakeFiles/cql.dir/__/q/acts.cpp.o
[INFO] [stderr]   [ 44%] Building CXX object cql/CMakeFiles/cql.dir/__/q/app.cpp.o
[INFO] [stderr]   [ 45%] Building CXX object cql/CMakeFiles/cql.dir/__/q/btn.cpp.o
[INFO] [stderr]   [ 46%] Building CXX object cql/CMakeFiles/cql.dir/__/q/cbo.cpp.o
[INFO] [stderr]   [ 47%] Building CXX object cql/CMakeFiles/cql.dir/__/q/chk.cpp.o
[INFO] [stderr]   [ 48%] Building CXX object cql/CMakeFiles/cql.dir/__/q/defs.cpp.o
[INFO] [stderr]   [ 49%] Building CXX object cql/CMakeFiles/cql.dir/__/q/dlg_about.cpp.o
[INFO] [stderr]   [ 50%] Building CXX object cql/CMakeFiles/cql.dir/__/q/dlg_file.cpp.o
[INFO] [stderr]   [ 51%] Building CXX object cql/CMakeFiles/cql.dir/__/q/dlg_msg.cpp.o
[INFO] [stderr]   [ 52%] Building CXX object cql/CMakeFiles/cql.dir/__/q/dock.cpp.o
[INFO] [stderr]   [ 53%] Building CXX object cql/CMakeFiles/cql.dir/__/q/edit.cpp.o
[INFO] [stderr]   [ 54%] Building CXX object cql/CMakeFiles/cql.dir/__/q/ico.cpp.o
[INFO] [stderr]   [ 55%] Building CXX object cql/CMakeFiles/cql.dir/__/q/font.cpp.o
[INFO] [stderr]   [ 56%] Building CXX object cql/CMakeFiles/cql.dir/__/q/layout.cpp.o
[INFO] [stderr]   [ 57%] Building CXX object cql/CMakeFiles/cql.dir/__/q/lbl.cpp.o
[INFO] [stderr]   [ 58%] Building CXX object cql/CMakeFiles/cql.dir/__/q/menu.cpp.o
[INFO] [stderr]   [ 59%] Building CXX object cql/CMakeFiles/cql.dir/__/q/net.cpp.o
[INFO] [stderr] 
[INFO] [stderr]   --- stderr
[INFO] [stderr]   CMake Warning (dev) in CMakeLists.txt:
[INFO] [stderr]     No project() command is present.  The top-level CMakeLists.txt file must
[INFO] [stderr]     contain a literal, direct call to the project() command.  Add a line of
[INFO] [stderr]     code such as
[INFO] [stderr] 
[INFO] [stderr]       project(ProjectName)
[INFO] [stderr] 
[INFO] [stderr]     near the top of the file, but after cmake_minimum_required().
[INFO] [stderr] 
[INFO] [stderr]     CMake is pretending there is a "project(Project)" command on the first
[INFO] [stderr]     line.
[INFO] [stderr]   This warning is for project developers.  Use -Wno-dev to suppress it.
[INFO] [stderr] 
[INFO] [stderr]   CMake Warning:
[INFO] [stderr]     Manually-specified variables were not used by the project:
[INFO] [stderr] 
[INFO] [stderr]       CMAKE_ASM_COMPILER
[INFO] [stderr]       CMAKE_ASM_FLAGS
[INFO] [stderr] 
[INFO] [stderr] 
[INFO] [stderr]   In file included from /opt/rustwide/workdir/cql/src/l/json.cpp:1:
[INFO] [stderr]   /opt/rustwide/workdir/cql/src/l/json.hpp: In instantiation of 'l::json::TypVal<Ttyp, Tval>::TypVal(const Tval&) [with l::json::Typ Ttyp = l::json::Typ::Vec; Tval = l::vec<l::json>]':
[INFO] [stderr]   /opt/rustwide/workdir/cql/src/l/json.hpp:50:17:   required from here
[INFO] [stderr]   /opt/rustwide/workdir/cql/src/l/json.hpp:34:44: warning: implicitly-declared 'l::vec<l::json>::vec(const l::vec<l::json>&)' is deprecated [-Wdeprecated-copy]
[INFO] [stderr]      34 |     TypVal(Tval const& val_) : base(Ttyp), val(val_) {}
[INFO] [stderr]         |                                            ^~~~~~~~~
[INFO] [stderr]   In file included from /opt/rustwide/workdir/cql/src/l/str.hpp:4,
[INFO] [stderr]                    from /opt/rustwide/workdir/cql/src/l/err.hpp:3,
[INFO] [stderr]                    from /opt/rustwide/workdir/cql/src/l/json.hpp:4,
[INFO] [stderr]                    from /opt/rustwide/workdir/cql/src/l/json.cpp:1:
[INFO] [stderr]   /opt/rustwide/workdir/cql/src/l/vec.hpp:28:8: note: because 'l::vec<l::json>' has user-provided 'l::vec<T>::self& l::vec<T>::operator=(l::vec<T>::rc) [with T = l::json; l::vec<T>::ref = l::vec<l::json>&; l::vec<T>::rc = const l::vec<l::json>&]'
[INFO] [stderr]      28 |   set_(operator=, (rc that))  SET_(base::operator=(that))
[INFO] [stderr]         |        ^~~~~~~~
[INFO] [stderr]   /opt/rustwide/workdir/cql/src/l/defs.hpp:115:38: note: in definition of macro 'mth_mut_'
[INFO] [stderr]     115 | #define mth_mut_(typ, mth, args) typ mth args
[INFO] [stderr]         |                                      ^~~
[INFO] [stderr]   /opt/rustwide/workdir/cql/src/l/vec.hpp:28:3: note: in expansion of macro 'set_'
[INFO] [stderr]      28 |   set_(operator=, (rc that))  SET_(base::operator=(that))
[INFO] [stderr]         |   ^~~~
[INFO] [stderr]   In file included from /opt/rustwide/workdir/cql/src/l/json.cpp:1:
[INFO] [stderr]   /opt/rustwide/workdir/cql/src/l/json.hpp: In instantiation of 'l::json::TypVal<Ttyp, Tval>::TypVal(const Tval&) [with l::json::Typ Ttyp = l::json::Typ::Vec; Tval = l::vec<l::json>]':
[INFO] [stderr]   /opt/rustwide/workdir/cql/src/l/json.hpp:50:17:   required from here
[INFO] [stderr]   /opt/rustwide/workdir/cql/src/l/json.hpp:34:44: warning: implicitly-declared 'l::vec<l::json>::vec(const l::vec<l::json>&)' is deprecated [-Wdeprecated-copy]
[INFO] [stderr]      34 |     TypVal(Tval const& val_) : base(Ttyp), val(val_) {}
[INFO] [stderr]         |                                            ^~~~~~~~~
[INFO] [stderr]   In file included from /opt/rustwide/workdir/cql/src/l/str.hpp:4,
[INFO] [stderr]                    from /opt/rustwide/workdir/cql/src/l/err.hpp:3,
[INFO] [stderr]                    from /opt/rustwide/workdir/cql/src/l/json.hpp:4,
[INFO] [stderr]                    from /opt/rustwide/workdir/cql/src/l/json.cpp:1:
[INFO] [stderr]   /opt/rustwide/workdir/cql/src/l/vec.hpp:28:8: note: because 'l::vec<l::json>' has user-provided 'l::vec<T>::self& l::vec<T>::operator=(l::vec<T>::rc) [with T = l::json; l::vec<T>::ref = l::vec<l::json>&; l::vec<T>::rc = const l::vec<l::json>&]'
[INFO] [stderr]      28 |   set_(operator=, (rc that))  SET_(base::operator=(that))
[INFO] [stderr]         |        ^~~~~~~~
[INFO] [stderr]   /opt/rustwide/workdir/cql/src/l/defs.hpp:115:38: note: in definition of macro 'mth_mut_'
[INFO] [stderr]     115 | #define mth_mut_(typ, mth, args) typ mth args
[INFO] [stderr]         |                                      ^~~
[INFO] [stderr]   /opt/rustwide/workdir/cql/src/l/vec.hpp:28:3: note: in expansion of macro 'set_'
[INFO] [stderr]      28 |   set_(operator=, (rc that))  SET_(base::operator=(that))
[INFO] [stderr]         |   ^~~~
[INFO] [stderr]   c++: fatal error: Killed signal terminated program cc1plus
[INFO] [stderr]   compilation terminated.
[INFO] [stderr]   gmake[2]: *** [q/CMakeFiles/q.dir/build.make:146: q/CMakeFiles/q.dir/chk.cpp.o] Error 1
[INFO] [stderr]   gmake[2]: *** Waiting for unfinished jobs....
[INFO] [stderr]   c++: fatal error: Killed signal terminated program cc1plus
[INFO] [stderr]   compilation terminated.
[INFO] [stderr]   gmake[2]: *** [q/CMakeFiles/q.dir/build.make:104: q/CMakeFiles/q.dir/app.cpp.o] Error 1
[INFO] [stderr]   /opt/rustwide/workdir/cql/src/q/dlg_file.cpp: In function 'l::path q::dlgSaveFile(QWidget*, qstrc, qstrc, qstrc, QAbstractProxyModel*)':
[INFO] [stderr]   /opt/rustwide/workdir/cql/src/q/dlg_file.cpp:55:26: warning: 'void QFileDialog::setConfirmOverwrite(bool)' is deprecated: Use setOption(DontConfirmOverwrite, !enabled) instead [-Wdeprecated-declarations]
[INFO] [stderr]      55 |   dlg.setConfirmOverwrite(false);
[INFO] [stderr]         |   ~~~~~~~~~~~~~~~~~~~~~~~^~~~~~~
[INFO] [stderr]   In file included from /usr/include/x86_64-linux-gnu/qt5/QtWidgets/QFileDialog:1,
[INFO] [stderr]                    from /opt/rustwide/workdir/cql/src/q/dlg_file.cpp:6:
[INFO] [stderr]   /usr/include/x86_64-linux-gnu/qt5/QtWidgets/qfiledialog.h:177:10: note: declared here
[INFO] [stderr]     177 |     void setConfirmOverwrite(bool enabled);
[INFO] [stderr]         |          ^~~~~~~~~~~~~~~~~~~
[INFO] [stderr]   /opt/rustwide/workdir/cql/src/q/dlg_file.cpp: In function 'l::path q::dlgSaveDir(QWidget*, qstrc, qstrc)':
[INFO] [stderr]   /opt/rustwide/workdir/cql/src/q/dlg_file.cpp:73:26: warning: 'void QFileDialog::setConfirmOverwrite(bool)' is deprecated: Use setOption(DontConfirmOverwrite, !enabled) instead [-Wdeprecated-declarations]
[INFO] [stderr]      73 |   dlg.setConfirmOverwrite(false);
[INFO] [stderr]         |   ~~~~~~~~~~~~~~~~~~~~~~~^~~~~~~
[INFO] [stderr]   In file included from /usr/include/x86_64-linux-gnu/qt5/QtWidgets/QFileDialog:1,
[INFO] [stderr]                    from /opt/rustwide/workdir/cql/src/q/dlg_file.cpp:6:
[INFO] [stderr]   /usr/include/x86_64-linux-gnu/qt5/QtWidgets/qfiledialog.h:177:10: note: declared here
[INFO] [stderr]     177 |     void setConfirmOverwrite(bool enabled);
[INFO] [stderr]         |          ^~~~~~~~~~~~~~~~~~~
[INFO] [stderr]   c++: fatal error: Killed signal terminated program cc1plus
[INFO] [stderr]   compilation terminated.
[INFO] [stderr]   gmake[2]: *** [q/CMakeFiles/q.dir/build.make:132: q/CMakeFiles/q.dir/cbo.cpp.o] Error 1
[INFO] [stderr]   gmake[1]: *** [CMakeFiles/Makefile2:162: q/CMakeFiles/q.dir/all] Error 2
[INFO] [stderr]   gmake[1]: *** Waiting for unfinished jobs....
[INFO] [stderr]   c++: fatal error: Killed signal terminated program cc1plus
[INFO] [stderr]   compilation terminated.
[INFO] [stderr]   gmake[2]: *** [cql/CMakeFiles/cql.dir/build.make:314: cql/CMakeFiles/cql.dir/__/q/app.cpp.o] Error 1
[INFO] [stderr]   gmake[2]: *** Waiting for unfinished jobs....
[INFO] [stderr]   c++: fatal error: Killed signal terminated program cc1plus
[INFO] [stderr]   compilation terminated.
[INFO] [stderr]   gmake[2]: *** [cql/CMakeFiles/cql.dir/build.make:328: cql/CMakeFiles/cql.dir/__/q/btn.cpp.o] Error 1
[INFO] [stderr]   c++: fatal error: Killed signal terminated program cc1plus
[INFO] [stderr]   compilation terminated.
[INFO] [stderr]   gmake[2]: *** [cql/CMakeFiles/cql.dir/build.make:300: cql/CMakeFiles/cql.dir/__/q/acts.cpp.o] Error 1
[INFO] [stderr]   c++: fatal error: Killed signal terminated program cc1plus
[INFO] [stderr]   compilation terminated.
[INFO] [stderr]   gmake[2]: *** [cql/CMakeFiles/cql.dir/build.make:342: cql/CMakeFiles/cql.dir/__/q/cbo.cpp.o] Error 1
[INFO] [stderr]   /opt/rustwide/workdir/cql/src/q/dlg_file.cpp: In function 'l::path q::dlgSaveFile(QWidget*, qstrc, qstrc, qstrc, QAbstractProxyModel*)':
[INFO] [stderr]   /opt/rustwide/workdir/cql/src/q/dlg_file.cpp:55:26: warning: 'void QFileDialog::setConfirmOverwrite(bool)' is deprecated: Use setOption(DontConfirmOverwrite, !enabled) instead [-Wdeprecated-declarations]
[INFO] [stderr]      55 |   dlg.setConfirmOverwrite(false);
[INFO] [stderr]         |   ~~~~~~~~~~~~~~~~~~~~~~~^~~~~~~
[INFO] [stderr]   In file included from /usr/include/x86_64-linux-gnu/qt5/QtWidgets/QFileDialog:1,
[INFO] [stderr]                    from /opt/rustwide/workdir/cql/src/q/dlg_file.cpp:6:
[INFO] [stderr]   /usr/include/x86_64-linux-gnu/qt5/QtWidgets/qfiledialog.h:177:10: note: declared here
[INFO] [stderr]     177 |     void setConfirmOverwrite(bool enabled);
[INFO] [stderr]         |          ^~~~~~~~~~~~~~~~~~~
[INFO] [stderr]   /opt/rustwide/workdir/cql/src/q/dlg_file.cpp: In function 'l::path q::dlgSaveDir(QWidget*, qstrc, qstrc)':
[INFO] [stderr]   /opt/rustwide/workdir/cql/src/q/dlg_file.cpp:73:26: warning: 'void QFileDialog::setConfirmOverwrite(bool)' is deprecated: Use setOption(DontConfirmOverwrite, !enabled) instead [-Wdeprecated-declarations]
[INFO] [stderr]      73 |   dlg.setConfirmOverwrite(false);
[INFO] [stderr]         |   ~~~~~~~~~~~~~~~~~~~~~~~^~~~~~~
[INFO] [stderr]   In file included from /usr/include/x86_64-linux-gnu/qt5/QtWidgets/QFileDialog:1,
[INFO] [stderr]                    from /opt/rustwide/workdir/cql/src/q/dlg_file.cpp:6:
[INFO] [stderr]   /usr/include/x86_64-linux-gnu/qt5/QtWidgets/qfiledialog.h:177:10: note: declared here
[INFO] [stderr]     177 |     void setConfirmOverwrite(bool enabled);
[INFO] [stderr]         |          ^~~~~~~~~~~~~~~~~~~
[INFO] [stderr]   c++: fatal error: Killed signal terminated program cc1plus
[INFO] [stderr]   compilation terminated.
[INFO] [stderr]   gmake[2]: *** [cql/CMakeFiles/cql.dir/build.make:356: cql/CMakeFiles/cql.dir/__/q/chk.cpp.o] Error 1
[INFO] [stderr]   /opt/rustwide/workdir/cql/src/q/font.cpp: In function 'int q::width_m(const QWidget&, real)':
[INFO] [stderr]   /opt/rustwide/workdir/cql/src/q/font.cpp:10:54: warning: 'int QFontMetrics::width(QChar) const' is deprecated: Use QFontMetrics::horizontalAdvance [-Wdeprecated-declarations]
[INFO] [stderr]      10 |   return l::to_int(l::round(n * w.fontMetrics().width('m')));
[INFO] [stderr]         |                                 ~~~~~~~~~~~~~~~~~~~~~^~~~~
[INFO] [stderr]   In file included from /usr/include/x86_64-linux-gnu/qt5/QtWidgets/qwidget.h:50,
[INFO] [stderr]                    from /usr/include/x86_64-linux-gnu/qt5/QtWidgets/QWidget:1,
[INFO] [stderr]                    from /opt/rustwide/workdir/cql/src/q/font.cpp:5:
[INFO] [stderr]   /usr/include/x86_64-linux-gnu/qt5/QtGui/qfontmetrics.h:110:9: note: declared here
[INFO] [stderr]     110 |     int width(QChar) const;
[INFO] [stderr]         |         ^~~~~
[INFO] [stderr]   /opt/rustwide/workdir/cql/src/q/font.cpp: In function 'int q::width_0(const QWidget&, real)':
[INFO] [stderr]   /opt/rustwide/workdir/cql/src/q/font.cpp:14:54: warning: 'int QFontMetrics::width(QChar) const' is deprecated: Use QFontMetrics::horizontalAdvance [-Wdeprecated-declarations]
[INFO] [stderr]      14 |   return l::to_int(l::round(n * w.fontMetrics().width('0')));
[INFO] [stderr]         |                                 ~~~~~~~~~~~~~~~~~~~~~^~~~~
[INFO] [stderr]   In file included from /usr/include/x86_64-linux-gnu/qt5/QtWidgets/qwidget.h:50,
[INFO] [stderr]                    from /usr/include/x86_64-linux-gnu/qt5/QtWidgets/QWidget:1,
[INFO] [stderr]                    from /opt/rustwide/workdir/cql/src/q/font.cpp:5:
[INFO] [stderr]   /usr/include/x86_64-linux-gnu/qt5/QtGui/qfontmetrics.h:110:9: note: declared here
[INFO] [stderr]     110 |     int width(QChar) const;
[INFO] [stderr]         |         ^~~~~
[INFO] [stderr]   c++: fatal error: Killed signal terminated program cc1plus
[INFO] [stderr]   compilation terminated.
[INFO] [stderr]   gmake[2]: *** [cql/CMakeFiles/cql.dir/build.make:398: cql/CMakeFiles/cql.dir/__/q/dlg_file.cpp.o] Error 1
[INFO] [stderr]   gmake[1]: *** [CMakeFiles/Makefile2:214: cql/CMakeFiles/cql.dir/all] Error 2
[INFO] [stderr]   gmake: *** [Makefile:136: all] Error 2
[INFO] [stderr]   thread 'main' panicked at '
[INFO] [stderr]   command did not execute successfully, got: exit status: 2
[INFO] [stderr] 
[INFO] [stderr]   build script failed, must exit now', /opt/rustwide/cargo-home/registry/src/github.com-1ecc6299db9ec823/cmake-0.1.50/src/lib.rs:1098:5
[INFO] [stderr]   stack backtrace:
[INFO] [stderr]      0:     0x55d310b5a49a - std::backtrace_rs::backtrace::libunwind::trace::ha9053a9a07ca49cb
[INFO] [stderr]                                  at /rustc/84c898d65adf2f39a5a98507f1fe0ce10a2b8dbc/library/std/src/../../backtrace/src/backtrace/libunwind.rs:93:5
[INFO] [stderr]      1:     0x55d310b5a49a - std::backtrace_rs::backtrace::trace_unsynchronized::h9c2852a457ad564e
[INFO] [stderr]                                  at /rustc/84c898d65adf2f39a5a98507f1fe0ce10a2b8dbc/library/std/src/../../backtrace/src/backtrace/mod.rs:66:5
[INFO] [stderr]      2:     0x55d310b5a49a - std::sys_common::backtrace::_print_fmt::h457936fbfaa0070f
[INFO] [stderr]                                  at /rustc/84c898d65adf2f39a5a98507f1fe0ce10a2b8dbc/library/std/src/sys_common/backtrace.rs:65:5
[INFO] [stderr]      3:     0x55d310b5a49a - <std::sys_common::backtrace::_print::DisplayBacktrace as core::fmt::Display>::fmt::h5779d7bf7f70cb0c
[INFO] [stderr]                                  at /rustc/84c898d65adf2f39a5a98507f1fe0ce10a2b8dbc/library/std/src/sys_common/backtrace.rs:44:22
[INFO] [stderr]      4:     0x55d310b7a7ae - core::fmt::write::h5a4baaff1bcd3eb5
[INFO] [stderr]                                  at /rustc/84c898d65adf2f39a5a98507f1fe0ce10a2b8dbc/library/core/src/fmt/mod.rs:1232:17
[INFO] [stderr]      5:     0x55d310b57555 - std::io::Write::write_fmt::h4bc1f301cb9e9cce
[INFO] [stderr]                                  at /rustc/84c898d65adf2f39a5a98507f1fe0ce10a2b8dbc/library/std/src/io/mod.rs:1684:15
[INFO] [stderr]      6:     0x55d310b5a265 - std::sys_common::backtrace::_print::h5fcdc36060f177e8
[INFO] [stderr]                                  at /rustc/84c898d65adf2f39a5a98507f1fe0ce10a2b8dbc/library/std/src/sys_common/backtrace.rs:47:5
[INFO] [stderr]      7:     0x55d310b5a265 - std::sys_common::backtrace::print::h54ca9458b876c8bf
[INFO] [stderr]                                  at /rustc/84c898d65adf2f39a5a98507f1fe0ce10a2b8dbc/library/std/src/sys_common/backtrace.rs:34:9
[INFO] [stderr]      8:     0x55d310b5bc3f - std::panicking::default_hook::{{closure}}::hbe471161c7664ed6
[INFO] [stderr]                                  at /rustc/84c898d65adf2f39a5a98507f1fe0ce10a2b8dbc/library/std/src/panicking.rs:271:22
[INFO] [stderr]      9:     0x55d310b5b97b - std::panicking::default_hook::ha3500da57aa4ac4f
[INFO] [stderr]                                  at /rustc/84c898d65adf2f39a5a98507f1fe0ce10a2b8dbc/library/std/src/panicking.rs:290:9
[INFO] [stderr]     10:     0x55d310b5c1e8 - std::panicking::rust_panic_with_hook::h50c09d000dc561d2
[INFO] [stderr]                                  at /rustc/84c898d65adf2f39a5a98507f1fe0ce10a2b8dbc/library/std/src/panicking.rs:692:13
[INFO] [stderr]     11:     0x55d310b5c0e9 - std::panicking::begin_panic_handler::{{closure}}::h9e2b2176e00e0d9c
[INFO] [stderr]                                  at /rustc/84c898d65adf2f39a5a98507f1fe0ce10a2b8dbc/library/std/src/panicking.rs:583:13
[INFO] [stderr]     12:     0x55d310b5a906 - std::sys_common::backtrace::__rust_end_short_backtrace::h5739b8e512c09d02
[INFO] [stderr]                                  at /rustc/84c898d65adf2f39a5a98507f1fe0ce10a2b8dbc/library/std/src/sys_common/backtrace.rs:150:18
[INFO] [stderr]     13:     0x55d310b5bdf2 - rust_begin_unwind
[INFO] [stderr]                                  at /rustc/84c898d65adf2f39a5a98507f1fe0ce10a2b8dbc/library/std/src/panicking.rs:579:5
[INFO] [stderr]     14:     0x55d310ade7a3 - core::panicking::panic_fmt::hf33a1475b4dc5c3e
[INFO] [stderr]                                  at /rustc/84c898d65adf2f39a5a98507f1fe0ce10a2b8dbc/library/core/src/panicking.rs:64:14
[INFO] [stderr]     15:     0x55d310ae91ef - cmake::fail::he523feb31d426beb
[INFO] [stderr]     16:     0x55d310ae8ce3 - cmake::run::h28b9026df7e93e8d
[INFO] [stderr]     17:     0x55d310ae5813 - cmake::Config::build::h36ec1f0187cbfcd5
[INFO] [stderr]     18:     0x55d310adfba5 - build_script_build::main::he972aff4301774c9
[INFO] [stderr]     19:     0x55d310ae01a3 - core::ops::function::FnOnce::call_once::hf984da8da14f7a91
[INFO] [stderr]     20:     0x55d310adffc9 - std::sys_common::backtrace::__rust_begin_short_backtrace::hcd8bcfaaffe876f4
[INFO] [stderr]     21:     0x55d310adfb59 - std::rt::lang_start::{{closure}}::he2f3901b892d3d17
[INFO] [stderr]     22:     0x55d310b5361c - core::ops::function::impls::<impl core::ops::function::FnOnce<A> for &F>::call_once::hd6efcd3bec896f2c
[INFO] [stderr]                                  at /rustc/84c898d65adf2f39a5a98507f1fe0ce10a2b8dbc/library/core/src/ops/function.rs:287:13
[INFO] [stderr]     23:     0x55d310b5361c - std::panicking::try::do_call::hce04e543bb1f4cbb
[INFO] [stderr]                                  at /rustc/84c898d65adf2f39a5a98507f1fe0ce10a2b8dbc/library/std/src/panicking.rs:487:40
[INFO] [stderr]     24:     0x55d310b5361c - std::panicking::try::h3342dd4e1f680968
[INFO] [stderr]                                  at /rustc/84c898d65adf2f39a5a98507f1fe0ce10a2b8dbc/library/std/src/panicking.rs:451:19
[INFO] [stderr]     25:     0x55d310b5361c - std::panic::catch_unwind::h148ce1e59ac0cee7
[INFO] [stderr]                                  at /rustc/84c898d65adf2f39a5a98507f1fe0ce10a2b8dbc/library/std/src/panic.rs:140:14
[INFO] [stderr]     26:     0x55d310b5361c - std::rt::lang_start_internal::{{closure}}::h25f9dda2057a67fe
[INFO] [stderr]                                  at /rustc/84c898d65adf2f39a5a98507f1fe0ce10a2b8dbc/library/std/src/rt.rs:148:48
[INFO] [stderr]     27:     0x55d310b5361c - std::panicking::try::do_call::h7caaaeaf9401650b
[INFO] [stderr]                                  at /rustc/84c898d65adf2f39a5a98507f1fe0ce10a2b8dbc/library/std/src/panicking.rs:487:40
[INFO] [stderr]     28:     0x55d310b5361c - std::panicking::try::he7d15285746cbbc2
[INFO] [stderr]                                  at /rustc/84c898d65adf2f39a5a98507f1fe0ce10a2b8dbc/library/std/src/panicking.rs:451:19
[INFO] [stderr]     29:     0x55d310b5361c - std::panic::catch_unwind::h89fb4f50c0301fe0
[INFO] [stderr]                                  at /rustc/84c898d65adf2f39a5a98507f1fe0ce10a2b8dbc/library/std/src/panic.rs:140:14
[INFO] [stderr]     30:     0x55d310b5361c - std::rt::lang_start_internal::h078acd489417d3c1
[INFO] [stderr]                                  at /rustc/84c898d65adf2f39a5a98507f1fe0ce10a2b8dbc/library/std/src/rt.rs:148:20
[INFO] [stderr]     31:     0x55d310adfb37 - std::rt::lang_start::hcfe3598bf77494f3
[INFO] [stderr]     32:     0x55d310adfe25 - main
[INFO] [stderr]     33:     0x7fc014c50d90 - <unknown>
[INFO] [stderr]     34:     0x7fc014c50e40 - __libc_start_main
[INFO] [stderr]     35:     0x55d310aded25 - _start
[INFO] [stderr]     36:                0x0 - <unknown>
[INFO] running `Command { std: "docker" "inspect" "ad4a0372be73aafe13e6ea21ea08a395a48ff721f07c216f08539e8a2f602113", kill_on_drop: false }`
[INFO] running `Command { std: "docker" "rm" "-f" "ad4a0372be73aafe13e6ea21ea08a395a48ff721f07c216f08539e8a2f602113", kill_on_drop: false }`
[INFO] [stdout] ad4a0372be73aafe13e6ea21ea08a395a48ff721f07c216f08539e8a2f602113
