[INFO] fetching crate roa-diesel 0.6.0...
[INFO] documenting roa-diesel-0.6.0 against 1.69.0 for beta-1.70-rustdoc-1
[INFO] extracting crate roa-diesel 0.6.0 into /workspace/builds/worker-0-tc1/source
[INFO] validating manifest of crates.io crate roa-diesel 0.6.0 on toolchain 1.69.0
[INFO] running `Command { std: CARGO_HOME="/workspace/cargo-home" RUSTUP_HOME="/workspace/rustup-home" "/workspace/cargo-home/bin/cargo" "+1.69.0" "metadata" "--manifest-path" "Cargo.toml" "--no-deps", kill_on_drop: false }`
[INFO] started tweaking crates.io crate roa-diesel 0.6.0
[INFO] finished tweaking crates.io crate roa-diesel 0.6.0
[INFO] tweaked toml for crates.io crate roa-diesel 0.6.0 written to /workspace/builds/worker-0-tc1/source/Cargo.toml
[INFO] running `Command { std: CARGO_HOME="/workspace/cargo-home" RUSTUP_HOME="/workspace/rustup-home" __CARGO_TEST_CHANNEL_OVERRIDE_DO_NOT_USE_THIS="nightly" "/workspace/cargo-home/bin/cargo" "+1.69.0" "generate-lockfile" "--manifest-path" "Cargo.toml" "-Zno-index-update", kill_on_drop: false }`
[INFO] running `Command { std: CARGO_HOME="/workspace/cargo-home" RUSTUP_HOME="/workspace/rustup-home" "/workspace/cargo-home/bin/cargo" "+1.69.0" "fetch" "--manifest-path" "Cargo.toml", kill_on_drop: false }`
[INFO] [stderr]  Downloading crates ...
[INFO] [stderr]   Downloaded askama v0.10.5
[INFO] [stderr]   Downloaded cookie v0.15.2
[INFO] [stderr]   Downloaded askama_shared v0.11.2
[INFO] [stderr]   Downloaded askama_derive v0.10.5
[INFO] [stderr]   Downloaded askama_escape v0.10.3
[INFO] [stderr]   Downloaded bigdecimal v0.1.2
[INFO] [stderr]   Downloaded roa v0.6.1
[INFO] [stderr]   Downloaded ipnetwork v0.18.0
[INFO] [stderr]   Downloaded extensions v0.2.0
[INFO] [stderr]   Downloaded jsonrpc-v2 v0.10.1
[INFO] [stderr]   Downloaded roa-core v0.6.1
[INFO] running `Command { std: "docker" "create" "-v" "/var/lib/crater-agent-workspace/builds/worker-0-tc1/target:/opt/rustwide/target:rw,Z" "-v" "/var/lib/crater-agent-workspace/builds/worker-0-tc1/source:/opt/rustwide/workdir:ro,Z" "-v" "/var/lib/crater-agent-workspace/cargo-home:/opt/rustwide/cargo-home:ro,Z" "-v" "/var/lib/crater-agent-workspace/rustup-home:/opt/rustwide/rustup-home:ro,Z" "-e" "SOURCE_DIR=/opt/rustwide/workdir" "-e" "CARGO_TARGET_DIR=/opt/rustwide/target" "-e" "CARGO_HOME=/opt/rustwide/cargo-home" "-e" "RUSTUP_HOME=/opt/rustwide/rustup-home" "-w" "/opt/rustwide/workdir" "-m" "1610612736" "--user" "0:0" "--network" "none" "ghcr.io/rust-lang/crates-build-env/linux@sha256:5ff2268d62e97bff2cde7d5815dd6ed5b47097566f13b8d0ca110b04b60e07ed" "/opt/rustwide/cargo-home/bin/cargo" "+1.69.0" "metadata" "--no-deps" "--format-version=1", kill_on_drop: false }`
[INFO] [stdout] 356463c1c47cd12d6709e2b3b45a5a53c1f64275889ee3f2ff72e1b09f8e4d6c
[INFO] running `Command { std: "docker" "start" "-a" "356463c1c47cd12d6709e2b3b45a5a53c1f64275889ee3f2ff72e1b09f8e4d6c", kill_on_drop: false }`
[INFO] running `Command { std: "docker" "inspect" "356463c1c47cd12d6709e2b3b45a5a53c1f64275889ee3f2ff72e1b09f8e4d6c", kill_on_drop: false }`
[INFO] running `Command { std: "docker" "rm" "-f" "356463c1c47cd12d6709e2b3b45a5a53c1f64275889ee3f2ff72e1b09f8e4d6c", kill_on_drop: false }`
[INFO] [stdout] 356463c1c47cd12d6709e2b3b45a5a53c1f64275889ee3f2ff72e1b09f8e4d6c
[INFO] running `Command { std: "docker" "create" "-v" "/var/lib/crater-agent-workspace/builds/worker-0-tc1/target:/opt/rustwide/target:rw,Z" "-v" "/var/lib/crater-agent-workspace/builds/worker-0-tc1/source:/opt/rustwide/workdir:ro,Z" "-v" "/var/lib/crater-agent-workspace/cargo-home:/opt/rustwide/cargo-home:ro,Z" "-v" "/var/lib/crater-agent-workspace/rustup-home:/opt/rustwide/rustup-home:ro,Z" "-e" "SOURCE_DIR=/opt/rustwide/workdir" "-e" "CARGO_TARGET_DIR=/opt/rustwide/target" "-e" "CARGO_INCREMENTAL=0" "-e" "RUST_BACKTRACE=full" "-e" "RUSTFLAGS=--cap-lints=warn" "-e" "RUSTDOCFLAGS=--cap-lints=warn" "-e" "CARGO_HOME=/opt/rustwide/cargo-home" "-e" "RUSTUP_HOME=/opt/rustwide/rustup-home" "-w" "/opt/rustwide/workdir" "-m" "1610612736" "--user" "0:0" "--network" "none" "ghcr.io/rust-lang/crates-build-env/linux@sha256:5ff2268d62e97bff2cde7d5815dd6ed5b47097566f13b8d0ca110b04b60e07ed" "/opt/rustwide/cargo-home/bin/cargo" "+1.69.0" "doc" "--frozen" "--no-deps" "--document-private-items" "--message-format=json", kill_on_drop: false }`
[INFO] [stdout] 2b6412edfad0f939bfeea974e75e89b0beb60c25444391e4db2737c6833ff6ef
[INFO] running `Command { std: "docker" "start" "-a" "2b6412edfad0f939bfeea974e75e89b0beb60c25444391e4db2737c6833ff6ef", kill_on_drop: false }`
[INFO] [stderr]     Blocking waiting for file lock on package cache
[INFO] [stderr]     Blocking waiting for file lock on package cache
[INFO] [stderr]    Compiling tokio v1.28.0
[INFO] [stderr]    Compiling futures-util v0.3.28
[INFO] [stderr]    Compiling num-traits v0.2.15
[INFO] [stderr]    Compiling num-integer v0.1.45
[INFO] [stderr]    Compiling futures-macro v0.3.28
[INFO] [stderr]    Compiling serde v1.0.160
[INFO] [stderr]     Checking tracing v0.1.37
[INFO] [stderr]    Compiling syn v1.0.109
[INFO] [stderr]    Compiling libsqlite3-sys v0.22.2
[INFO] [stderr]     Checking crossbeam-queue v0.3.8
[INFO] [stderr]     Checking scheduled-thread-pool v0.2.7
[INFO] [stderr]     Checking uuid v0.6.5
[INFO] [stderr]     Checking bytesize v1.2.0
[INFO] [stderr]     Checking r2d2 v0.8.10
[INFO] [stderr]     Checking num-bigint v0.2.6
[INFO] [stderr]     Checking chrono v0.4.24
[INFO] [stderr]     Checking tokio-util v0.7.8
[INFO] [stderr]     Checking tokio-util v0.6.10
[INFO] [stderr]     Checking bigdecimal v0.1.2
[INFO] [stderr]     Checking ipnetwork v0.18.0
[INFO] [stderr]     Checking serde_json v1.0.96
[INFO] [stderr]     Checking h2 v0.3.18
[INFO] [stderr]     Checking futures-executor v0.3.28
[INFO] [stderr]     Checking futures v0.3.28
[INFO] [stderr]    Compiling diesel_derives v1.4.1
[INFO] [stderr]     Checking diesel v1.4.8
[INFO] [stderr]     Checking hyper v0.14.26
[INFO] [stderr]     Checking roa-core v0.6.1
[INFO] [stderr]     Checking roa v0.6.1
[INFO] [stderr]  Documenting roa-diesel v0.6.0 (/opt/rustwide/workdir)
[INFO] [stdout] warning: unclosed HTML tag `Conn`
[INFO] [stdout]  --> src/pool.rs:8:60
[INFO] [stdout]   |
[INFO] [stdout] 8 | /// An alias for r2d2::Pool<diesel::r2d2::ConnectionManager<Conn>>.
[INFO] [stdout]   |                                                            ^^^^^^
[INFO] [stdout]   |
[INFO] [stdout]   = note: `#[warn(rustdoc::invalid_html_tags)]` on by default
[INFO] [stdout] help: try marking as source code
[INFO] [stdout]   |
[INFO] [stdout] 8 | /// An alias for `r2d2::Pool<diesel::r2d2::ConnectionManager<Conn>>`.
[INFO] [stdout]   |                  +                                                 +
[INFO] [stdout] 
[INFO] [stdout] 
[INFO] [stdout] warning: unclosed HTML tag `Conn`
[INFO] [stdout]   --> src/pool.rs:11:72
[INFO] [stdout]    |
[INFO] [stdout] 11 | /// An alias for r2d2::PooledConnection<diesel::r2d2::ConnectionManager<Conn>>.
[INFO] [stdout]    |                                                                        ^^^^^^
[INFO] [stdout]    |
[INFO] [stdout] help: try marking as source code
[INFO] [stdout]    |
[INFO] [stdout] 11 | /// An alias for `r2d2::PooledConnection<diesel::r2d2::ConnectionManager<Conn>>`.
[INFO] [stdout]    |                  +                                                             +
[INFO] [stdout] 
[INFO] [stdout] 
[INFO] [stdout] warning: 2 warnings emitted
[INFO] [stdout] 
[INFO] [stdout] 
[INFO] [stderr]     Finished dev [unoptimized + debuginfo] target(s) in 12.53s
[INFO] running `Command { std: "docker" "inspect" "2b6412edfad0f939bfeea974e75e89b0beb60c25444391e4db2737c6833ff6ef", kill_on_drop: false }`
[INFO] running `Command { std: "docker" "rm" "-f" "2b6412edfad0f939bfeea974e75e89b0beb60c25444391e4db2737c6833ff6ef", kill_on_drop: false }`
[INFO] [stdout] 2b6412edfad0f939bfeea974e75e89b0beb60c25444391e4db2737c6833ff6ef
[INFO] running `Command { std: "docker" "create" "-v" "/var/lib/crater-agent-workspace/builds/worker-0-tc1/target:/opt/rustwide/target:rw,Z" "-v" "/var/lib/crater-agent-workspace/builds/worker-0-tc1/source:/opt/rustwide/workdir:ro,Z" "-v" "/var/lib/crater-agent-workspace/cargo-home:/opt/rustwide/cargo-home:ro,Z" "-v" "/var/lib/crater-agent-workspace/rustup-home:/opt/rustwide/rustup-home:ro,Z" "-e" "SOURCE_DIR=/opt/rustwide/workdir" "-e" "CARGO_TARGET_DIR=/opt/rustwide/target" "-e" "CARGO_INCREMENTAL=0" "-e" "RUST_BACKTRACE=full" "-e" "RUSTFLAGS=--cap-lints=warn" "-e" "RUSTDOCFLAGS=--cap-lints=warn" "-e" "RUSTC_BOOTSTRAP=1" "-e" "DOCS_RS=1" "-e" "CARGO_HOME=/opt/rustwide/cargo-home" "-e" "RUSTUP_HOME=/opt/rustwide/rustup-home" "-w" "/opt/rustwide/workdir" "-m" "1610612736" "--user" "0:0" "--network" "none" "ghcr.io/rust-lang/crates-build-env/linux@sha256:5ff2268d62e97bff2cde7d5815dd6ed5b47097566f13b8d0ca110b04b60e07ed" "/opt/rustwide/cargo-home/bin/cargo" "+1.69.0" "rustdoc" "--lib" "-Zrustdoc-map" "--features" "docs" "-Z" "unstable-options" "--config" "build.rustdocflags=[\"--cfg\", \"feature=\\\"docs\\\"\", \"-Z\", \"unstable-options\", \"--document-private-items\"]" "--frozen" "--message-format=json", kill_on_drop: false }`
[INFO] [stdout] 25516bda7b7057cb3829204f3f44e652e644a31ebf8575691b6d64d2a6840ded
[INFO] running `Command { std: "docker" "start" "-a" "25516bda7b7057cb3829204f3f44e652e644a31ebf8575691b6d64d2a6840ded", kill_on_drop: false }`
[INFO] [stderr]     Blocking waiting for file lock on package cache
[INFO] [stderr]    Compiling syn v1.0.109
[INFO] [stderr]    Compiling proc-macro2 v1.0.56
[INFO] [stderr]    Compiling quote v1.0.26
[INFO] [stderr]    Compiling libc v0.2.142
[INFO] [stderr]    Compiling tokio v1.28.0
[INFO] [stderr]     Checking mio v0.8.6
[INFO] [stderr]    Compiling nom v6.1.2
[INFO] [stderr]    Compiling radium v0.5.3
[INFO] [stderr]    Compiling funty v1.1.0
[INFO] [stderr]    Compiling arrayvec v0.5.2
[INFO] [stderr]    Compiling serde_json v1.0.96
[INFO] [stderr]     Checking unicode-ident v1.0.8
[INFO] [stderr]    Compiling bitflags v1.3.2
[INFO] [stderr]    Compiling tap v1.0.1
[INFO] [stderr]    Compiling wyz v0.2.0
[INFO] [stderr]    Compiling static_assertions v1.1.0
[INFO] [stderr]    Compiling ryu v1.0.13
[INFO] [stderr]    Compiling zstd-safe v5.0.2+zstd.1.5.2
[INFO] [stderr]     Checking alloc-no-stdlib v2.0.4
[INFO] [stderr]     Checking bitvec v0.19.6
[INFO] [stderr]     Checking lexical-core v0.7.6
[INFO] [stderr]     Checking alloc-stdlib v0.2.2
[INFO] [stderr]     Checking aho-corasick v1.0.1
[INFO] [stderr]    Compiling num-traits v0.2.15
[INFO] [stderr]    Compiling erased-serde v0.3.25
[INFO] [stderr]    Compiling humansize v1.1.1
[INFO] [stderr]    Compiling askama_escape v0.10.3
[INFO] [stderr]    Compiling rustls v0.20.8
[INFO] [stderr]     Checking brotli-decompressor v2.3.4
[INFO] [stderr]     Checking miniz_oxide v0.7.1
[INFO] [stderr]     Checking sha-1 v0.9.8
[INFO] [stderr]     Checking rand v0.8.5
[INFO] [stderr]    Compiling jobserver v0.1.26
[INFO] [stderr]    Compiling syn v2.0.15
[INFO] [stderr]    Compiling cc v1.0.79
[INFO] [stderr]    Compiling cookie v0.15.2
[INFO] [stderr]     Checking regex v1.8.1
[INFO] [stderr]     Checking flate2 v1.0.26
[INFO] [stderr]     Checking extensions v0.2.0
[INFO] [stderr]     Checking simple_asn1 v0.4.1
[INFO] [stderr]     Checking brotli v3.3.4
[INFO] [stderr]     Checking nibble_vec v0.1.0
[INFO] [stderr]     Checking spin v0.9.8
[INFO] [stderr]     Checking endian-type v0.1.2
[INFO] [stderr]     Checking base64 v0.12.3
[INFO] [stderr]     Checking rustls-pemfile v0.2.1
[INFO] [stderr]     Checking radix_trie v0.2.1
[INFO] [stderr]    Compiling ring v0.16.20
[INFO] [stderr]    Compiling zstd-sys v2.0.8+zstd.1.5.5
[INFO] [stderr]    Compiling lzma-sys v0.1.20
[INFO] [stderr]    Compiling bzip2-sys v0.1.11+1.0.8
[INFO] [stderr]     Checking pem v0.8.3
[INFO] [stderr]     Checking xz2 v0.1.7
[INFO] [stderr]     Checking bzip2 v0.4.4
[INFO] [stderr]     Checking tokio-util v0.6.10
[INFO] [stderr]     Checking sct v0.7.0
[INFO] [stderr]     Checking webpki v0.22.0
[INFO] [stderr]    Compiling serde_derive v1.0.160
[INFO] [stderr]    Compiling futures-macro v0.3.28
[INFO] [stderr]    Compiling tracing-attributes v0.1.24
[INFO] [stderr]    Compiling thiserror-impl v1.0.40
[INFO] [stderr]    Compiling async-trait v0.1.68
[INFO] [stderr]    Compiling time-macros-impl v0.1.2
[INFO] [stderr]    Compiling pin-project-internal v1.0.12
[INFO] [stderr]    Compiling diesel_derives v1.4.1
[INFO] [stderr]     Checking zstd v0.11.2+zstd.1.5.2
[INFO] [stderr]     Checking async-compression v0.3.15
[INFO] [stderr]     Checking time-macros v0.1.1
[INFO] [stderr]     Checking futures-util v0.3.28
[INFO] [stderr]     Checking time v0.2.27
[INFO] [stderr]     Checking pin-project v1.0.12
[INFO] [stderr]     Checking tracing v0.1.37
[INFO] [stderr]     Checking thiserror v1.0.40
[INFO] [stderr]     Checking tokio-util v0.7.8
[INFO] [stderr]     Checking tungstenite v0.14.0
[INFO] [stderr]     Checking tokio-rustls v0.23.4
[INFO] [stderr]     Checking serde v1.0.160
[INFO] [stderr]     Checking futures-executor v0.3.28
[INFO] [stderr]     Checking h2 v0.3.18
[INFO] [stderr]     Checking tokio-tungstenite v0.15.0
[INFO] [stderr]     Checking multer v2.1.0
[INFO] [stderr]     Checking futures v0.3.28
[INFO] [stderr]     Checking toml v0.5.11
[INFO] [stderr]     Checking ipnetwork v0.18.0
[INFO] [stderr]     Checking serde_urlencoded v0.7.1
[INFO] [stderr]     Checking askama_shared v0.11.2
[INFO] [stderr]     Checking jsonrpc-v2 v0.10.1
[INFO] [stderr]     Checking jsonwebtoken v7.2.0
[INFO] [stderr]     Checking diesel v1.4.8
[INFO] [stdout] error[E0425]: cannot find value `req` in this scope
[INFO] [stdout]    --> /opt/rustwide/cargo-home/registry/src/github.com-1ecc6299db9ec823/jsonrpc-v2-0.10.1/src/lib.rs:499:1
[INFO] [stdout]     |
[INFO] [stdout] 499 | #[async_trait::async_trait]
[INFO] [stdout]     | ^^^^^^^^^^^^^^^^^^^^^^^^^^^ not found in this scope
[INFO] [stdout]     |
[INFO] [stdout]     = note: this error originates in the macro `$crate::join_internal` which comes from the expansion of the attribute macro `async_trait::async_trait` (in Nightly builds, run with -Z macro-backtrace for more info)
[INFO] [stdout] 
[INFO] [stdout] 
[INFO] [stdout] error[E0425]: cannot find value `req` in this scope
[INFO] [stdout]    --> /opt/rustwide/cargo-home/registry/src/github.com-1ecc6299db9ec823/jsonrpc-v2-0.10.1/src/lib.rs:511:1
[INFO] [stdout]     |
[INFO] [stdout] 511 | #[async_trait::async_trait]
[INFO] [stdout]     | ^^^^^^^^^^^^^^^^^^^^^^^^^^^ not found in this scope
[INFO] [stdout]     |
[INFO] [stdout]     = note: this error originates in the macro `$crate::join_internal` which comes from the expansion of the attribute macro `async_trait::async_trait` (in Nightly builds, run with -Z macro-backtrace for more info)
[INFO] [stdout] 
[INFO] [stdout] 
[INFO] [stdout] error[E0425]: cannot find value `req` in this scope
[INFO] [stdout]    --> /opt/rustwide/cargo-home/registry/src/github.com-1ecc6299db9ec823/jsonrpc-v2-0.10.1/src/lib.rs:525:1
[INFO] [stdout]     |
[INFO] [stdout] 525 | #[async_trait::async_trait]
[INFO] [stdout]     | ^^^^^^^^^^^^^^^^^^^^^^^^^^^ not found in this scope
[INFO] [stdout]     |
[INFO] [stdout]     = note: this error originates in the macro `$crate::join_internal` which comes from the expansion of the attribute macro `async_trait::async_trait` (in Nightly builds, run with -Z macro-backtrace for more info)
[INFO] [stdout] 
[INFO] [stdout] 
[INFO] [stdout] error[E0425]: cannot find value `req` in this scope
[INFO] [stdout]    --> /opt/rustwide/cargo-home/registry/src/github.com-1ecc6299db9ec823/jsonrpc-v2-0.10.1/src/lib.rs:544:1
[INFO] [stdout]     |
[INFO] [stdout] 544 | #[async_trait::async_trait]
[INFO] [stdout]     | ^^^^^^^^^^^^^^^^^^^^^^^^^^^ not found in this scope
[INFO] [stdout]     |
[INFO] [stdout]     = note: this error originates in the macro `$crate::join_internal` which comes from the expansion of the attribute macro `async_trait::async_trait` (in Nightly builds, run with -Z macro-backtrace for more info)
[INFO] [stdout] 
[INFO] [stdout] 
[INFO] [stdout] error: aborting due to 4 previous errors
[INFO] [stdout] 
[INFO] [stdout] 
[INFO] [stdout] For more information about this error, try `rustc --explain E0425`.
[INFO] [stdout] 
[INFO] [stderr] error: could not compile `jsonrpc-v2` due to 5 previous errors
[INFO] [stderr] warning: build failed, waiting for other jobs to finish...
[INFO] running `Command { std: "docker" "inspect" "25516bda7b7057cb3829204f3f44e652e644a31ebf8575691b6d64d2a6840ded", kill_on_drop: false }`
[INFO] running `Command { std: "docker" "rm" "-f" "25516bda7b7057cb3829204f3f44e652e644a31ebf8575691b6d64d2a6840ded", kill_on_drop: false }`
[INFO] [stdout] 25516bda7b7057cb3829204f3f44e652e644a31ebf8575691b6d64d2a6840ded
