[INFO] fetching crate roa-async-std 0.6.0...
[INFO] documenting roa-async-std-0.6.0 against 1.69.0 for beta-1.70-rustdoc-1
[INFO] extracting crate roa-async-std 0.6.0 into /workspace/builds/worker-7-tc1/source
[INFO] validating manifest of crates.io crate roa-async-std 0.6.0 on toolchain 1.69.0
[INFO] running `Command { std: CARGO_HOME="/workspace/cargo-home" RUSTUP_HOME="/workspace/rustup-home" "/workspace/cargo-home/bin/cargo" "+1.69.0" "metadata" "--manifest-path" "Cargo.toml" "--no-deps", kill_on_drop: false }`
[INFO] started tweaking crates.io crate roa-async-std 0.6.0
[INFO] finished tweaking crates.io crate roa-async-std 0.6.0
[INFO] tweaked toml for crates.io crate roa-async-std 0.6.0 written to /workspace/builds/worker-7-tc1/source/Cargo.toml
[INFO] running `Command { std: CARGO_HOME="/workspace/cargo-home" RUSTUP_HOME="/workspace/rustup-home" __CARGO_TEST_CHANNEL_OVERRIDE_DO_NOT_USE_THIS="nightly" "/workspace/cargo-home/bin/cargo" "+1.69.0" "generate-lockfile" "--manifest-path" "Cargo.toml" "-Zno-index-update", kill_on_drop: false }`
[INFO] running `Command { std: CARGO_HOME="/workspace/cargo-home" RUSTUP_HOME="/workspace/rustup-home" "/workspace/cargo-home/bin/cargo" "+1.69.0" "fetch" "--manifest-path" "Cargo.toml", kill_on_drop: false }`
[INFO] [stderr]  Downloading crates ...
[INFO] [stderr]   Downloaded extensions v0.2.0
[INFO] [stderr]   Downloaded jsonrpc-v2 v0.10.1
[INFO] [stderr]   Downloaded roa v0.6.1
[INFO] [stderr]   Downloaded cookie v0.15.2
[INFO] [stderr]   Downloaded roa-core v0.6.1
[INFO] running `Command { std: "docker" "create" "-v" "/var/lib/crater-agent-workspace/builds/worker-7-tc1/target:/opt/rustwide/target:rw,Z" "-v" "/var/lib/crater-agent-workspace/builds/worker-7-tc1/source:/opt/rustwide/workdir:ro,Z" "-v" "/var/lib/crater-agent-workspace/cargo-home:/opt/rustwide/cargo-home:ro,Z" "-v" "/var/lib/crater-agent-workspace/rustup-home:/opt/rustwide/rustup-home:ro,Z" "-e" "SOURCE_DIR=/opt/rustwide/workdir" "-e" "CARGO_TARGET_DIR=/opt/rustwide/target" "-e" "CARGO_HOME=/opt/rustwide/cargo-home" "-e" "RUSTUP_HOME=/opt/rustwide/rustup-home" "-w" "/opt/rustwide/workdir" "-m" "1610612736" "--user" "0:0" "--network" "none" "ghcr.io/rust-lang/crates-build-env/linux@sha256:5ff2268d62e97bff2cde7d5815dd6ed5b47097566f13b8d0ca110b04b60e07ed" "/opt/rustwide/cargo-home/bin/cargo" "+1.69.0" "metadata" "--no-deps" "--format-version=1", kill_on_drop: false }`
[INFO] [stdout] 295260b04dc3d17fece2b1cb77dc94e04d0b8945f71a482661bd5b70532b18cc
[INFO] running `Command { std: "docker" "start" "-a" "295260b04dc3d17fece2b1cb77dc94e04d0b8945f71a482661bd5b70532b18cc", kill_on_drop: false }`
[INFO] running `Command { std: "docker" "inspect" "295260b04dc3d17fece2b1cb77dc94e04d0b8945f71a482661bd5b70532b18cc", kill_on_drop: false }`
[INFO] running `Command { std: "docker" "rm" "-f" "295260b04dc3d17fece2b1cb77dc94e04d0b8945f71a482661bd5b70532b18cc", kill_on_drop: false }`
[INFO] [stdout] 295260b04dc3d17fece2b1cb77dc94e04d0b8945f71a482661bd5b70532b18cc
[INFO] running `Command { std: "docker" "create" "-v" "/var/lib/crater-agent-workspace/builds/worker-7-tc1/target:/opt/rustwide/target:rw,Z" "-v" "/var/lib/crater-agent-workspace/builds/worker-7-tc1/source:/opt/rustwide/workdir:ro,Z" "-v" "/var/lib/crater-agent-workspace/cargo-home:/opt/rustwide/cargo-home:ro,Z" "-v" "/var/lib/crater-agent-workspace/rustup-home:/opt/rustwide/rustup-home:ro,Z" "-e" "SOURCE_DIR=/opt/rustwide/workdir" "-e" "CARGO_TARGET_DIR=/opt/rustwide/target" "-e" "CARGO_INCREMENTAL=0" "-e" "RUST_BACKTRACE=full" "-e" "RUSTFLAGS=--cap-lints=warn" "-e" "RUSTDOCFLAGS=--cap-lints=warn" "-e" "CARGO_HOME=/opt/rustwide/cargo-home" "-e" "RUSTUP_HOME=/opt/rustwide/rustup-home" "-w" "/opt/rustwide/workdir" "-m" "1610612736" "--user" "0:0" "--network" "none" "ghcr.io/rust-lang/crates-build-env/linux@sha256:5ff2268d62e97bff2cde7d5815dd6ed5b47097566f13b8d0ca110b04b60e07ed" "/opt/rustwide/cargo-home/bin/cargo" "+1.69.0" "doc" "--frozen" "--no-deps" "--document-private-items" "--message-format=json", kill_on_drop: false }`
[INFO] [stdout] 258563814dcdc86415e9177d98a462124592716ebc6df6903eb47064a517e93e
[INFO] running `Command { std: "docker" "start" "-a" "258563814dcdc86415e9177d98a462124592716ebc6df6903eb47064a517e93e", kill_on_drop: false }`
[INFO] [stderr]    Compiling syn v1.0.109
[INFO] [stderr]    Compiling libc v0.2.142
[INFO] [stderr]    Compiling futures-core v0.3.28
[INFO] [stderr]    Compiling log v0.4.17
[INFO] [stderr]     Checking futures-io v0.3.28
[INFO] [stderr]    Compiling crossbeam-utils v0.8.15
[INFO] [stderr]    Compiling value-bag v1.0.0-alpha.9
[INFO] [stderr]     Checking futures-sink v0.3.28
[INFO] [stderr]    Compiling futures-channel v0.3.28
[INFO] [stderr]    Compiling futures-task v0.3.28
[INFO] [stderr]    Compiling generic-array v0.14.7
[INFO] [stderr]    Compiling tokio v1.28.0
[INFO] [stderr]    Compiling syn v2.0.15
[INFO] [stderr]     Checking itoa v1.0.6
[INFO] [stderr]     Checking event-listener v2.5.3
[INFO] [stderr]    Compiling futures-util v0.3.28
[INFO] [stderr]     Checking fastrand v1.9.0
[INFO] [stderr]    Compiling io-lifetimes v1.0.10
[INFO] [stderr]     Checking http v0.2.9
[INFO] [stderr]     Checking waker-fn v1.1.0
[INFO] [stderr]     Checking parking v2.1.0
[INFO] [stderr]     Checking async-lock v2.7.0
[INFO] [stderr]     Checking tracing-core v0.1.30
[INFO] [stderr]    Compiling indexmap v1.9.3
[INFO] [stderr]    Compiling polling v2.8.0
[INFO] [stderr]    Compiling rustix v0.37.18
[INFO] [stderr]    Compiling async-io v1.13.0
[INFO] [stderr]     Checking futures-lite v1.13.0
[INFO] [stderr]     Checking linux-raw-sys v0.3.6
[INFO] [stderr]     Checking async-task v4.4.0
[INFO] [stderr]     Checking concurrent-queue v2.2.0
[INFO] [stderr]    Compiling signal-hook v0.3.15
[INFO] [stderr]    Compiling async-trait v0.1.68
[INFO] [stderr]    Compiling crossbeam-queue v0.3.8
[INFO] [stderr]    Compiling async-process v1.7.0
[INFO] [stderr]     Checking cpufeatures v0.2.7
[INFO] [stderr]     Checking async-channel v1.8.0
[INFO] [stderr]     Checking atomic-waker v1.1.1
[INFO] [stderr]     Checking block-buffer v0.10.4
[INFO] [stderr]     Checking crypto-common v0.1.6
[INFO] [stderr]     Checking unicode-bidi v0.3.13
[INFO] [stderr]     Checking mime v0.3.17
[INFO] [stderr]     Checking http-body v0.4.5
[INFO] [stderr]     Checking headers-core v0.2.0
[INFO] [stderr]     Checking bytesize v1.2.0
[INFO] [stderr]     Checking digest v0.10.6
[INFO] [stderr]     Checking futures-timer v3.0.2
[INFO] [stderr]     Checking idna v0.3.0
[INFO] [stderr]     Checking sha1 v0.10.5
[INFO] [stderr]     Checking async-executor v1.5.1
[INFO] [stderr]     Checking headers v0.3.8
[INFO] [stderr]     Checking socket2 v0.4.9
[INFO] [stderr]     Checking signal-hook-registry v1.4.1
[INFO] [stderr]     Checking parking_lot_core v0.9.7
[INFO] [stderr]     Checking num_cpus v1.15.0
[INFO] [stderr]     Checking url v2.3.1
[INFO] [stderr]     Checking parking_lot v0.12.1
[INFO] [stderr]    Compiling ctor v0.1.26
[INFO] [stderr]    Compiling async-attributes v1.1.2
[INFO] [stderr]    Compiling tokio-macros v2.1.0
[INFO] [stderr]    Compiling futures-macro v0.3.28
[INFO] [stderr]    Compiling tracing-attributes v0.1.24
[INFO] [stderr]     Checking mio v0.8.6
[INFO] [stderr]     Checking want v0.3.0
[INFO] [stderr]     Checking blocking v1.3.1
[INFO] [stderr]     Checking kv-log-macro v1.0.7
[INFO] [stderr]     Checking tracing v0.1.37
[INFO] [stderr]     Checking async-global-executor v2.3.1
[INFO] [stderr]     Checking async-std v1.12.0
[INFO] [stderr]     Checking futures-executor v0.3.28
[INFO] [stderr]     Checking futures v0.3.28
[INFO] [stderr]     Checking tokio-util v0.7.8
[INFO] [stderr]     Checking tokio-util v0.6.10
[INFO] [stderr]     Checking h2 v0.3.18
[INFO] [stderr]     Checking hyper v0.14.26
[INFO] [stderr]     Checking roa-core v0.6.1
[INFO] [stderr]     Checking roa v0.6.1
[INFO] [stderr]  Documenting roa-async-std v0.6.0 (/opt/rustwide/workdir)
[INFO] [stderr]     Finished dev [unoptimized + debuginfo] target(s) in 19.18s
[INFO] running `Command { std: "docker" "inspect" "258563814dcdc86415e9177d98a462124592716ebc6df6903eb47064a517e93e", kill_on_drop: false }`
[INFO] running `Command { std: "docker" "rm" "-f" "258563814dcdc86415e9177d98a462124592716ebc6df6903eb47064a517e93e", kill_on_drop: false }`
[INFO] [stdout] 258563814dcdc86415e9177d98a462124592716ebc6df6903eb47064a517e93e
[INFO] running `Command { std: "docker" "create" "-v" "/var/lib/crater-agent-workspace/builds/worker-7-tc1/target:/opt/rustwide/target:rw,Z" "-v" "/var/lib/crater-agent-workspace/builds/worker-7-tc1/source:/opt/rustwide/workdir:ro,Z" "-v" "/var/lib/crater-agent-workspace/cargo-home:/opt/rustwide/cargo-home:ro,Z" "-v" "/var/lib/crater-agent-workspace/rustup-home:/opt/rustwide/rustup-home:ro,Z" "-e" "SOURCE_DIR=/opt/rustwide/workdir" "-e" "CARGO_TARGET_DIR=/opt/rustwide/target" "-e" "CARGO_INCREMENTAL=0" "-e" "RUST_BACKTRACE=full" "-e" "RUSTFLAGS=--cap-lints=warn" "-e" "RUSTDOCFLAGS=--cap-lints=warn" "-e" "DOCS_RS=1" "-e" "RUSTC_BOOTSTRAP=1" "-e" "CARGO_HOME=/opt/rustwide/cargo-home" "-e" "RUSTUP_HOME=/opt/rustwide/rustup-home" "-w" "/opt/rustwide/workdir" "-m" "1610612736" "--user" "0:0" "--network" "none" "ghcr.io/rust-lang/crates-build-env/linux@sha256:5ff2268d62e97bff2cde7d5815dd6ed5b47097566f13b8d0ca110b04b60e07ed" "/opt/rustwide/cargo-home/bin/cargo" "+1.69.0" "rustdoc" "--lib" "-Zrustdoc-map" "--features" "docs" "-Z" "unstable-options" "--config" "build.rustdocflags=[\"--cfg\", \"feature=\\\"docs\\\"\", \"-Z\", \"unstable-options\", \"--document-private-items\"]" "--frozen" "--message-format=json", kill_on_drop: false }`
[INFO] [stdout] bb577409386ada9aacba72fb9363d58ed12eb0a721f507a9e3d082993870503f
[INFO] running `Command { std: "docker" "start" "-a" "bb577409386ada9aacba72fb9363d58ed12eb0a721f507a9e3d082993870503f", kill_on_drop: false }`
[INFO] [stderr]     Blocking waiting for file lock on package cache
[INFO] [stderr]    Compiling proc-macro2 v1.0.56
[INFO] [stderr]    Compiling syn v1.0.109
[INFO] [stderr]    Compiling memchr v2.5.0
[INFO] [stderr]    Compiling quote v1.0.26
[INFO] [stderr]    Compiling serde_derive v1.0.160
[INFO] [stderr]    Compiling serde v1.0.160
[INFO] [stderr]    Compiling num-traits v0.2.15
[INFO] [stderr]    Compiling libc v0.2.142
[INFO] [stderr]    Compiling radium v0.5.3
[INFO] [stderr]    Compiling lexical-core v0.7.6
[INFO] [stderr]     Checking ryu v1.0.13
[INFO] [stderr]    Compiling standback v0.2.17
[INFO] [stderr]    Compiling nom v6.1.2
[INFO] [stderr]    Compiling num-integer v0.1.45
[INFO] [stderr]    Compiling unicase v2.6.0
[INFO] [stderr]    Compiling proc-macro-hack v0.5.20+deprecated
[INFO] [stderr]     Checking getrandom v0.2.9
[INFO] [stderr]     Checking unicode-ident v1.0.8
[INFO] [stderr]    Compiling wyz v0.2.0
[INFO] [stderr]     Checking byteorder v1.4.3
[INFO] [stderr]    Compiling tap v1.0.1
[INFO] [stderr]    Compiling arrayvec v0.5.2
[INFO] [stderr]    Compiling funty v1.1.0
[INFO] [stderr]    Compiling static_assertions v1.1.0
[INFO] [stderr]     Checking rand_core v0.6.4
[INFO] [stderr]    Compiling num-bigint v0.2.6
[INFO] [stderr]    Compiling serde_json v1.0.96
[INFO] [stderr]    Compiling zstd-safe v5.0.2+zstd.1.5.2
[INFO] [stderr]    Compiling thiserror v1.0.40
[INFO] [stderr]     Checking futures-lite v1.13.0
[INFO] [stderr]    Compiling const_fn v0.4.9
[INFO] [stderr]     Checking alloc-no-stdlib v2.0.4
[INFO] [stderr]    Compiling bitvec v0.19.6
[INFO] [stderr]     Checking alloc-stdlib v0.2.2
[INFO] [stderr]     Checking rand_chacha v0.3.1
[INFO] [stderr]    Compiling syn v2.0.15
[INFO] [stderr]     Checking aho-corasick v1.0.1
[INFO] [stderr]     Checking block-buffer v0.9.0
[INFO] [stderr]     Checking digest v0.9.0
[INFO] [stderr]     Checking time v0.1.45
[INFO] [stderr]    Compiling time v0.2.27
[INFO] [stderr]    Compiling jobserver v0.1.26
[INFO] [stderr]    Compiling percent-encoding v2.2.0
[INFO] [stderr]    Compiling erased-serde v0.3.25
[INFO] [stderr]    Compiling askama_escape v0.10.3
[INFO] [stderr]    Compiling rustls v0.20.8
[INFO] [stderr]    Compiling cc v1.0.79
[INFO] [stderr]     Checking iana-time-zone v0.1.56
[INFO] [stderr]     Checking regex-syntax v0.7.1
[INFO] [stderr]    Compiling humansize v1.1.1
[INFO] [stderr]     Checking miniz_oxide v0.7.1
[INFO] [stderr]    Compiling mime_guess v2.0.4
[INFO] [stderr]     Checking sha-1 v0.9.8
[INFO] [stderr]     Checking chrono v0.4.24
[INFO] [stderr]     Checking rand v0.8.5
[INFO] [stderr]     Checking brotli-decompressor v2.3.4
[INFO] [stderr]     Checking fxhash v0.2.1
[INFO] [stderr]    Compiling cookie v0.15.2
[INFO] [stderr]    Compiling multer v2.1.0
[INFO] [stderr]    Compiling doc-comment v0.3.3
[INFO] [stderr]     Checking utf-8 v0.7.6
[INFO] [stderr]     Checking extensions v0.2.0
[INFO] [stderr]     Checking flate2 v1.0.26
[INFO] [stderr]     Checking async-executor v1.5.1
[INFO] [stderr]     Checking nibble_vec v0.1.0
[INFO] [stderr]     Checking spin v0.9.8
[INFO] [stderr]     Checking base64 v0.12.3
[INFO] [stderr]     Checking endian-type v0.1.2
[INFO] [stderr]     Checking rustls-pemfile v0.2.1
[INFO] [stderr]    Compiling ring v0.16.20
[INFO] [stderr]    Compiling zstd-sys v2.0.8+zstd.1.5.5
[INFO] [stderr]    Compiling bzip2-sys v0.1.11+1.0.8
[INFO] [stderr]    Compiling lzma-sys v0.1.20
[INFO] [stderr]     Checking simple_asn1 v0.4.1
[INFO] [stderr]     Checking radix_trie v0.2.1
[INFO] [stderr]     Checking brotli v3.3.4
[INFO] [stderr]     Checking regex v1.8.1
[INFO] [stderr]     Checking xz2 v0.1.7
[INFO] [stderr]     Checking bzip2 v0.4.4
[INFO] [stderr]     Checking pem v0.8.3
[INFO] [stderr]    Compiling ctor v0.1.26
[INFO] [stderr]    Compiling time-macros-impl v0.1.2
[INFO] [stderr]    Compiling pin-project-internal v1.0.12
[INFO] [stderr]    Compiling async-attributes v1.1.2
[INFO] [stderr]     Checking webpki v0.22.0
[INFO] [stderr]     Checking sct v0.7.0
[INFO] [stderr]    Compiling futures-macro v0.3.28
[INFO] [stderr]    Compiling tokio-macros v2.1.0
[INFO] [stderr]    Compiling tracing-attributes v0.1.24
[INFO] [stderr]    Compiling thiserror-impl v1.0.40
[INFO] [stderr]    Compiling async-trait v0.1.68
[INFO] [stderr]     Checking value-bag v1.0.0-alpha.9
[INFO] [stderr]     Checking time-macros v0.1.1
[INFO] [stderr]     Checking log v0.4.17
[INFO] [stderr]     Checking mio v0.8.6
[INFO] [stderr]     Checking polling v2.8.0
[INFO] [stderr]     Checking want v0.3.0
[INFO] [stderr]     Checking blocking v1.3.1
[INFO] [stderr]     Checking kv-log-macro v1.0.7
[INFO] [stderr]     Checking pin-project v1.0.12
[INFO] [stderr]     Checking async-io v1.13.0
[INFO] [stderr]     Checking futures-util v0.3.28
[INFO] [stderr]     Checking tokio v1.28.0
[INFO] [stderr]     Checking zstd v0.11.2+zstd.1.5.2
[INFO] [stderr]     Checking async-process v1.7.0
[INFO] [stderr]     Checking async-global-executor v2.3.1
[INFO] [stderr]     Checking tungstenite v0.14.0
[INFO] [stderr]     Checking tracing v0.1.37
[INFO] [stderr]     Checking async-std v1.12.0
[INFO] [stderr]     Checking async-compression v0.3.15
[INFO] [stderr]     Checking futures-executor v0.3.28
[INFO] [stderr]     Checking futures v0.3.28
[INFO] [stderr]     Checking tokio-util v0.7.8
[INFO] [stderr]     Checking tokio-util v0.6.10
[INFO] [stderr]     Checking tokio-rustls v0.23.4
[INFO] [stderr]     Checking tokio-tungstenite v0.15.0
[INFO] [stderr]     Checking h2 v0.3.18
[INFO] [stderr]     Checking toml v0.5.11
[INFO] [stderr]     Checking serde_urlencoded v0.7.1
[INFO] [stderr]     Checking askama_shared v0.11.2
[INFO] [stderr]     Checking jsonrpc-v2 v0.10.1
[INFO] [stderr]     Checking jsonwebtoken v7.2.0
[INFO] [stdout] error[E0425]: cannot find value `req` in this scope
[INFO] [stdout]    --> /opt/rustwide/cargo-home/registry/src/github.com-1ecc6299db9ec823/jsonrpc-v2-0.10.1/src/lib.rs:499:1
[INFO] [stdout]     |
[INFO] [stdout] 499 | #[async_trait::async_trait]
[INFO] [stdout]     | ^^^^^^^^^^^^^^^^^^^^^^^^^^^ not found in this scope
[INFO] [stdout]     |
[INFO] [stdout]     = note: this error originates in the macro `$crate::join_internal` which comes from the expansion of the attribute macro `async_trait::async_trait` (in Nightly builds, run with -Z macro-backtrace for more info)
[INFO] [stdout] 
[INFO] [stdout] 
[INFO] [stdout] error[E0425]: cannot find value `req` in this scope
[INFO] [stdout]    --> /opt/rustwide/cargo-home/registry/src/github.com-1ecc6299db9ec823/jsonrpc-v2-0.10.1/src/lib.rs:511:1
[INFO] [stdout]     |
[INFO] [stdout] 511 | #[async_trait::async_trait]
[INFO] [stdout]     | ^^^^^^^^^^^^^^^^^^^^^^^^^^^ not found in this scope
[INFO] [stdout]     |
[INFO] [stdout]     = note: this error originates in the macro `$crate::join_internal` which comes from the expansion of the attribute macro `async_trait::async_trait` (in Nightly builds, run with -Z macro-backtrace for more info)
[INFO] [stdout] 
[INFO] [stdout] 
[INFO] [stdout] error[E0425]: cannot find value `req` in this scope
[INFO] [stdout]    --> /opt/rustwide/cargo-home/registry/src/github.com-1ecc6299db9ec823/jsonrpc-v2-0.10.1/src/lib.rs:525:1
[INFO] [stdout]     |
[INFO] [stdout] 525 | #[async_trait::async_trait]
[INFO] [stdout]     | ^^^^^^^^^^^^^^^^^^^^^^^^^^^ not found in this scope
[INFO] [stdout]     |
[INFO] [stdout]     = note: this error originates in the macro `$crate::join_internal` which comes from the expansion of the attribute macro `async_trait::async_trait` (in Nightly builds, run with -Z macro-backtrace for more info)
[INFO] [stdout] 
[INFO] [stdout] 
[INFO] [stdout] error[E0425]: cannot find value `req` in this scope
[INFO] [stdout]    --> /opt/rustwide/cargo-home/registry/src/github.com-1ecc6299db9ec823/jsonrpc-v2-0.10.1/src/lib.rs:544:1
[INFO] [stdout]     |
[INFO] [stdout] 544 | #[async_trait::async_trait]
[INFO] [stdout]     | ^^^^^^^^^^^^^^^^^^^^^^^^^^^ not found in this scope
[INFO] [stdout]     |
[INFO] [stdout]     = note: this error originates in the macro `$crate::join_internal` which comes from the expansion of the attribute macro `async_trait::async_trait` (in Nightly builds, run with -Z macro-backtrace for more info)
[INFO] [stdout] 
[INFO] [stdout] 
[INFO] [stdout] error: aborting due to 4 previous errors
[INFO] [stdout] 
[INFO] [stdout] 
[INFO] [stdout] For more information about this error, try `rustc --explain E0425`.
[INFO] [stdout] 
[INFO] [stderr] error: could not compile `jsonrpc-v2` due to 5 previous errors
[INFO] [stderr] warning: build failed, waiting for other jobs to finish...
[INFO] running `Command { std: "docker" "inspect" "bb577409386ada9aacba72fb9363d58ed12eb0a721f507a9e3d082993870503f", kill_on_drop: false }`
[INFO] running `Command { std: "docker" "rm" "-f" "bb577409386ada9aacba72fb9363d58ed12eb0a721f507a9e3d082993870503f", kill_on_drop: false }`
[INFO] [stdout] bb577409386ada9aacba72fb9363d58ed12eb0a721f507a9e3d082993870503f
