[INFO] fetching crate riker-timer 0.2.4...
[INFO] documenting riker-timer-0.2.4 against 1.69.0 for beta-1.70-rustdoc-1
[INFO] extracting crate riker-timer 0.2.4 into /workspace/builds/worker-7-tc1/source
[INFO] validating manifest of crates.io crate riker-timer 0.2.4 on toolchain 1.69.0
[INFO] running `Command { std: CARGO_HOME="/workspace/cargo-home" RUSTUP_HOME="/workspace/rustup-home" "/workspace/cargo-home/bin/cargo" "+1.69.0" "metadata" "--manifest-path" "Cargo.toml" "--no-deps", kill_on_drop: false }`
[INFO] started tweaking crates.io crate riker-timer 0.2.4
[INFO] finished tweaking crates.io crate riker-timer 0.2.4
[INFO] tweaked toml for crates.io crate riker-timer 0.2.4 written to /workspace/builds/worker-7-tc1/source/Cargo.toml
[INFO] running `Command { std: CARGO_HOME="/workspace/cargo-home" RUSTUP_HOME="/workspace/rustup-home" __CARGO_TEST_CHANNEL_OVERRIDE_DO_NOT_USE_THIS="nightly" "/workspace/cargo-home/bin/cargo" "+1.69.0" "generate-lockfile" "--manifest-path" "Cargo.toml" "-Zno-index-update", kill_on_drop: false }`
[INFO] running `Command { std: CARGO_HOME="/workspace/cargo-home" RUSTUP_HOME="/workspace/rustup-home" "/workspace/cargo-home/bin/cargo" "+1.69.0" "fetch" "--manifest-path" "Cargo.toml", kill_on_drop: false }`
[INFO] [stderr]  Downloading crates ...
[INFO] [stderr]   Downloaded riker-default v0.2.4
[INFO] [stderr]   Downloaded riker-mapvec v0.2.4
[INFO] [stderr]   Downloaded riker v0.2.4
[INFO] [stderr]   Downloaded riker-timer v0.2.4
[INFO] [stderr]   Downloaded riker-deadletter v0.2.4
[INFO] [stderr]   Downloaded riker-log v0.2.4
[INFO] [stderr]   Downloaded config v0.9.3
[INFO] [stderr]   Downloaded riker-dispatcher v0.2.4
[INFO] [stderr]   Downloaded runtime-fmt v0.3.0
[INFO] [stderr]   Downloaded serde-hjson v0.8.2
[INFO] [stderr]   Downloaded riker-testkit v0.1.0
[INFO] running `Command { std: "docker" "create" "-v" "/var/lib/crater-agent-workspace/builds/worker-7-tc1/target:/opt/rustwide/target:rw,Z" "-v" "/var/lib/crater-agent-workspace/builds/worker-7-tc1/source:/opt/rustwide/workdir:ro,Z" "-v" "/var/lib/crater-agent-workspace/cargo-home:/opt/rustwide/cargo-home:ro,Z" "-v" "/var/lib/crater-agent-workspace/rustup-home:/opt/rustwide/rustup-home:ro,Z" "-e" "SOURCE_DIR=/opt/rustwide/workdir" "-e" "CARGO_TARGET_DIR=/opt/rustwide/target" "-e" "CARGO_HOME=/opt/rustwide/cargo-home" "-e" "RUSTUP_HOME=/opt/rustwide/rustup-home" "-w" "/opt/rustwide/workdir" "-m" "1610612736" "--user" "0:0" "--network" "none" "ghcr.io/rust-lang/crates-build-env/linux@sha256:5ff2268d62e97bff2cde7d5815dd6ed5b47097566f13b8d0ca110b04b60e07ed" "/opt/rustwide/cargo-home/bin/cargo" "+1.69.0" "metadata" "--no-deps" "--format-version=1", kill_on_drop: false }`
[INFO] [stdout] 2111602eadbf9dd82229ea91d395fe89264a2016c0202c4053f0b3792464a75b
[INFO] running `Command { std: "docker" "start" "-a" "2111602eadbf9dd82229ea91d395fe89264a2016c0202c4053f0b3792464a75b", kill_on_drop: false }`
[INFO] running `Command { std: "docker" "inspect" "2111602eadbf9dd82229ea91d395fe89264a2016c0202c4053f0b3792464a75b", kill_on_drop: false }`
[INFO] running `Command { std: "docker" "rm" "-f" "2111602eadbf9dd82229ea91d395fe89264a2016c0202c4053f0b3792464a75b", kill_on_drop: false }`
[INFO] [stdout] 2111602eadbf9dd82229ea91d395fe89264a2016c0202c4053f0b3792464a75b
[INFO] running `Command { std: "docker" "create" "-v" "/var/lib/crater-agent-workspace/builds/worker-7-tc1/target:/opt/rustwide/target:rw,Z" "-v" "/var/lib/crater-agent-workspace/builds/worker-7-tc1/source:/opt/rustwide/workdir:ro,Z" "-v" "/var/lib/crater-agent-workspace/cargo-home:/opt/rustwide/cargo-home:ro,Z" "-v" "/var/lib/crater-agent-workspace/rustup-home:/opt/rustwide/rustup-home:ro,Z" "-e" "SOURCE_DIR=/opt/rustwide/workdir" "-e" "CARGO_TARGET_DIR=/opt/rustwide/target" "-e" "CARGO_INCREMENTAL=0" "-e" "RUST_BACKTRACE=full" "-e" "RUSTFLAGS=--cap-lints=warn" "-e" "RUSTDOCFLAGS=--cap-lints=warn" "-e" "CARGO_HOME=/opt/rustwide/cargo-home" "-e" "RUSTUP_HOME=/opt/rustwide/rustup-home" "-w" "/opt/rustwide/workdir" "-m" "1610612736" "--user" "0:0" "--network" "none" "ghcr.io/rust-lang/crates-build-env/linux@sha256:5ff2268d62e97bff2cde7d5815dd6ed5b47097566f13b8d0ca110b04b60e07ed" "/opt/rustwide/cargo-home/bin/cargo" "+1.69.0" "doc" "--frozen" "--no-deps" "--document-private-items" "--message-format=json", kill_on_drop: false }`
[INFO] [stdout] b71476778edd1c86cb5eefccbe45dc034cf26d6b1236849eb1582f0ea0514d03
[INFO] running `Command { std: "docker" "start" "-a" "b71476778edd1c86cb5eefccbe45dc034cf26d6b1236849eb1582f0ea0514d03", kill_on_drop: false }`
[INFO] [stderr]    Compiling num-traits v0.2.15
[INFO] [stderr]    Compiling serde v1.0.160
[INFO] [stderr]     Checking futures-sink-preview v0.3.0-alpha.19
[INFO] [stderr]     Checking serde v0.8.23
[INFO] [stderr]     Checking futures-core-preview v0.3.0-alpha.19
[INFO] [stderr]    Compiling memchr v2.5.0
[INFO] [stderr]    Compiling version_check v0.1.5
[INFO] [stderr]     Checking futures-io-preview v0.3.0-alpha.19
[INFO] [stderr]     Checking num_cpus v1.15.0
[INFO] [stderr]     Checking ucd-util v0.1.10
[INFO] [stderr]     Checking futures-channel-preview v0.3.0-alpha.19
[INFO] [stderr]    Compiling regex v0.2.11
[INFO] [stderr]     Checking lazy_static v0.2.11
[INFO] [stderr]     Checking linked-hash-map v0.5.6
[INFO] [stderr]    Compiling nom v4.2.3
[INFO] [stderr]     Checking regex-syntax v0.5.6
[INFO] [stderr]     Checking yaml-rust v0.4.5
[INFO] [stderr]     Checking aho-corasick v1.0.1
[INFO] [stderr]     Checking futures-util-preview v0.3.0-alpha.19
[INFO] [stderr]     Checking aho-corasick v0.6.10
[INFO] [stderr]     Checking thread_local v0.3.6
[INFO] [stderr]     Checking rand v0.4.6
[INFO] [stderr]     Checking iovec v0.1.4
[INFO] [stderr]     Checking regex v1.8.1
[INFO] [stderr]     Checking rust-ini v0.13.0
[INFO] [stderr]     Checking utf8-ranges v1.0.5
[INFO] [stderr]     Checking num-traits v0.1.43
[INFO] [stderr]     Checking num-integer v0.1.45
[INFO] [stderr]     Checking bytes v0.4.12
[INFO] [stderr]     Checking uuid v0.6.5
[INFO] [stderr]     Checking serde_test v0.8.23
[INFO] [stderr]     Checking chrono v0.4.24
[INFO] [stderr]     Checking futures-executor-preview v0.3.0-alpha.19
[INFO] [stderr]     Checking linked-hash-map v0.3.0
[INFO] [stderr]     Checking futures-preview v0.3.0-alpha.19
[INFO] [stderr]     Checking serde-hjson v0.8.2
[INFO] [stderr]     Checking serde_json v1.0.96
[INFO] [stderr]     Checking toml v0.4.10
[INFO] [stderr]     Checking config v0.9.3
[INFO] [stderr]     Checking riker v0.2.4
[INFO] [stdout] error[E0557]: feature has been removed
[INFO] [stdout]  --> /opt/rustwide/cargo-home/registry/src/github.com-1ecc6299db9ec823/riker-0.2.4/src/lib.rs:4:9
[INFO] [stdout]   |
[INFO] [stdout] 4 |         await_macro,
[INFO] [stdout]   |         ^^^^^^^^^^^ feature has been removed
[INFO] [stdout]   |
[INFO] [stdout]   = note: subsumed by `.await` syntax
[INFO] [stdout] 
[INFO] [stdout] 
[INFO] [stdout] error: incorrect use of `await`
[INFO] [stdout]    --> /opt/rustwide/cargo-home/registry/src/github.com-1ecc6299db9ec823/riker-0.2.4/src/kernel/kernel.rs:257:29
[INFO] [stdout]     |
[INFO] [stdout] 257 |                     let _ = await!(AssertUnwindSafe(f).catch_unwind());
[INFO] [stdout]     |                             ^^^^^^^^^^^^^^^^^^^^^^^^^^^^^^^^^^^^^^^^^^ help: `await` is a postfix operation: `AssertUnwindSafe(f).catch_unwind().await`
[INFO] [stdout] 
[INFO] [stdout] 
[INFO] [stdout] error[E0554]: `#![feature]` may not be used on the stable release channel
[INFO] [stdout]  --> /opt/rustwide/cargo-home/registry/src/github.com-1ecc6299db9ec823/riker-0.2.4/src/lib.rs:2:1
[INFO] [stdout]   |
[INFO] [stdout] 2 | / #![feature(
[INFO] [stdout] 3 | |         async_await,
[INFO] [stdout] 4 | |         await_macro,
[INFO] [stdout] 5 | |         futures_api,
[INFO] [stdout] 6 | |         arbitrary_self_types
[INFO] [stdout] 7 | | )]
[INFO] [stdout]   | |__^
[INFO] [stdout]   |
[INFO] [stdout]   = help: the feature `async_await` has been stable since `1.39.0` and no longer requires an attribute to enable
[INFO] [stdout] 
[INFO] [stdout] 
[INFO] [stdout] error[E0554]: `#![feature]` may not be used on the stable release channel
[INFO] [stdout]  --> /opt/rustwide/cargo-home/registry/src/github.com-1ecc6299db9ec823/riker-0.2.4/src/lib.rs:5:9
[INFO] [stdout]   |
[INFO] [stdout] 5 |         futures_api,
[INFO] [stdout]   |         ^^^^^^^^^^^
[INFO] [stdout] 
[INFO] [stdout] 
[INFO] [stdout] error: aborting due to 4 previous errors
[INFO] [stdout] 
[INFO] [stdout] 
[INFO] [stdout] Some errors have detailed explanations: E0554, E0557.
[INFO] [stdout] 
[INFO] [stdout] For more information about an error, try `rustc --explain E0554`.
[INFO] [stdout] 
[INFO] [stderr] error: could not compile `riker` due to 5 previous errors
[INFO] running `Command { std: "docker" "inspect" "b71476778edd1c86cb5eefccbe45dc034cf26d6b1236849eb1582f0ea0514d03", kill_on_drop: false }`
[INFO] running `Command { std: "docker" "rm" "-f" "b71476778edd1c86cb5eefccbe45dc034cf26d6b1236849eb1582f0ea0514d03", kill_on_drop: false }`
[INFO] [stdout] b71476778edd1c86cb5eefccbe45dc034cf26d6b1236849eb1582f0ea0514d03
