[INFO] fetching crate rabbithole 0.3.1...
[INFO] documenting rabbithole-0.3.1 against 1.69.0 for beta-1.70-rustdoc-1
[INFO] extracting crate rabbithole 0.3.1 into /workspace/builds/worker-3-tc1/source
[INFO] validating manifest of crates.io crate rabbithole 0.3.1 on toolchain 1.69.0
[INFO] running `Command { std: CARGO_HOME="/workspace/cargo-home" RUSTUP_HOME="/workspace/rustup-home" "/workspace/cargo-home/bin/cargo" "+1.69.0" "metadata" "--manifest-path" "Cargo.toml" "--no-deps", kill_on_drop: false }`
[INFO] started tweaking crates.io crate rabbithole 0.3.1
[INFO] finished tweaking crates.io crate rabbithole 0.3.1
[INFO] tweaked toml for crates.io crate rabbithole 0.3.1 written to /workspace/builds/worker-3-tc1/source/Cargo.toml
[INFO] running `Command { std: CARGO_HOME="/workspace/cargo-home" RUSTUP_HOME="/workspace/rustup-home" __CARGO_TEST_CHANNEL_OVERRIDE_DO_NOT_USE_THIS="nightly" "/workspace/cargo-home/bin/cargo" "+1.69.0" "generate-lockfile" "--manifest-path" "Cargo.toml" "-Zno-index-update", kill_on_drop: false }`
[INFO] running `Command { std: CARGO_HOME="/workspace/cargo-home" RUSTUP_HOME="/workspace/rustup-home" "/workspace/cargo-home/bin/cargo" "+1.69.0" "fetch" "--manifest-path" "Cargo.toml", kill_on_drop: false }`
[INFO] [stderr]  Downloading crates ...
[INFO] [stderr]   Downloaded sha-1 v0.7.0
[INFO] [stderr]   Downloaded rabbithole-derive v0.3.1
[INFO] [stderr]   Downloaded frunk_derives v0.3.2
[INFO] [stderr]   Downloaded frunk_proc_macro_helpers v0.0.5
[INFO] [stderr]   Downloaded frunk_core v0.3.2
[INFO] [stderr]   Downloaded frunk_proc_macros v0.0.5
[INFO] [stderr]   Downloaded pest_meta v2.0.3
[INFO] [stderr]   Downloaded pest_derive v2.0.1
[INFO] [stderr]   Downloaded frunk_proc_macros_impl v0.0.5
[INFO] [stderr]   Downloaded rsql-rs v0.2.0
[INFO] [stderr]   Downloaded pest_generator v2.0.0
[INFO] [stderr]   Downloaded frunk v0.3.2
[INFO] [stderr]   Downloaded pest v2.0.2
[INFO] running `Command { std: "docker" "create" "-v" "/var/lib/crater-agent-workspace/builds/worker-3-tc1/target:/opt/rustwide/target:rw,Z" "-v" "/var/lib/crater-agent-workspace/builds/worker-3-tc1/source:/opt/rustwide/workdir:ro,Z" "-v" "/var/lib/crater-agent-workspace/cargo-home:/opt/rustwide/cargo-home:ro,Z" "-v" "/var/lib/crater-agent-workspace/rustup-home:/opt/rustwide/rustup-home:ro,Z" "-e" "SOURCE_DIR=/opt/rustwide/workdir" "-e" "CARGO_TARGET_DIR=/opt/rustwide/target" "-e" "CARGO_HOME=/opt/rustwide/cargo-home" "-e" "RUSTUP_HOME=/opt/rustwide/rustup-home" "-w" "/opt/rustwide/workdir" "-m" "1610612736" "--user" "0:0" "--network" "none" "ghcr.io/rust-lang/crates-build-env/linux@sha256:5ff2268d62e97bff2cde7d5815dd6ed5b47097566f13b8d0ca110b04b60e07ed" "/opt/rustwide/cargo-home/bin/cargo" "+1.69.0" "metadata" "--no-deps" "--format-version=1", kill_on_drop: false }`
[INFO] [stdout] 1db6cbcded06d34f7812536fdfbee7852e77af016a66bc7967ce44d814545bd2
[INFO] running `Command { std: "docker" "start" "-a" "1db6cbcded06d34f7812536fdfbee7852e77af016a66bc7967ce44d814545bd2", kill_on_drop: false }`
[INFO] running `Command { std: "docker" "inspect" "1db6cbcded06d34f7812536fdfbee7852e77af016a66bc7967ce44d814545bd2", kill_on_drop: false }`
[INFO] running `Command { std: "docker" "rm" "-f" "1db6cbcded06d34f7812536fdfbee7852e77af016a66bc7967ce44d814545bd2", kill_on_drop: false }`
[INFO] [stdout] 1db6cbcded06d34f7812536fdfbee7852e77af016a66bc7967ce44d814545bd2
[INFO] running `Command { std: "docker" "create" "-v" "/var/lib/crater-agent-workspace/builds/worker-3-tc1/target:/opt/rustwide/target:rw,Z" "-v" "/var/lib/crater-agent-workspace/builds/worker-3-tc1/source:/opt/rustwide/workdir:ro,Z" "-v" "/var/lib/crater-agent-workspace/cargo-home:/opt/rustwide/cargo-home:ro,Z" "-v" "/var/lib/crater-agent-workspace/rustup-home:/opt/rustwide/rustup-home:ro,Z" "-e" "SOURCE_DIR=/opt/rustwide/workdir" "-e" "CARGO_TARGET_DIR=/opt/rustwide/target" "-e" "CARGO_INCREMENTAL=0" "-e" "RUST_BACKTRACE=full" "-e" "RUSTFLAGS=--cap-lints=warn" "-e" "RUSTDOCFLAGS=--cap-lints=warn" "-e" "CARGO_HOME=/opt/rustwide/cargo-home" "-e" "RUSTUP_HOME=/opt/rustwide/rustup-home" "-w" "/opt/rustwide/workdir" "-m" "1610612736" "--user" "0:0" "--network" "none" "ghcr.io/rust-lang/crates-build-env/linux@sha256:5ff2268d62e97bff2cde7d5815dd6ed5b47097566f13b8d0ca110b04b60e07ed" "/opt/rustwide/cargo-home/bin/cargo" "+1.69.0" "doc" "--frozen" "--no-deps" "--document-private-items" "--message-format=json", kill_on_drop: false }`
[INFO] [stdout] fde46bb8269886ece8af1906938eb7590783de781bcd9cf2b595b8866b9a4552
[INFO] running `Command { std: "docker" "start" "-a" "fde46bb8269886ece8af1906938eb7590783de781bcd9cf2b595b8866b9a4552", kill_on_drop: false }`
[INFO] [stderr]    Compiling syn v0.15.44
[INFO] [stderr]    Compiling frunk_core v0.3.2
[INFO] [stderr]    Compiling ucd-trie v0.1.5
[INFO] [stderr]    Compiling serde_derive v1.0.160
[INFO] [stderr]     Checking thread_local v1.1.7
[INFO] [stderr]     Checking regex-syntax v0.6.29
[INFO] [stderr]    Compiling syn v1.0.109
[INFO] [stderr]    Compiling maplit v1.0.2
[INFO] [stderr]    Compiling syn v0.14.9
[INFO] [stderr]    Compiling pest v2.0.2
[INFO] [stderr]     Checking atty v0.2.14
[INFO] [stderr]    Compiling pest_meta v2.0.3
[INFO] [stderr]     Checking regex v1.3.9
[INFO] [stderr]    Compiling pest_generator v2.0.0
[INFO] [stderr]    Compiling frunk_proc_macro_helpers v0.0.5
[INFO] [stderr]    Compiling thiserror-impl v1.0.40
[INFO] [stderr]     Checking iovec v0.1.4
[INFO] [stderr]     Checking matches v0.1.10
[INFO] [stderr]     Checking idna v0.2.3
[INFO] [stderr]     Checking bytes v0.4.12
[INFO] [stderr]    Compiling frunk_proc_macros_impl v0.0.5
[INFO] [stderr]    Compiling frunk_derives v0.3.2
[INFO] [stderr]    Compiling pest_derive v2.0.1
[INFO] [stderr]     Checking env_logger v0.7.1
[INFO] [stderr]     Checking getrandom v0.2.9
[INFO] [stderr]     Checking frunk_proc_macros v0.0.5
[INFO] [stderr]     Checking strum v0.16.0
[INFO] [stderr]     Checking url v2.1.1
[INFO] [stderr]     Checking http v0.1.21
[INFO] [stderr]     Checking env_logger v0.6.2
[INFO] [stderr]     Checking thiserror v1.0.40
[INFO] [stderr]     Checking base64 v0.11.0
[INFO] [stderr]     Checking frunk v0.3.2
[INFO] [stderr]    Compiling strum_macros v0.16.0
[INFO] [stderr]     Checking serde v1.0.160
[INFO] [stderr]     Checking serde_json v1.0.96
[INFO] [stderr]     Checking uuid v0.8.2
[INFO] [stderr]     Checking rsql-rs v0.2.0
[INFO] [stdout] error[E0658]: use of unstable library feature 'error_generic_member_access'
[INFO] [stdout]  --> /opt/rustwide/cargo-home/registry/src/github.com-1ecc6299db9ec823/rsql-rs-0.2.0/src/error.rs:5:10
[INFO] [stdout]   |
[INFO] [stdout] 5 | #[derive(Error, Debug)]
[INFO] [stdout]   |          ^^^^^
[INFO] [stdout]   |
[INFO] [stdout]   = note: see issue #99301 <https://github.com/rust-lang/rust/issues/99301> for more information
[INFO] [stdout]   = note: this error originates in the derive macro `Error` (in Nightly builds, run with -Z macro-backtrace for more info)
[INFO] [stdout] 
[INFO] [stdout] 
[INFO] [stdout] error[E0658]: use of unstable library feature 'provide_any'
[INFO] [stdout]  --> /opt/rustwide/cargo-home/registry/src/github.com-1ecc6299db9ec823/rsql-rs-0.2.0/src/error.rs:5:10
[INFO] [stdout]   |
[INFO] [stdout] 5 | #[derive(Error, Debug)]
[INFO] [stdout]   |          ^^^^^
[INFO] [stdout]   |
[INFO] [stdout]   = note: see issue #96024 <https://github.com/rust-lang/rust/issues/96024> for more information
[INFO] [stdout]   = note: this error originates in the derive macro `Error` (in Nightly builds, run with -Z macro-backtrace for more info)
[INFO] [stdout] 
[INFO] [stdout] 
[INFO] [stdout] error[E0554]: `#![feature]` may not be used on the stable release channel
[INFO] [stdout]  --> /opt/rustwide/cargo-home/registry/src/github.com-1ecc6299db9ec823/rsql-rs-0.2.0/src/lib.rs:1:12
[INFO] [stdout]   |
[INFO] [stdout] 1 | #![feature(backtrace)]
[INFO] [stdout]   |            ^^^^^^^^^
[INFO] [stdout] 
[INFO] [stdout] 
[INFO] [stdout] error: aborting due to 3 previous errors
[INFO] [stdout] 
[INFO] [stdout] 
[INFO] [stdout] Some errors have detailed explanations: E0554, E0658.
[INFO] [stdout] 
[INFO] [stdout] For more information about an error, try `rustc --explain E0554`.
[INFO] [stdout] 
[INFO] [stderr] error: could not compile `rsql-rs` due to 4 previous errors
[INFO] running `Command { std: "docker" "inspect" "fde46bb8269886ece8af1906938eb7590783de781bcd9cf2b595b8866b9a4552", kill_on_drop: false }`
[INFO] running `Command { std: "docker" "rm" "-f" "fde46bb8269886ece8af1906938eb7590783de781bcd9cf2b595b8866b9a4552", kill_on_drop: false }`
[INFO] [stdout] fde46bb8269886ece8af1906938eb7590783de781bcd9cf2b595b8866b9a4552
