[INFO] fetching crate pumpkin 2.0.1...
[INFO] documenting pumpkin-2.0.1 against 1.69.0 for beta-1.70-rustdoc-1
[INFO] extracting crate pumpkin 2.0.1 into /workspace/builds/worker-2-tc1/source
[INFO] validating manifest of crates.io crate pumpkin 2.0.1 on toolchain 1.69.0
[INFO] running `Command { std: CARGO_HOME="/workspace/cargo-home" RUSTUP_HOME="/workspace/rustup-home" "/workspace/cargo-home/bin/cargo" "+1.69.0" "metadata" "--manifest-path" "Cargo.toml" "--no-deps", kill_on_drop: false }`
[INFO] started tweaking crates.io crate pumpkin 2.0.1
[INFO] finished tweaking crates.io crate pumpkin 2.0.1
[INFO] tweaked toml for crates.io crate pumpkin 2.0.1 written to /workspace/builds/worker-2-tc1/source/Cargo.toml
[INFO] running `Command { std: CARGO_HOME="/workspace/cargo-home" RUSTUP_HOME="/workspace/rustup-home" __CARGO_TEST_CHANNEL_OVERRIDE_DO_NOT_USE_THIS="nightly" "/workspace/cargo-home/bin/cargo" "+1.69.0" "generate-lockfile" "--manifest-path" "Cargo.toml" "-Zno-index-update", kill_on_drop: false }`
[INFO] running `Command { std: CARGO_HOME="/workspace/cargo-home" RUSTUP_HOME="/workspace/rustup-home" "/workspace/cargo-home/bin/cargo" "+1.69.0" "fetch" "--manifest-path" "Cargo.toml", kill_on_drop: false }`
[INFO] [stderr]  Downloading crates ...
[INFO] [stderr]   Downloaded rustc-cfg v0.2.0
[INFO] [stderr]   Downloaded clippy v0.0.302
[INFO] [stderr]   Downloaded newtype_derive v0.1.6
[INFO] [stderr]   Downloaded hamming v0.1.3
[INFO] [stderr]   Downloaded ramp v0.3.13
[INFO] running `Command { std: "docker" "create" "-v" "/var/lib/crater-agent-workspace/builds/worker-2-tc1/target:/opt/rustwide/target:rw,Z" "-v" "/var/lib/crater-agent-workspace/builds/worker-2-tc1/source:/opt/rustwide/workdir:ro,Z" "-v" "/var/lib/crater-agent-workspace/cargo-home:/opt/rustwide/cargo-home:ro,Z" "-v" "/var/lib/crater-agent-workspace/rustup-home:/opt/rustwide/rustup-home:ro,Z" "-e" "SOURCE_DIR=/opt/rustwide/workdir" "-e" "CARGO_TARGET_DIR=/opt/rustwide/target" "-e" "CARGO_HOME=/opt/rustwide/cargo-home" "-e" "RUSTUP_HOME=/opt/rustwide/rustup-home" "-w" "/opt/rustwide/workdir" "-m" "1610612736" "--user" "0:0" "--network" "none" "ghcr.io/rust-lang/crates-build-env/linux@sha256:5ff2268d62e97bff2cde7d5815dd6ed5b47097566f13b8d0ca110b04b60e07ed" "/opt/rustwide/cargo-home/bin/cargo" "+1.69.0" "metadata" "--no-deps" "--format-version=1", kill_on_drop: false }`
[INFO] [stdout] 9ecf400ec0df3faa678a41c0065c5e21fd461fc483c86fc251a5c50a45f1ed06
[INFO] running `Command { std: "docker" "start" "-a" "9ecf400ec0df3faa678a41c0065c5e21fd461fc483c86fc251a5c50a45f1ed06", kill_on_drop: false }`
[INFO] running `Command { std: "docker" "inspect" "9ecf400ec0df3faa678a41c0065c5e21fd461fc483c86fc251a5c50a45f1ed06", kill_on_drop: false }`
[INFO] running `Command { std: "docker" "rm" "-f" "9ecf400ec0df3faa678a41c0065c5e21fd461fc483c86fc251a5c50a45f1ed06", kill_on_drop: false }`
[INFO] [stdout] 9ecf400ec0df3faa678a41c0065c5e21fd461fc483c86fc251a5c50a45f1ed06
[INFO] running `Command { std: "docker" "create" "-v" "/var/lib/crater-agent-workspace/builds/worker-2-tc1/target:/opt/rustwide/target:rw,Z" "-v" "/var/lib/crater-agent-workspace/builds/worker-2-tc1/source:/opt/rustwide/workdir:ro,Z" "-v" "/var/lib/crater-agent-workspace/cargo-home:/opt/rustwide/cargo-home:ro,Z" "-v" "/var/lib/crater-agent-workspace/rustup-home:/opt/rustwide/rustup-home:ro,Z" "-e" "SOURCE_DIR=/opt/rustwide/workdir" "-e" "CARGO_TARGET_DIR=/opt/rustwide/target" "-e" "CARGO_INCREMENTAL=0" "-e" "RUST_BACKTRACE=full" "-e" "RUSTFLAGS=--cap-lints=warn" "-e" "RUSTDOCFLAGS=--cap-lints=warn" "-e" "CARGO_HOME=/opt/rustwide/cargo-home" "-e" "RUSTUP_HOME=/opt/rustwide/rustup-home" "-w" "/opt/rustwide/workdir" "-m" "1610612736" "--user" "0:0" "--network" "none" "ghcr.io/rust-lang/crates-build-env/linux@sha256:5ff2268d62e97bff2cde7d5815dd6ed5b47097566f13b8d0ca110b04b60e07ed" "/opt/rustwide/cargo-home/bin/cargo" "+1.69.0" "doc" "--frozen" "--no-deps" "--document-private-items" "--message-format=json", kill_on_drop: false }`
[INFO] [stdout] dda355f28b367a96bec106d0294e4d63ed9b8c44a0475fc80094b2688f567155
[INFO] running `Command { std: "docker" "start" "-a" "dda355f28b367a96bec106d0294e4d63ed9b8c44a0475fc80094b2688f567155", kill_on_drop: false }`
[INFO] [stderr]    Compiling num-traits v0.2.15
[INFO] [stderr]    Compiling num-integer v0.1.45
[INFO] [stderr]    Compiling rand v0.4.6
[INFO] [stderr]    Compiling semver v0.1.20
[INFO] [stderr]    Compiling rustc-cfg v0.2.0
[INFO] [stderr]     Checking ieee754 v0.2.6
[INFO] [stderr]     Checking hamming v0.1.3
[INFO] [stderr]     Checking custom_derive v0.1.7
[INFO] [stderr]    Compiling rustc_version v0.1.7
[INFO] [stderr]    Compiling newtype_derive v0.1.6
[INFO] [stderr]     Checking num-traits v0.1.43
[INFO] [stderr]    Compiling num-bigint v0.1.44
[INFO] [stderr]    Compiling ramp v0.3.13
[INFO] [stdout] error[E0432]: unresolved import `std::alloc::Alloc`
[INFO] [stdout]   --> /opt/rustwide/cargo-home/registry/src/github.com-1ecc6299db9ec823/ramp-0.3.13/src/mem.rs:18:24
[INFO] [stdout]    |
[INFO] [stdout] 18 | use std::alloc::{self, Alloc};
[INFO] [stdout]    |                        ^^^^^
[INFO] [stdout]    |                        |
[INFO] [stdout]    |                        no `Alloc` in `alloc`
[INFO] [stdout]    |                        help: a similar name exists in the module: `alloc`
[INFO] [stdout] 
[INFO] [stdout] 
[INFO] [stdout] error: cannot find macro `asm` in this scope
[INFO] [stdout]    --> /opt/rustwide/cargo-home/registry/src/github.com-1ecc6299db9ec823/ramp-0.3.13/src/ll/limb.rs:442:17
[INFO] [stdout]     |
[INFO] [stdout] 442 |                 asm!("mulq $3"
[INFO] [stdout]     |                 ^^^
[INFO] [stdout]     |
[INFO] [stdout]     = help: consider importing this macro:
[INFO] [stdout]             std::arch::asm
[INFO] [stdout] 
[INFO] [stdout] 
[INFO] [stdout] error: cannot find macro `asm` in this scope
[INFO] [stdout]    --> /opt/rustwide/cargo-home/registry/src/github.com-1ecc6299db9ec823/ramp-0.3.13/src/ll/limb.rs:526:17
[INFO] [stdout]     |
[INFO] [stdout] 526 |                 asm!("addq $4, $0
[INFO] [stdout]     |                 ^^^
[INFO] [stdout]     |
[INFO] [stdout]     = help: consider importing this macro:
[INFO] [stdout]             std::arch::asm
[INFO] [stdout] 
[INFO] [stdout] 
[INFO] [stdout] error: cannot find macro `asm` in this scope
[INFO] [stdout]    --> /opt/rustwide/cargo-home/registry/src/github.com-1ecc6299db9ec823/ramp-0.3.13/src/ll/limb.rs:586:17
[INFO] [stdout]     |
[INFO] [stdout] 586 |                 asm!("subq $4, $0
[INFO] [stdout]     |                 ^^^
[INFO] [stdout]     |
[INFO] [stdout]     = help: consider importing this macro:
[INFO] [stdout]             std::arch::asm
[INFO] [stdout] 
[INFO] [stdout] 
[INFO] [stdout] error: cannot find macro `asm` in this scope
[INFO] [stdout]    --> /opt/rustwide/cargo-home/registry/src/github.com-1ecc6299db9ec823/ramp-0.3.13/src/ll/limb.rs:653:17
[INFO] [stdout]     |
[INFO] [stdout] 653 |                 asm!("divq $4"
[INFO] [stdout]     |                 ^^^
[INFO] [stdout]     |
[INFO] [stdout]     = help: consider importing this macro:
[INFO] [stdout]             std::arch::asm
[INFO] [stdout] 
[INFO] [stdout] 
[INFO] [stdout] error[E0407]: method `replace_one` is not a member of trait `std::iter::Step`
[INFO] [stdout]     --> /opt/rustwide/cargo-home/registry/src/github.com-1ecc6299db9ec823/ramp-0.3.13/src/int.rs:3637:5
[INFO] [stdout]      |
[INFO] [stdout] 3637 | /     fn replace_one(&mut self) -> Self {
[INFO] [stdout] 3638 | |         mem::replace(self, Self::one())
[INFO] [stdout] 3639 | |     }
[INFO] [stdout]      | |_____^ not a member of trait `std::iter::Step`
[INFO] [stdout] 
[INFO] [stdout] 
[INFO] [stdout] error[E0407]: method `replace_zero` is not a member of trait `std::iter::Step`
[INFO] [stdout]     --> /opt/rustwide/cargo-home/registry/src/github.com-1ecc6299db9ec823/ramp-0.3.13/src/int.rs:3641:5
[INFO] [stdout]      |
[INFO] [stdout] 3641 | /     fn replace_zero(&mut self) -> Self {
[INFO] [stdout] 3642 | |         mem::replace(self, Self::zero())
[INFO] [stdout] 3643 | |     }
[INFO] [stdout]      | |_____^ not a member of trait `std::iter::Step`
[INFO] [stdout] 
[INFO] [stdout] 
[INFO] [stdout] error[E0407]: method `add_one` is not a member of trait `std::iter::Step`
[INFO] [stdout]     --> /opt/rustwide/cargo-home/registry/src/github.com-1ecc6299db9ec823/ramp-0.3.13/src/int.rs:3645:5
[INFO] [stdout]      |
[INFO] [stdout] 3645 | /     fn add_one(&self) -> Self {
[INFO] [stdout] 3646 | |         self + 1
[INFO] [stdout] 3647 | |     }
[INFO] [stdout]      | |_____^ not a member of trait `std::iter::Step`
[INFO] [stdout] 
[INFO] [stdout] 
[INFO] [stdout] error[E0407]: method `sub_one` is not a member of trait `std::iter::Step`
[INFO] [stdout]     --> /opt/rustwide/cargo-home/registry/src/github.com-1ecc6299db9ec823/ramp-0.3.13/src/int.rs:3649:5
[INFO] [stdout]      |
[INFO] [stdout] 3649 | /     fn sub_one(&self) -> Self {
[INFO] [stdout] 3650 | |         self - 1
[INFO] [stdout] 3651 | |     }
[INFO] [stdout]      | |_____^ not a member of trait `std::iter::Step`
[INFO] [stdout] 
[INFO] [stdout] 
[INFO] [stdout] error[E0407]: method `add_usize` is not a member of trait `std::iter::Step`
[INFO] [stdout]     --> /opt/rustwide/cargo-home/registry/src/github.com-1ecc6299db9ec823/ramp-0.3.13/src/int.rs:3653:5
[INFO] [stdout]      |
[INFO] [stdout] 3653 | /     fn add_usize(&self, n: usize) -> Option<Self> {
[INFO] [stdout] 3654 | |         Some(self + Int::from(n))
[INFO] [stdout] 3655 | |     }
[INFO] [stdout]      | |_____^ not a member of trait `std::iter::Step`
[INFO] [stdout] 
[INFO] [stdout] 
[INFO] [stdout] error[E0603]: module `raw_vec` is private
[INFO] [stdout]   --> /opt/rustwide/cargo-home/registry/src/github.com-1ecc6299db9ec823/ramp-0.3.13/src/int.rs:43:12
[INFO] [stdout]    |
[INFO] [stdout] 43 | use alloc::raw_vec::RawVec;
[INFO] [stdout]    |            ^^^^^^^ private module
[INFO] [stdout]    |
[INFO] [stdout] note: the module `raw_vec` is defined here
[INFO] [stdout]   --> /rustc/84c898d65adf2f39a5a98507f1fe0ce10a2b8dbc/library/alloc/src/lib.rs:222:1
[INFO] [stdout] 
[INFO] [stdout] 
[INFO] [stdout] error[E0554]: `#![feature]` may not be used on the stable release channel
[INFO] [stdout]   --> /opt/rustwide/cargo-home/registry/src/github.com-1ecc6299db9ec823/ramp-0.3.13/src/lib.rs:18:12
[INFO] [stdout]    |
[INFO] [stdout] 18 | #![feature(core_intrinsics, asm, allocator_api)]
[INFO] [stdout]    |            ^^^^^^^^^^^^^^^
[INFO] [stdout] 
[INFO] [stdout] 
[INFO] [stdout] error[E0554]: `#![feature]` may not be used on the stable release channel
[INFO] [stdout]   --> /opt/rustwide/cargo-home/registry/src/github.com-1ecc6299db9ec823/ramp-0.3.13/src/lib.rs:18:29
[INFO] [stdout]    |
[INFO] [stdout] 18 | #![feature(core_intrinsics, asm, allocator_api)]
[INFO] [stdout]    |                             ^^^
[INFO] [stdout] 
[INFO] [stdout] 
[INFO] [stdout] error[E0554]: `#![feature]` may not be used on the stable release channel
[INFO] [stdout]   --> /opt/rustwide/cargo-home/registry/src/github.com-1ecc6299db9ec823/ramp-0.3.13/src/lib.rs:18:34
[INFO] [stdout]    |
[INFO] [stdout] 18 | #![feature(core_intrinsics, asm, allocator_api)]
[INFO] [stdout]    |                                  ^^^^^^^^^^^^^
[INFO] [stdout] 
[INFO] [stdout] 
[INFO] [stdout] error[E0554]: `#![feature]` may not be used on the stable release channel
[INFO] [stdout]   --> /opt/rustwide/cargo-home/registry/src/github.com-1ecc6299db9ec823/ramp-0.3.13/src/lib.rs:19:12
[INFO] [stdout]    |
[INFO] [stdout] 19 | #![feature(step_trait, ptr_internals, alloc)]
[INFO] [stdout]    |            ^^^^^^^^^^
[INFO] [stdout] 
[INFO] [stdout] 
[INFO] [stdout] error[E0554]: `#![feature]` may not be used on the stable release channel
[INFO] [stdout]   --> /opt/rustwide/cargo-home/registry/src/github.com-1ecc6299db9ec823/ramp-0.3.13/src/lib.rs:19:24
[INFO] [stdout]    |
[INFO] [stdout] 19 | #![feature(step_trait, ptr_internals, alloc)]
[INFO] [stdout]    |                        ^^^^^^^^^^^^^
[INFO] [stdout] 
[INFO] [stdout] 
[INFO] [stdout] error[E0554]: `#![feature]` may not be used on the stable release channel
[INFO] [stdout]   --> /opt/rustwide/cargo-home/registry/src/github.com-1ecc6299db9ec823/ramp-0.3.13/src/lib.rs:19:39
[INFO] [stdout]    |
[INFO] [stdout] 19 | #![feature(step_trait, ptr_internals, alloc)]
[INFO] [stdout]    |                                       ^^^^^
[INFO] [stdout] 
[INFO] [stdout] 
[INFO] [stdout] error[E0046]: not all trait items implemented, missing: `forward_checked`, `backward_checked`
[INFO] [stdout]     --> /opt/rustwide/cargo-home/registry/src/github.com-1ecc6299db9ec823/ramp-0.3.13/src/int.rs:3625:1
[INFO] [stdout]      |
[INFO] [stdout] 3625 | impl std::iter::Step for Int {
[INFO] [stdout]      | ^^^^^^^^^^^^^^^^^^^^^^^^^^^^ missing `forward_checked`, `backward_checked` in implementation
[INFO] [stdout]      |
[INFO] [stdout]      = help: implement the missing item: `fn forward_checked(_: Self, _: usize) -> Option<Self> { todo!() }`
[INFO] [stdout]      = help: implement the missing item: `fn backward_checked(_: Self, _: usize) -> Option<Self> { todo!() }`
[INFO] [stdout] 
[INFO] [stdout] 
[INFO] [stdout] error[E0599]: no method named `alloc` found for struct `std::alloc::Global` in the current scope
[INFO] [stdout]   --> /opt/rustwide/cargo-home/registry/src/github.com-1ecc6299db9ec823/ramp-0.3.13/src/mem.rs:47:35
[INFO] [stdout]    |
[INFO] [stdout] 47 |     let ret = match alloc::Global.alloc(layout.clone()) {
[INFO] [stdout]    |                                   ^^^^^ method not found in `Global`
[INFO] [stdout] 
[INFO] [stdout] 
[INFO] [stdout] error[E0599]: no method named `dealloc` found for struct `std::alloc::Global` in the current scope
[INFO] [stdout]   --> /opt/rustwide/cargo-home/registry/src/github.com-1ecc6299db9ec823/ramp-0.3.13/src/mem.rs:64:19
[INFO] [stdout]    |
[INFO] [stdout] 64 |     alloc::Global.dealloc(ptr, layout);
[INFO] [stdout]    |                   ^^^^^^^ method not found in `Global`
[INFO] [stdout] 
[INFO] [stdout] 
[INFO] [stdout] error[E0618]: expected function, found `F`
[INFO] [stdout]    --> /opt/rustwide/cargo-home/registry/src/github.com-1ecc6299db9ec823/ramp-0.3.13/src/int.rs:159:13
[INFO] [stdout]     |
[INFO] [stdout] 152 |     fn with_raw_vec<F: FnOnce(&mut RawVec<Limb>)>(&mut self, f: F) {
[INFO] [stdout]     |                                                              - `f` has type `F`
[INFO] [stdout] ...
[INFO] [stdout] 159 |             f(&mut vec);
[INFO] [stdout]     |             ^----------
[INFO] [stdout]     |             |
[INFO] [stdout]     |             call expression requires function
[INFO] [stdout] 
[INFO] [stdout] 
[INFO] [stdout] error[E0282]: type annotations needed
[INFO] [stdout]    --> /opt/rustwide/cargo-home/registry/src/github.com-1ecc6299db9ec823/ramp-0.3.13/src/int.rs:186:31
[INFO] [stdout]     |
[INFO] [stdout] 186 |             ret.with_raw_vec(|v| v.reserve_exact(0, cap as usize))
[INFO] [stdout]     |                               ^  - type must be known at this point
[INFO] [stdout]     |
[INFO] [stdout] help: consider giving this closure parameter an explicit type
[INFO] [stdout]     |
[INFO] [stdout] 186 |             ret.with_raw_vec(|v: /* Type */| v.reserve_exact(0, cap as usize))
[INFO] [stdout]     |                                ++++++++++++
[INFO] [stdout] 
[INFO] [stdout] 
[INFO] [stdout] error[E0282]: type annotations needed
[INFO] [stdout]    --> /opt/rustwide/cargo-home/registry/src/github.com-1ecc6299db9ec823/ramp-0.3.13/src/int.rs:274:28
[INFO] [stdout]     |
[INFO] [stdout] 274 |         self.with_raw_vec(|v| {
[INFO] [stdout]     |                            ^
[INFO] [stdout] 275 |             v.shrink_to_fit(size);
[INFO] [stdout]     |             - type must be known at this point
[INFO] [stdout]     |
[INFO] [stdout] help: consider giving this closure parameter an explicit type
[INFO] [stdout]     |
[INFO] [stdout] 274 |         self.with_raw_vec(|v: /* Type */| {
[INFO] [stdout]     |                             ++++++++++++
[INFO] [stdout] 
[INFO] [stdout] 
[INFO] [stdout] error[E0282]: type annotations needed
[INFO] [stdout]    --> /opt/rustwide/cargo-home/registry/src/github.com-1ecc6299db9ec823/ramp-0.3.13/src/int.rs:759:32
[INFO] [stdout]     |
[INFO] [stdout] 759 |             self.with_raw_vec(|v| {
[INFO] [stdout]     |                                ^
[INFO] [stdout] 760 |                 v.reserve_exact(old_cap, cap as usize - old_cap)
[INFO] [stdout]     |                 - type must be known at this point
[INFO] [stdout]     |
[INFO] [stdout] help: consider giving this closure parameter an explicit type
[INFO] [stdout]     |
[INFO] [stdout] 759 |             self.with_raw_vec(|v: /* Type */| {
[INFO] [stdout]     |                                 ++++++++++++
[INFO] [stdout] 
[INFO] [stdout] 
[INFO] [stdout] error[E0599]: no function or associated item named `empty` found for struct `Unique` in the current scope
[INFO] [stdout]     --> /opt/rustwide/cargo-home/registry/src/github.com-1ecc6299db9ec823/ramp-0.3.13/src/int.rs:3552:26
[INFO] [stdout]      |
[INFO] [stdout] 3552 |             ptr: Unique::empty(),
[INFO] [stdout]      |                          ^^^^^ function or associated item not found in `Unique<_>`
[INFO] [stdout] 
[INFO] [stdout] 
[INFO] [stdout] error: aborting due to 25 previous errors
[INFO] [stdout] 
[INFO] [stdout] 
[INFO] [stdout] Some errors have detailed explanations: E0046, E0282, E0407, E0432, E0554, E0599, E0603, E0618.
[INFO] [stdout] 
[INFO] [stdout] For more information about an error, try `rustc --explain E0046`.
[INFO] [stdout] 
[INFO] [stderr] error: could not compile `ramp` due to 26 previous errors
[INFO] running `Command { std: "docker" "inspect" "dda355f28b367a96bec106d0294e4d63ed9b8c44a0475fc80094b2688f567155", kill_on_drop: false }`
[INFO] running `Command { std: "docker" "rm" "-f" "dda355f28b367a96bec106d0294e4d63ed9b8c44a0475fc80094b2688f567155", kill_on_drop: false }`
[INFO] [stdout] dda355f28b367a96bec106d0294e4d63ed9b8c44a0475fc80094b2688f567155
