[INFO] fetching crate poly_styled_components 0.31.1...
[INFO] documenting poly_styled_components-0.31.1 against 1.69.0 for beta-1.70-rustdoc-1
[INFO] extracting crate poly_styled_components 0.31.1 into /workspace/builds/worker-2-tc1/source
[INFO] validating manifest of crates.io crate poly_styled_components 0.31.1 on toolchain 1.69.0
[INFO] running `Command { std: CARGO_HOME="/workspace/cargo-home" RUSTUP_HOME="/workspace/rustup-home" "/workspace/cargo-home/bin/cargo" "+1.69.0" "metadata" "--manifest-path" "Cargo.toml" "--no-deps", kill_on_drop: false }`
[INFO] started tweaking crates.io crate poly_styled_components 0.31.1
[INFO] finished tweaking crates.io crate poly_styled_components 0.31.1
[INFO] tweaked toml for crates.io crate poly_styled_components 0.31.1 written to /workspace/builds/worker-2-tc1/source/Cargo.toml
[INFO] running `Command { std: CARGO_HOME="/workspace/cargo-home" RUSTUP_HOME="/workspace/rustup-home" __CARGO_TEST_CHANNEL_OVERRIDE_DO_NOT_USE_THIS="nightly" "/workspace/cargo-home/bin/cargo" "+1.69.0" "generate-lockfile" "--manifest-path" "Cargo.toml" "-Zno-index-update", kill_on_drop: false }`
[INFO] running `Command { std: CARGO_HOME="/workspace/cargo-home" RUSTUP_HOME="/workspace/rustup-home" "/workspace/cargo-home/bin/cargo" "+1.69.0" "fetch" "--manifest-path" "Cargo.toml", kill_on_drop: false }`
[INFO] [stderr]  Downloading crates ...
[INFO] [stderr]   Downloaded is-macro v0.2.2
[INFO] [stderr]   Downloaded swc_ecma_transforms v0.160.0
[INFO] [stderr]   Downloaded swc_visit v0.3.2
[INFO] [stderr]   Downloaded swc_ecma_utils v0.86.2
[INFO] [stderr]   Downloaded unicode-id v0.3.3
[INFO] [stderr]   Downloaded swc_ecma_transforms_testing v0.91.0
[INFO] [stderr]   Downloaded swc_ecma_transforms_base v0.89.6
[INFO] [stderr]   Downloaded sourcemap v6.2.3
[INFO] [stderr]   Downloaded swc_ecma_codegen_macros v0.7.2
[INFO] [stderr]   Downloaded swc_ecmascript v0.163.0
[INFO] [stderr]   Downloaded testing_macros v0.2.9
[INFO] [stderr]   Downloaded swc_visit_macros v0.3.5
[INFO] [stderr]   Downloaded testing v0.20.1
[INFO] [stderr]   Downloaded relative-path v1.8.0
[INFO] [stderr]   Downloaded swc_ecma_testing v0.2.0
[INFO] [stderr]   Downloaded swc_ecma_parser v0.105.7
[INFO] [stderr]   Downloaded better_scoped_tls v0.1.0
[INFO] [stderr]   Downloaded swc_ecma_visit v0.65.0
[INFO] [stderr]   Downloaded swc_common v0.18.9
[INFO] [stderr]   Downloaded swc_error_reporters v0.2.0
[INFO] [stderr]   Downloaded swc_ecma_ast v0.79.0
[INFO] [stderr]   Downloaded swc_ecma_codegen v0.109.1
[INFO] running `Command { std: "docker" "create" "-v" "/var/lib/crater-agent-workspace/builds/worker-2-tc1/target:/opt/rustwide/target:rw,Z" "-v" "/var/lib/crater-agent-workspace/builds/worker-2-tc1/source:/opt/rustwide/workdir:ro,Z" "-v" "/var/lib/crater-agent-workspace/cargo-home:/opt/rustwide/cargo-home:ro,Z" "-v" "/var/lib/crater-agent-workspace/rustup-home:/opt/rustwide/rustup-home:ro,Z" "-e" "SOURCE_DIR=/opt/rustwide/workdir" "-e" "CARGO_TARGET_DIR=/opt/rustwide/target" "-e" "CARGO_HOME=/opt/rustwide/cargo-home" "-e" "RUSTUP_HOME=/opt/rustwide/rustup-home" "-w" "/opt/rustwide/workdir" "-m" "1610612736" "--user" "0:0" "--network" "none" "ghcr.io/rust-lang/crates-build-env/linux@sha256:5ff2268d62e97bff2cde7d5815dd6ed5b47097566f13b8d0ca110b04b60e07ed" "/opt/rustwide/cargo-home/bin/cargo" "+1.69.0" "metadata" "--no-deps" "--format-version=1", kill_on_drop: false }`
[INFO] [stdout] 066a7382febd0c759037acf61367289aea5afec0f8cd34de4e0809e779ec6944
[INFO] running `Command { std: "docker" "start" "-a" "066a7382febd0c759037acf61367289aea5afec0f8cd34de4e0809e779ec6944", kill_on_drop: false }`
[INFO] running `Command { std: "docker" "inspect" "066a7382febd0c759037acf61367289aea5afec0f8cd34de4e0809e779ec6944", kill_on_drop: false }`
[INFO] running `Command { std: "docker" "rm" "-f" "066a7382febd0c759037acf61367289aea5afec0f8cd34de4e0809e779ec6944", kill_on_drop: false }`
[INFO] [stdout] 066a7382febd0c759037acf61367289aea5afec0f8cd34de4e0809e779ec6944
[INFO] running `Command { std: "docker" "create" "-v" "/var/lib/crater-agent-workspace/builds/worker-2-tc1/target:/opt/rustwide/target:rw,Z" "-v" "/var/lib/crater-agent-workspace/builds/worker-2-tc1/source:/opt/rustwide/workdir:ro,Z" "-v" "/var/lib/crater-agent-workspace/cargo-home:/opt/rustwide/cargo-home:ro,Z" "-v" "/var/lib/crater-agent-workspace/rustup-home:/opt/rustwide/rustup-home:ro,Z" "-e" "SOURCE_DIR=/opt/rustwide/workdir" "-e" "CARGO_TARGET_DIR=/opt/rustwide/target" "-e" "CARGO_INCREMENTAL=0" "-e" "RUST_BACKTRACE=full" "-e" "RUSTFLAGS=--cap-lints=warn" "-e" "RUSTDOCFLAGS=--cap-lints=warn" "-e" "CARGO_HOME=/opt/rustwide/cargo-home" "-e" "RUSTUP_HOME=/opt/rustwide/rustup-home" "-w" "/opt/rustwide/workdir" "-m" "1610612736" "--user" "0:0" "--network" "none" "ghcr.io/rust-lang/crates-build-env/linux@sha256:5ff2268d62e97bff2cde7d5815dd6ed5b47097566f13b8d0ca110b04b60e07ed" "/opt/rustwide/cargo-home/bin/cargo" "+1.69.0" "doc" "--frozen" "--no-deps" "--document-private-items" "--message-format=json", kill_on_drop: false }`
[INFO] [stdout] 111a49c2c0c6391b7da6c4b59996102c9571b0a004f225c5d7bbae7fc2de7b2a
[INFO] running `Command { std: "docker" "start" "-a" "111a49c2c0c6391b7da6c4b59996102c9571b0a004f225c5d7bbae7fc2de7b2a", kill_on_drop: false }`
[INFO] [stderr]    Compiling syn v1.0.109
[INFO] [stderr]    Compiling ppv-lite86 v0.2.17
[INFO] [stderr]    Compiling siphasher v0.3.10
[INFO] [stderr]    Compiling regex-syntax v0.7.1
[INFO] [stderr]    Compiling num-traits v0.2.15
[INFO] [stderr]    Compiling ahash v0.7.6
[INFO] [stderr]    Compiling ident_case v1.0.1
[INFO] [stderr]    Compiling libc v0.2.142
[INFO] [stderr]    Compiling fnv v1.0.7
[INFO] [stderr]    Compiling strsim v0.9.3
[INFO] [stderr]    Compiling syn v2.0.15
[INFO] [stderr]    Compiling aho-corasick v1.0.1
[INFO] [stderr]     Checking getrandom v0.2.9
[INFO] [stderr]    Compiling num-integer v0.1.45
[INFO] [stderr]     Checking lexical-util v0.8.5
[INFO] [stderr]     Checking parking_lot v0.12.1
[INFO] [stderr]    Compiling num-bigint v0.4.3
[INFO] [stderr]    Compiling phf_shared v0.10.0
[INFO] [stderr]     Checking void v1.0.2
[INFO] [stderr]     Checking precomputed-hash v0.1.1
[INFO] [stderr]     Checking new_debug_unreachable v1.0.4
[INFO] [stderr]     Checking tracing-core v0.1.30
[INFO] [stderr]     Checking unreachable v0.1.1
[INFO] [stderr]     Checking scoped-tls v1.0.1
[INFO] [stderr]     Checking either v1.8.1
[INFO] [stderr]     Checking atty v0.2.14
[INFO] [stderr]     Checking termcolor v1.2.0
[INFO] [stderr]     Checking unicode-id v0.3.3
[INFO] [stderr]     Checking debug_unreachable v0.1.1
[INFO] [stderr]     Checking better_scoped_tls v0.1.0
[INFO] [stderr]     Checking typed-arena v2.0.2
[INFO] [stderr]     Checking Inflector v0.11.4
[INFO] [stderr]     Checking lexical-parse-integer v0.8.6
[INFO] [stderr]     Checking lexical-write-integer v0.8.5
[INFO] [stderr]     Checking hashbrown v0.12.3
[INFO] [stderr]     Checking lexical-parse-float v0.8.5
[INFO] [stderr]     Checking lexical-write-float v0.8.5
[INFO] [stderr]     Checking indexmap v1.9.3
[INFO] [stderr]     Checking lexical-core v0.8.5
[INFO] [stderr]     Checking lexical v6.1.1
[INFO] [stderr]    Compiling rand_core v0.6.4
[INFO] [stderr]    Compiling rand_chacha v0.3.1
[INFO] [stderr]    Compiling rand v0.8.5
[INFO] [stderr]    Compiling regex v1.8.1
[INFO] [stderr]    Compiling phf_generator v0.10.0
[INFO] [stderr]    Compiling string_cache_codegen v0.5.2
[INFO] [stderr]    Compiling swc_atoms v0.2.13
[INFO] [stderr]    Compiling serde_derive v1.0.160
[INFO] [stderr]    Compiling tracing-attributes v0.1.24
[INFO] [stderr]    Compiling pmutil v0.5.3
[INFO] [stderr]    Compiling darling_core v0.10.2
[INFO] [stderr]    Compiling swc_macros_common v0.3.7
[INFO] [stderr]     Checking tracing v0.1.37
[INFO] [stderr]    Compiling swc_visit_macros v0.3.5
[INFO] [stderr]    Compiling swc_eq_ignore_macros v0.1.1
[INFO] [stderr]    Compiling from_variant v0.1.5
[INFO] [stderr]    Compiling string_enum v0.3.4
[INFO] [stderr]    Compiling is-macro v0.2.2
[INFO] [stderr]    Compiling enum_kind v0.2.2
[INFO] [stderr]    Compiling phf_macros v0.10.0
[INFO] [stderr]    Compiling darling_macro v0.10.2
[INFO] [stderr]     Checking phf v0.10.1
[INFO] [stderr]    Compiling darling v0.10.2
[INFO] [stderr]    Compiling ast_node v0.7.7
[INFO] [stderr]     Checking serde v1.0.160
[INFO] [stdout] error[E0308]: mismatched types
[INFO] [stdout]    --> /opt/rustwide/cargo-home/registry/src/github.com-1ecc6299db9ec823/ast_node-0.7.7/src/lib.rs:142:24
[INFO] [stdout]     |
[INFO] [stdout] 142 |     print("ast_serde", item)
[INFO] [stdout]     |     -----              ^^^^ expected `TokenStream`, found `Quote`
[INFO] [stdout]     |     |
[INFO] [stdout]     |     arguments to this function are incorrect
[INFO] [stdout]     |
[INFO] [stdout] note: function defined here
[INFO] [stdout]    --> /opt/rustwide/cargo-home/registry/src/github.com-1ecc6299db9ec823/swc_macros_common-0.3.7/src/lib.rs:34:8
[INFO] [stdout]     |
[INFO] [stdout] 34  | pub fn print(attr: &'static str, tokens: proc_macro2::TokenStream) -> proc_macro::TokenStream {
[INFO] [stdout]     |        ^^^^^
[INFO] [stdout] help: call `Into::into` on this expression to convert `Quote` into `TokenStream2`
[INFO] [stdout]     |
[INFO] [stdout] 142 |     print("ast_serde", item.into())
[INFO] [stdout]     |                            +++++++
[INFO] [stdout] 
[INFO] [stdout] 
[INFO] [stdout] error[E0308]: mismatched types
[INFO] [stdout]    --> /opt/rustwide/cargo-home/registry/src/github.com-1ecc6299db9ec823/ast_node-0.7.7/src/lib.rs:285:23
[INFO] [stdout]     |
[INFO] [stdout] 285 |     print("ast_node", item)
[INFO] [stdout]     |     -----             ^^^^ expected `TokenStream`, found `Quote`
[INFO] [stdout]     |     |
[INFO] [stdout]     |     arguments to this function are incorrect
[INFO] [stdout]     |
[INFO] [stdout] note: function defined here
[INFO] [stdout]    --> /opt/rustwide/cargo-home/registry/src/github.com-1ecc6299db9ec823/swc_macros_common-0.3.7/src/lib.rs:34:8
[INFO] [stdout]     |
[INFO] [stdout] 34  | pub fn print(attr: &'static str, tokens: proc_macro2::TokenStream) -> proc_macro::TokenStream {
[INFO] [stdout]     |        ^^^^^
[INFO] [stdout] help: call `Into::into` on this expression to convert `Quote` into `TokenStream2`
[INFO] [stdout]     |
[INFO] [stdout] 285 |     print("ast_node", item.into())
[INFO] [stdout]     |                           +++++++
[INFO] [stdout] 
[INFO] [stdout] 
[INFO] [stdout] error[E0308]: mismatched types
[INFO] [stdout]    --> /opt/rustwide/cargo-home/registry/src/github.com-1ecc6299db9ec823/ast_node-0.7.7/src/lib.rs:303:17
[INFO] [stdout]     |
[INFO] [stdout] 303 |     print(name, item)
[INFO] [stdout]     |     -----       ^^^^ expected `TokenStream`, found `Quote`
[INFO] [stdout]     |     |
[INFO] [stdout]     |     arguments to this function are incorrect
[INFO] [stdout]     |
[INFO] [stdout] note: function defined here
[INFO] [stdout]    --> /opt/rustwide/cargo-home/registry/src/github.com-1ecc6299db9ec823/swc_macros_common-0.3.7/src/lib.rs:34:8
[INFO] [stdout]     |
[INFO] [stdout] 34  | pub fn print(attr: &'static str, tokens: proc_macro2::TokenStream) -> proc_macro::TokenStream {
[INFO] [stdout]     |        ^^^^^
[INFO] [stdout] help: call `Into::into` on this expression to convert `Quote` into `TokenStream2`
[INFO] [stdout]     |
[INFO] [stdout] 303 |     print(name, item.into())
[INFO] [stdout]     |                     +++++++
[INFO] [stdout] 
[INFO] [stdout] 
[INFO] [stdout] error: aborting due to 3 previous errors
[INFO] [stdout] 
[INFO] [stdout] 
[INFO] [stdout] For more information about this error, try `rustc --explain E0308`.
[INFO] [stdout] 
[INFO] [stderr] error: could not compile `ast_node` due to 4 previous errors
[INFO] [stderr] warning: build failed, waiting for other jobs to finish...
[INFO] running `Command { std: "docker" "inspect" "111a49c2c0c6391b7da6c4b59996102c9571b0a004f225c5d7bbae7fc2de7b2a", kill_on_drop: false }`
[INFO] running `Command { std: "docker" "rm" "-f" "111a49c2c0c6391b7da6c4b59996102c9571b0a004f225c5d7bbae7fc2de7b2a", kill_on_drop: false }`
[INFO] [stdout] 111a49c2c0c6391b7da6c4b59996102c9571b0a004f225c5d7bbae7fc2de7b2a
