[INFO] fetching crate pointcloud 0.5.5...
[INFO] documenting pointcloud-0.5.5 against 1.69.0 for beta-1.70-rustdoc-1
[INFO] extracting crate pointcloud 0.5.5 into /workspace/builds/worker-7-tc1/source
[INFO] validating manifest of crates.io crate pointcloud 0.5.5 on toolchain 1.69.0
[INFO] running `Command { std: CARGO_HOME="/workspace/cargo-home" RUSTUP_HOME="/workspace/rustup-home" "/workspace/cargo-home/bin/cargo" "+1.69.0" "metadata" "--manifest-path" "Cargo.toml" "--no-deps", kill_on_drop: false }`
[INFO] started tweaking crates.io crate pointcloud 0.5.5
[INFO] finished tweaking crates.io crate pointcloud 0.5.5
[INFO] tweaked toml for crates.io crate pointcloud 0.5.5 written to /workspace/builds/worker-7-tc1/source/Cargo.toml
[INFO] running `Command { std: CARGO_HOME="/workspace/cargo-home" RUSTUP_HOME="/workspace/rustup-home" __CARGO_TEST_CHANNEL_OVERRIDE_DO_NOT_USE_THIS="nightly" "/workspace/cargo-home/bin/cargo" "+1.69.0" "generate-lockfile" "--manifest-path" "Cargo.toml" "-Zno-index-update", kill_on_drop: false }`
[INFO] running `Command { std: CARGO_HOME="/workspace/cargo-home" RUSTUP_HOME="/workspace/rustup-home" "/workspace/cargo-home/bin/cargo" "+1.69.0" "fetch" "--manifest-path" "Cargo.toml", kill_on_drop: false }`
[INFO] [stderr]  Downloading crates ...
[INFO] [stderr]   Downloaded assert_approx_eq v1.1.0
[INFO] [stderr]   Downloaded ndarray v0.13.1
[INFO] running `Command { std: "docker" "create" "-v" "/var/lib/crater-agent-workspace/builds/worker-7-tc1/target:/opt/rustwide/target:rw,Z" "-v" "/var/lib/crater-agent-workspace/builds/worker-7-tc1/source:/opt/rustwide/workdir:ro,Z" "-v" "/var/lib/crater-agent-workspace/cargo-home:/opt/rustwide/cargo-home:ro,Z" "-v" "/var/lib/crater-agent-workspace/rustup-home:/opt/rustwide/rustup-home:ro,Z" "-e" "SOURCE_DIR=/opt/rustwide/workdir" "-e" "CARGO_TARGET_DIR=/opt/rustwide/target" "-e" "CARGO_HOME=/opt/rustwide/cargo-home" "-e" "RUSTUP_HOME=/opt/rustwide/rustup-home" "-w" "/opt/rustwide/workdir" "-m" "1610612736" "--user" "0:0" "--network" "none" "ghcr.io/rust-lang/crates-build-env/linux@sha256:5ff2268d62e97bff2cde7d5815dd6ed5b47097566f13b8d0ca110b04b60e07ed" "/opt/rustwide/cargo-home/bin/cargo" "+1.69.0" "metadata" "--no-deps" "--format-version=1", kill_on_drop: false }`
[INFO] [stdout] 3963c789128fa77f753f7684de5ad3b3aa65279dd8af3f924f4433997b7d4c11
[INFO] running `Command { std: "docker" "start" "-a" "3963c789128fa77f753f7684de5ad3b3aa65279dd8af3f924f4433997b7d4c11", kill_on_drop: false }`
[INFO] running `Command { std: "docker" "inspect" "3963c789128fa77f753f7684de5ad3b3aa65279dd8af3f924f4433997b7d4c11", kill_on_drop: false }`
[INFO] running `Command { std: "docker" "rm" "-f" "3963c789128fa77f753f7684de5ad3b3aa65279dd8af3f924f4433997b7d4c11", kill_on_drop: false }`
[INFO] [stdout] 3963c789128fa77f753f7684de5ad3b3aa65279dd8af3f924f4433997b7d4c11
[INFO] running `Command { std: "docker" "create" "-v" "/var/lib/crater-agent-workspace/builds/worker-7-tc1/target:/opt/rustwide/target:rw,Z" "-v" "/var/lib/crater-agent-workspace/builds/worker-7-tc1/source:/opt/rustwide/workdir:ro,Z" "-v" "/var/lib/crater-agent-workspace/cargo-home:/opt/rustwide/cargo-home:ro,Z" "-v" "/var/lib/crater-agent-workspace/rustup-home:/opt/rustwide/rustup-home:ro,Z" "-e" "SOURCE_DIR=/opt/rustwide/workdir" "-e" "CARGO_TARGET_DIR=/opt/rustwide/target" "-e" "CARGO_INCREMENTAL=0" "-e" "RUST_BACKTRACE=full" "-e" "RUSTFLAGS=--cap-lints=warn" "-e" "RUSTDOCFLAGS=--cap-lints=warn" "-e" "CARGO_HOME=/opt/rustwide/cargo-home" "-e" "RUSTUP_HOME=/opt/rustwide/rustup-home" "-w" "/opt/rustwide/workdir" "-m" "1610612736" "--user" "0:0" "--network" "none" "ghcr.io/rust-lang/crates-build-env/linux@sha256:5ff2268d62e97bff2cde7d5815dd6ed5b47097566f13b8d0ca110b04b60e07ed" "/opt/rustwide/cargo-home/bin/cargo" "+1.69.0" "doc" "--frozen" "--no-deps" "--document-private-items" "--message-format=json", kill_on_drop: false }`
[INFO] [stdout] 9d7e0e6969ad8772a6d7fa9a047a2bf7274379ac007e7b30bde02edfc2418fba
[INFO] running `Command { std: "docker" "start" "-a" "9d7e0e6969ad8772a6d7fa9a047a2bf7274379ac007e7b30bde02edfc2418fba", kill_on_drop: false }`
[INFO] [stderr]    Compiling memchr v2.5.0
[INFO] [stderr]    Compiling num-complex v0.2.4
[INFO] [stderr]    Compiling libm v0.1.4
[INFO] [stderr]     Checking either v1.8.1
[INFO] [stderr]     Checking getrandom v0.2.9
[INFO] [stderr]     Checking rawpointer v0.2.1
[INFO] [stderr]    Compiling packed_simd_2 v0.3.8
[INFO] [stderr]     Checking once_cell v1.17.1
[INFO] [stderr]    Compiling ndarray v0.13.1
[INFO] [stderr]     Checking itoa v1.0.6
[INFO] [stderr]    Compiling serde_json v1.0.96
[INFO] [stderr]     Checking miniz_oxide v0.7.1
[INFO] [stderr]     Checking smallvec v1.10.0
[INFO] [stderr]     Checking fxhash v0.2.1
[INFO] [stderr]     Checking glob v0.3.1
[INFO] [stderr]     Checking matrixmultiply v0.2.4
[INFO] [stderr]     Checking rand_core v0.6.4
[INFO] [stderr]     Checking rayon v1.7.0
[INFO] [stderr]     Checking ahash v0.7.6
[INFO] [stderr]     Checking rand_chacha v0.3.1
[INFO] [stderr]     Checking flate2 v1.0.26
[INFO] [stderr]     Checking rand v0.8.5
[INFO] [stderr]     Checking csv-core v0.1.10
[INFO] [stderr]     Checking csv v1.2.1
[INFO] [stdout] error[E0554]: `#![feature]` may not be used on the stable release channel
[INFO] [stdout]    --> /opt/rustwide/cargo-home/registry/src/github.com-1ecc6299db9ec823/packed_simd_2-0.3.8/src/lib.rs:214:1
[INFO] [stdout]     |
[INFO] [stdout] 214 | / #![feature(
[INFO] [stdout] 215 | |     adt_const_params,
[INFO] [stdout] 216 | |     repr_simd,
[INFO] [stdout] 217 | |     rustc_attrs,
[INFO] [stdout] ...   |
[INFO] [stdout] 224 | |     custom_inner_attributes,
[INFO] [stdout] 225 | | )]
[INFO] [stdout]     | |__^
[INFO] [stdout] 
[INFO] [stdout] 
[INFO] [stderr]     Checking hashbrown v0.11.2
[INFO] [stdout] error[E0554]: `#![feature]` may not be used on the stable release channel
[INFO] [stdout]    --> /opt/rustwide/cargo-home/registry/src/github.com-1ecc6299db9ec823/packed_simd_2-0.3.8/src/lib.rs:219:5
[INFO] [stdout]     |
[INFO] [stdout] 219 |     stdsimd,
[INFO] [stdout]     |     ^^^^^^^
[INFO] [stdout] 
[INFO] [stdout] 
[INFO] [stdout] error[E0554]: `#![feature]` may not be used on the stable release channel
[INFO] [stdout]    --> /opt/rustwide/cargo-home/registry/src/github.com-1ecc6299db9ec823/packed_simd_2-0.3.8/src/lib.rs:222:5
[INFO] [stdout]     |
[INFO] [stdout] 222 |     core_intrinsics,
[INFO] [stdout]     |     ^^^^^^^^^^^^^^^
[INFO] [stdout] 
[INFO] [stdout] 
[INFO] [stdout] error: aborting due to 3 previous errors
[INFO] [stdout] 
[INFO] [stdout] 
[INFO] [stdout] For more information about this error, try `rustc --explain E0554`.
[INFO] [stdout] 
[INFO] [stderr] error: could not compile `packed_simd_2` due to 4 previous errors
[INFO] running `Command { std: "docker" "inspect" "9d7e0e6969ad8772a6d7fa9a047a2bf7274379ac007e7b30bde02edfc2418fba", kill_on_drop: false }`
[INFO] running `Command { std: "docker" "rm" "-f" "9d7e0e6969ad8772a6d7fa9a047a2bf7274379ac007e7b30bde02edfc2418fba", kill_on_drop: false }`
[INFO] [stdout] 9d7e0e6969ad8772a6d7fa9a047a2bf7274379ac007e7b30bde02edfc2418fba
