[INFO] fetching crate pipedream 0.0.1...
[INFO] documenting pipedream-0.0.1 against 1.69.0 for beta-1.70-rustdoc-1
[INFO] extracting crate pipedream 0.0.1 into /workspace/builds/worker-1-tc1/source
[INFO] validating manifest of crates.io crate pipedream 0.0.1 on toolchain 1.69.0
[INFO] running `Command { std: CARGO_HOME="/workspace/cargo-home" RUSTUP_HOME="/workspace/rustup-home" "/workspace/cargo-home/bin/cargo" "+1.69.0" "metadata" "--manifest-path" "Cargo.toml" "--no-deps", kill_on_drop: false }`
[INFO] started tweaking crates.io crate pipedream 0.0.1
[INFO] finished tweaking crates.io crate pipedream 0.0.1
[INFO] tweaked toml for crates.io crate pipedream 0.0.1 written to /workspace/builds/worker-1-tc1/source/Cargo.toml
[INFO] running `Command { std: CARGO_HOME="/workspace/cargo-home" RUSTUP_HOME="/workspace/rustup-home" __CARGO_TEST_CHANNEL_OVERRIDE_DO_NOT_USE_THIS="nightly" "/workspace/cargo-home/bin/cargo" "+1.69.0" "generate-lockfile" "--manifest-path" "Cargo.toml" "-Zno-index-update", kill_on_drop: false }`
[INFO] running `Command { std: CARGO_HOME="/workspace/cargo-home" RUSTUP_HOME="/workspace/rustup-home" "/workspace/cargo-home/bin/cargo" "+1.69.0" "fetch" "--manifest-path" "Cargo.toml", kill_on_drop: false }`
[INFO] [stderr]  Downloading crates ...
[INFO] [stderr]   Downloaded cgmath v0.17.0
[INFO] [stderr]   Downloaded vk-sys v0.5.3
[INFO] [stderr]   Downloaded png v0.15.3
[INFO] [stderr]   Downloaded image v0.22.5
[INFO] [stderr]   Downloaded inflate v0.3.4
[INFO] [stderr]   Downloaded png v0.11.0
[INFO] [stderr]   Downloaded noise v0.6.0
[INFO] [stderr]   Downloaded gif v0.9.2
[INFO] [stderr]   Downloaded toolbelt v0.0.2
[INFO] [stderr]   Downloaded vulkano v0.16.0
[INFO] [stderr]   Downloaded image v0.18.0
[INFO] running `Command { std: "docker" "create" "-v" "/var/lib/crater-agent-workspace/builds/worker-1-tc1/target:/opt/rustwide/target:rw,Z" "-v" "/var/lib/crater-agent-workspace/builds/worker-1-tc1/source:/opt/rustwide/workdir:ro,Z" "-v" "/var/lib/crater-agent-workspace/cargo-home:/opt/rustwide/cargo-home:ro,Z" "-v" "/var/lib/crater-agent-workspace/rustup-home:/opt/rustwide/rustup-home:ro,Z" "-e" "SOURCE_DIR=/opt/rustwide/workdir" "-e" "CARGO_TARGET_DIR=/opt/rustwide/target" "-e" "CARGO_HOME=/opt/rustwide/cargo-home" "-e" "RUSTUP_HOME=/opt/rustwide/rustup-home" "-w" "/opt/rustwide/workdir" "-m" "1610612736" "--user" "0:0" "--network" "none" "ghcr.io/rust-lang/crates-build-env/linux@sha256:5ff2268d62e97bff2cde7d5815dd6ed5b47097566f13b8d0ca110b04b60e07ed" "/opt/rustwide/cargo-home/bin/cargo" "+1.69.0" "metadata" "--no-deps" "--format-version=1", kill_on_drop: false }`
[INFO] [stdout] 3e7888c24c53694b83532fc49e3537a92d25f7d3345a6a705e5304ca5cfac4ee
[INFO] running `Command { std: "docker" "start" "-a" "3e7888c24c53694b83532fc49e3537a92d25f7d3345a6a705e5304ca5cfac4ee", kill_on_drop: false }`
[INFO] running `Command { std: "docker" "inspect" "3e7888c24c53694b83532fc49e3537a92d25f7d3345a6a705e5304ca5cfac4ee", kill_on_drop: false }`
[INFO] running `Command { std: "docker" "rm" "-f" "3e7888c24c53694b83532fc49e3537a92d25f7d3345a6a705e5304ca5cfac4ee", kill_on_drop: false }`
[INFO] [stdout] 3e7888c24c53694b83532fc49e3537a92d25f7d3345a6a705e5304ca5cfac4ee
[INFO] running `Command { std: "docker" "create" "-v" "/var/lib/crater-agent-workspace/builds/worker-1-tc1/target:/opt/rustwide/target:rw,Z" "-v" "/var/lib/crater-agent-workspace/builds/worker-1-tc1/source:/opt/rustwide/workdir:ro,Z" "-v" "/var/lib/crater-agent-workspace/cargo-home:/opt/rustwide/cargo-home:ro,Z" "-v" "/var/lib/crater-agent-workspace/rustup-home:/opt/rustwide/rustup-home:ro,Z" "-e" "SOURCE_DIR=/opt/rustwide/workdir" "-e" "CARGO_TARGET_DIR=/opt/rustwide/target" "-e" "CARGO_INCREMENTAL=0" "-e" "RUST_BACKTRACE=full" "-e" "RUSTFLAGS=--cap-lints=warn" "-e" "RUSTDOCFLAGS=--cap-lints=warn" "-e" "CARGO_HOME=/opt/rustwide/cargo-home" "-e" "RUSTUP_HOME=/opt/rustwide/rustup-home" "-w" "/opt/rustwide/workdir" "-m" "1610612736" "--user" "0:0" "--network" "none" "ghcr.io/rust-lang/crates-build-env/linux@sha256:5ff2268d62e97bff2cde7d5815dd6ed5b47097566f13b8d0ca110b04b60e07ed" "/opt/rustwide/cargo-home/bin/cargo" "+1.69.0" "doc" "--frozen" "--no-deps" "--document-private-items" "--message-format=json", kill_on_drop: false }`
[INFO] [stdout] 64e462d058877ed1c1673da9379e4eb8ccad81f17fddad298e8c6874245f635d
[INFO] running `Command { std: "docker" "start" "-a" "64e462d058877ed1c1673da9379e4eb8ccad81f17fddad298e8c6874245f635d", kill_on_drop: false }`
[INFO] [stderr]    Compiling num-traits v0.2.15
[INFO] [stderr]    Compiling num-integer v0.1.45
[INFO] [stderr]     Checking adler32 v1.2.0
[INFO] [stderr]     Checking rand_core v0.3.1
[INFO] [stderr]    Compiling num-iter v0.1.43
[INFO] [stderr]     Checking either v1.8.1
[INFO] [stderr]     Checking lzw v0.10.0
[INFO] [stderr]    Compiling proc-macro2 v0.4.30
[INFO] [stderr]    Compiling crunchy v0.2.2
[INFO] [stderr]    Compiling memoffset v0.5.6
[INFO] [stderr]     Checking color_quant v1.1.0
[INFO] [stderr]     Checking num_cpus v1.15.0
[INFO] [stderr]    Compiling unicode-xid v0.1.0
[INFO] [stderr]    Compiling proc-macro-hack v0.5.20+deprecated
[INFO] [stderr]    Compiling tiny-keccak v2.0.2
[INFO] [stderr]    Compiling libc v0.2.142
[INFO] [stderr]    Compiling crossbeam-epoch v0.8.2
[INFO] [stderr]     Checking deflate v0.7.20
[INFO] [stderr]    Compiling syn v0.15.44
[INFO] [stderr]    Compiling getrandom v0.1.16
[INFO] [stderr]     Checking inflate v0.3.4
[INFO] [stderr]    Compiling once_cell v1.17.1
[INFO] [stderr]    Compiling num-derive v0.2.5
[INFO] [stderr]     Checking rayon-core v1.11.0
[INFO] [stderr]     Checking scoped_threadpool v0.1.9
[INFO] [stderr]     Checking gif v0.9.2
[INFO] [stderr]     Checking rand_chacha v0.1.1
[INFO] [stderr]     Checking rand_xorshift v0.1.1
[INFO] [stderr]     Checking rand_isaac v0.1.1
[INFO] [stderr]     Checking rand_hc v0.1.0
[INFO] [stderr]    Compiling cgmath v0.17.0
[INFO] [stderr]     Checking inflate v0.4.5
[INFO] [stderr]     Checking rand v0.5.6
[INFO] [stderr]     Checking crossbeam-queue v0.2.3
[INFO] [stderr]    Compiling hashbrown v0.6.3
[INFO] [stderr]    Compiling vulkano v0.16.0
[INFO] [stderr]     Checking rand_core v0.5.1
[INFO] [stderr]    Compiling getrandom v0.2.9
[INFO] [stderr]     Checking rand v0.6.5
[INFO] [stderr]     Checking parking_lot_core v0.7.3
[INFO] [stderr]     Checking rayon v1.7.0
[INFO] [stderr]     Checking gif v0.10.3
[INFO] [stderr]     Checking time v0.1.45
[INFO] [stderr]     Checking crossbeam-deque v0.7.4
[INFO] [stderr]     Checking rand_chacha v0.2.2
[INFO] [stderr]     Checking shared_library v0.1.9
[INFO] [stderr]     Checking png v0.15.3
[INFO] [stderr]    Compiling quote v0.6.13
[INFO] [stderr]     Checking smallvec v0.6.14
[INFO] [stderr]     Checking crossbeam v0.7.3
[INFO] [stderr]     Checking lock_api v0.3.4
[INFO] [stderr]     Checking vk-sys v0.5.3
[INFO] [stderr]     Checking itertools v0.8.2
[INFO] [stderr]     Checking rand v0.7.3
[INFO] [stderr]     Checking parking_lot v0.10.2
[INFO] [stderr]    Compiling const-random-macro v0.1.15
[INFO] [stderr]     Checking num-traits v0.1.43
[INFO] [stderr]     Checking approx v0.3.2
[INFO] [stderr]     Checking const-random v0.1.15
[INFO] [stderr]     Checking enum_primitive v0.1.1
[INFO] [stderr]     Checking ahash v0.2.19
[INFO] [stderr]     Checking num-rational v0.1.42
[INFO] [stderr]     Checking num-rational v0.2.4
[INFO] [stderr]     Checking chrono v0.4.24
[INFO] [stderr]     Checking png v0.11.0
[INFO] [stderr]     Checking jpeg-decoder v0.1.22
[INFO] [stdout] error[E0609]: no field `shaderf3264` on type `PhysicalDeviceFeatures`
[INFO] [stdout]    --> /opt/rustwide/cargo-home/registry/src/github.com-1ecc6299db9ec823/vulkano-0.16.0/src/features.rs:164:21
[INFO] [stdout]     |
[INFO] [stdout] 164 |     shader_f3264 => shaderf3264,
[INFO] [stdout]     |                     ^^^^^^^^^^^ help: a field with a similar name exists: `shaderInt64`
[INFO] [stdout] 
[INFO] [stdout] 
[INFO] [stdout] error[E0560]: struct `PhysicalDeviceFeatures` has no field named `shaderf3264`
[INFO] [stdout]    --> /opt/rustwide/cargo-home/registry/src/github.com-1ecc6299db9ec823/vulkano-0.16.0/src/features.rs:164:21
[INFO] [stdout]     |
[INFO] [stdout] 164 |     shader_f3264 => shaderf3264,
[INFO] [stdout]     |                     ^^^^^^^^^^^ `PhysicalDeviceFeatures` does not have this field
[INFO] [stdout]     |
[INFO] [stdout]     = note: available fields are: `robustBufferAccess`, `fullDrawIndexUint32`, `imageCubeArray`, `independentBlend`, `geometryShader` ... and 50 others
[INFO] [stdout] 
[INFO] [stdout] 
[INFO] [stderr]     Checking image v0.18.0
[INFO] [stdout] error[E0308]: mismatched types
[INFO] [stdout]     --> /opt/rustwide/cargo-home/registry/src/github.com-1ecc6299db9ec823/vulkano-0.16.0/src/command_buffer/sys.rs:1303:38
[INFO] [stdout]      |
[INFO] [stdout] 1303 |         vk.CmdSetBlendConstants(cmd, constants); // TODO: correct to pass array?
[INFO] [stdout]      |            --------------------      ^^^^^^^^^
[INFO] [stdout]      |            |                         |
[INFO] [stdout]      |            |                         expected `&[f32; 4]`, found `[f32; 4]`
[INFO] [stdout]      |            |                         help: consider borrowing here: `&constants`
[INFO] [stdout]      |            arguments to this method are incorrect
[INFO] [stdout]      |            here the type of `vk` is inferred to be `DevicePointers`
[INFO] [stdout]      |
[INFO] [stdout] note: method defined here
[INFO] [stdout]     --> /opt/rustwide/cargo-home/registry/src/github.com-1ecc6299db9ec823/vk-sys-0.5.3/src/lib.rs:3003:5
[INFO] [stdout]      |
[INFO] [stdout] 3003 |     CmdSetBlendConstants => (commandBuffer: CommandBuffer, blendConstants: &[f32; 4]) -> (),
[INFO] [stdout]      |     ^^^^^^^^^^^^^^^^^^^^
[INFO] [stdout] 
[INFO] [stdout] 
[INFO] [stdout] error: aborting due to 3 previous errors
[INFO] [stdout] 
[INFO] [stdout] 
[INFO] [stdout] Some errors have detailed explanations: E0308, E0560, E0609.
[INFO] [stdout] 
[INFO] [stdout] For more information about an error, try `rustc --explain E0308`.
[INFO] [stdout] 
[INFO] [stderr] error: could not compile `vulkano` due to 4 previous errors
[INFO] [stderr] warning: build failed, waiting for other jobs to finish...
[INFO] running `Command { std: "docker" "inspect" "64e462d058877ed1c1673da9379e4eb8ccad81f17fddad298e8c6874245f635d", kill_on_drop: false }`
[INFO] running `Command { std: "docker" "rm" "-f" "64e462d058877ed1c1673da9379e4eb8ccad81f17fddad298e8c6874245f635d", kill_on_drop: false }`
[INFO] [stdout] 64e462d058877ed1c1673da9379e4eb8ccad81f17fddad298e8c6874245f635d
