[INFO] fetching crate perseus-axum 0.4.0...
[INFO] documenting perseus-axum-0.4.0 against 1.69.0 for beta-1.70-rustdoc-1
[INFO] extracting crate perseus-axum 0.4.0 into /workspace/builds/worker-7-tc1/source
[INFO] validating manifest of crates.io crate perseus-axum 0.4.0 on toolchain 1.69.0
[INFO] running `Command { std: CARGO_HOME="/workspace/cargo-home" RUSTUP_HOME="/workspace/rustup-home" "/workspace/cargo-home/bin/cargo" "+1.69.0" "metadata" "--manifest-path" "Cargo.toml" "--no-deps", kill_on_drop: false }`
[INFO] started tweaking crates.io crate perseus-axum 0.4.0
[INFO] finished tweaking crates.io crate perseus-axum 0.4.0
[INFO] tweaked toml for crates.io crate perseus-axum 0.4.0 written to /workspace/builds/worker-7-tc1/source/Cargo.toml
[INFO] running `Command { std: CARGO_HOME="/workspace/cargo-home" RUSTUP_HOME="/workspace/rustup-home" __CARGO_TEST_CHANNEL_OVERRIDE_DO_NOT_USE_THIS="nightly" "/workspace/cargo-home/bin/cargo" "+1.69.0" "generate-lockfile" "--manifest-path" "Cargo.toml" "-Zno-index-update", kill_on_drop: false }`
[INFO] running `Command { std: CARGO_HOME="/workspace/cargo-home" RUSTUP_HOME="/workspace/rustup-home" "/workspace/cargo-home/bin/cargo" "+1.69.0" "fetch" "--manifest-path" "Cargo.toml", kill_on_drop: false }`
[INFO] [stderr]  Downloading crates ...
[INFO] [stderr]   Downloaded html-escape v0.2.13
[INFO] [stderr]   Downloaded sycamore-reactive v0.8.1
[INFO] [stderr]   Downloaded sycamore-futures v0.8.0
[INFO] [stderr]   Downloaded sycamore-core v0.8.2
[INFO] [stderr]   Downloaded sycamore-macro v0.8.2
[INFO] [stderr]   Downloaded fmterr v0.1.1
[INFO] [stderr]   Downloaded sycamore-router v0.8.0
[INFO] [stderr]   Downloaded perseus-macro v0.4.0
[INFO] [stderr]   Downloaded sycamore-web v0.8.2
[INFO] [stderr]   Downloaded perseus v0.4.0
[INFO] [stderr]   Downloaded sycamore v0.8.2
[INFO] [stderr]   Downloaded minify-html-onepass v0.10.8
[INFO] [stderr]   Downloaded sycamore-router-macro v0.8.0
[INFO] running `Command { std: "docker" "create" "-v" "/var/lib/crater-agent-workspace/builds/worker-7-tc1/target:/opt/rustwide/target:rw,Z" "-v" "/var/lib/crater-agent-workspace/builds/worker-7-tc1/source:/opt/rustwide/workdir:ro,Z" "-v" "/var/lib/crater-agent-workspace/cargo-home:/opt/rustwide/cargo-home:ro,Z" "-v" "/var/lib/crater-agent-workspace/rustup-home:/opt/rustwide/rustup-home:ro,Z" "-e" "SOURCE_DIR=/opt/rustwide/workdir" "-e" "CARGO_TARGET_DIR=/opt/rustwide/target" "-e" "CARGO_HOME=/opt/rustwide/cargo-home" "-e" "RUSTUP_HOME=/opt/rustwide/rustup-home" "-w" "/opt/rustwide/workdir" "-m" "1610612736" "--user" "0:0" "--network" "none" "ghcr.io/rust-lang/crates-build-env/linux@sha256:5ff2268d62e97bff2cde7d5815dd6ed5b47097566f13b8d0ca110b04b60e07ed" "/opt/rustwide/cargo-home/bin/cargo" "+1.69.0" "metadata" "--no-deps" "--format-version=1", kill_on_drop: false }`
[INFO] [stdout] beb7cfc009f0d9bb837e5ae08f5ae7de14fdb7d34dfa9bffa01a149552a6eade
[INFO] running `Command { std: "docker" "start" "-a" "beb7cfc009f0d9bb837e5ae08f5ae7de14fdb7d34dfa9bffa01a149552a6eade", kill_on_drop: false }`
[INFO] running `Command { std: "docker" "inspect" "beb7cfc009f0d9bb837e5ae08f5ae7de14fdb7d34dfa9bffa01a149552a6eade", kill_on_drop: false }`
[INFO] running `Command { std: "docker" "rm" "-f" "beb7cfc009f0d9bb837e5ae08f5ae7de14fdb7d34dfa9bffa01a149552a6eade", kill_on_drop: false }`
[INFO] [stdout] beb7cfc009f0d9bb837e5ae08f5ae7de14fdb7d34dfa9bffa01a149552a6eade
[INFO] running `Command { std: "docker" "create" "-v" "/var/lib/crater-agent-workspace/builds/worker-7-tc1/target:/opt/rustwide/target:rw,Z" "-v" "/var/lib/crater-agent-workspace/builds/worker-7-tc1/source:/opt/rustwide/workdir:ro,Z" "-v" "/var/lib/crater-agent-workspace/cargo-home:/opt/rustwide/cargo-home:ro,Z" "-v" "/var/lib/crater-agent-workspace/rustup-home:/opt/rustwide/rustup-home:ro,Z" "-e" "SOURCE_DIR=/opt/rustwide/workdir" "-e" "CARGO_TARGET_DIR=/opt/rustwide/target" "-e" "CARGO_INCREMENTAL=0" "-e" "RUST_BACKTRACE=full" "-e" "RUSTFLAGS=--cap-lints=warn" "-e" "RUSTDOCFLAGS=--cap-lints=warn" "-e" "CARGO_HOME=/opt/rustwide/cargo-home" "-e" "RUSTUP_HOME=/opt/rustwide/rustup-home" "-w" "/opt/rustwide/workdir" "-m" "1610612736" "--user" "0:0" "--network" "none" "ghcr.io/rust-lang/crates-build-env/linux@sha256:5ff2268d62e97bff2cde7d5815dd6ed5b47097566f13b8d0ca110b04b60e07ed" "/opt/rustwide/cargo-home/bin/cargo" "+1.69.0" "doc" "--frozen" "--no-deps" "--document-private-items" "--message-format=json", kill_on_drop: false }`
[INFO] [stdout] 848fab0cc0c1548ad743aad9ed0facf45a07bddbb7413fffb701209d75ae1def
[INFO] running `Command { std: "docker" "start" "-a" "848fab0cc0c1548ad743aad9ed0facf45a07bddbb7413fffb701209d75ae1def", kill_on_drop: false }`
[INFO] [stderr]    Compiling log v0.4.17
[INFO] [stderr]    Compiling syn v1.0.109
[INFO] [stderr]    Compiling futures-util v0.3.28
[INFO] [stderr]    Compiling wasm-bindgen-shared v0.2.84
[INFO] [stderr]     Checking futures-io v0.3.28
[INFO] [stderr]    Compiling once_cell v1.17.1
[INFO] [stderr]    Compiling cfg-if v1.0.0
[INFO] [stderr]    Compiling tokio v1.28.0
[INFO] [stderr]    Compiling bumpalo v3.12.1
[INFO] [stderr]    Compiling indexmap v1.9.3
[INFO] [stderr]    Compiling syn v2.0.15
[INFO] [stderr]     Checking socket2 v0.4.9
[INFO] [stderr]    Compiling slotmap v1.0.6
[INFO] [stderr]    Compiling ahash v0.7.6
[INFO] [stderr]    Compiling wasm-bindgen v0.2.84
[INFO] [stderr]     Checking getrandom v0.2.9
[INFO] [stderr]    Compiling rustversion v1.0.12
[INFO] [stderr]     Checking smallvec v1.10.0
[INFO] [stderr]    Compiling memchr v2.5.0
[INFO] [stderr]     Checking utf8-width v0.1.6
[INFO] [stderr]    Compiling paste v1.0.12
[INFO] [stderr]    Compiling minimal-lexical v0.2.1
[INFO] [stderr]     Checking tower-layer v0.3.2
[INFO] [stderr]     Checking html-escape v0.2.13
[INFO] [stderr]    Compiling serde_json v1.0.96
[INFO] [stderr]    Compiling unicode-xid v0.2.4
[INFO] [stderr]     Checking http-range-header v0.3.0
[INFO] [stderr]     Checking mio v0.8.6
[INFO] [stderr]     Checking tracing v0.1.37
[INFO] [stderr]     Checking want v0.3.0
[INFO] [stderr]     Checking fmterr v0.1.1
[INFO] [stderr]     Checking sync_wrapper v0.1.2
[INFO] [stderr]     Checking matchit v0.7.0
[INFO] [stderr]     Checking sycamore-reactive v0.8.1
[INFO] [stderr]    Compiling axum-core v0.3.4
[INFO] [stderr]    Compiling axum v0.6.18
[INFO] [stderr]     Checking sycamore-core v0.8.2
[INFO] [stderr]    Compiling nom v7.1.3
[INFO] [stderr]    Compiling futures-macro v0.3.28
[INFO] [stderr]    Compiling serde_derive v1.0.160
[INFO] [stderr]    Compiling async-trait v0.1.68
[INFO] [stderr]    Compiling thiserror-impl v1.0.40
[INFO] [stderr]     Checking tokio-util v0.7.8
[INFO] [stderr]    Compiling wasm-bindgen-backend v0.2.84
[INFO] [stderr]    Compiling darling_core v0.14.4
[INFO] [stderr]     Checking thiserror v1.0.40
[INFO] [stderr]    Compiling sycamore-macro v0.8.2
[INFO] [stderr]    Compiling pin-project-internal v1.0.12
[INFO] [stderr]    Compiling sycamore-router-macro v0.8.0
[INFO] [stderr]    Compiling wasm-bindgen-macro-support v0.2.84
[INFO] [stderr]    Compiling darling_macro v0.14.4
[INFO] [stderr]    Compiling wasm-bindgen-macro v0.2.84
[INFO] [stderr]     Checking pin-project v1.0.12
[INFO] [stderr]    Compiling darling v0.14.4
[INFO] [stderr]     Checking serde v1.0.160
[INFO] [stderr]    Compiling perseus-macro v0.4.0
[INFO] [stderr]     Checking futures-executor v0.3.28
[INFO] [stderr]     Checking tower v0.4.13
[INFO] [stderr]     Checking hyper v0.14.26
[INFO] [stderr]     Checking tower-http v0.3.5
[INFO] [stderr]     Checking js-sys v0.3.61
[INFO] [stderr]     Checking futures v0.3.28
[INFO] [stderr]     Checking sycamore-futures v0.8.0
[INFO] [stderr]     Checking web-sys v0.3.61
[INFO] [stderr]     Checking wasm-bindgen-futures v0.4.34
[INFO] [stderr]     Checking serde_urlencoded v0.7.1
[INFO] [stderr]     Checking serde_path_to_error v0.1.11
[INFO] [stderr]     Checking sycamore-web v0.8.2
[INFO] [stderr]     Checking sycamore v0.8.2
[INFO] [stderr]     Checking sycamore-router v0.8.0
[INFO] [stderr]     Checking perseus v0.4.0
[INFO] [stdout] error[E0432]: unresolved import `crate::web_log`
[INFO] [stdout]    --> /opt/rustwide/cargo-home/registry/src/github.com-1ecc6299db9ec823/perseus-0.4.0/src/lib.rs:152:13
[INFO] [stdout]     |
[INFO] [stdout] 152 |     pub use crate::web_log;
[INFO] [stdout]     |             ^^^^^^^^^^^^^^ no `web_log` in the root
[INFO] [stdout] 
[INFO] [stdout] 
[INFO] [stdout] error[E0432]: unresolved imports `crate::PerseusNodeType`, `crate::Request`
[INFO] [stdout]    --> /opt/rustwide/cargo-home/registry/src/github.com-1ecc6299db9ec823/perseus-0.4.0/src/lib.rs:155:21
[INFO] [stdout]     |
[INFO] [stdout] 155 |     pub use crate::{PerseusNodeType, Request};
[INFO] [stdout]     |                     ^^^^^^^^^^^^^^^  ^^^^^^^ no `Request` in the root
[INFO] [stdout]     |                     |
[INFO] [stdout]     |                     no `PerseusNodeType` in the root
[INFO] [stdout] 
[INFO] [stdout] 
[INFO] [stdout] error[E0432]: unresolved import `crate::utils::PerseusDuration`
[INFO] [stdout]  --> /opt/rustwide/cargo-home/registry/src/github.com-1ecc6299db9ec823/perseus-0.4.0/src/template/core/setters.rs:2:5
[INFO] [stdout]   |
[INFO] [stdout] 2 | use crate::utils::PerseusDuration;
[INFO] [stdout]   |     ^^^^^^^^^^^^^^^^^^^^^^^^^^^^^ no `PerseusDuration` in `utils`
[INFO] [stdout] 
[INFO] [stdout] 
[INFO] [stdout] error[E0432]: unresolved imports `decode_time_str::ComputedDuration`, `decode_time_str::PerseusDuration`
[INFO] [stdout]   --> /opt/rustwide/cargo-home/registry/src/github.com-1ecc6299db9ec823/perseus-0.4.0/src/utils/mod.rs:25:27
[INFO] [stdout]    |
[INFO] [stdout] 25 | pub use decode_time_str::{ComputedDuration, InvalidDuration, PerseusDuration}; /* These have dummy equivalents for the browser */
[INFO] [stdout]    |                           ^^^^^^^^^^^^^^^^                   ^^^^^^^^^^^^^^^ no `PerseusDuration` in `utils::decode_time_str`
[INFO] [stdout]    |                           |
[INFO] [stdout]    |                           no `ComputedDuration` in `utils::decode_time_str`
[INFO] [stdout] 
[INFO] [stdout] 
[INFO] [stdout] error[E0392]: parameter `M` is never used
[INFO] [stdout]    --> /opt/rustwide/cargo-home/registry/src/github.com-1ecc6299db9ec823/perseus-0.4.0/src/init.rs:111:36
[INFO] [stdout]     |
[INFO] [stdout] 111 | pub struct PerseusAppBase<G: Html, M: MutableStore, T: TranslationsManager> {
[INFO] [stdout]     |                                    ^ unused parameter
[INFO] [stdout]     |
[INFO] [stdout]     = help: consider removing `M`, referring to it in a field, or using a marker such as `PhantomData`
[INFO] [stdout] 
[INFO] [stdout] 
[INFO] [stdout] error[E0392]: parameter `T` is never used
[INFO] [stdout]    --> /opt/rustwide/cargo-home/registry/src/github.com-1ecc6299db9ec823/perseus-0.4.0/src/init.rs:111:53
[INFO] [stdout]     |
[INFO] [stdout] 111 | pub struct PerseusAppBase<G: Html, M: MutableStore, T: TranslationsManager> {
[INFO] [stdout]     |                                                     ^ unused parameter
[INFO] [stdout]     |
[INFO] [stdout]     = help: consider removing `T`, referring to it in a field, or using a marker such as `PhantomData`
[INFO] [stdout] 
[INFO] [stdout] 
[INFO] [stdout] error[E0392]: parameter `G` is never used
[INFO] [stdout]   --> /opt/rustwide/cargo-home/registry/src/github.com-1ecc6299db9ec823/perseus-0.4.0/src/reactor/mod.rs:71:20
[INFO] [stdout]    |
[INFO] [stdout] 71 | pub struct Reactor<G: Html> {
[INFO] [stdout]    |                    ^ unused parameter
[INFO] [stdout]    |
[INFO] [stdout]    = help: consider removing `G`, referring to it in a field, or using a marker such as `PhantomData`
[INFO] [stdout] 
[INFO] [stdout] 
[INFO] [stdout] error: aborting due to 7 previous errors
[INFO] [stdout] 
[INFO] [stdout] 
[INFO] [stdout] Some errors have detailed explanations: E0392, E0432.
[INFO] [stdout] 
[INFO] [stdout] For more information about an error, try `rustc --explain E0392`.
[INFO] [stdout] 
[INFO] [stderr] error: could not compile `perseus` due to 8 previous errors
[INFO] [stderr] warning: build failed, waiting for other jobs to finish...
[INFO] running `Command { std: "docker" "inspect" "848fab0cc0c1548ad743aad9ed0facf45a07bddbb7413fffb701209d75ae1def", kill_on_drop: false }`
[INFO] running `Command { std: "docker" "rm" "-f" "848fab0cc0c1548ad743aad9ed0facf45a07bddbb7413fffb701209d75ae1def", kill_on_drop: false }`
[INFO] [stdout] 848fab0cc0c1548ad743aad9ed0facf45a07bddbb7413fffb701209d75ae1def
