[INFO] fetching crate osaka-dns 0.3.0...
[INFO] documenting osaka-dns-0.3.0 against 1.69.0 for beta-1.70-rustdoc-1
[INFO] extracting crate osaka-dns 0.3.0 into /workspace/builds/worker-7-tc1/source
[INFO] validating manifest of crates.io crate osaka-dns 0.3.0 on toolchain 1.69.0
[INFO] running `Command { std: CARGO_HOME="/workspace/cargo-home" RUSTUP_HOME="/workspace/rustup-home" "/workspace/cargo-home/bin/cargo" "+1.69.0" "metadata" "--manifest-path" "Cargo.toml" "--no-deps", kill_on_drop: false }`
[INFO] started tweaking crates.io crate osaka-dns 0.3.0
[INFO] finished tweaking crates.io crate osaka-dns 0.3.0
[INFO] tweaked toml for crates.io crate osaka-dns 0.3.0 written to /workspace/builds/worker-7-tc1/source/Cargo.toml
[INFO] running `Command { std: CARGO_HOME="/workspace/cargo-home" RUSTUP_HOME="/workspace/rustup-home" __CARGO_TEST_CHANNEL_OVERRIDE_DO_NOT_USE_THIS="nightly" "/workspace/cargo-home/bin/cargo" "+1.69.0" "generate-lockfile" "--manifest-path" "Cargo.toml" "-Zno-index-update", kill_on_drop: false }`
[INFO] running `Command { std: CARGO_HOME="/workspace/cargo-home" RUSTUP_HOME="/workspace/rustup-home" "/workspace/cargo-home/bin/cargo" "+1.69.0" "fetch" "--manifest-path" "Cargo.toml", kill_on_drop: false }`
[INFO] [stderr]  Downloading crates ...
[INFO] [stderr]   Downloaded tinylogger v0.1.1
[INFO] [stderr]   Downloaded osaka-macros v0.2.10
[INFO] [stderr]   Downloaded osaka v0.3.0
[INFO] running `Command { std: "docker" "create" "-v" "/var/lib/crater-agent-workspace/builds/worker-7-tc1/target:/opt/rustwide/target:rw,Z" "-v" "/var/lib/crater-agent-workspace/builds/worker-7-tc1/source:/opt/rustwide/workdir:ro,Z" "-v" "/var/lib/crater-agent-workspace/cargo-home:/opt/rustwide/cargo-home:ro,Z" "-v" "/var/lib/crater-agent-workspace/rustup-home:/opt/rustwide/rustup-home:ro,Z" "-e" "SOURCE_DIR=/opt/rustwide/workdir" "-e" "CARGO_TARGET_DIR=/opt/rustwide/target" "-e" "CARGO_HOME=/opt/rustwide/cargo-home" "-e" "RUSTUP_HOME=/opt/rustwide/rustup-home" "-w" "/opt/rustwide/workdir" "-m" "1610612736" "--user" "0:0" "--network" "none" "ghcr.io/rust-lang/crates-build-env/linux@sha256:5ff2268d62e97bff2cde7d5815dd6ed5b47097566f13b8d0ca110b04b60e07ed" "/opt/rustwide/cargo-home/bin/cargo" "+1.69.0" "metadata" "--no-deps" "--format-version=1", kill_on_drop: false }`
[INFO] [stdout] 4145d311f5983f3e9ee38465053bdc2679d5b1d98186855cb0ba849312c62a7b
[INFO] running `Command { std: "docker" "start" "-a" "4145d311f5983f3e9ee38465053bdc2679d5b1d98186855cb0ba849312c62a7b", kill_on_drop: false }`
[INFO] running `Command { std: "docker" "inspect" "4145d311f5983f3e9ee38465053bdc2679d5b1d98186855cb0ba849312c62a7b", kill_on_drop: false }`
[INFO] running `Command { std: "docker" "rm" "-f" "4145d311f5983f3e9ee38465053bdc2679d5b1d98186855cb0ba849312c62a7b", kill_on_drop: false }`
[INFO] [stdout] 4145d311f5983f3e9ee38465053bdc2679d5b1d98186855cb0ba849312c62a7b
[INFO] running `Command { std: "docker" "create" "-v" "/var/lib/crater-agent-workspace/builds/worker-7-tc1/target:/opt/rustwide/target:rw,Z" "-v" "/var/lib/crater-agent-workspace/builds/worker-7-tc1/source:/opt/rustwide/workdir:ro,Z" "-v" "/var/lib/crater-agent-workspace/cargo-home:/opt/rustwide/cargo-home:ro,Z" "-v" "/var/lib/crater-agent-workspace/rustup-home:/opt/rustwide/rustup-home:ro,Z" "-e" "SOURCE_DIR=/opt/rustwide/workdir" "-e" "CARGO_TARGET_DIR=/opt/rustwide/target" "-e" "CARGO_INCREMENTAL=0" "-e" "RUST_BACKTRACE=full" "-e" "RUSTFLAGS=--cap-lints=warn" "-e" "RUSTDOCFLAGS=--cap-lints=warn" "-e" "CARGO_HOME=/opt/rustwide/cargo-home" "-e" "RUSTUP_HOME=/opt/rustwide/rustup-home" "-w" "/opt/rustwide/workdir" "-m" "1610612736" "--user" "0:0" "--network" "none" "ghcr.io/rust-lang/crates-build-env/linux@sha256:5ff2268d62e97bff2cde7d5815dd6ed5b47097566f13b8d0ca110b04b60e07ed" "/opt/rustwide/cargo-home/bin/cargo" "+1.69.0" "doc" "--frozen" "--no-deps" "--document-private-items" "--message-format=json", kill_on_drop: false }`
[INFO] [stdout] f423b862c07768638f614cb7606fe047b5dfd288ef66aeeb9d878b8afd38504d
[INFO] running `Command { std: "docker" "start" "-a" "f423b862c07768638f614cb7606fe047b5dfd288ef66aeeb9d878b8afd38504d", kill_on_drop: false }`
[INFO] [stderr]    Compiling proc-macro2 v0.4.30
[INFO] [stderr]    Compiling syn v0.15.44
[INFO] [stderr]    Compiling log v0.4.17
[INFO] [stderr]     Checking cfg-if v0.1.10
[INFO] [stderr]    Compiling slab v0.4.8
[INFO] [stderr]     Checking iovec v0.1.4
[INFO] [stderr]     Checking net2 v0.2.38
[INFO] [stderr]     Checking mio v0.6.23
[INFO] [stderr]    Compiling quote v0.6.13
[INFO] [stderr]    Compiling osaka-macros v0.2.10
[INFO] [stderr]     Checking osaka v0.3.0
[INFO] [stdout] error[E0557]: feature has been removed
[INFO] [stdout]  --> /opt/rustwide/cargo-home/registry/src/github.com-1ecc6299db9ec823/osaka-0.3.0/src/lib.rs:1:41
[INFO] [stdout]   |
[INFO] [stdout] 1 | #![feature(generators, generator_trait, register_attr)]
[INFO] [stdout]   |                                         ^^^^^^^^^^^^^ feature has been removed
[INFO] [stdout]   |
[INFO] [stdout]   = note: removed in favor of `#![register_tool]`
[INFO] [stdout] 
[INFO] [stdout] 
[INFO] [stdout] error: cannot find attribute `register_attr` in this scope
[INFO] [stdout]  --> /opt/rustwide/cargo-home/registry/src/github.com-1ecc6299db9ec823/osaka-0.3.0/src/lib.rs:2:4
[INFO] [stdout]   |
[INFO] [stdout] 2 | #![register_attr(osaka)]
[INFO] [stdout]   |    ^^^^^^^^^^^^^ help: a built-in attribute with a similar name exists: `register_tool`
[INFO] [stdout] 
[INFO] [stdout] 
[INFO] [stdout] error: cannot determine resolution for the attribute macro `derive`
[INFO] [stdout]   --> /opt/rustwide/cargo-home/registry/src/github.com-1ecc6299db9ec823/osaka-0.3.0/src/lib.rs:62:3
[INFO] [stdout]    |
[INFO] [stdout] 62 | #[derive(Clone)]
[INFO] [stdout]    |   ^^^^^^
[INFO] [stdout]    |
[INFO] [stdout]    = note: import resolution is stuck, try simplifying macro imports
[INFO] [stdout] 
[INFO] [stdout] 
[INFO] [stdout] error: cannot determine resolution for the attribute macro `derive`
[INFO] [stdout]   --> /opt/rustwide/cargo-home/registry/src/github.com-1ecc6299db9ec823/osaka-0.3.0/src/lib.rs:74:3
[INFO] [stdout]    |
[INFO] [stdout] 74 | #[derive(Clone)]
[INFO] [stdout]    |   ^^^^^^
[INFO] [stdout]    |
[INFO] [stdout]    = note: import resolution is stuck, try simplifying macro imports
[INFO] [stdout] 
[INFO] [stdout] 
[INFO] [stdout] error: cannot determine resolution for the attribute macro `derive`
[INFO] [stdout]    --> /opt/rustwide/cargo-home/registry/src/github.com-1ecc6299db9ec823/osaka-0.3.0/src/lib.rs:140:3
[INFO] [stdout]     |
[INFO] [stdout] 140 | #[derive(Clone)]
[INFO] [stdout]     |   ^^^^^^
[INFO] [stdout]     |
[INFO] [stdout]     = note: import resolution is stuck, try simplifying macro imports
[INFO] [stdout] 
[INFO] [stdout] 
[INFO] [stdout] error: cannot determine resolution for the macro `debug`
[INFO] [stdout]    --> /opt/rustwide/cargo-home/registry/src/github.com-1ecc6299db9ec823/osaka-0.3.0/src/lib.rs:255:21
[INFO] [stdout]     |
[INFO] [stdout] 255 |                     debug!("going to poll with timeout {:?} and {} tokens",
[INFO] [stdout]     |                     ^^^^^
[INFO] [stdout]     |
[INFO] [stdout]     = note: import resolution is stuck, try simplifying macro imports
[INFO] [stdout] 
[INFO] [stdout] 
[INFO] [stdout] error: cannot determine resolution for the macro `debug`
[INFO] [stdout]    --> /opt/rustwide/cargo-home/registry/src/github.com-1ecc6299db9ec823/osaka-0.3.0/src/lib.rs:267:33
[INFO] [stdout]     |
[INFO] [stdout] 267 | ...                   debug!("token {:?} activated", token.m);
[INFO] [stdout]     |                       ^^^^^
[INFO] [stdout]     |
[INFO] [stdout]     = note: import resolution is stuck, try simplifying macro imports
[INFO] [stdout] 
[INFO] [stdout] 
[INFO] [stdout] error: cannot determine resolution for the macro `debug`
[INFO] [stdout]    --> /opt/rustwide/cargo-home/registry/src/github.com-1ecc6299db9ec823/osaka-0.3.0/src/lib.rs:343:25
[INFO] [stdout]     |
[INFO] [stdout] 343 |                         debug!("task wakeup caused by deadline");
[INFO] [stdout]     |                         ^^^^^
[INFO] [stdout]     |
[INFO] [stdout]     = note: import resolution is stuck, try simplifying macro imports
[INFO] [stdout] 
[INFO] [stdout] 
[INFO] [stdout] error: cannot determine resolution for the macro `debug`
[INFO] [stdout]    --> /opt/rustwide/cargo-home/registry/src/github.com-1ecc6299db9ec823/osaka-0.3.0/src/lib.rs:352:29
[INFO] [stdout]     |
[INFO] [stdout] 352 | ...                   debug!("task wakeup caused by token readyness");
[INFO] [stdout]     |                       ^^^^^
[INFO] [stdout]     |
[INFO] [stdout]     = note: import resolution is stuck, try simplifying macro imports
[INFO] [stdout] 
[INFO] [stdout] 
[INFO] [stdout] error[E0554]: `#![feature]` may not be used on the stable release channel
[INFO] [stdout]  --> /opt/rustwide/cargo-home/registry/src/github.com-1ecc6299db9ec823/osaka-0.3.0/src/lib.rs:1:1
[INFO] [stdout]   |
[INFO] [stdout] 1 | #![feature(generators, generator_trait, register_attr)]
[INFO] [stdout]   | ^^^^^^^^^^^^^^^^^^^^^^^^^^^^^^^^^^^^^^^^^^^^^^^^^^^^^^^
[INFO] [stdout] 
[INFO] [stdout] 
[INFO] [stdout] error[E0554]: `#![feature]` may not be used on the stable release channel
[INFO] [stdout]  --> /opt/rustwide/cargo-home/registry/src/github.com-1ecc6299db9ec823/osaka-0.3.0/src/lib.rs:3:1
[INFO] [stdout]   |
[INFO] [stdout] 3 | #![feature(termination_trait_lib)]
[INFO] [stdout]   | ^^^^^^^^^^^^^^^^^^^^^^^^^^^^^^^^^^
[INFO] [stdout] 
[INFO] [stdout] 
[INFO] [stdout] error[E0554]: `#![feature]` may not be used on the stable release channel
[INFO] [stdout]  --> /opt/rustwide/cargo-home/registry/src/github.com-1ecc6299db9ec823/osaka-0.3.0/src/lib.rs:1:24
[INFO] [stdout]   |
[INFO] [stdout] 1 | #![feature(generators, generator_trait, register_attr)]
[INFO] [stdout]   |                        ^^^^^^^^^^^^^^^
[INFO] [stdout] 
[INFO] [stdout] 
[INFO] [stdout] error[E0554]: `#![feature]` may not be used on the stable release channel
[INFO] [stdout]  --> /opt/rustwide/cargo-home/registry/src/github.com-1ecc6299db9ec823/osaka-0.3.0/src/lib.rs:3:12
[INFO] [stdout]   |
[INFO] [stdout] 3 | #![feature(termination_trait_lib)]
[INFO] [stdout]   |            ^^^^^^^^^^^^^^^^^^^^^
[INFO] [stdout] 
[INFO] [stdout] 
[INFO] [stdout] error[E0053]: method `report` has an incompatible type for trait
[INFO] [stdout]    --> /opt/rustwide/cargo-home/registry/src/github.com-1ecc6299db9ec823/osaka-0.3.0/src/lib.rs:380:28
[INFO] [stdout]     |
[INFO] [stdout] 380 |     fn report(mut self) -> i32 {
[INFO] [stdout]     |                            ^^^
[INFO] [stdout]     |                            |
[INFO] [stdout]     |                            expected `ExitCode`, found `i32`
[INFO] [stdout]     |                            help: change the output type to match the trait: `ExitCode`
[INFO] [stdout]     |
[INFO] [stdout]     = note: expected signature `fn(Task<_>) -> ExitCode`
[INFO] [stdout]                found signature `fn(Task<_>) -> i32`
[INFO] [stdout] 
[INFO] [stdout] 
[INFO] [stdout] error[E0061]: this method takes 1 argument but 0 arguments were supplied
[INFO] [stdout]    --> /opt/rustwide/cargo-home/registry/src/github.com-1ecc6299db9ec823/osaka-0.3.0/src/lib.rs:125:30
[INFO] [stdout]     |
[INFO] [stdout] 125 |         match Pin::new(self).resume() {
[INFO] [stdout]     |                              ^^^^^^-- an argument of type `()` is missing
[INFO] [stdout]     |
[INFO] [stdout] note: method defined here
[INFO] [stdout]    --> /rustc/84c898d65adf2f39a5a98507f1fe0ce10a2b8dbc/library/core/src/ops/generator.rs:114:8
[INFO] [stdout] help: provide the argument
[INFO] [stdout]     |
[INFO] [stdout] 125 |         match Pin::new(self).resume(()) {
[INFO] [stdout]     |                                    ~~~~
[INFO] [stdout] 
[INFO] [stdout] 
[INFO] [stdout] error[E0599]: no method named `clone` found for mutable reference `&mut Again` in the current scope
[INFO] [stdout]    --> /opt/rustwide/cargo-home/registry/src/github.com-1ecc6299db9ec823/osaka-0.3.0/src/lib.rs:370:39
[INFO] [stdout]     |
[INFO] [stdout] 370 |                 FutureResult::Again(a.clone())
[INFO] [stdout]     |                                       ^^^^^ method not found in `&mut Again`
[INFO] [stdout]     |
[INFO] [stdout]     = help: items from traits can only be used if the trait is implemented and in scope
[INFO] [stdout]     = note: the trait `Clone` defines an item `clone`, but is explicitly unimplemented
[INFO] [stdout] 
[INFO] [stdout] 
[INFO] [stdout] error: aborting due to 16 previous errors
[INFO] [stdout] 
[INFO] [stdout] 
[INFO] [stdout] Some errors have detailed explanations: E0053, E0061, E0554, E0557, E0599.
[INFO] [stdout] 
[INFO] [stdout] For more information about an error, try `rustc --explain E0053`.
[INFO] [stdout] 
[INFO] [stderr] error: could not compile `osaka` due to 17 previous errors
[INFO] running `Command { std: "docker" "inspect" "f423b862c07768638f614cb7606fe047b5dfd288ef66aeeb9d878b8afd38504d", kill_on_drop: false }`
[INFO] running `Command { std: "docker" "rm" "-f" "f423b862c07768638f614cb7606fe047b5dfd288ef66aeeb9d878b8afd38504d", kill_on_drop: false }`
[INFO] [stdout] f423b862c07768638f614cb7606fe047b5dfd288ef66aeeb9d878b8afd38504d
