[INFO] fetching crate orbtk-core 0.3.1-alpha4...
[INFO] documenting orbtk-core-0.3.1-alpha4 against 1.69.0 for beta-1.70-rustdoc-1
[INFO] extracting crate orbtk-core 0.3.1-alpha4 into /workspace/builds/worker-0-tc1/source
[INFO] validating manifest of crates.io crate orbtk-core 0.3.1-alpha4 on toolchain 1.69.0
[INFO] running `Command { std: CARGO_HOME="/workspace/cargo-home" RUSTUP_HOME="/workspace/rustup-home" "/workspace/cargo-home/bin/cargo" "+1.69.0" "metadata" "--manifest-path" "Cargo.toml" "--no-deps", kill_on_drop: false }`
[INFO] started tweaking crates.io crate orbtk-core 0.3.1-alpha4
[INFO] finished tweaking crates.io crate orbtk-core 0.3.1-alpha4
[INFO] tweaked toml for crates.io crate orbtk-core 0.3.1-alpha4 written to /workspace/builds/worker-0-tc1/source/Cargo.toml
[INFO] running `Command { std: CARGO_HOME="/workspace/cargo-home" RUSTUP_HOME="/workspace/rustup-home" __CARGO_TEST_CHANNEL_OVERRIDE_DO_NOT_USE_THIS="nightly" "/workspace/cargo-home/bin/cargo" "+1.69.0" "generate-lockfile" "--manifest-path" "Cargo.toml" "-Zno-index-update", kill_on_drop: false }`
[INFO] running `Command { std: CARGO_HOME="/workspace/cargo-home" RUSTUP_HOME="/workspace/rustup-home" "/workspace/cargo-home/bin/cargo" "+1.69.0" "fetch" "--manifest-path" "Cargo.toml", kill_on_drop: false }`
[INFO] [stderr]  Downloading crates ...
[INFO] [stderr]   Downloaded orbtk-tinyskia v0.3.1-alpha4
[INFO] [stderr]   Downloaded orbtk-utils v0.3.1-alpha4
[INFO] [stderr]   Downloaded orbtk-proc-macros v0.3.1-alpha4
[INFO] [stderr]   Downloaded dces v0.3.1
[INFO] [stderr]   Downloaded orbtk_orbclient v0.3.1-alpha4
[INFO] running `Command { std: "docker" "create" "-v" "/var/lib/crater-agent-workspace/builds/worker-0-tc1/target:/opt/rustwide/target:rw,Z" "-v" "/var/lib/crater-agent-workspace/builds/worker-0-tc1/source:/opt/rustwide/workdir:ro,Z" "-v" "/var/lib/crater-agent-workspace/cargo-home:/opt/rustwide/cargo-home:ro,Z" "-v" "/var/lib/crater-agent-workspace/rustup-home:/opt/rustwide/rustup-home:ro,Z" "-e" "SOURCE_DIR=/opt/rustwide/workdir" "-e" "CARGO_TARGET_DIR=/opt/rustwide/target" "-e" "CARGO_HOME=/opt/rustwide/cargo-home" "-e" "RUSTUP_HOME=/opt/rustwide/rustup-home" "-w" "/opt/rustwide/workdir" "-m" "1610612736" "--user" "0:0" "--network" "none" "ghcr.io/rust-lang/crates-build-env/linux@sha256:5ff2268d62e97bff2cde7d5815dd6ed5b47097566f13b8d0ca110b04b60e07ed" "/opt/rustwide/cargo-home/bin/cargo" "+1.69.0" "metadata" "--no-deps" "--format-version=1", kill_on_drop: false }`
[INFO] [stdout] c7211ba529907a97a75754bbc53371d2f42d665fe2d69daeba8d8a0ad015f900
[INFO] running `Command { std: "docker" "start" "-a" "c7211ba529907a97a75754bbc53371d2f42d665fe2d69daeba8d8a0ad015f900", kill_on_drop: false }`
[INFO] running `Command { std: "docker" "inspect" "c7211ba529907a97a75754bbc53371d2f42d665fe2d69daeba8d8a0ad015f900", kill_on_drop: false }`
[INFO] running `Command { std: "docker" "rm" "-f" "c7211ba529907a97a75754bbc53371d2f42d665fe2d69daeba8d8a0ad015f900", kill_on_drop: false }`
[INFO] [stdout] c7211ba529907a97a75754bbc53371d2f42d665fe2d69daeba8d8a0ad015f900
[INFO] running `Command { std: "docker" "create" "-v" "/var/lib/crater-agent-workspace/builds/worker-0-tc1/target:/opt/rustwide/target:rw,Z" "-v" "/var/lib/crater-agent-workspace/builds/worker-0-tc1/source:/opt/rustwide/workdir:ro,Z" "-v" "/var/lib/crater-agent-workspace/cargo-home:/opt/rustwide/cargo-home:ro,Z" "-v" "/var/lib/crater-agent-workspace/rustup-home:/opt/rustwide/rustup-home:ro,Z" "-e" "SOURCE_DIR=/opt/rustwide/workdir" "-e" "CARGO_TARGET_DIR=/opt/rustwide/target" "-e" "CARGO_INCREMENTAL=0" "-e" "RUST_BACKTRACE=full" "-e" "RUSTFLAGS=--cap-lints=warn" "-e" "RUSTDOCFLAGS=--cap-lints=warn" "-e" "CARGO_HOME=/opt/rustwide/cargo-home" "-e" "RUSTUP_HOME=/opt/rustwide/rustup-home" "-w" "/opt/rustwide/workdir" "-m" "1610612736" "--user" "0:0" "--network" "none" "ghcr.io/rust-lang/crates-build-env/linux@sha256:5ff2268d62e97bff2cde7d5815dd6ed5b47097566f13b8d0ca110b04b60e07ed" "/opt/rustwide/cargo-home/bin/cargo" "+1.69.0" "doc" "--frozen" "--no-deps" "--document-private-items" "--message-format=json", kill_on_drop: false }`
[INFO] [stdout] 1b1ed1ca3a8a1807f799403278b0ad5e763f37f1ec5b19f61938c34984a4c80c
[INFO] running `Command { std: "docker" "start" "-a" "1b1ed1ca3a8a1807f799403278b0ad5e763f37f1ec5b19f61938c34984a4c80c", kill_on_drop: false }`
[INFO] [stderr]    Compiling getrandom v0.1.16
[INFO] [stderr]    Compiling siphasher v0.3.10
[INFO] [stderr]    Compiling serde v1.0.160
[INFO] [stderr]     Checking adler32 v1.2.0
[INFO] [stderr]    Compiling version-compare v0.1.1
[INFO] [stderr]     Checking num-integer v0.1.45
[INFO] [stderr]    Compiling num-rational v0.3.2
[INFO] [stderr]     Checking arrayvec v0.5.2
[INFO] [stderr]    Compiling lexical-core v0.7.6
[INFO] [stderr]    Compiling rand_core v0.5.1
[INFO] [stderr]    Compiling phf_shared v0.8.0
[INFO] [stderr]    Compiling sdl2-sys v0.35.2
[INFO] [stderr]     Checking deflate v0.8.6
[INFO] [stderr]    Compiling rand_chacha v0.2.2
[INFO] [stderr]    Compiling rand_pcg v0.2.1
[INFO] [stderr]     Checking miniz_oxide v0.3.7
[INFO] [stderr]     Checking ttf-parser v0.15.2
[INFO] [stderr]     Checking cty v0.2.2
[INFO] [stderr]    Compiling rand v0.7.3
[INFO] [stderr]     Checking raw-window-handle v0.4.3
[INFO] [stderr]     Checking phf v0.8.0
[INFO] [stderr]     Checking num-iter v0.1.43
[INFO] [stderr]     Checking safe_arch v0.5.2
[INFO] [stderr]    Compiling derive_more v0.99.17
[INFO] [stderr]     Checking png v0.16.8
[INFO] [stderr]     Checking ab_glyph_rasterizer v0.1.8
[INFO] [stderr]    Compiling orbclient v0.3.45
[INFO] [stderr]    Compiling sdl2 v0.35.2
[INFO] [stderr]    Compiling phf_generator v0.8.0
[INFO] [stderr]     Checking tiny-skia v0.6.6
[INFO] [stderr]     Checking image v0.23.14
[INFO] [stderr]    Compiling phf_codegen v0.8.0
[INFO] [stderr]    Compiling orbtk-utils v0.3.1-alpha4
[INFO] [stderr]    Compiling rust_decimal v1.29.1
[INFO] [stderr]     Checking owned_ttf_parser v0.15.2
[INFO] [stderr]     Checking rusttype v0.9.3
[INFO] [stderr]     Checking raw-window-handle v0.3.4
[INFO] [stderr]     Checking dirs-sys-next v0.1.2
[INFO] [stderr]    Compiling case v1.0.0
[INFO] [stderr]     Checking arrayvec v0.7.2
[INFO] [stderr]     Checking dirs-next v2.0.0
[INFO] [stderr]     Checking threadpool v1.8.1
[INFO] [stderr]     Checking dces v0.3.1
[INFO] [stderr]    Compiling orbtk-proc-macros v0.3.1-alpha4
[INFO] [stderr]     Checking ron v0.6.6
[INFO] [stdout] error[E0310]: the parameter type `Ctx` may not live long enough
[INFO] [stdout]   --> /opt/rustwide/cargo-home/registry/src/github.com-1ecc6299db9ec823/dces-0.3.1/src/world.rs:28:13
[INFO] [stdout]    |
[INFO] [stdout] 28 | /             cleanup_system
[INFO] [stdout] 29 | |                 .system
[INFO] [stdout] 30 | |                 .run(&mut self.entity_component_manager);
[INFO] [stdout]    | |________________________________________________________^ ...so that the type `Ctx` will meet its required lifetime bounds
[INFO] [stdout]    |
[INFO] [stdout] help: consider adding an explicit lifetime bound...
[INFO] [stdout]    |
[INFO] [stdout] 22 | impl<E, Ctx: 'static> Drop for World<E, Ctx>
[INFO] [stdout]    |            +++++++++
[INFO] [stdout] 
[INFO] [stdout] 
[INFO] [stdout] error[E0310]: the parameter type `E` may not live long enough
[INFO] [stdout]   --> /opt/rustwide/cargo-home/registry/src/github.com-1ecc6299db9ec823/dces-0.3.1/src/world.rs:28:13
[INFO] [stdout]    |
[INFO] [stdout] 28 | /             cleanup_system
[INFO] [stdout] 29 | |                 .system
[INFO] [stdout] 30 | |                 .run(&mut self.entity_component_manager);
[INFO] [stdout]    | |________________________________________________________^ ...so that the type `E` will meet its required lifetime bounds
[INFO] [stdout]    |
[INFO] [stdout] help: consider adding an explicit lifetime bound...
[INFO] [stdout]    |
[INFO] [stdout] 24 |     E: EntityStore + 'static,
[INFO] [stdout]    |                    +++++++++
[INFO] [stdout] 
[INFO] [stdout] 
[INFO] [stdout] error[E0310]: the parameter type `Ctx` may not live long enough
[INFO] [stdout]    --> /opt/rustwide/cargo-home/registry/src/github.com-1ecc6299db9ec823/dces-0.3.1/src/world.rs:105:17
[INFO] [stdout]     |
[INFO] [stdout] 105 |                 init_system.system.run(&mut self.entity_component_manager);
[INFO] [stdout]     |                 ^^^^^^^^^^^^^^^^^^^^^^^^^^^^^^^^^^^^^^^^^^^^^^^^^^^^^^^^^^ ...so that the type `Ctx` will meet its required lifetime bounds
[INFO] [stdout]     |
[INFO] [stdout] help: consider adding an explicit lifetime bound...
[INFO] [stdout]     |
[INFO] [stdout] 37  | impl<E, Ctx: 'static> World<E, Ctx>
[INFO] [stdout]     |            +++++++++
[INFO] [stdout] 
[INFO] [stdout] 
[INFO] [stdout] error[E0310]: the parameter type `E` may not live long enough
[INFO] [stdout]    --> /opt/rustwide/cargo-home/registry/src/github.com-1ecc6299db9ec823/dces-0.3.1/src/world.rs:105:17
[INFO] [stdout]     |
[INFO] [stdout] 105 |                 init_system.system.run(&mut self.entity_component_manager);
[INFO] [stdout]     |                 ^^^^^^^^^^^^^^^^^^^^^^^^^^^^^^^^^^^^^^^^^^^^^^^^^^^^^^^^^^ ...so that the type `E` will meet its required lifetime bounds
[INFO] [stdout]     |
[INFO] [stdout] help: consider adding an explicit lifetime bound...
[INFO] [stdout]     |
[INFO] [stdout] 39  |     E: EntityStore + 'static,
[INFO] [stdout]     |                    +++++++++
[INFO] [stdout] 
[INFO] [stdout] 
[INFO] [stdout] error[E0310]: the parameter type `Ctx` may not live long enough
[INFO] [stdout]    --> /opt/rustwide/cargo-home/registry/src/github.com-1ecc6299db9ec823/dces-0.3.1/src/world.rs:113:17
[INFO] [stdout]     |
[INFO] [stdout] 113 | /                 self.system_store
[INFO] [stdout] 114 | |                     .borrow_entity_system(*system)
[INFO] [stdout] 115 | |                     .unwrap()
[INFO] [stdout] 116 | |                     .system
[INFO] [stdout] 117 | |                     .run(&mut self.entity_component_manager);
[INFO] [stdout]     | |____________________________________________________________^ ...so that the type `Ctx` will meet its required lifetime bounds
[INFO] [stdout]     |
[INFO] [stdout] help: consider adding an explicit lifetime bound...
[INFO] [stdout]     |
[INFO] [stdout] 37  | impl<E, Ctx: 'static> World<E, Ctx>
[INFO] [stdout]     |            +++++++++
[INFO] [stdout] 
[INFO] [stdout] 
[INFO] [stdout] error[E0310]: the parameter type `E` may not live long enough
[INFO] [stdout]    --> /opt/rustwide/cargo-home/registry/src/github.com-1ecc6299db9ec823/dces-0.3.1/src/world.rs:113:17
[INFO] [stdout]     |
[INFO] [stdout] 113 | /                 self.system_store
[INFO] [stdout] 114 | |                     .borrow_entity_system(*system)
[INFO] [stdout] 115 | |                     .unwrap()
[INFO] [stdout] 116 | |                     .system
[INFO] [stdout] 117 | |                     .run(&mut self.entity_component_manager);
[INFO] [stdout]     | |____________________________________________________________^ ...so that the type `E` will meet its required lifetime bounds
[INFO] [stdout]     |
[INFO] [stdout] help: consider adding an explicit lifetime bound...
[INFO] [stdout]     |
[INFO] [stdout] 39  |     E: EntityStore + 'static,
[INFO] [stdout]     |                    +++++++++
[INFO] [stdout] 
[INFO] [stdout] 
[INFO] [stdout] error[E0310]: the parameter type `Ctx` may not live long enough
[INFO] [stdout]    --> /opt/rustwide/cargo-home/registry/src/github.com-1ecc6299db9ec823/dces-0.3.1/src/world.rs:126:17
[INFO] [stdout]     |
[INFO] [stdout] 126 | /                 init_system
[INFO] [stdout] 127 | |                     .system
[INFO] [stdout] 128 | |                     .run_with_context(&mut self.entity_component_manager, ctx);
[INFO] [stdout]     | |______________________________________________________________________________^ ...so that the type `Ctx` will meet its required lifetime bounds
[INFO] [stdout]     |
[INFO] [stdout] help: consider adding an explicit lifetime bound...
[INFO] [stdout]     |
[INFO] [stdout] 37  | impl<E, Ctx: 'static> World<E, Ctx>
[INFO] [stdout]     |            +++++++++
[INFO] [stdout] 
[INFO] [stdout] 
[INFO] [stdout] error[E0310]: the parameter type `E` may not live long enough
[INFO] [stdout]    --> /opt/rustwide/cargo-home/registry/src/github.com-1ecc6299db9ec823/dces-0.3.1/src/world.rs:126:17
[INFO] [stdout]     |
[INFO] [stdout] 126 | /                 init_system
[INFO] [stdout] 127 | |                     .system
[INFO] [stdout] 128 | |                     .run_with_context(&mut self.entity_component_manager, ctx);
[INFO] [stdout]     | |______________________________________________________________________________^ ...so that the type `E` will meet its required lifetime bounds
[INFO] [stdout]     |
[INFO] [stdout] help: consider adding an explicit lifetime bound...
[INFO] [stdout]     |
[INFO] [stdout] 39  |     E: EntityStore + 'static,
[INFO] [stdout]     |                    +++++++++
[INFO] [stdout] 
[INFO] [stdout] 
[INFO] [stdout] error[E0310]: the parameter type `Ctx` may not live long enough
[INFO] [stdout]    --> /opt/rustwide/cargo-home/registry/src/github.com-1ecc6299db9ec823/dces-0.3.1/src/world.rs:136:17
[INFO] [stdout]     |
[INFO] [stdout] 136 | /                 self.system_store
[INFO] [stdout] 137 | |                     .borrow_entity_system(*system)
[INFO] [stdout] 138 | |                     .unwrap()
[INFO] [stdout] 139 | |                     .system
[INFO] [stdout] 140 | |                     .run_with_context(&mut self.entity_component_manager, ctx);
[INFO] [stdout]     | |______________________________________________________________________________^ ...so that the type `Ctx` will meet its required lifetime bounds
[INFO] [stdout]     |
[INFO] [stdout] help: consider adding an explicit lifetime bound...
[INFO] [stdout]     |
[INFO] [stdout] 37  | impl<E, Ctx: 'static> World<E, Ctx>
[INFO] [stdout]     |            +++++++++
[INFO] [stdout] 
[INFO] [stdout] 
[INFO] [stdout] error[E0310]: the parameter type `E` may not live long enough
[INFO] [stdout]    --> /opt/rustwide/cargo-home/registry/src/github.com-1ecc6299db9ec823/dces-0.3.1/src/world.rs:136:17
[INFO] [stdout]     |
[INFO] [stdout] 136 | /                 self.system_store
[INFO] [stdout] 137 | |                     .borrow_entity_system(*system)
[INFO] [stdout] 138 | |                     .unwrap()
[INFO] [stdout] 139 | |                     .system
[INFO] [stdout] 140 | |                     .run_with_context(&mut self.entity_component_manager, ctx);
[INFO] [stdout]     | |______________________________________________________________________________^ ...so that the type `E` will meet its required lifetime bounds
[INFO] [stdout]     |
[INFO] [stdout] help: consider adding an explicit lifetime bound...
[INFO] [stdout]     |
[INFO] [stdout] 39  |     E: EntityStore + 'static,
[INFO] [stdout]     |                    +++++++++
[INFO] [stdout] 
[INFO] [stdout] 
[INFO] [stdout] error: aborting due to 10 previous errors
[INFO] [stdout] 
[INFO] [stdout] 
[INFO] [stdout] For more information about this error, try `rustc --explain E0310`.
[INFO] [stdout] 
[INFO] [stderr] error: could not compile `dces` due to 11 previous errors
[INFO] [stderr] warning: build failed, waiting for other jobs to finish...
[INFO] running `Command { std: "docker" "inspect" "1b1ed1ca3a8a1807f799403278b0ad5e763f37f1ec5b19f61938c34984a4c80c", kill_on_drop: false }`
[INFO] running `Command { std: "docker" "rm" "-f" "1b1ed1ca3a8a1807f799403278b0ad5e763f37f1ec5b19f61938c34984a4c80c", kill_on_drop: false }`
[INFO] [stdout] 1b1ed1ca3a8a1807f799403278b0ad5e763f37f1ec5b19f61938c34984a4c80c
