[INFO] fetching crate odra-casper-test-env 0.2.0...
[INFO] documenting odra-casper-test-env-0.2.0 against 1.69.0 for beta-1.70-rustdoc-1
[INFO] extracting crate odra-casper-test-env 0.2.0 into /workspace/builds/worker-2-tc1/source
[INFO] validating manifest of crates.io crate odra-casper-test-env 0.2.0 on toolchain 1.69.0
[INFO] running `Command { std: CARGO_HOME="/workspace/cargo-home" RUSTUP_HOME="/workspace/rustup-home" "/workspace/cargo-home/bin/cargo" "+1.69.0" "metadata" "--manifest-path" "Cargo.toml" "--no-deps", kill_on_drop: false }`
[INFO] started tweaking crates.io crate odra-casper-test-env 0.2.0
[INFO] finished tweaking crates.io crate odra-casper-test-env 0.2.0
[INFO] tweaked toml for crates.io crate odra-casper-test-env 0.2.0 written to /workspace/builds/worker-2-tc1/source/Cargo.toml
[INFO] running `Command { std: CARGO_HOME="/workspace/cargo-home" RUSTUP_HOME="/workspace/rustup-home" __CARGO_TEST_CHANNEL_OVERRIDE_DO_NOT_USE_THIS="nightly" "/workspace/cargo-home/bin/cargo" "+1.69.0" "generate-lockfile" "--manifest-path" "Cargo.toml" "-Zno-index-update", kill_on_drop: false }`
[INFO] running `Command { std: CARGO_HOME="/workspace/cargo-home" RUSTUP_HOME="/workspace/rustup-home" "/workspace/cargo-home/bin/cargo" "+1.69.0" "fetch" "--manifest-path" "Cargo.toml", kill_on_drop: false }`
[INFO] [stderr]  Downloading crates ...
[INFO] [stderr]   Downloaded datasize v0.2.14
[INFO] [stderr]   Downloaded odra-casper-types v0.2.0
[INFO] [stderr]   Downloaded datasize_derive v0.2.14
[INFO] [stderr]   Downloaded odra-types v0.2.0
[INFO] [stderr]   Downloaded schemars v0.8.5
[INFO] [stderr]   Downloaded schemars_derive v0.8.5
[INFO] [stderr]   Downloaded odra-utils v0.2.0
[INFO] [stderr]   Downloaded lmdb v0.8.0
[INFO] [stderr]   Downloaded casper-hashing v1.4.3
[INFO] [stderr]   Downloaded casper-engine-test-support v2.2.0
[INFO] [stderr]   Downloaded parity-wasm v0.41.0
[INFO] [stderr]   Downloaded wasmi-validation v0.3.0
[INFO] [stderr]   Downloaded filesize v0.2.0
[INFO] [stderr]   Downloaded odra-casper-shared v0.2.0
[INFO] [stderr]   Downloaded pwasm-utils v0.16.0
[INFO] [stderr]   Downloaded hex-buffer-serde v0.3.0
[INFO] [stderr]   Downloaded wasmi v0.8.0
[INFO] [stderr]   Downloaded lmdb-sys v0.8.0
[INFO] [stderr]   Downloaded casper-execution-engine v2.0.1
[INFO] running `Command { std: "docker" "create" "-v" "/var/lib/crater-agent-workspace/builds/worker-2-tc1/target:/opt/rustwide/target:rw,Z" "-v" "/var/lib/crater-agent-workspace/builds/worker-2-tc1/source:/opt/rustwide/workdir:ro,Z" "-v" "/var/lib/crater-agent-workspace/cargo-home:/opt/rustwide/cargo-home:ro,Z" "-v" "/var/lib/crater-agent-workspace/rustup-home:/opt/rustwide/rustup-home:ro,Z" "-e" "SOURCE_DIR=/opt/rustwide/workdir" "-e" "CARGO_TARGET_DIR=/opt/rustwide/target" "-e" "CARGO_HOME=/opt/rustwide/cargo-home" "-e" "RUSTUP_HOME=/opt/rustwide/rustup-home" "-w" "/opt/rustwide/workdir" "-m" "1610612736" "--user" "0:0" "--network" "none" "ghcr.io/rust-lang/crates-build-env/linux@sha256:5ff2268d62e97bff2cde7d5815dd6ed5b47097566f13b8d0ca110b04b60e07ed" "/opt/rustwide/cargo-home/bin/cargo" "+1.69.0" "metadata" "--no-deps" "--format-version=1", kill_on_drop: false }`
[INFO] [stdout] 429afd1d2771fbc6faddc454190b9dfbd4450ca2515146d46924c0e3b82e0781
[INFO] running `Command { std: "docker" "start" "-a" "429afd1d2771fbc6faddc454190b9dfbd4450ca2515146d46924c0e3b82e0781", kill_on_drop: false }`
[INFO] running `Command { std: "docker" "inspect" "429afd1d2771fbc6faddc454190b9dfbd4450ca2515146d46924c0e3b82e0781", kill_on_drop: false }`
[INFO] running `Command { std: "docker" "rm" "-f" "429afd1d2771fbc6faddc454190b9dfbd4450ca2515146d46924c0e3b82e0781", kill_on_drop: false }`
[INFO] [stdout] 429afd1d2771fbc6faddc454190b9dfbd4450ca2515146d46924c0e3b82e0781
[INFO] running `Command { std: "docker" "create" "-v" "/var/lib/crater-agent-workspace/builds/worker-2-tc1/target:/opt/rustwide/target:rw,Z" "-v" "/var/lib/crater-agent-workspace/builds/worker-2-tc1/source:/opt/rustwide/workdir:ro,Z" "-v" "/var/lib/crater-agent-workspace/cargo-home:/opt/rustwide/cargo-home:ro,Z" "-v" "/var/lib/crater-agent-workspace/rustup-home:/opt/rustwide/rustup-home:ro,Z" "-e" "SOURCE_DIR=/opt/rustwide/workdir" "-e" "CARGO_TARGET_DIR=/opt/rustwide/target" "-e" "CARGO_INCREMENTAL=0" "-e" "RUST_BACKTRACE=full" "-e" "RUSTFLAGS=--cap-lints=warn" "-e" "RUSTDOCFLAGS=--cap-lints=warn" "-e" "CARGO_HOME=/opt/rustwide/cargo-home" "-e" "RUSTUP_HOME=/opt/rustwide/rustup-home" "-w" "/opt/rustwide/workdir" "-m" "1610612736" "--user" "0:0" "--network" "none" "ghcr.io/rust-lang/crates-build-env/linux@sha256:5ff2268d62e97bff2cde7d5815dd6ed5b47097566f13b8d0ca110b04b60e07ed" "/opt/rustwide/cargo-home/bin/cargo" "+1.69.0" "doc" "--frozen" "--no-deps" "--document-private-items" "--message-format=json", kill_on_drop: false }`
[INFO] [stdout] ad81942c0b30f3aa8efe62926ec4fdb270ead568da6c04cc744c8d55df439320
[INFO] running `Command { std: "docker" "start" "-a" "ad81942c0b30f3aa8efe62926ec4fdb270ead568da6c04cc744c8d55df439320", kill_on_drop: false }`
[INFO] [stderr]     Checking rand_core v0.5.1
[INFO] [stderr]     Checking subtle v2.4.1
[INFO] [stderr]    Compiling io-lifetimes v1.0.10
[INFO] [stderr]     Checking funty v1.1.0
[INFO] [stderr]     Checking wyz v0.2.0
[INFO] [stderr]    Compiling num-integer v0.1.45
[INFO] [stderr]     Checking radium v0.3.0
[INFO] [stderr]    Compiling rustix v0.37.18
[INFO] [stderr]    Compiling syn v2.0.15
[INFO] [stderr]     Checking getrandom v0.2.9
[INFO] [stderr]    Compiling proc-macro2 v0.4.30
[INFO] [stderr]    Compiling unicode-xid v0.1.0
[INFO] [stderr]    Compiling num-bigint v0.4.3
[INFO] [stderr]    Compiling num-rational v0.4.1
[INFO] [stderr]    Compiling num-iter v0.1.43
[INFO] [stderr]    Compiling indexmap v1.9.3
[INFO] [stderr]     Checking fastrand v1.9.0
[INFO] [stderr]     Checking crypto-mac v0.10.1
[INFO] [stderr]     Checking signature v1.2.2
[INFO] [stderr]    Compiling syn v0.15.44
[INFO] [stderr]     Checking rand_core v0.6.4
[INFO] [stderr]    Compiling crunchy v0.2.2
[INFO] [stderr]    Compiling serde_json v1.0.96
[INFO] [stderr]     Checking hmac v0.10.1
[INFO] [stderr]     Checking rand_chacha v0.2.2
[INFO] [stderr]     Checking sha2 v0.9.9
[INFO] [stderr]     Checking rand_chacha v0.3.1
[INFO] [stderr]    Compiling serde_derive_internals v0.25.0
[INFO] [stderr]     Checking wait-timeout v0.2.0
[INFO] [stderr]    Compiling schemars v0.8.5
[INFO] [stderr]    Compiling strum_macros v0.24.3
[INFO] [stderr]     Checking bitvec v0.18.5
[INFO] [stderr]     Checking rand v0.7.3
[INFO] [stderr]     Checking rand_xorshift v0.3.0
[INFO] [stderr]     Checking rand v0.8.5
[INFO] [stderr]     Checking ed25519 v1.2.0
[INFO] [stderr]     Checking crypto-mac v0.8.0
[INFO] [stderr]    Compiling datasize_derive v0.2.14
[INFO] [stderr]     Checking num-complex v0.4.3
[INFO] [stderr]    Compiling value-bag v1.0.0-alpha.9
[INFO] [stderr]    Compiling pkg-config v0.3.26
[INFO] [stderr]     Checking unarray v0.1.4
[INFO] [stderr]     Checking quick-error v2.0.1
[INFO] [stderr]     Checking blake2 v0.9.2
[INFO] [stderr]     Checking rand_pcg v0.3.1
[INFO] [stderr]    Compiling ctor v0.1.26
[INFO] [stderr]    Compiling quote v0.6.13
[INFO] [stderr]    Compiling num-derive v0.3.3
[INFO] [stderr]     Checking parity-wasm v0.41.0
[INFO] [stderr]     Checking base16 v0.2.1
[INFO] [stderr]     Checking base64 v0.13.1
[INFO] [stderr]     Checking hex_fmt v0.3.0
[INFO] [stderr]    Compiling log v0.4.17
[INFO] [stderr]     Checking num-bigint v0.2.6
[INFO] [stderr]    Compiling lmdb-sys v0.8.0
[INFO] [stderr]     Checking tracing-core v0.1.30
[INFO] [stderr]     Checking match_cfg v0.1.0
[INFO] [stderr]     Checking chrono v0.4.24
[INFO] [stderr]     Checking hostname v0.3.1
[INFO] [stderr]     Checking odra-types v0.2.0
[INFO] [stderr]    Compiling schemars_derive v0.8.5
[INFO] [stderr]     Checking datasize v0.2.14
[INFO] [stderr]     Checking convert_case v0.5.0
[INFO] [stderr]     Checking filesize v0.2.0
[INFO] [stderr]     Checking odra-casper-shared v0.2.0
[INFO] [stderr]     Checking odra-utils v0.2.0
[INFO] [stderr]     Checking num-rational v0.2.4
[INFO] [stderr]     Checking wasmi-validation v0.3.0
[INFO] [stderr]     Checking ff v0.8.0
[INFO] [stderr]     Checking group v0.8.0
[INFO] [stderr]     Checking strum v0.24.1
[INFO] [stderr]     Checking wasmi v0.8.0
[INFO] [stderr]     Checking tempfile v3.5.0
[INFO] [stderr]     Checking rusty-fork v0.3.0
[INFO] [stderr]     Checking proptest v1.1.0
[INFO] [stderr]     Checking lmdb v0.8.0
[INFO] [stderr]    Compiling serde_derive v1.0.160
[INFO] [stderr]    Compiling zeroize_derive v1.4.2
[INFO] [stderr]    Compiling thiserror-impl v1.0.40
[INFO] [stderr]    Compiling tracing-attributes v0.1.24
[INFO] [stderr]     Checking zeroize v1.3.0
[INFO] [stderr]     Checking elliptic-curve v0.8.5
[INFO] [stderr]     Checking curve25519-dalek v3.2.1
[INFO] [stderr]    Compiling proptest-derive v0.3.0
[INFO] [stderr]     Checking ecdsa v0.10.2
[INFO] [stderr]     Checking thiserror v1.0.40
[INFO] [stderr]     Checking tracing v0.1.37
[INFO] [stderr]     Checking ed25519-dalek v1.0.1
[INFO] [stderr]     Checking k256 v0.7.3
[INFO] [stderr]     Checking serde v1.0.160
[INFO] [stderr]     Checking hex v0.4.3
[INFO] [stderr]     Checking serde_bytes v0.11.9
[INFO] [stderr]     Checking uuid v0.8.2
[INFO] [stderr]     Checking bincode v1.3.3
[INFO] [stderr]     Checking uint v0.9.5
[INFO] [stderr]     Checking hex-buffer-serde v0.3.0
[INFO] [stderr]     Checking hex-buffer-serde v0.2.2
[INFO] [stderr]     Checking pwasm-utils v0.16.0
[INFO] [stderr]     Checking num v0.4.0
[INFO] [stderr]     Checking casper-types v1.6.0
[INFO] [stderr]     Checking casper-hashing v1.4.3
[INFO] [stderr]     Checking odra-casper-types v0.2.0
[INFO] [stderr]     Checking casper-execution-engine v2.0.1
[INFO] [stdout] error[E0004]: non-exhaustive patterns: `casper_types::Key::EraSummary` not covered
[INFO] [stdout]    --> /opt/rustwide/cargo-home/registry/src/github.com-1ecc6299db9ec823/casper-execution-engine-2.0.1/src/core/runtime_context/mod.rs:252:15
[INFO] [stdout]     |
[INFO] [stdout] 252 |         match self.base_key() {
[INFO] [stdout]     |               ^^^^^^^^^^^^^^^ pattern `casper_types::Key::EraSummary` not covered
[INFO] [stdout]     |
[INFO] [stdout] note: `casper_types::Key` defined here
[INFO] [stdout]    --> /opt/rustwide/cargo-home/registry/src/github.com-1ecc6299db9ec823/casper-types-1.6.0/src/key.rs:132:5
[INFO] [stdout]     |
[INFO] [stdout] 107 | pub enum Key {
[INFO] [stdout]     | ------------
[INFO] [stdout] ...
[INFO] [stdout] 132 |     EraSummary,
[INFO] [stdout]     |     ^^^^^^^^^^ not covered
[INFO] [stdout]     = note: the matched value is of type `casper_types::Key`
[INFO] [stdout] help: ensure that all possible cases are being handled by adding a match arm with a wildcard pattern or an explicit pattern as shown
[INFO] [stdout]     |
[INFO] [stdout] 321 ~             }
[INFO] [stdout] 322 +             casper_types::Key::EraSummary => todo!()
[INFO] [stdout]     |
[INFO] [stdout] 
[INFO] [stdout] 
[INFO] [stdout] error[E0004]: non-exhaustive patterns: `&casper_types::Key::EraSummary` not covered
[INFO] [stdout]    --> /opt/rustwide/cargo-home/registry/src/github.com-1ecc6299db9ec823/casper-execution-engine-2.0.1/src/core/runtime_context/mod.rs:754:15
[INFO] [stdout]     |
[INFO] [stdout] 754 |         match key {
[INFO] [stdout]     |               ^^^ pattern `&casper_types::Key::EraSummary` not covered
[INFO] [stdout]     |
[INFO] [stdout] note: `casper_types::Key` defined here
[INFO] [stdout]    --> /opt/rustwide/cargo-home/registry/src/github.com-1ecc6299db9ec823/casper-types-1.6.0/src/key.rs:132:5
[INFO] [stdout]     |
[INFO] [stdout] 107 | pub enum Key {
[INFO] [stdout]     | ------------
[INFO] [stdout] ...
[INFO] [stdout] 132 |     EraSummary,
[INFO] [stdout]     |     ^^^^^^^^^^ not covered
[INFO] [stdout]     = note: the matched value is of type `&casper_types::Key`
[INFO] [stdout] help: ensure that all possible cases are being handled by adding a match arm with a wildcard pattern or an explicit pattern as shown
[INFO] [stdout]     |
[INFO] [stdout] 769 ~             Key::SystemContractRegistry => false,
[INFO] [stdout] 770 ~             &casper_types::Key::EraSummary => todo!(),
[INFO] [stdout]     |
[INFO] [stdout] 
[INFO] [stdout] 
[INFO] [stdout] error[E0004]: non-exhaustive patterns: `&casper_types::Key::EraSummary` not covered
[INFO] [stdout]    --> /opt/rustwide/cargo-home/registry/src/github.com-1ecc6299db9ec823/casper-execution-engine-2.0.1/src/core/runtime_context/mod.rs:775:15
[INFO] [stdout]     |
[INFO] [stdout] 775 |         match key {
[INFO] [stdout]     |               ^^^ pattern `&casper_types::Key::EraSummary` not covered
[INFO] [stdout]     |
[INFO] [stdout] note: `casper_types::Key` defined here
[INFO] [stdout]    --> /opt/rustwide/cargo-home/registry/src/github.com-1ecc6299db9ec823/casper-types-1.6.0/src/key.rs:132:5
[INFO] [stdout]     |
[INFO] [stdout] 107 | pub enum Key {
[INFO] [stdout]     | ------------
[INFO] [stdout] ...
[INFO] [stdout] 132 |     EraSummary,
[INFO] [stdout]     |     ^^^^^^^^^^ not covered
[INFO] [stdout]     = note: the matched value is of type `&casper_types::Key`
[INFO] [stdout] help: ensure that all possible cases are being handled by adding a match arm with a wildcard pattern or an explicit pattern as shown
[INFO] [stdout]     |
[INFO] [stdout] 789 ~             Key::SystemContractRegistry => false,
[INFO] [stdout] 790 ~             &casper_types::Key::EraSummary => todo!(),
[INFO] [stdout]     |
[INFO] [stdout] 
[INFO] [stdout] 
[INFO] [stdout] error[E0004]: non-exhaustive patterns: `&casper_types::Key::EraSummary` not covered
[INFO] [stdout]    --> /opt/rustwide/cargo-home/registry/src/github.com-1ecc6299db9ec823/casper-execution-engine-2.0.1/src/core/runtime_context/mod.rs:795:15
[INFO] [stdout]     |
[INFO] [stdout] 795 |         match key {
[INFO] [stdout]     |               ^^^ pattern `&casper_types::Key::EraSummary` not covered
[INFO] [stdout]     |
[INFO] [stdout] note: `casper_types::Key` defined here
[INFO] [stdout]    --> /opt/rustwide/cargo-home/registry/src/github.com-1ecc6299db9ec823/casper-types-1.6.0/src/key.rs:132:5
[INFO] [stdout]     |
[INFO] [stdout] 107 | pub enum Key {
[INFO] [stdout]     | ------------
[INFO] [stdout] ...
[INFO] [stdout] 132 |     EraSummary,
[INFO] [stdout]     |     ^^^^^^^^^^ not covered
[INFO] [stdout]     = note: the matched value is of type `&casper_types::Key`
[INFO] [stdout] help: ensure that all possible cases are being handled by adding a match arm with a wildcard pattern or an explicit pattern as shown
[INFO] [stdout]     |
[INFO] [stdout] 809 ~             Key::SystemContractRegistry => false,
[INFO] [stdout] 810 ~             &casper_types::Key::EraSummary => todo!(),
[INFO] [stdout]     |
[INFO] [stdout] 
[INFO] [stdout] 
[INFO] [stdout] error: aborting due to 4 previous errors
[INFO] [stdout] 
[INFO] [stdout] 
[INFO] [stdout] For more information about this error, try `rustc --explain E0004`.
[INFO] [stdout] 
[INFO] [stderr] error: could not compile `casper-execution-engine` due to 5 previous errors
[INFO] running `Command { std: "docker" "inspect" "ad81942c0b30f3aa8efe62926ec4fdb270ead568da6c04cc744c8d55df439320", kill_on_drop: false }`
[INFO] running `Command { std: "docker" "rm" "-f" "ad81942c0b30f3aa8efe62926ec4fdb270ead568da6c04cc744c8d55df439320", kill_on_drop: false }`
[INFO] [stdout] ad81942c0b30f3aa8efe62926ec4fdb270ead568da6c04cc744c8d55df439320
