[INFO] fetching crate ockam_api 0.28.0...
[INFO] documenting ockam_api-0.28.0 against 1.69.0 for beta-1.70-rustdoc-1
[INFO] extracting crate ockam_api 0.28.0 into /workspace/builds/worker-6-tc1/source
[INFO] validating manifest of crates.io crate ockam_api 0.28.0 on toolchain 1.69.0
[INFO] running `Command { std: CARGO_HOME="/workspace/cargo-home" RUSTUP_HOME="/workspace/rustup-home" "/workspace/cargo-home/bin/cargo" "+1.69.0" "metadata" "--manifest-path" "Cargo.toml" "--no-deps", kill_on_drop: false }`
[INFO] started tweaking crates.io crate ockam_api 0.28.0
[INFO] finished tweaking crates.io crate ockam_api 0.28.0
[INFO] tweaked toml for crates.io crate ockam_api 0.28.0 written to /workspace/builds/worker-6-tc1/source/Cargo.toml
[INFO] running `Command { std: CARGO_HOME="/workspace/cargo-home" RUSTUP_HOME="/workspace/rustup-home" __CARGO_TEST_CHANNEL_OVERRIDE_DO_NOT_USE_THIS="nightly" "/workspace/cargo-home/bin/cargo" "+1.69.0" "generate-lockfile" "--manifest-path" "Cargo.toml" "-Zno-index-update", kill_on_drop: false }`
[INFO] running `Command { std: CARGO_HOME="/workspace/cargo-home" RUSTUP_HOME="/workspace/rustup-home" "/workspace/cargo-home/bin/cargo" "+1.69.0" "fetch" "--manifest-path" "Cargo.toml", kill_on_drop: false }`
[INFO] [stderr]  Downloading crates ...
[INFO] [stderr]   Downloaded ockam_core v0.79.0
[INFO] [stderr]   Downloaded ockam_macros v0.28.0
[INFO] [stderr]   Downloaded tokio-retry v0.3.0
[INFO] [stderr]   Downloaded aws-sdk-kms v0.26.0
[INFO] [stderr]   Downloaded dummy v0.4.1
[INFO] [stderr]   Downloaded lru v0.10.0
[INFO] [stderr]   Downloaded str-buf v3.0.2
[INFO] [stderr]   Downloaded lmdb-rkv v0.14.0
[INFO] [stderr]   Downloaded lmdb-rkv-sys v0.11.2
[INFO] [stderr]   Downloaded string v0.3.0
[INFO] [stderr]   Downloaded kafka-protocol v0.6.0
[INFO] [stderr]   Downloaded ockam_key_exchange_xx v0.75.0
[INFO] [stderr]   Downloaded ockam_node v0.82.0
[INFO] [stderr]   Downloaded ockam_vault v0.75.0
[INFO] [stderr]   Downloaded ockam_transport_core v0.52.0
[INFO] [stderr]   Downloaded ockam_executor v0.47.0
[INFO] [stderr]   Downloaded serde_bare v0.5.0
[INFO] [stderr]   Downloaded escape8259 v0.5.2
[INFO] [stderr]   Downloaded cddl-cat v0.6.1
[INFO] [stderr]   Downloaded wasm-encoder v0.25.0
[INFO] [stderr]   Downloaded wast v56.0.0
[INFO] [stderr]   Downloaded ockam_transport_tcp v0.80.0
[INFO] [stderr]   Downloaded socket2 v0.5.2
[INFO] [stderr]   Downloaded pem-rfc7468 v0.7.0
[INFO] [stderr]   Downloaded ockam_identity v0.73.0
[INFO] [stderr]   Downloaded ockam v0.85.0
[INFO] [stderr]   Downloaded ockam_abac v0.19.0
[INFO] [stderr]   Downloaded ockam_multiaddr v0.19.0
[INFO] running `Command { std: "docker" "create" "-v" "/var/lib/crater-agent-workspace/builds/worker-6-tc1/target:/opt/rustwide/target:rw,Z" "-v" "/var/lib/crater-agent-workspace/builds/worker-6-tc1/source:/opt/rustwide/workdir:ro,Z" "-v" "/var/lib/crater-agent-workspace/cargo-home:/opt/rustwide/cargo-home:ro,Z" "-v" "/var/lib/crater-agent-workspace/rustup-home:/opt/rustwide/rustup-home:ro,Z" "-e" "SOURCE_DIR=/opt/rustwide/workdir" "-e" "CARGO_TARGET_DIR=/opt/rustwide/target" "-e" "CARGO_HOME=/opt/rustwide/cargo-home" "-e" "RUSTUP_HOME=/opt/rustwide/rustup-home" "-w" "/opt/rustwide/workdir" "-m" "1610612736" "--user" "0:0" "--network" "none" "ghcr.io/rust-lang/crates-build-env/linux@sha256:5ff2268d62e97bff2cde7d5815dd6ed5b47097566f13b8d0ca110b04b60e07ed" "/opt/rustwide/cargo-home/bin/cargo" "+1.69.0" "metadata" "--no-deps" "--format-version=1", kill_on_drop: false }`
[INFO] [stdout] aaf8d10712b37de8d50ebf82ac95f08dedeef766c3902b660a65d28482f9bdcf
[INFO] running `Command { std: "docker" "start" "-a" "aaf8d10712b37de8d50ebf82ac95f08dedeef766c3902b660a65d28482f9bdcf", kill_on_drop: false }`
[INFO] running `Command { std: "docker" "inspect" "aaf8d10712b37de8d50ebf82ac95f08dedeef766c3902b660a65d28482f9bdcf", kill_on_drop: false }`
[INFO] running `Command { std: "docker" "rm" "-f" "aaf8d10712b37de8d50ebf82ac95f08dedeef766c3902b660a65d28482f9bdcf", kill_on_drop: false }`
[INFO] [stdout] aaf8d10712b37de8d50ebf82ac95f08dedeef766c3902b660a65d28482f9bdcf
[INFO] running `Command { std: "docker" "create" "-v" "/var/lib/crater-agent-workspace/builds/worker-6-tc1/target:/opt/rustwide/target:rw,Z" "-v" "/var/lib/crater-agent-workspace/builds/worker-6-tc1/source:/opt/rustwide/workdir:ro,Z" "-v" "/var/lib/crater-agent-workspace/cargo-home:/opt/rustwide/cargo-home:ro,Z" "-v" "/var/lib/crater-agent-workspace/rustup-home:/opt/rustwide/rustup-home:ro,Z" "-e" "SOURCE_DIR=/opt/rustwide/workdir" "-e" "CARGO_TARGET_DIR=/opt/rustwide/target" "-e" "CARGO_INCREMENTAL=0" "-e" "RUST_BACKTRACE=full" "-e" "RUSTFLAGS=--cap-lints=warn" "-e" "RUSTDOCFLAGS=--cap-lints=warn" "-e" "CARGO_HOME=/opt/rustwide/cargo-home" "-e" "RUSTUP_HOME=/opt/rustwide/rustup-home" "-w" "/opt/rustwide/workdir" "-m" "1610612736" "--user" "0:0" "--network" "none" "ghcr.io/rust-lang/crates-build-env/linux@sha256:5ff2268d62e97bff2cde7d5815dd6ed5b47097566f13b8d0ca110b04b60e07ed" "/opt/rustwide/cargo-home/bin/cargo" "+1.69.0" "doc" "--frozen" "--no-deps" "--document-private-items" "--message-format=json", kill_on_drop: false }`
[INFO] [stdout] 2dee4b002f1db63b0fc2c810310432d6e5abee0c31bfc362ffd7be73f5a4e9c4
[INFO] running `Command { std: "docker" "start" "-a" "2dee4b002f1db63b0fc2c810310432d6e5abee0c31bfc362ffd7be73f5a4e9c4", kill_on_drop: false }`
[INFO] [stderr]    Compiling libc v0.2.142
[INFO] [stderr]    Compiling serde v1.0.160
[INFO] [stderr]     Checking once_cell v1.17.1
[INFO] [stderr]    Compiling log v0.4.17
[INFO] [stderr]    Compiling cc v1.0.79
[INFO] [stderr]    Compiling memchr v2.5.0
[INFO] [stderr]     Checking pin-project-lite v0.2.9
[INFO] [stderr]     Checking subtle v2.4.1
[INFO] [stderr]    Compiling generic-array v0.14.7
[INFO] [stderr]    Compiling futures-core v0.3.28
[INFO] [stderr]    Compiling syn v1.0.109
[INFO] [stderr]    Compiling slab v0.4.8
[INFO] [stderr]    Compiling futures-channel v0.3.28
[INFO] [stderr]    Compiling futures-task v0.3.28
[INFO] [stderr]    Compiling syn v2.0.15
[INFO] [stderr]     Checking futures-sink v0.3.28
[INFO] [stderr]     Checking pin-utils v0.1.0
[INFO] [stderr]    Compiling futures-util v0.3.28
[INFO] [stderr]     Checking tracing-core v0.1.30
[INFO] [stderr]    Compiling tokio v1.28.0
[INFO] [stderr]     Checking futures-io v0.3.28
[INFO] [stderr]     Checking const-oid v0.9.2
[INFO] [stderr]    Compiling pkg-config v0.3.26
[INFO] [stderr]    Compiling indexmap v1.9.3
[INFO] [stderr]    Compiling num-traits v0.2.15
[INFO] [stderr]     Checking regex-syntax v0.7.1
[INFO] [stderr]     Checking fnv v1.0.7
[INFO] [stderr]    Compiling num-integer v0.1.45
[INFO] [stderr]    Compiling httparse v1.8.0
[INFO] [stderr]    Compiling time-core v0.1.0
[INFO] [stderr]     Checking tower-service v0.3.2
[INFO] [stderr]     Checking vsimd v0.8.0
[INFO] [stderr]    Compiling time-macros v0.2.8
[INFO] [stderr]     Checking outref v0.5.1
[INFO] [stderr]     Checking try-lock v0.2.4
[INFO] [stderr]     Checking lazy_static v1.4.0
[INFO] [stderr]     Checking percent-encoding v2.2.0
[INFO] [stderr]     Checking want v0.3.0
[INFO] [stderr]     Checking aho-corasick v1.0.1
[INFO] [stderr]     Checking httpdate v1.0.2
[INFO] [stderr]     Checking either v1.8.1
[INFO] [stderr]    Compiling openssl v0.10.52
[INFO] [stderr]     Checking openssl-probe v0.1.5
[INFO] [stderr]     Checking foreign-types-shared v0.1.1
[INFO] [stderr]     Checking byteorder v1.4.3
[INFO] [stderr]    Compiling native-tls v0.2.11
[INFO] [stderr]     Checking adler v1.0.2
[INFO] [stderr]     Checking foreign-types v0.3.2
[INFO] [stderr]     Checking tinyvec_macros v0.1.1
[INFO] [stderr]     Checking base64-simd v0.8.0
[INFO] [stderr]    Compiling crossbeam-utils v0.8.15
[INFO] [stderr]     Checking regex-syntax v0.6.29
[INFO] [stderr]     Checking fastrand v1.9.0
[INFO] [stderr]     Checking tinyvec v1.6.0
[INFO] [stderr]     Checking tower-layer v0.3.2
[INFO] [stderr]     Checking ppv-lite86 v0.2.17
[INFO] [stderr]     Checking overload v0.1.1
[INFO] [stderr]     Checking ahash v0.8.3
[INFO] [stderr]     Checking form_urlencoded v1.1.0
[INFO] [stderr]     Checking nu-ansi-term v0.46.0
[INFO] [stderr]     Checking tracing-log v0.1.3
[INFO] [stderr]    Compiling openssl-sys v0.9.87
[INFO] [stderr]    Compiling ring v0.16.20
[INFO] [stderr]    Compiling backtrace v0.3.67
[INFO] [stderr]     Checking sharded-slab v0.1.4
[INFO] [stderr]    Compiling heapless v0.7.16
[INFO] [stderr]    Compiling aws-types v0.55.1
[INFO] [stderr]     Checking thread_local v1.1.7
[INFO] [stderr]     Checking smallvec v1.10.0
[INFO] [stderr]     Checking num_cpus v1.15.0
[INFO] [stderr]     Checking socket2 v0.4.9
[INFO] [stderr]     Checking mio v0.8.6
[INFO] [stderr]     Checking getrandom v0.2.9
[INFO] [stderr]    Compiling async-trait v0.1.68
[INFO] [stderr]    Compiling minicbor v0.19.1
[INFO] [stderr]     Checking base64ct v1.6.0
[INFO] [stderr]     Checking gimli v0.27.2
[INFO] [stderr]     Checking rand_core v0.6.4
[INFO] [stderr]     Checking regex v1.8.1
[INFO] [stderr]     Checking hash32 v0.2.1
[INFO] [stderr]     Checking rand_chacha v0.3.1
[INFO] [stderr]     Checking miniz_oxide v0.6.2
[INFO] [stderr]     Checking pem-rfc7468 v0.7.0
[INFO] [stderr]     Checking object v0.30.3
[INFO] [stderr]     Checking rustc-demangle v0.1.23
[INFO] [stderr]     Checking untrusted v0.7.1
[INFO] [stderr]     Checking time v0.3.20
[INFO] [stderr]     Checking rand v0.8.5
[INFO] [stderr]     Checking spin v0.5.2
[INFO] [stderr]     Checking rand_pcg v0.3.1
[INFO] [stderr]     Checking core2 v0.4.0
[INFO] [stderr]    Compiling getrandom v0.1.16
[INFO] [stderr]     Checking opaque-debug v0.3.0
[INFO] [stderr]     Checking ff v0.13.0
[INFO] [stderr]     Checking base16ct v0.2.0
[INFO] [stderr]    Compiling crossbeam-queue v0.3.8
[INFO] [stderr]    Compiling typenum v1.16.0
[INFO] [stderr]     Checking group v0.13.0
[INFO] [stderr]    Compiling memoffset v0.8.0
[INFO] [stderr]     Checking regex-automata v0.1.10
[INFO] [stderr]    Compiling ident_case v1.0.1
[INFO] [stderr]     Checking urlencoding v2.1.2
[INFO] [stderr]     Checking rand_core v0.5.1
[INFO] [stderr]     Checking xmlparser v0.13.5
[INFO] [stderr]    Compiling strsim v0.10.0
[INFO] [stderr]    Compiling lmdb-rkv-sys v0.11.2
[INFO] [stderr]    Compiling crossbeam-epoch v0.9.14
[INFO] [stderr]     Checking signature v1.6.4
[INFO] [stderr]    Compiling thiserror v1.0.40
[INFO] [stderr]     Checking aws-smithy-xml v0.55.2
[INFO] [stderr]     Checking ed25519 v1.5.3
[INFO] [stderr]    Compiling rustls v0.20.8
[INFO] [stderr]     Checking fs2 v0.4.3
[INFO] [stderr]     Checking arrayref v0.3.7
[INFO] [stderr]    Compiling crc32fast v1.3.2
[INFO] [stderr]     Checking leb128 v0.2.5
[INFO] [stderr]    Compiling rayon-core v1.11.0
[INFO] [stderr]    Compiling io-lifetimes v1.0.10
[INFO] [stderr]    Compiling same-file v1.0.6
[INFO] [stderr]     Checking aws-smithy-types v0.55.2
[INFO] [stderr]    Compiling cpufeatures v0.2.7
[INFO] [stderr]     Checking wasm-encoder v0.25.0
[INFO] [stderr]     Checking crossbeam-deque v0.8.3
[INFO] [stderr]    Compiling walkdir v2.3.3
[INFO] [stderr]     Checking matchers v0.1.0
[INFO] [stderr]     Checking crossbeam-channel v0.5.8
[INFO] [stderr]     Checking unicode-normalization v0.1.22
[INFO] [stderr]    Compiling memoffset v0.7.1
[INFO] [stderr]     Checking base64 v0.21.0
[INFO] [stderr]    Compiling rustix v0.37.18
[INFO] [stderr]     Checking aws-smithy-json v0.55.2
[INFO] [stderr]     Checking aws-smithy-query v0.55.2
[INFO] [stderr]    Compiling crypto-common v0.1.6
[INFO] [stderr]    Compiling block-buffer v0.10.4
[INFO] [stderr]     Checking unicode-width v0.1.10
[INFO] [stderr]     Checking unicode-bidi v0.3.13
[INFO] [stderr]    Compiling snap v1.1.0
[INFO] [stderr]    Compiling digest v0.10.6
[INFO] [stderr]     Checking addr2line v0.19.0
[INFO] [stderr]     Checking rustls-pemfile v1.0.2
[INFO] [stderr]     Checking dirs-sys v0.4.0
[INFO] [stderr]     Checking idna v0.3.0
[INFO] [stderr]     Checking atty v0.2.14
[INFO] [stderr]     Checking socket2 v0.5.2
[INFO] [stderr]    Compiling sha2 v0.10.6
[INFO] [stderr]     Checking miniz_oxide v0.7.1
[INFO] [stderr]    Compiling darling_core v0.12.4
[INFO] [stderr]     Checking crc-catalog v1.1.1
[INFO] [stderr]     Checking linux-raw-sys v0.3.6
[INFO] [stderr]     Checking str-buf v3.0.2
[INFO] [stderr]     Checking wast v56.0.0
[INFO] [stderr]     Checking termcolor v1.2.0
[INFO] [stderr]     Checking lmdb-rkv v0.14.0
[INFO] [stderr]     Checking humantime v2.1.0
[INFO] [stderr]    Compiling anyhow v1.0.71
[INFO] [stderr]     Checking sct v0.7.0
[INFO] [stderr]     Checking webpki v0.22.0
[INFO] [stderr]    Compiling rust-embed-utils v7.5.0
[INFO] [stderr]     Checking crc v2.1.0
[INFO] [stderr]     Checking rayon v1.7.0
[INFO] [stderr]     Checking flate2 v1.0.26
[INFO] [stderr]     Checking env_logger v0.8.4
[INFO] [stderr]     Checking url v2.3.1
[INFO] [stderr]     Checking rustls-native-certs v0.6.2
[INFO] [stderr]     Checking encoding_rs v0.8.32
[INFO] [stderr]     Checking ipnet v2.7.2
[INFO] [stderr]     Checking mime v0.3.17
[INFO] [stderr]     Checking dyn-clone v1.0.11
[INFO] [stderr]     Checking uuid v1.3.2
[INFO] [stderr]     Checking static_assertions v1.1.0
[INFO] [stderr]     Checking unsigned-varint v0.7.1
[INFO] [stderr]     Checking directories v5.0.0
[INFO] [stderr]     Checking dirs v5.0.0
[INFO] [stderr]     Checking nix v0.26.2
[INFO] [stderr]    Compiling zeroize_derive v1.4.2
[INFO] [stderr]    Compiling serde_derive v1.0.160
[INFO] [stderr]    Compiling tracing-attributes v0.1.24
[INFO] [stderr]    Compiling futures-macro v0.3.28
[INFO] [stderr]    Compiling tokio-macros v2.1.0
[INFO] [stderr]    Compiling openssl-macros v0.1.1
[INFO] [stderr]    Compiling ockam_macros v0.28.0
[INFO] [stderr]    Compiling pin-project-internal v1.0.12
[INFO] [stderr]    Compiling minicbor-derive v0.13.0
[INFO] [stderr]    Compiling thiserror-impl v1.0.40
[INFO] [stderr]    Compiling darling_macro v0.12.4
[INFO] [stderr]    Compiling rust-embed-impl v6.5.0
[INFO] [stderr]     Checking zeroize v1.6.0
[INFO] [stderr]     Checking tempfile v3.5.0
[INFO] [stderr]     Checking der v0.7.5
[INFO] [stderr]     Checking sysinfo v0.28.4
[INFO] [stderr]    Compiling darling v0.12.4
[INFO] [stderr]    Compiling derive_builder_core v0.10.2
[INFO] [stderr]     Checking pin-project v1.0.12
[INFO] [stderr]     Checking crypto-bigint v0.5.2
[INFO] [stderr]     Checking digest v0.9.0
[INFO] [stderr]     Checking universal-hash v0.4.1
[INFO] [stderr]     Checking cipher v0.3.0
[INFO] [stderr]     Checking block-buffer v0.9.0
[INFO] [stderr]     Checking curve25519-dalek v3.2.0
[INFO] [stderr]     Checking tracing v0.1.37
[INFO] [stderr]     Checking polyval v0.5.3
[INFO] [stderr]     Checking sha2 v0.9.9
[INFO] [stderr]     Checking ctr v0.8.0
[INFO] [stderr]     Checking aes v0.7.5
[INFO] [stderr]     Checking ghash v0.4.4
[INFO] [stderr]     Checking tracing-subscriber v0.3.17
[INFO] [stderr]     Checking hmac v0.12.1
[INFO] [stderr]     Checking spki v0.7.1
[INFO] [stderr]     Checking signature v2.1.0
[INFO] [stderr]     Checking aead v0.4.3
[INFO] [stderr]     Checking rfc6979 v0.4.0
[INFO] [stderr]     Checking hkdf v0.12.3
[INFO] [stderr]     Checking pkcs8 v0.10.2
[INFO] [stderr]     Checking aes-gcm v0.9.4
[INFO] [stderr]    Compiling derive_builder_macro v0.10.2
[INFO] [stderr]     Checking sec1 v0.7.2
[INFO] [stderr]     Checking ed25519-dalek v1.0.1
[INFO] [stderr]     Checking x25519-dalek v1.1.1
[INFO] [stderr]     Checking rust-embed v6.6.1
[INFO] [stderr]     Checking elliptic-curve v0.13.4
[INFO] [stderr]     Checking primeorder v0.13.1
[INFO] [stderr]     Checking ecdsa v0.16.6
[INFO] [stderr]     Checking tracing-error v0.2.0
[INFO] [stderr]     Checking derive_builder v0.10.2
[INFO] [stderr]     Checking p256 v0.13.2
[INFO] [stderr]     Checking futures v0.3.28
[INFO] [stderr]     Checking bytes v1.4.0
[INFO] [stderr]     Checking hex v0.4.3
[INFO] [stderr]     Checking hashbrown v0.13.2
[INFO] [stderr]     Checking serde_bare v0.5.0
[INFO] [stderr]     Checking serde_json v1.0.96
[INFO] [stderr]     Checking serde-big-array v0.5.1
[INFO] [stderr]     Checking serde_urlencoded v0.7.1
[INFO] [stderr]     Checking http v0.2.9
[INFO] [stderr]     Checking bytes-utils v0.1.3
[INFO] [stderr]     Checking string v0.3.0
[INFO] [stderr]     Checking kafka-protocol v0.6.0
[INFO] [stderr]     Checking ockam_core v0.79.0
[INFO] [stderr]     Checking lru v0.10.0
[INFO] [stderr]     Checking http-body v0.4.5
[INFO] [stderr]     Checking ockam_executor v0.47.0
[INFO] [stderr]     Checking ockam_transport_core v0.52.0
[INFO] [stderr]     Checking ockam_key_exchange_xx v0.75.0
[INFO] [stderr]     Checking ockam_multiaddr v0.19.0
[INFO] [stdout] error[E0433]: failed to resolve: use of undeclared crate or module `std`
[INFO] [stdout]   --> /opt/rustwide/cargo-home/registry/src/github.com-1ecc6299db9ec823/ockam_multiaddr-0.19.0/src/lib.rs:27:5
[INFO] [stdout]    |
[INFO] [stdout] 27 | use std::net::{SocketAddrV4, SocketAddrV6};
[INFO] [stdout]    |     ^^^ use of undeclared crate or module `std`
[INFO] [stdout] 
[INFO] [stdout] 
[INFO] [stdout] error[E0432]: unresolved imports `crate::proto::Ip4`, `crate::proto::Ip6`
[INFO] [stdout]   --> /opt/rustwide/cargo-home/registry/src/github.com-1ecc6299db9ec823/ockam_multiaddr-0.19.0/src/lib.rs:30:29
[INFO] [stdout]    |
[INFO] [stdout] 30 | use crate::proto::{DnsAddr, Ip4, Ip6, Tcp};
[INFO] [stdout]    |                             ^^^  ^^^ no `Ip6` in `proto`
[INFO] [stdout]    |                             |
[INFO] [stdout]    |                             no `Ip4` in `proto`
[INFO] [stdout] 
[INFO] [stdout] 
[INFO] [stdout] error: cannot find macro `format` in this scope
[INFO] [stdout]    --> /opt/rustwide/cargo-home/registry/src/github.com-1ecc6299db9ec823/ockam_multiaddr-0.19.0/src/lib.rs:743:59
[INFO] [stdout]     |
[INFO] [stdout] 743 |             .map_err(|e| minicbor::decode::Error::message(format!("{e}")))
[INFO] [stdout]     |                                                           ^^^^^^
[INFO] [stdout]     |
[INFO] [stdout]     = help: consider importing one of these items:
[INFO] [stdout]             alloc::format
[INFO] [stdout]             ockam_core::compat::format
[INFO] [stdout] 
[INFO] [stdout] 
[INFO] [stdout] error: cannot find macro `format` in this scope
[INFO] [stdout]    --> /opt/rustwide/cargo-home/registry/src/github.com-1ecc6299db9ec823/ockam_multiaddr-0.19.0/src/lib.rs:613:39
[INFO] [stdout]     |
[INFO] [stdout] 613 | ...                   return Ok(format!("{}:{}", &*host, *port));
[INFO] [stdout]     |                                 ^^^^^^
[INFO] [stdout]     |
[INFO] [stdout]     = help: consider importing one of these items:
[INFO] [stdout]             alloc::format
[INFO] [stdout]             ockam_core::compat::format
[INFO] [stdout] 
[INFO] [stdout] 
[INFO] [stdout] error: cannot find macro `format` in this scope
[INFO] [stdout]    --> /opt/rustwide/cargo-home/registry/src/github.com-1ecc6299db9ec823/ockam_multiaddr-0.19.0/src/lib.rs:371:41
[INFO] [stdout]     |
[INFO] [stdout] 371 |             .map_err(|e| Error::message(format!("invalid cbor: {e}")))?;
[INFO] [stdout]     |                                         ^^^^^^
[INFO] [stdout]     |
[INFO] [stdout]     = help: consider importing one of these items:
[INFO] [stdout]             alloc::format
[INFO] [stdout]             ockam_core::compat::format
[INFO] [stdout] 
[INFO] [stdout] 
[INFO] [stdout] error[E0433]: failed to resolve: use of undeclared type `Box`
[INFO] [stdout]   --> /opt/rustwide/cargo-home/registry/src/github.com-1ecc6299db9ec823/ockam_multiaddr-0.19.0/src/lib.rs:38:26
[INFO] [stdout]    |
[INFO] [stdout] 38 |     INSTANCE.get_or_init(Box::<Registry>::default)
[INFO] [stdout]    |                          ^^^ use of undeclared type `Box`
[INFO] [stdout] 
[INFO] [stdout] 
[INFO] [stdout] error[E0412]: cannot find type `String` in this scope
[INFO] [stdout]    --> /opt/rustwide/cargo-home/registry/src/github.com-1ecc6299db9ec823/ockam_multiaddr-0.19.0/src/lib.rs:594:53
[INFO] [stdout]     |
[INFO] [stdout] 594 |     pub fn multiaddr_to_socket_addr(self) -> Result<String, Error> {
[INFO] [stdout]     |                                                     ^^^^^^ not found in this scope
[INFO] [stdout]     |
[INFO] [stdout] help: consider importing one of these items
[INFO] [stdout]     |
[INFO] [stdout] 21  | use alloc::string::String;
[INFO] [stdout]     |
[INFO] [stdout] 21  | use ockam_core::compat::string::String;
[INFO] [stdout]     |
[INFO] [stdout] 
[INFO] [stdout] 
[INFO] [stdout] error[E0277]: the trait bound `error::Error: StdError` is not satisfied
[INFO] [stdout]   --> /opt/rustwide/cargo-home/registry/src/github.com-1ecc6299db9ec823/ockam_multiaddr-0.19.0/src/error.rs:99:64
[INFO] [stdout]    |
[INFO] [stdout] 99 |         ockam_core::Error::new(Origin::Unknown, Kind::Invalid, e)
[INFO] [stdout]    |         ----------------------                                 ^ the trait `StdError` is not implemented for `error::Error`
[INFO] [stdout]    |         |
[INFO] [stdout]    |         required by a bound introduced by this call
[INFO] [stdout]    |
[INFO] [stdout]    = note: required for `Box<(dyn StdError + Send + Sync + 'static)>` to implement `From<error::Error>`
[INFO] [stdout]    = note: required for `error::Error` to implement `Into<Box<(dyn StdError + Send + Sync + 'static)>>`
[INFO] [stdout] note: required by a bound in `ockam_core::Error::new`
[INFO] [stdout]   --> /opt/rustwide/cargo-home/registry/src/github.com-1ecc6299db9ec823/ockam_core-0.79.0/src/error/mod.rs:46:12
[INFO] [stdout]    |
[INFO] [stdout] 46 |         E: Into<Box<dyn std::error::Error + Send + Sync>>,
[INFO] [stdout]    |            ^^^^^^^^^^^^^^^^^^^^^^^^^^^^^^^^^^^^^^^^^^^^^^ required by this bound in `Error::new`
[INFO] [stdout] 
[INFO] [stdout] 
[INFO] [stdout] error[E0599]: no method named `to_string` found for reference `&MultiAddr` in the current scope
[INFO] [stdout]    --> /opt/rustwide/cargo-home/registry/src/github.com-1ecc6299db9ec823/ockam_multiaddr-0.19.0/src/lib.rs:705:35
[INFO] [stdout]     |
[INFO] [stdout] 705 |             s.serialize_str(&self.to_string())
[INFO] [stdout]     |                                   ^^^^^^^^^ method not found in `&MultiAddr`
[INFO] [stdout]     |
[INFO] [stdout]     = help: items from traits can only be used if the trait is in scope
[INFO] [stdout] help: the following trait is implemented but not in scope; perhaps add a `use` for it:
[INFO] [stdout]     |
[INFO] [stdout] 12  | use crate::alloc::string::ToString;
[INFO] [stdout]     |
[INFO] [stdout] 
[INFO] [stdout] 
[INFO] [stdout] error: aborting due to 9 previous errors
[INFO] [stdout] 
[INFO] [stdout] 
[INFO] [stdout] Some errors have detailed explanations: E0277, E0412, E0432, E0433, E0599.
[INFO] [stdout] 
[INFO] [stdout] For more information about an error, try `rustc --explain E0277`.
[INFO] [stdout] 
[INFO] [stderr] error: could not compile `ockam_multiaddr` due to 10 previous errors
[INFO] [stderr] warning: build failed, waiting for other jobs to finish...
[INFO] running `Command { std: "docker" "inspect" "2dee4b002f1db63b0fc2c810310432d6e5abee0c31bfc362ffd7be73f5a4e9c4", kill_on_drop: false }`
[INFO] running `Command { std: "docker" "rm" "-f" "2dee4b002f1db63b0fc2c810310432d6e5abee0c31bfc362ffd7be73f5a4e9c4", kill_on_drop: false }`
[INFO] [stdout] 2dee4b002f1db63b0fc2c810310432d6e5abee0c31bfc362ffd7be73f5a4e9c4
