[INFO] fetching crate notan_glow 0.9.5...
[INFO] documenting notan_glow-0.9.5 against 1.69.0 for beta-1.70-rustdoc-1
[INFO] extracting crate notan_glow 0.9.5 into /workspace/builds/worker-6-tc1/source
[INFO] validating manifest of crates.io crate notan_glow 0.9.5 on toolchain 1.69.0
[INFO] running `Command { std: CARGO_HOME="/workspace/cargo-home" RUSTUP_HOME="/workspace/rustup-home" "/workspace/cargo-home/bin/cargo" "+1.69.0" "metadata" "--manifest-path" "Cargo.toml" "--no-deps", kill_on_drop: false }`
[INFO] started tweaking crates.io crate notan_glow 0.9.5
[INFO] finished tweaking crates.io crate notan_glow 0.9.5
[INFO] tweaked toml for crates.io crate notan_glow 0.9.5 written to /workspace/builds/worker-6-tc1/source/Cargo.toml
[INFO] running `Command { std: CARGO_HOME="/workspace/cargo-home" RUSTUP_HOME="/workspace/rustup-home" __CARGO_TEST_CHANNEL_OVERRIDE_DO_NOT_USE_THIS="nightly" "/workspace/cargo-home/bin/cargo" "+1.69.0" "generate-lockfile" "--manifest-path" "Cargo.toml" "-Zno-index-update", kill_on_drop: false }`
[INFO] running `Command { std: CARGO_HOME="/workspace/cargo-home" RUSTUP_HOME="/workspace/rustup-home" "/workspace/cargo-home/bin/cargo" "+1.69.0" "fetch" "--manifest-path" "Cargo.toml", kill_on_drop: false }`
[INFO] running `Command { std: "docker" "create" "-v" "/var/lib/crater-agent-workspace/builds/worker-6-tc1/target:/opt/rustwide/target:rw,Z" "-v" "/var/lib/crater-agent-workspace/builds/worker-6-tc1/source:/opt/rustwide/workdir:ro,Z" "-v" "/var/lib/crater-agent-workspace/cargo-home:/opt/rustwide/cargo-home:ro,Z" "-v" "/var/lib/crater-agent-workspace/rustup-home:/opt/rustwide/rustup-home:ro,Z" "-e" "SOURCE_DIR=/opt/rustwide/workdir" "-e" "CARGO_TARGET_DIR=/opt/rustwide/target" "-e" "CARGO_HOME=/opt/rustwide/cargo-home" "-e" "RUSTUP_HOME=/opt/rustwide/rustup-home" "-w" "/opt/rustwide/workdir" "-m" "1610612736" "--user" "0:0" "--network" "none" "ghcr.io/rust-lang/crates-build-env/linux@sha256:5ff2268d62e97bff2cde7d5815dd6ed5b47097566f13b8d0ca110b04b60e07ed" "/opt/rustwide/cargo-home/bin/cargo" "+1.69.0" "metadata" "--no-deps" "--format-version=1", kill_on_drop: false }`
[INFO] [stdout] 933ed5b7fa79aa23ba39592f7722ce72f8c732bd3b2440da75010bdf5517248a
[INFO] running `Command { std: "docker" "start" "-a" "933ed5b7fa79aa23ba39592f7722ce72f8c732bd3b2440da75010bdf5517248a", kill_on_drop: false }`
[INFO] running `Command { std: "docker" "inspect" "933ed5b7fa79aa23ba39592f7722ce72f8c732bd3b2440da75010bdf5517248a", kill_on_drop: false }`
[INFO] running `Command { std: "docker" "rm" "-f" "933ed5b7fa79aa23ba39592f7722ce72f8c732bd3b2440da75010bdf5517248a", kill_on_drop: false }`
[INFO] [stdout] 933ed5b7fa79aa23ba39592f7722ce72f8c732bd3b2440da75010bdf5517248a
[INFO] running `Command { std: "docker" "create" "-v" "/var/lib/crater-agent-workspace/builds/worker-6-tc1/target:/opt/rustwide/target:rw,Z" "-v" "/var/lib/crater-agent-workspace/builds/worker-6-tc1/source:/opt/rustwide/workdir:ro,Z" "-v" "/var/lib/crater-agent-workspace/cargo-home:/opt/rustwide/cargo-home:ro,Z" "-v" "/var/lib/crater-agent-workspace/rustup-home:/opt/rustwide/rustup-home:ro,Z" "-e" "SOURCE_DIR=/opt/rustwide/workdir" "-e" "CARGO_TARGET_DIR=/opt/rustwide/target" "-e" "CARGO_INCREMENTAL=0" "-e" "RUST_BACKTRACE=full" "-e" "RUSTFLAGS=--cap-lints=warn" "-e" "RUSTDOCFLAGS=--cap-lints=warn" "-e" "CARGO_HOME=/opt/rustwide/cargo-home" "-e" "RUSTUP_HOME=/opt/rustwide/rustup-home" "-w" "/opt/rustwide/workdir" "-m" "1610612736" "--user" "0:0" "--network" "none" "ghcr.io/rust-lang/crates-build-env/linux@sha256:5ff2268d62e97bff2cde7d5815dd6ed5b47097566f13b8d0ca110b04b60e07ed" "/opt/rustwide/cargo-home/bin/cargo" "+1.69.0" "doc" "--frozen" "--no-deps" "--document-private-items" "--message-format=json", kill_on_drop: false }`
[INFO] [stdout] 3f0b40e81624bd9fb03532691d968ce56db6456ff313d039853ac06e6b702fc5
[INFO] running `Command { std: "docker" "start" "-a" "3f0b40e81624bd9fb03532691d968ce56db6456ff313d039853ac06e6b702fc5", kill_on_drop: false }`
[INFO] [stderr]    Compiling num-traits v0.2.15
[INFO] [stderr]    Compiling num-integer v0.1.45
[INFO] [stderr]    Compiling num-bigint v0.4.3
[INFO] [stderr]     Checking simd-adler32 v0.3.5
[INFO] [stderr]    Compiling num-rational v0.4.1
[INFO] [stderr]    Compiling num-iter v0.1.43
[INFO] [stderr]     Checking bytemuck v1.13.1
[INFO] [stderr]    Compiling parking_lot_core v0.9.7
[INFO] [stderr]    Compiling cfg_aliases v0.1.1
[INFO] [stderr]    Compiling jobserver v0.1.26
[INFO] [stderr]    Compiling ahash v0.8.3
[INFO] [stderr]    Compiling glsl-layout-derive v0.4.0
[INFO] [stderr]     Checking instant v0.1.12
[INFO] [stderr]    Compiling notan_macro v0.9.5
[INFO] [stderr]     Checking once_cell v1.17.1
[INFO] [stderr]     Checking miniz_oxide v0.7.1
[INFO] [stderr]    Compiling cc v1.0.79
[INFO] [stderr]     Checking glam v0.22.0
[INFO] [stderr]     Checking fdeflate v0.3.0
[INFO] [stderr]     Checking color_quant v1.1.0
[INFO] [stderr]     Checking jpeg-decoder v0.3.0
[INFO] [stderr]     Checking notan_utils v0.9.5
[INFO] [stderr]     Checking glow v0.11.2
[INFO] [stderr]     Checking flate2 v1.0.26
[INFO] [stderr]     Checking parking_lot v0.12.1
[INFO] [stderr]     Checking hashbrown v0.13.2
[INFO] [stderr]     Checking png v0.17.8
[INFO] [stderr]    Compiling spirv_cross v0.23.1
[INFO] [stderr]     Checking glsl-layout v0.5.0
[INFO] [stderr]     Checking notan_math v0.9.5
[INFO] [stderr]    Compiling num-complex v0.4.3
[INFO] [stderr]     Checking image v0.24.6
[INFO] [stderr]    Compiling num v0.4.0
[INFO] [stdout] error[E0425]: cannot find function `spirv_from` in module `shaders`
[INFO] [stdout]    --> /opt/rustwide/cargo-home/registry/src/github.com-1ecc6299db9ec823/notan_macro-0.9.5/src/lib.rs:70:26
[INFO] [stdout]     |
[INFO] [stdout] 70  |     let spirv = shaders::spirv_from(&content, shaders::ShaderType::Vertex, None).unwrap();
[INFO] [stdout]     |                          ^^^^^^^^^^ help: a function with a similar name exists: `spirv_to`
[INFO] [stdout]     |
[INFO] [stdout]    ::: /opt/rustwide/cargo-home/registry/src/github.com-1ecc6299db9ec823/notan_macro-0.9.5/src/shaders.rs:198:1
[INFO] [stdout]     |
[INFO] [stdout] 198 | fn spirv_to(spirv: &[u8], output: Output) -> Result<ShaderBytes, String> {
[INFO] [stdout]     | ------------------------------------------------------------------------ similarly named function `spirv_to` defined here
[INFO] [stdout] 
[INFO] [stdout] 
[INFO] [stdout] error[E0425]: cannot find function `spirv_from` in module `shaders`
[INFO] [stdout]    --> /opt/rustwide/cargo-home/registry/src/github.com-1ecc6299db9ec823/notan_macro-0.9.5/src/lib.rs:88:26
[INFO] [stdout]     |
[INFO] [stdout] 88  |     let spirv = shaders::spirv_from(&content, shaders::ShaderType::Fragment, None).unwrap();
[INFO] [stdout]     |                          ^^^^^^^^^^ help: a function with a similar name exists: `spirv_to`
[INFO] [stdout]     |
[INFO] [stdout]    ::: /opt/rustwide/cargo-home/registry/src/github.com-1ecc6299db9ec823/notan_macro-0.9.5/src/shaders.rs:198:1
[INFO] [stdout]     |
[INFO] [stdout] 198 | fn spirv_to(spirv: &[u8], output: Output) -> Result<ShaderBytes, String> {
[INFO] [stdout]     | ------------------------------------------------------------------------ similarly named function `spirv_to` defined here
[INFO] [stdout] 
[INFO] [stdout] 
[INFO] [stdout] error[E0425]: cannot find function `spirv_from` in this scope
[INFO] [stdout]    --> /opt/rustwide/cargo-home/registry/src/github.com-1ecc6299db9ec823/notan_macro-0.9.5/src/shaders.rs:53:5
[INFO] [stdout]     |
[INFO] [stdout] 53  |     spirv_from(&read_file(&full_path)?, typ, Some(full_path))
[INFO] [stdout]     |     ^^^^^^^^^^ help: a function with a similar name exists: `spirv_to`
[INFO] [stdout] ...
[INFO] [stdout] 198 | fn spirv_to(spirv: &[u8], output: Output) -> Result<ShaderBytes, String> {
[INFO] [stdout]     | ------------------------------------------------------------------------ similarly named function `spirv_to` defined here
[INFO] [stdout] 
[INFO] [stdout] 
[INFO] [stdout] error: aborting due to 3 previous errors
[INFO] [stdout] 
[INFO] [stdout] 
[INFO] [stdout] For more information about this error, try `rustc --explain E0425`.
[INFO] [stdout] 
[INFO] [stderr] error: could not compile `notan_macro` due to 4 previous errors
[INFO] running `Command { std: "docker" "inspect" "3f0b40e81624bd9fb03532691d968ce56db6456ff313d039853ac06e6b702fc5", kill_on_drop: false }`
[INFO] running `Command { std: "docker" "rm" "-f" "3f0b40e81624bd9fb03532691d968ce56db6456ff313d039853ac06e6b702fc5", kill_on_drop: false }`
[INFO] [stdout] 3f0b40e81624bd9fb03532691d968ce56db6456ff313d039853ac06e6b702fc5
