[INFO] fetching crate notan_backend 0.9.5...
[INFO] documenting notan_backend-0.9.5 against 1.69.0 for beta-1.70-rustdoc-1
[INFO] extracting crate notan_backend 0.9.5 into /workspace/builds/worker-7-tc1/source
[INFO] validating manifest of crates.io crate notan_backend 0.9.5 on toolchain 1.69.0
[INFO] running `Command { std: CARGO_HOME="/workspace/cargo-home" RUSTUP_HOME="/workspace/rustup-home" "/workspace/cargo-home/bin/cargo" "+1.69.0" "metadata" "--manifest-path" "Cargo.toml" "--no-deps", kill_on_drop: false }`
[INFO] started tweaking crates.io crate notan_backend 0.9.5
[INFO] finished tweaking crates.io crate notan_backend 0.9.5
[INFO] tweaked toml for crates.io crate notan_backend 0.9.5 written to /workspace/builds/worker-7-tc1/source/Cargo.toml
[INFO] running `Command { std: CARGO_HOME="/workspace/cargo-home" RUSTUP_HOME="/workspace/rustup-home" __CARGO_TEST_CHANNEL_OVERRIDE_DO_NOT_USE_THIS="nightly" "/workspace/cargo-home/bin/cargo" "+1.69.0" "generate-lockfile" "--manifest-path" "Cargo.toml" "-Zno-index-update", kill_on_drop: false }`
[INFO] running `Command { std: CARGO_HOME="/workspace/cargo-home" RUSTUP_HOME="/workspace/rustup-home" "/workspace/cargo-home/bin/cargo" "+1.69.0" "fetch" "--manifest-path" "Cargo.toml", kill_on_drop: false }`
[INFO] [stderr]  Downloading crates ...
[INFO] [stderr]   Downloaded glutin-winit v0.2.2
[INFO] [stderr]   Downloaded notan_web v0.9.5
[INFO] [stderr]   Downloaded webbrowser v0.8.9
[INFO] [stderr]   Downloaded foreign-types-macros v0.2.3
[INFO] [stderr]   Downloaded notan_winit v0.9.5
[INFO] [stderr]   Downloaded notan_math v0.9.5
[INFO] [stderr]   Downloaded oddio v0.6.2
[INFO] [stderr]   Downloaded notan_input v0.9.5
[INFO] [stderr]   Downloaded cpal v0.14.2
[INFO] [stderr]   Downloaded glam v0.22.0
[INFO] [stderr]   Downloaded platter2 v0.1.6
[INFO] [stderr]   Downloaded glsl-layout v0.5.0
[INFO] [stderr]   Downloaded symphonia v0.5.2
[INFO] [stderr]   Downloaded notan_core v0.9.5
[INFO] [stderr]   Downloaded notan_app v0.9.5
[INFO] [stderr]   Downloaded glsl-layout-derive v0.4.0
[INFO] [stderr]   Downloaded notan_macro v0.9.5
[INFO] [stderr]   Downloaded symphonia-metadata v0.5.2
[INFO] [stderr]   Downloaded symphonia-format-wav v0.5.2
[INFO] [stderr]   Downloaded notan_graphics v0.9.5
[INFO] [stderr]   Downloaded notan_glow v0.9.5
[INFO] [stderr]   Downloaded symphonia-core v0.5.2
[INFO] [stderr]   Downloaded notan_audio v0.9.5
[INFO] [stderr]   Downloaded symphonia-codec-pcm v0.5.2
[INFO] [stderr]   Downloaded symphonia-codec-adpcm v0.5.2
[INFO] [stderr]   Downloaded symphonia-bundle-flac v0.5.2
[INFO] [stderr]   Downloaded symphonia-format-mkv v0.5.2
[INFO] [stderr]   Downloaded symphonia-utils-xiph v0.5.2
[INFO] [stderr]   Downloaded coreaudio-sys v0.2.12
[INFO] [stderr]   Downloaded symphonia-bundle-mp3 v0.5.2
[INFO] [stderr]   Downloaded symphonia-format-ogg v0.5.2
[INFO] [stderr]   Downloaded notan_utils v0.9.5
[INFO] [stderr]   Downloaded nix v0.23.2
[INFO] [stderr]   Downloaded symphonia-codec-vorbis v0.5.2
[INFO] [stderr]   Downloaded notan_oddio v0.9.5
[INFO] running `Command { std: "docker" "create" "-v" "/var/lib/crater-agent-workspace/builds/worker-7-tc1/target:/opt/rustwide/target:rw,Z" "-v" "/var/lib/crater-agent-workspace/builds/worker-7-tc1/source:/opt/rustwide/workdir:ro,Z" "-v" "/var/lib/crater-agent-workspace/cargo-home:/opt/rustwide/cargo-home:ro,Z" "-v" "/var/lib/crater-agent-workspace/rustup-home:/opt/rustwide/rustup-home:ro,Z" "-e" "SOURCE_DIR=/opt/rustwide/workdir" "-e" "CARGO_TARGET_DIR=/opt/rustwide/target" "-e" "CARGO_HOME=/opt/rustwide/cargo-home" "-e" "RUSTUP_HOME=/opt/rustwide/rustup-home" "-w" "/opt/rustwide/workdir" "-m" "1610612736" "--user" "0:0" "--network" "none" "ghcr.io/rust-lang/crates-build-env/linux@sha256:5ff2268d62e97bff2cde7d5815dd6ed5b47097566f13b8d0ca110b04b60e07ed" "/opt/rustwide/cargo-home/bin/cargo" "+1.69.0" "metadata" "--no-deps" "--format-version=1", kill_on_drop: false }`
[INFO] [stdout] d8c3927ccaccd2a6d4f54f5570681096c12a5adbd42a6079101f4e167cfe9495
[INFO] running `Command { std: "docker" "start" "-a" "d8c3927ccaccd2a6d4f54f5570681096c12a5adbd42a6079101f4e167cfe9495", kill_on_drop: false }`
[INFO] running `Command { std: "docker" "inspect" "d8c3927ccaccd2a6d4f54f5570681096c12a5adbd42a6079101f4e167cfe9495", kill_on_drop: false }`
[INFO] running `Command { std: "docker" "rm" "-f" "d8c3927ccaccd2a6d4f54f5570681096c12a5adbd42a6079101f4e167cfe9495", kill_on_drop: false }`
[INFO] [stdout] d8c3927ccaccd2a6d4f54f5570681096c12a5adbd42a6079101f4e167cfe9495
[INFO] running `Command { std: "docker" "create" "-v" "/var/lib/crater-agent-workspace/builds/worker-7-tc1/target:/opt/rustwide/target:rw,Z" "-v" "/var/lib/crater-agent-workspace/builds/worker-7-tc1/source:/opt/rustwide/workdir:ro,Z" "-v" "/var/lib/crater-agent-workspace/cargo-home:/opt/rustwide/cargo-home:ro,Z" "-v" "/var/lib/crater-agent-workspace/rustup-home:/opt/rustwide/rustup-home:ro,Z" "-e" "SOURCE_DIR=/opt/rustwide/workdir" "-e" "CARGO_TARGET_DIR=/opt/rustwide/target" "-e" "CARGO_INCREMENTAL=0" "-e" "RUST_BACKTRACE=full" "-e" "RUSTFLAGS=--cap-lints=warn" "-e" "RUSTDOCFLAGS=--cap-lints=warn" "-e" "CARGO_HOME=/opt/rustwide/cargo-home" "-e" "RUSTUP_HOME=/opt/rustwide/rustup-home" "-w" "/opt/rustwide/workdir" "-m" "1610612736" "--user" "0:0" "--network" "none" "ghcr.io/rust-lang/crates-build-env/linux@sha256:5ff2268d62e97bff2cde7d5815dd6ed5b47097566f13b8d0ca110b04b60e07ed" "/opt/rustwide/cargo-home/bin/cargo" "+1.69.0" "doc" "--frozen" "--no-deps" "--document-private-items" "--message-format=json", kill_on_drop: false }`
[INFO] [stdout] 135f7cd31423ac34fea8d6686403416d61d4a2de5e369b7764677d91ffc498c7
[INFO] running `Command { std: "docker" "start" "-a" "135f7cd31423ac34fea8d6686403416d61d4a2de5e369b7764677d91ffc498c7", kill_on_drop: false }`
[INFO] [stderr]    Compiling xml-rs v0.8.4
[INFO] [stderr]     Checking bytemuck v1.13.1
[INFO] [stderr]    Compiling jobserver v0.1.26
[INFO] [stderr]     Checking libloading v0.7.4
[INFO] [stderr]     Checking simd-adler32 v0.3.5
[INFO] [stderr]    Compiling num-traits v0.2.15
[INFO] [stderr]    Compiling khronos_api v3.1.0
[INFO] [stderr]    Compiling wayland-sys v0.29.5
[INFO] [stderr]     Checking miniz_oxide v0.7.1
[INFO] [stderr]     Checking dlib v0.5.0
[INFO] [stderr]    Compiling cc v1.0.79
[INFO] [stderr]    Compiling num-integer v0.1.45
[INFO] [stderr]    Compiling wayland-scanner v0.29.5
[INFO] [stderr]     Checking fdeflate v0.3.0
[INFO] [stderr]     Checking flate2 v1.0.26
[INFO] [stderr]     Checking nix v0.24.3
[INFO] [stderr]    Compiling gl_generator v0.14.0
[INFO] [stderr]    Compiling num-bigint v0.4.3
[INFO] [stderr]    Compiling cmake v0.1.50
[INFO] [stderr]     Checking png v0.17.8
[INFO] [stderr]     Checking downcast-rs v1.2.0
[INFO] [stderr]    Compiling freetype-sys v0.13.1
[INFO] [stderr]    Compiling expat-sys v2.1.6
[INFO] [stderr]    Compiling slotmap v1.0.6
[INFO] [stderr]    Compiling wayland-client v0.29.5
[INFO] [stderr]     Checking wayland-commons v0.29.5
[INFO] [stderr]    Compiling servo-fontconfig-sys v5.1.0
[INFO] [stderr]    Compiling num-rational v0.4.1
[INFO] [stderr]    Compiling num-iter v0.1.43
[INFO] [stderr]    Compiling wayland-protocols v0.29.5
[INFO] [stderr]    Compiling spirv_cross v0.23.1
[INFO] [stderr]     Checking glam v0.22.0
[INFO] [stderr]    Compiling ahash v0.8.3
[INFO] [stderr]    Compiling x11-dl v2.21.0
[INFO] [stderr]     Checking instant v0.1.12
[INFO] [stderr]     Checking futures-channel v0.3.28
[INFO] [stderr]     Checking xcursor v0.3.4
[INFO] [stderr]    Compiling num-complex v0.4.3
[INFO] [stderr]     Checking nix v0.25.1
[INFO] [stderr]    Compiling notan_macro v0.9.5
[INFO] [stderr]    Compiling foreign-types-macros v0.2.3
[INFO] [stderr]    Compiling smithay-client-toolkit v0.16.0
[INFO] [stderr]    Compiling crossfont v0.5.1
[INFO] [stderr]     Checking foreign-types-shared v0.3.1
[INFO] [stderr]     Checking futures-util v0.3.28
[INFO] [stderr]    Compiling num v0.4.0
[INFO] [stderr]     Checking tiny-skia-path v0.7.0
[INFO] [stderr]     Checking notan_math v0.9.5
[INFO] [stderr]     Checking foreign-types v0.5.0
[INFO] [stderr]     Checking servo-fontconfig v0.5.1
[INFO] [stderr]     Checking calloop v0.10.5
[INFO] [stderr]    Compiling glsl-layout-derive v0.4.0
[INFO] [stderr]     Checking freetype-rs v0.26.0
[INFO] [stderr]    Compiling glutin_glx_sys v0.4.0
[INFO] [stderr]     Checking wayland-cursor v0.29.5
[INFO] [stderr]    Compiling glutin_egl_sys v0.4.0
[INFO] [stderr]     Checking safe_arch v0.5.2
[INFO] [stderr]     Checking memmap2 v0.5.10
[INFO] [stderr]    Compiling wayland-sys v0.30.1
[INFO] [stderr]     Checking jpeg-decoder v0.3.0
[INFO] [stderr]     Checking arrayvec v0.5.2
[INFO] [stderr]     Checking glsl-layout v0.5.0
[INFO] [stderr]     Checking tiny-skia v0.7.0
[INFO] [stderr]     Checking image v0.24.6
[INFO] [stderr]     Checking hashbrown v0.13.2
[INFO] [stderr]     Checking notan_utils v0.9.5
[INFO] [stderr]    Compiling glutin v0.30.7
[INFO] [stderr]     Checking raw-window-handle v0.5.2
[INFO] [stderr]     Checking raw-window-handle v0.4.3
[INFO] [stderr]     Checking futures-executor v0.3.28
[INFO] [stderr]    Compiling glutin-winit v0.2.2
[INFO] [stderr]     Checking mio v0.8.6
[INFO] [stderr]     Checking notan_core v0.9.5
[INFO] [stderr]     Checking futures v0.3.28
[INFO] [stderr]     Checking platter2 v0.1.6
[INFO] [stderr]     Checking glow v0.11.2
[INFO] [stderr]     Checking notan_input v0.9.5
[INFO] [stdout] error[E0425]: cannot find function `spirv_from` in module `shaders`
[INFO] [stdout]    --> /opt/rustwide/cargo-home/registry/src/github.com-1ecc6299db9ec823/notan_macro-0.9.5/src/lib.rs:70:26
[INFO] [stdout]     |
[INFO] [stdout] 70  |     let spirv = shaders::spirv_from(&content, shaders::ShaderType::Vertex, None).unwrap();
[INFO] [stdout]     |                          ^^^^^^^^^^ help: a function with a similar name exists: `spirv_to`
[INFO] [stdout]     |
[INFO] [stdout]    ::: /opt/rustwide/cargo-home/registry/src/github.com-1ecc6299db9ec823/notan_macro-0.9.5/src/shaders.rs:198:1
[INFO] [stdout]     |
[INFO] [stdout] 198 | fn spirv_to(spirv: &[u8], output: Output) -> Result<ShaderBytes, String> {
[INFO] [stdout]     | ------------------------------------------------------------------------ similarly named function `spirv_to` defined here
[INFO] [stdout] 
[INFO] [stdout] 
[INFO] [stdout] error[E0425]: cannot find function `spirv_from` in module `shaders`
[INFO] [stdout]    --> /opt/rustwide/cargo-home/registry/src/github.com-1ecc6299db9ec823/notan_macro-0.9.5/src/lib.rs:88:26
[INFO] [stdout]     |
[INFO] [stdout] 88  |     let spirv = shaders::spirv_from(&content, shaders::ShaderType::Fragment, None).unwrap();
[INFO] [stdout]     |                          ^^^^^^^^^^ help: a function with a similar name exists: `spirv_to`
[INFO] [stdout]     |
[INFO] [stdout]    ::: /opt/rustwide/cargo-home/registry/src/github.com-1ecc6299db9ec823/notan_macro-0.9.5/src/shaders.rs:198:1
[INFO] [stdout]     |
[INFO] [stdout] 198 | fn spirv_to(spirv: &[u8], output: Output) -> Result<ShaderBytes, String> {
[INFO] [stdout]     | ------------------------------------------------------------------------ similarly named function `spirv_to` defined here
[INFO] [stdout] 
[INFO] [stdout] 
[INFO] [stdout] error[E0425]: cannot find function `spirv_from` in this scope
[INFO] [stdout]    --> /opt/rustwide/cargo-home/registry/src/github.com-1ecc6299db9ec823/notan_macro-0.9.5/src/shaders.rs:53:5
[INFO] [stdout]     |
[INFO] [stdout] 53  |     spirv_from(&read_file(&full_path)?, typ, Some(full_path))
[INFO] [stdout]     |     ^^^^^^^^^^ help: a function with a similar name exists: `spirv_to`
[INFO] [stdout] ...
[INFO] [stdout] 198 | fn spirv_to(spirv: &[u8], output: Output) -> Result<ShaderBytes, String> {
[INFO] [stdout]     | ------------------------------------------------------------------------ similarly named function `spirv_to` defined here
[INFO] [stdout] 
[INFO] [stdout] 
[INFO] [stdout] error: aborting due to 3 previous errors
[INFO] [stdout] 
[INFO] [stdout] 
[INFO] [stdout] For more information about this error, try `rustc --explain E0425`.
[INFO] [stdout] 
[INFO] [stderr] error: could not compile `notan_macro` due to 4 previous errors
[INFO] [stderr] warning: build failed, waiting for other jobs to finish...
[INFO] running `Command { std: "docker" "inspect" "135f7cd31423ac34fea8d6686403416d61d4a2de5e369b7764677d91ffc498c7", kill_on_drop: false }`
[INFO] running `Command { std: "docker" "rm" "-f" "135f7cd31423ac34fea8d6686403416d61d4a2de5e369b7764677d91ffc498c7", kill_on_drop: false }`
[INFO] [stdout] 135f7cd31423ac34fea8d6686403416d61d4a2de5e369b7764677d91ffc498c7
