[INFO] fetching crate noise_fn 0.2.0...
[INFO] documenting noise_fn-0.2.0 against 1.69.0 for beta-1.70-rustdoc-1
[INFO] extracting crate noise_fn 0.2.0 into /workspace/builds/worker-4-tc1/source
[INFO] validating manifest of crates.io crate noise_fn 0.2.0 on toolchain 1.69.0
[INFO] running `Command { std: CARGO_HOME="/workspace/cargo-home" RUSTUP_HOME="/workspace/rustup-home" "/workspace/cargo-home/bin/cargo" "+1.69.0" "metadata" "--manifest-path" "Cargo.toml" "--no-deps", kill_on_drop: false }`
[INFO] started tweaking crates.io crate noise_fn 0.2.0
[INFO] finished tweaking crates.io crate noise_fn 0.2.0
[INFO] tweaked toml for crates.io crate noise_fn 0.2.0 written to /workspace/builds/worker-4-tc1/source/Cargo.toml
[INFO] running `Command { std: CARGO_HOME="/workspace/cargo-home" RUSTUP_HOME="/workspace/rustup-home" __CARGO_TEST_CHANNEL_OVERRIDE_DO_NOT_USE_THIS="nightly" "/workspace/cargo-home/bin/cargo" "+1.69.0" "generate-lockfile" "--manifest-path" "Cargo.toml" "-Zno-index-update", kill_on_drop: false }`
[INFO] running `Command { std: CARGO_HOME="/workspace/cargo-home" RUSTUP_HOME="/workspace/rustup-home" "/workspace/cargo-home/bin/cargo" "+1.69.0" "fetch" "--manifest-path" "Cargo.toml", kill_on_drop: false }`
[INFO] [stderr]  Downloading crates ...
[INFO] [stderr]   Downloaded higher_order_functions v0.2.0
[INFO] [stderr]   Downloaded sized_matrix v0.3.0
[INFO] [stderr]   Downloaded wyhash v0.5.0
[INFO] running `Command { std: "docker" "create" "-v" "/var/lib/crater-agent-workspace/builds/worker-4-tc1/target:/opt/rustwide/target:rw,Z" "-v" "/var/lib/crater-agent-workspace/builds/worker-4-tc1/source:/opt/rustwide/workdir:ro,Z" "-v" "/var/lib/crater-agent-workspace/cargo-home:/opt/rustwide/cargo-home:ro,Z" "-v" "/var/lib/crater-agent-workspace/rustup-home:/opt/rustwide/rustup-home:ro,Z" "-e" "SOURCE_DIR=/opt/rustwide/workdir" "-e" "CARGO_TARGET_DIR=/opt/rustwide/target" "-e" "CARGO_HOME=/opt/rustwide/cargo-home" "-e" "RUSTUP_HOME=/opt/rustwide/rustup-home" "-w" "/opt/rustwide/workdir" "-m" "1610612736" "--user" "0:0" "--network" "none" "ghcr.io/rust-lang/crates-build-env/linux@sha256:5ff2268d62e97bff2cde7d5815dd6ed5b47097566f13b8d0ca110b04b60e07ed" "/opt/rustwide/cargo-home/bin/cargo" "+1.69.0" "metadata" "--no-deps" "--format-version=1", kill_on_drop: false }`
[INFO] [stdout] 334d150d54d22edfd7b17c40d9fc66f9d53b9382e418a2fe51917aa8fa33ebe0
[INFO] running `Command { std: "docker" "start" "-a" "334d150d54d22edfd7b17c40d9fc66f9d53b9382e418a2fe51917aa8fa33ebe0", kill_on_drop: false }`
[INFO] running `Command { std: "docker" "inspect" "334d150d54d22edfd7b17c40d9fc66f9d53b9382e418a2fe51917aa8fa33ebe0", kill_on_drop: false }`
[INFO] running `Command { std: "docker" "rm" "-f" "334d150d54d22edfd7b17c40d9fc66f9d53b9382e418a2fe51917aa8fa33ebe0", kill_on_drop: false }`
[INFO] [stdout] 334d150d54d22edfd7b17c40d9fc66f9d53b9382e418a2fe51917aa8fa33ebe0
[INFO] running `Command { std: "docker" "create" "-v" "/var/lib/crater-agent-workspace/builds/worker-4-tc1/target:/opt/rustwide/target:rw,Z" "-v" "/var/lib/crater-agent-workspace/builds/worker-4-tc1/source:/opt/rustwide/workdir:ro,Z" "-v" "/var/lib/crater-agent-workspace/cargo-home:/opt/rustwide/cargo-home:ro,Z" "-v" "/var/lib/crater-agent-workspace/rustup-home:/opt/rustwide/rustup-home:ro,Z" "-e" "SOURCE_DIR=/opt/rustwide/workdir" "-e" "CARGO_TARGET_DIR=/opt/rustwide/target" "-e" "CARGO_INCREMENTAL=0" "-e" "RUST_BACKTRACE=full" "-e" "RUSTFLAGS=--cap-lints=warn" "-e" "RUSTDOCFLAGS=--cap-lints=warn" "-e" "CARGO_HOME=/opt/rustwide/cargo-home" "-e" "RUSTUP_HOME=/opt/rustwide/rustup-home" "-w" "/opt/rustwide/workdir" "-m" "1610612736" "--user" "0:0" "--network" "none" "ghcr.io/rust-lang/crates-build-env/linux@sha256:5ff2268d62e97bff2cde7d5815dd6ed5b47097566f13b8d0ca110b04b60e07ed" "/opt/rustwide/cargo-home/bin/cargo" "+1.69.0" "doc" "--frozen" "--no-deps" "--document-private-items" "--message-format=json", kill_on_drop: false }`
[INFO] [stdout] aaa65da83dc19f3ea4c598cdc8c4e82eff1601a7d342537683d19859d5f20e56
[INFO] running `Command { std: "docker" "start" "-a" "aaa65da83dc19f3ea4c598cdc8c4e82eff1601a7d342537683d19859d5f20e56", kill_on_drop: false }`
[INFO] [stderr]    Compiling libc v0.2.142
[INFO] [stderr]     Checking ppv-lite86 v0.2.17
[INFO] [stderr]     Checking higher_order_functions v0.2.0
[INFO] [stdout] error[E0554]: `#![feature]` may not be used on the stable release channel
[INFO] [stdout]   --> /opt/rustwide/cargo-home/registry/src/github.com-1ecc6299db9ec823/higher_order_functions-0.2.0/src/lib.rs:80:1
[INFO] [stdout]    |
[INFO] [stdout] 80 | #![feature(generic_associated_types)]
[INFO] [stdout]    | ^^^^^^^^^^^^^^^^^^^^^^^^^^^^^^^^^^^^^ help: remove the attribute
[INFO] [stdout]    |
[INFO] [stdout]    = help: the feature `generic_associated_types` has been stable since `1.65.0` and no longer requires an attribute to enable
[INFO] [stdout] 
[INFO] [stdout] 
[INFO] [stdout] error[E0554]: `#![feature]` may not be used on the stable release channel
[INFO] [stdout]   --> /opt/rustwide/cargo-home/registry/src/github.com-1ecc6299db9ec823/higher_order_functions-0.2.0/src/lib.rs:81:1
[INFO] [stdout]    |
[INFO] [stdout] 81 | #![feature(maybe_uninit_array_assume_init)]
[INFO] [stdout]    | ^^^^^^^^^^^^^^^^^^^^^^^^^^^^^^^^^^^^^^^^^^^
[INFO] [stdout] 
[INFO] [stdout] 
[INFO] [stdout] error[E0554]: `#![feature]` may not be used on the stable release channel
[INFO] [stdout]   --> /opt/rustwide/cargo-home/registry/src/github.com-1ecc6299db9ec823/higher_order_functions-0.2.0/src/lib.rs:82:1
[INFO] [stdout]    |
[INFO] [stdout] 82 | #![feature(maybe_uninit_uninit_array)]
[INFO] [stdout]    | ^^^^^^^^^^^^^^^^^^^^^^^^^^^^^^^^^^^^^^
[INFO] [stdout] 
[INFO] [stdout] 
[INFO] [stdout] error[E0554]: `#![feature]` may not be used on the stable release channel
[INFO] [stdout]   --> /opt/rustwide/cargo-home/registry/src/github.com-1ecc6299db9ec823/higher_order_functions-0.2.0/src/lib.rs:81:12
[INFO] [stdout]    |
[INFO] [stdout] 81 | #![feature(maybe_uninit_array_assume_init)]
[INFO] [stdout]    |            ^^^^^^^^^^^^^^^^^^^^^^^^^^^^^^
[INFO] [stdout] 
[INFO] [stdout] 
[INFO] [stdout] error[E0554]: `#![feature]` may not be used on the stable release channel
[INFO] [stdout]   --> /opt/rustwide/cargo-home/registry/src/github.com-1ecc6299db9ec823/higher_order_functions-0.2.0/src/lib.rs:82:12
[INFO] [stdout]    |
[INFO] [stdout] 82 | #![feature(maybe_uninit_uninit_array)]
[INFO] [stdout]    |            ^^^^^^^^^^^^^^^^^^^^^^^^^
[INFO] [stdout] 
[INFO] [stdout] 
[INFO] [stdout] error: aborting due to 5 previous errors
[INFO] [stdout] 
[INFO] [stdout] 
[INFO] [stdout] For more information about this error, try `rustc --explain E0554`.
[INFO] [stdout] 
[INFO] [stderr] error: could not compile `higher_order_functions` due to 6 previous errors
[INFO] [stderr] warning: build failed, waiting for other jobs to finish...
[INFO] running `Command { std: "docker" "inspect" "aaa65da83dc19f3ea4c598cdc8c4e82eff1601a7d342537683d19859d5f20e56", kill_on_drop: false }`
[INFO] running `Command { std: "docker" "rm" "-f" "aaa65da83dc19f3ea4c598cdc8c4e82eff1601a7d342537683d19859d5f20e56", kill_on_drop: false }`
[INFO] [stdout] aaa65da83dc19f3ea4c598cdc8c4e82eff1601a7d342537683d19859d5f20e56
