[INFO] fetching crate network-internet-control-message-protocol 0.1.15...
[INFO] documenting network-internet-control-message-protocol-0.1.15 against 1.69.0 for beta-1.70-rustdoc-1
[INFO] extracting crate network-internet-control-message-protocol 0.1.15 into /workspace/builds/worker-3-tc1/source
[INFO] validating manifest of crates.io crate network-internet-control-message-protocol 0.1.15 on toolchain 1.69.0
[INFO] running `Command { std: CARGO_HOME="/workspace/cargo-home" RUSTUP_HOME="/workspace/rustup-home" "/workspace/cargo-home/bin/cargo" "+1.69.0" "metadata" "--manifest-path" "Cargo.toml" "--no-deps", kill_on_drop: false }`
[INFO] started tweaking crates.io crate network-internet-control-message-protocol 0.1.15
[INFO] finished tweaking crates.io crate network-internet-control-message-protocol 0.1.15
[INFO] tweaked toml for crates.io crate network-internet-control-message-protocol 0.1.15 written to /workspace/builds/worker-3-tc1/source/Cargo.toml
[INFO] running `Command { std: CARGO_HOME="/workspace/cargo-home" RUSTUP_HOME="/workspace/rustup-home" __CARGO_TEST_CHANNEL_OVERRIDE_DO_NOT_USE_THIS="nightly" "/workspace/cargo-home/bin/cargo" "+1.69.0" "generate-lockfile" "--manifest-path" "Cargo.toml" "-Zno-index-update", kill_on_drop: false }`
[INFO] running `Command { std: CARGO_HOME="/workspace/cargo-home" RUSTUP_HOME="/workspace/rustup-home" "/workspace/cargo-home/bin/cargo" "+1.69.0" "fetch" "--manifest-path" "Cargo.toml", kill_on_drop: false }`
[INFO] [stderr]  Downloading crates ...
[INFO] [stderr]   Downloaded network-ethernet v0.1.9
[INFO] [stderr]   Downloaded hyper-thread-random v0.4.2
[INFO] [stderr]   Downloaded network-time v0.1.1
[INFO] [stderr]   Downloaded network-packet v0.1.1
[INFO] [stderr]   Downloaded network-endian v0.1.5
[INFO] [stderr]   Downloaded network-internet-protocol v0.1.10
[INFO] [stderr]   Downloaded libnuma-sys v0.0.9
[INFO] [stderr]   Downloaded network-check-sum v0.1.4
[INFO] [stderr]   Downloaded rdma-core-sys v0.1.10
[INFO] [stderr]   Downloaded dpdk-sys v0.1.5
[INFO] running `Command { std: "docker" "create" "-v" "/var/lib/crater-agent-workspace/builds/worker-3-tc1/target:/opt/rustwide/target:rw,Z" "-v" "/var/lib/crater-agent-workspace/builds/worker-3-tc1/source:/opt/rustwide/workdir:ro,Z" "-v" "/var/lib/crater-agent-workspace/cargo-home:/opt/rustwide/cargo-home:ro,Z" "-v" "/var/lib/crater-agent-workspace/rustup-home:/opt/rustwide/rustup-home:ro,Z" "-e" "SOURCE_DIR=/opt/rustwide/workdir" "-e" "CARGO_TARGET_DIR=/opt/rustwide/target" "-e" "CARGO_HOME=/opt/rustwide/cargo-home" "-e" "RUSTUP_HOME=/opt/rustwide/rustup-home" "-w" "/opt/rustwide/workdir" "-m" "1610612736" "--user" "0:0" "--network" "none" "ghcr.io/rust-lang/crates-build-env/linux@sha256:5ff2268d62e97bff2cde7d5815dd6ed5b47097566f13b8d0ca110b04b60e07ed" "/opt/rustwide/cargo-home/bin/cargo" "+1.69.0" "metadata" "--no-deps" "--format-version=1", kill_on_drop: false }`
[INFO] [stdout] 99172f5b910aab041a0e9e1bbf2d444c10d7ac177d21d1b796e507b423ae7c32
[INFO] running `Command { std: "docker" "start" "-a" "99172f5b910aab041a0e9e1bbf2d444c10d7ac177d21d1b796e507b423ae7c32", kill_on_drop: false }`
[INFO] running `Command { std: "docker" "inspect" "99172f5b910aab041a0e9e1bbf2d444c10d7ac177d21d1b796e507b423ae7c32", kill_on_drop: false }`
[INFO] running `Command { std: "docker" "rm" "-f" "99172f5b910aab041a0e9e1bbf2d444c10d7ac177d21d1b796e507b423ae7c32", kill_on_drop: false }`
[INFO] [stdout] 99172f5b910aab041a0e9e1bbf2d444c10d7ac177d21d1b796e507b423ae7c32
[INFO] running `Command { std: "docker" "create" "-v" "/var/lib/crater-agent-workspace/builds/worker-3-tc1/target:/opt/rustwide/target:rw,Z" "-v" "/var/lib/crater-agent-workspace/builds/worker-3-tc1/source:/opt/rustwide/workdir:ro,Z" "-v" "/var/lib/crater-agent-workspace/cargo-home:/opt/rustwide/cargo-home:ro,Z" "-v" "/var/lib/crater-agent-workspace/rustup-home:/opt/rustwide/rustup-home:ro,Z" "-e" "SOURCE_DIR=/opt/rustwide/workdir" "-e" "CARGO_TARGET_DIR=/opt/rustwide/target" "-e" "CARGO_INCREMENTAL=0" "-e" "RUST_BACKTRACE=full" "-e" "RUSTFLAGS=--cap-lints=warn" "-e" "RUSTDOCFLAGS=--cap-lints=warn" "-e" "CARGO_HOME=/opt/rustwide/cargo-home" "-e" "RUSTUP_HOME=/opt/rustwide/rustup-home" "-w" "/opt/rustwide/workdir" "-m" "1610612736" "--user" "0:0" "--network" "none" "ghcr.io/rust-lang/crates-build-env/linux@sha256:5ff2268d62e97bff2cde7d5815dd6ed5b47097566f13b8d0ca110b04b60e07ed" "/opt/rustwide/cargo-home/bin/cargo" "+1.69.0" "doc" "--frozen" "--no-deps" "--document-private-items" "--message-format=json", kill_on_drop: false }`
[INFO] [stdout] d7740cc1afa82444be288760af803b4fa707ea7d1cde81dd69efef13e2bf7a54
[INFO] running `Command { std: "docker" "start" "-a" "d7740cc1afa82444be288760af803b4fa707ea7d1cde81dd69efef13e2bf7a54", kill_on_drop: false }`
[INFO] [stderr]    Compiling proc-macro2 v1.0.56
[INFO] [stderr]    Compiling quote v1.0.26
[INFO] [stderr]    Compiling unicode-ident v1.0.8
[INFO] [stderr]    Compiling serde_derive v1.0.160
[INFO] [stderr]    Compiling serde v1.0.160
[INFO] [stderr]    Compiling libc v0.2.142
[INFO] [stderr]    Compiling typenum v1.16.0
[INFO] [stderr]     Checking likely v0.1.0
[INFO] [stderr]     Checking arrayref v0.3.7
[INFO] [stderr]     Checking bitflags v1.3.2
[INFO] [stderr]    Compiling syn v2.0.15
[INFO] [stderr]     Checking rand v0.4.6
[INFO] [stderr]     Checking generic-array v0.9.1
[INFO] [stderr]     Checking digest v0.7.6
[INFO] [stderr]     Checking hyper-thread-random v0.4.2
[INFO] [stderr]     Checking network-endian v0.1.5
[INFO] [stderr]     Checking network-packet v0.1.1
[INFO] [stderr]     Checking network-time v0.1.1
[INFO] [stdout] error[E0557]: feature has been removed
[INFO] [stdout]  --> /opt/rustwide/cargo-home/registry/src/github.com-1ecc6299db9ec823/network-time-0.1.1/src/lib.rs:8:12
[INFO] [stdout]   |
[INFO] [stdout] 8 | #![feature(const_fn)]
[INFO] [stdout]   |            ^^^^^^^^ feature has been removed
[INFO] [stdout]   |
[INFO] [stdout]   = note: split into finer-grained feature gates
[INFO] [stdout] 
[INFO] [stdout] 
[INFO] [stdout] error[E0557]: feature has been removed
[INFO] [stdout]  --> /opt/rustwide/cargo-home/registry/src/github.com-1ecc6299db9ec823/network-endian-0.1.5/src/lib.rs:7:12
[INFO] [stdout]   |
[INFO] [stdout] 7 | #![feature(const_fn)]
[INFO] [stdout]   |            ^^^^^^^^ feature has been removed
[INFO] [stdout]   |
[INFO] [stdout]   = note: split into finer-grained feature gates
[INFO] [stdout] 
[INFO] [stdout] 
[INFO] [stdout] error[E0557]: feature has been removed
[INFO] [stdout]  --> /opt/rustwide/cargo-home/registry/src/github.com-1ecc6299db9ec823/network-packet-0.1.1/src/lib.rs:7:12
[INFO] [stdout]   |
[INFO] [stdout] 7 | #![feature(const_fn)]
[INFO] [stdout]   |            ^^^^^^^^ feature has been removed
[INFO] [stdout]   |
[INFO] [stdout]   = note: split into finer-grained feature gates
[INFO] [stdout] 
[INFO] [stdout] 
[INFO] [stdout] error[E0557]: feature has been removed
[INFO] [stdout]   --> /opt/rustwide/cargo-home/registry/src/github.com-1ecc6299db9ec823/network-packet-0.1.1/src/lib.rs:10:12
[INFO] [stdout]    |
[INFO] [stdout] 10 | #![feature(untagged_unions)]
[INFO] [stdout]    |            ^^^^^^^^^^^^^^^ feature has been removed
[INFO] [stdout]    |
[INFO] [stdout]    = note: unions with `Copy` and `ManuallyDrop` fields are stable; there is no intent to stabilize more
[INFO] [stdout] 
[INFO] [stdout] 
[INFO] [stdout] error: cannot find macro `asm` in this scope
[INFO] [stdout]    --> /opt/rustwide/cargo-home/registry/src/github.com-1ecc6299db9ec823/network-time-0.1.1/src/MonotonicMillisecondTimestamp.rs:283:4
[INFO] [stdout]     |
[INFO] [stdout] 283 |             asm!
[INFO] [stdout]     |             ^^^
[INFO] [stdout]     |
[INFO] [stdout]     = help: consider importing this macro:
[INFO] [stdout]             std::arch::asm
[INFO] [stdout] 
[INFO] [stdout] 
[INFO] [stdout] error[E0554]: `#![feature]` may not be used on the stable release channel
[INFO] [stdout]  --> /opt/rustwide/cargo-home/registry/src/github.com-1ecc6299db9ec823/network-time-0.1.1/src/lib.rs:7:12
[INFO] [stdout]   |
[INFO] [stdout] 7 | #![feature(asm)]
[INFO] [stdout]   |            ^^^
[INFO] [stdout] 
[INFO] [stdout] 
[INFO] [stdout] error[E0554]: `#![feature]` may not be used on the stable release channel
[INFO] [stdout]  --> /opt/rustwide/cargo-home/registry/src/github.com-1ecc6299db9ec823/network-time-0.1.1/src/lib.rs:9:12
[INFO] [stdout]   |
[INFO] [stdout] 9 | #![feature(core_intrinsics)]
[INFO] [stdout]   |            ^^^^^^^^^^^^^^^
[INFO] [stdout] 
[INFO] [stdout] 
[INFO] [stdout] error[E0554]: `#![feature]` may not be used on the stable release channel
[INFO] [stdout]  --> /opt/rustwide/cargo-home/registry/src/github.com-1ecc6299db9ec823/network-packet-0.1.1/src/lib.rs:8:12
[INFO] [stdout]   |
[INFO] [stdout] 8 | #![feature(reverse_bits)]
[INFO] [stdout]   |            ^^^^^^^^^^^^
[INFO] [stdout] 
[INFO] [stdout] 
[INFO] [stdout] error[E0554]: `#![feature]` may not be used on the stable release channel
[INFO] [stdout]  --> /opt/rustwide/cargo-home/registry/src/github.com-1ecc6299db9ec823/network-packet-0.1.1/src/lib.rs:9:12
[INFO] [stdout]   |
[INFO] [stdout] 9 | #![feature(try_from)]
[INFO] [stdout]   |            ^^^^^^^^
[INFO] [stdout] 
[INFO] [stdout] 
[INFO] [stdout] error[E0599]: no function or associated item named `from_bytes` found for type `u16` in the current scope
[INFO] [stdout]   --> /opt/rustwide/cargo-home/registry/src/github.com-1ecc6299db9ec823/network-endian-0.1.5/src/NetworkEndianU16.rs:16:21
[INFO] [stdout]    |
[INFO] [stdout] 16 |         u16::from_be(u16::from_bytes(self.0)).partial_cmp(&u16::from_be(u16::from_bytes(other.0)))
[INFO] [stdout]    |                           ^^^^^^^^^^
[INFO] [stdout]    |                           |
[INFO] [stdout]    |                           function or associated item not found in `u16`
[INFO] [stdout]    |                           help: there is an associated function with a similar name: `from_be`
[INFO] [stdout] 
[INFO] [stdout] 
[INFO] [stdout] error[E0599]: no function or associated item named `from_bytes` found for type `u16` in the current scope
[INFO] [stdout]   --> /opt/rustwide/cargo-home/registry/src/github.com-1ecc6299db9ec823/network-endian-0.1.5/src/NetworkEndianU16.rs:16:72
[INFO] [stdout]    |
[INFO] [stdout] 16 |         u16::from_be(u16::from_bytes(self.0)).partial_cmp(&u16::from_be(u16::from_bytes(other.0)))
[INFO] [stdout]    |                                                                              ^^^^^^^^^^
[INFO] [stdout]    |                                                                              |
[INFO] [stdout]    |                                                                              function or associated item not found in `u16`
[INFO] [stdout]    |                                                                              help: there is an associated function with a similar name: `from_be`
[INFO] [stdout] 
[INFO] [stdout] 
[INFO] [stdout] error[E0599]: no function or associated item named `from_bytes` found for type `u16` in the current scope
[INFO] [stdout]   --> /opt/rustwide/cargo-home/registry/src/github.com-1ecc6299db9ec823/network-endian-0.1.5/src/NetworkEndianU16.rs:25:21
[INFO] [stdout]    |
[INFO] [stdout] 25 |         u16::from_be(u16::from_bytes(self.0)).cmp(&u16::from_be(u16::from_bytes(other.0)))
[INFO] [stdout]    |                           ^^^^^^^^^^
[INFO] [stdout]    |                           |
[INFO] [stdout]    |                           function or associated item not found in `u16`
[INFO] [stdout]    |                           help: there is an associated function with a similar name: `from_be`
[INFO] [stdout] 
[INFO] [stdout] 
[INFO] [stdout] error[E0599]: no function or associated item named `from_bytes` found for type `u16` in the current scope
[INFO] [stdout]   --> /opt/rustwide/cargo-home/registry/src/github.com-1ecc6299db9ec823/network-endian-0.1.5/src/NetworkEndianU16.rs:25:64
[INFO] [stdout]    |
[INFO] [stdout] 25 |         u16::from_be(u16::from_bytes(self.0)).cmp(&u16::from_be(u16::from_bytes(other.0)))
[INFO] [stdout]    |                                                                      ^^^^^^^^^^
[INFO] [stdout]    |                                                                      |
[INFO] [stdout]    |                                                                      function or associated item not found in `u16`
[INFO] [stdout]    |                                                                      help: there is an associated function with a similar name: `from_be`
[INFO] [stdout] 
[INFO] [stdout] 
[INFO] [stdout] error[E0599]: no method named `to_bytes` found for type `u16` in the current scope
[INFO] [stdout]    --> /opt/rustwide/cargo-home/registry/src/github.com-1ecc6299db9ec823/network-endian-0.1.5/src/NetworkEndianU16.rs:113:42
[INFO] [stdout]     |
[INFO] [stdout] 113 |         NetworkEndianU16(native_endian.to_be().to_bytes())
[INFO] [stdout]     |                                                ^^^^^^^^ help: there is a method with a similar name: `to_be`
[INFO] [stdout]     |
[INFO] [stdout]     = help: items from traits can only be used if the trait is implemented and in scope
[INFO] [stdout] note: `NetworkEndian` defines an item `to_bytes`, perhaps you need to implement it
[INFO] [stdout]    --> /opt/rustwide/cargo-home/registry/src/github.com-1ecc6299db9ec823/network-endian-0.1.5/src/NetworkEndian.rs:6:1
[INFO] [stdout]     |
[INFO] [stdout] 6   | pub trait NetworkEndian: Sized + Default + Debug + Copy + Clone + PartialOrd + Ord + PartialEq + Eq + Hash + Display + Serialize + DeserializeOwned
[INFO] [stdout]     | ^^^^^^^^^^^^^^^^^^^^^^^^^^^^^^^^^^^^^^^^^^^^^^^^^^^^^^^^^^^^^^^^^^^^^^^^^^^^^^^^^^^^^^^^^^^^^^^^^^^^^^^^^^^^^^^^^^^^^^^^^^^^^^^^^^^^^^^^^^^^^^^^^^^
[INFO] [stdout] 
[INFO] [stdout] 
[INFO] [stdout] error[E0599]: no function or associated item named `from_bytes` found for type `u16` in the current scope
[INFO] [stdout]    --> /opt/rustwide/cargo-home/registry/src/github.com-1ecc6299db9ec823/network-endian-0.1.5/src/NetworkEndianU16.rs:126:8
[INFO] [stdout]     |
[INFO] [stdout] 126 |         u16::from_bytes(self.0)
[INFO] [stdout]     |              ^^^^^^^^^^
[INFO] [stdout]     |              |
[INFO] [stdout]     |              function or associated item not found in `u16`
[INFO] [stdout]     |              help: there is an associated function with a similar name: `from_be`
[INFO] [stdout] 
[INFO] [stdout] 
[INFO] [stdout] error[E0599]: no function or associated item named `from_bytes` found for type `u32` in the current scope
[INFO] [stdout]   --> /opt/rustwide/cargo-home/registry/src/github.com-1ecc6299db9ec823/network-endian-0.1.5/src/NetworkEndianU32.rs:16:21
[INFO] [stdout]    |
[INFO] [stdout] 16 |         u32::from_be(u32::from_bytes(self.0)).partial_cmp(&u32::from_be(u32::from_bytes(other.0)))
[INFO] [stdout]    |                           ^^^^^^^^^^
[INFO] [stdout]    |                           |
[INFO] [stdout]    |                           function or associated item not found in `u32`
[INFO] [stdout]    |                           help: there is an associated function with a similar name: `from_be`
[INFO] [stdout] 
[INFO] [stdout] 
[INFO] [stdout] error[E0599]: no function or associated item named `from_bytes` found for type `u32` in the current scope
[INFO] [stdout]   --> /opt/rustwide/cargo-home/registry/src/github.com-1ecc6299db9ec823/network-endian-0.1.5/src/NetworkEndianU32.rs:16:72
[INFO] [stdout]    |
[INFO] [stdout] 16 |         u32::from_be(u32::from_bytes(self.0)).partial_cmp(&u32::from_be(u32::from_bytes(other.0)))
[INFO] [stdout]    |                                                                              ^^^^^^^^^^
[INFO] [stdout]    |                                                                              |
[INFO] [stdout]    |                                                                              function or associated item not found in `u32`
[INFO] [stdout]    |                                                                              help: there is an associated function with a similar name: `from_be`
[INFO] [stdout] 
[INFO] [stdout] 
[INFO] [stdout] error[E0599]: no function or associated item named `from_bytes` found for type `u32` in the current scope
[INFO] [stdout]   --> /opt/rustwide/cargo-home/registry/src/github.com-1ecc6299db9ec823/network-endian-0.1.5/src/NetworkEndianU32.rs:25:21
[INFO] [stdout]    |
[INFO] [stdout] 25 |         u32::from_be(u32::from_bytes(self.0)).cmp(&u32::from_be(u32::from_bytes(other.0)))
[INFO] [stdout]    |                           ^^^^^^^^^^
[INFO] [stdout]    |                           |
[INFO] [stdout]    |                           function or associated item not found in `u32`
[INFO] [stdout]    |                           help: there is an associated function with a similar name: `from_be`
[INFO] [stdout] 
[INFO] [stdout] 
[INFO] [stdout] error[E0599]: no function or associated item named `from_bytes` found for type `u32` in the current scope
[INFO] [stdout]   --> /opt/rustwide/cargo-home/registry/src/github.com-1ecc6299db9ec823/network-endian-0.1.5/src/NetworkEndianU32.rs:25:64
[INFO] [stdout]    |
[INFO] [stdout] 25 |         u32::from_be(u32::from_bytes(self.0)).cmp(&u32::from_be(u32::from_bytes(other.0)))
[INFO] [stdout]    |                                                                      ^^^^^^^^^^
[INFO] [stdout]    |                                                                      |
[INFO] [stdout]    |                                                                      function or associated item not found in `u32`
[INFO] [stdout]    |                                                                      help: there is an associated function with a similar name: `from_be`
[INFO] [stdout] 
[INFO] [stdout] 
[INFO] [stdout] error[E0599]: no method named `to_bytes` found for type `u32` in the current scope
[INFO] [stdout]    --> /opt/rustwide/cargo-home/registry/src/github.com-1ecc6299db9ec823/network-endian-0.1.5/src/NetworkEndianU32.rs:116:42
[INFO] [stdout]     |
[INFO] [stdout] 116 |         NetworkEndianU32(native_endian.to_be().to_bytes())
[INFO] [stdout]     |                                                ^^^^^^^^ help: there is a method with a similar name: `to_be`
[INFO] [stdout]     |
[INFO] [stdout]     = help: items from traits can only be used if the trait is implemented and in scope
[INFO] [stdout] note: `NetworkEndian` defines an item `to_bytes`, perhaps you need to implement it
[INFO] [stdout]    --> /opt/rustwide/cargo-home/registry/src/github.com-1ecc6299db9ec823/network-endian-0.1.5/src/NetworkEndian.rs:6:1
[INFO] [stdout]     |
[INFO] [stdout] 6   | pub trait NetworkEndian: Sized + Default + Debug + Copy + Clone + PartialOrd + Ord + PartialEq + Eq + Hash + Display + Serialize + DeserializeOwned
[INFO] [stdout]     | ^^^^^^^^^^^^^^^^^^^^^^^^^^^^^^^^^^^^^^^^^^^^^^^^^^^^^^^^^^^^^^^^^^^^^^^^^^^^^^^^^^^^^^^^^^^^^^^^^^^^^^^^^^^^^^^^^^^^^^^^^^^^^^^^^^^^^^^^^^^^^^^^^^^
[INFO] [stdout] 
[INFO] [stdout] 
[INFO] [stdout] error[E0599]: no function or associated item named `from_bytes` found for type `u32` in the current scope
[INFO] [stdout]    --> /opt/rustwide/cargo-home/registry/src/github.com-1ecc6299db9ec823/network-endian-0.1.5/src/NetworkEndianU32.rs:129:8
[INFO] [stdout]     |
[INFO] [stdout] 129 |         u32::from_bytes(self.0)
[INFO] [stdout]     |              ^^^^^^^^^^
[INFO] [stdout]     |              |
[INFO] [stdout]     |              function or associated item not found in `u32`
[INFO] [stdout]     |              help: there is an associated function with a similar name: `from_be`
[INFO] [stdout] 
[INFO] [stdout] 
[INFO] [stdout] error[E0599]: no function or associated item named `from_bytes` found for type `u128` in the current scope
[INFO] [stdout]   --> /opt/rustwide/cargo-home/registry/src/github.com-1ecc6299db9ec823/network-endian-0.1.5/src/NetworkEndianU128.rs:16:23
[INFO] [stdout]    |
[INFO] [stdout] 16 |         u128::from_be(u128::from_bytes(self.0)).partial_cmp(&u128::from_be(u128::from_bytes(other.0)))
[INFO] [stdout]    |                             ^^^^^^^^^^
[INFO] [stdout]    |                             |
[INFO] [stdout]    |                             function or associated item not found in `u128`
[INFO] [stdout]    |                             help: there is an associated function with a similar name: `from_be`
[INFO] [stdout] 
[INFO] [stdout] 
[INFO] [stdout] error[E0599]: no function or associated item named `from_bytes` found for type `u128` in the current scope
[INFO] [stdout]   --> /opt/rustwide/cargo-home/registry/src/github.com-1ecc6299db9ec823/network-endian-0.1.5/src/NetworkEndianU128.rs:16:76
[INFO] [stdout]    |
[INFO] [stdout] 16 |         u128::from_be(u128::from_bytes(self.0)).partial_cmp(&u128::from_be(u128::from_bytes(other.0)))
[INFO] [stdout]    |                                                                                  ^^^^^^^^^^
[INFO] [stdout]    |                                                                                  |
[INFO] [stdout]    |                                                                                  function or associated item not found in `u128`
[INFO] [stdout]    |                                                                                  help: there is an associated function with a similar name: `from_be`
[INFO] [stdout] 
[INFO] [stdout] 
[INFO] [stdout] error[E0599]: no function or associated item named `from_bytes` found for type `u128` in the current scope
[INFO] [stdout]   --> /opt/rustwide/cargo-home/registry/src/github.com-1ecc6299db9ec823/network-endian-0.1.5/src/NetworkEndianU128.rs:25:23
[INFO] [stdout]    |
[INFO] [stdout] 25 |         u128::from_be(u128::from_bytes(self.0)).cmp(&u128::from_be(u128::from_bytes(other.0)))
[INFO] [stdout]    |                             ^^^^^^^^^^
[INFO] [stdout]    |                             |
[INFO] [stdout]    |                             function or associated item not found in `u128`
[INFO] [stdout]    |                             help: there is an associated function with a similar name: `from_be`
[INFO] [stdout] 
[INFO] [stdout] 
[INFO] [stdout] error[E0599]: no function or associated item named `from_bytes` found for type `u128` in the current scope
[INFO] [stdout]   --> /opt/rustwide/cargo-home/registry/src/github.com-1ecc6299db9ec823/network-endian-0.1.5/src/NetworkEndianU128.rs:25:68
[INFO] [stdout]    |
[INFO] [stdout] 25 |         u128::from_be(u128::from_bytes(self.0)).cmp(&u128::from_be(u128::from_bytes(other.0)))
[INFO] [stdout]    |                                                                          ^^^^^^^^^^
[INFO] [stdout]    |                                                                          |
[INFO] [stdout]    |                                                                          function or associated item not found in `u128`
[INFO] [stdout]    |                                                                          help: there is an associated function with a similar name: `from_be`
[INFO] [stdout] 
[INFO] [stdout] 
[INFO] [stdout] error: aborting due to 4 previous errors
[INFO] [stdout] 
[INFO] [stdout] 
[INFO] [stdout] Some errors have detailed explanations: E0554, E0557.
[INFO] [stdout] 
[INFO] [stdout] For more information about an error, try `rustc --explain E0554`.
[INFO] [stdout] 
[INFO] [stdout] error[E0599]: no method named `to_bytes` found for type `u128` in the current scope
[INFO] [stdout]    --> /opt/rustwide/cargo-home/registry/src/github.com-1ecc6299db9ec823/network-endian-0.1.5/src/NetworkEndianU128.rs:113:43
[INFO] [stdout]     |
[INFO] [stdout] 113 |         NetworkEndianU128(native_endian.to_be().to_bytes())
[INFO] [stdout]     |                                                 ^^^^^^^^ help: there is a method with a similar name: `to_be`
[INFO] [stdout]     |
[INFO] [stdout]     = help: items from traits can only be used if the trait is implemented and in scope
[INFO] [stdout] note: `NetworkEndian` defines an item `to_bytes`, perhaps you need to implement it
[INFO] [stdout]    --> /opt/rustwide/cargo-home/registry/src/github.com-1ecc6299db9ec823/network-endian-0.1.5/src/NetworkEndian.rs:6:1
[INFO] [stdout]     |
[INFO] [stdout] 6   | pub trait NetworkEndian: Sized + Default + Debug + Copy + Clone + PartialOrd + Ord + PartialEq + Eq + Hash + Display + Serialize + DeserializeOwned
[INFO] [stdout]     | ^^^^^^^^^^^^^^^^^^^^^^^^^^^^^^^^^^^^^^^^^^^^^^^^^^^^^^^^^^^^^^^^^^^^^^^^^^^^^^^^^^^^^^^^^^^^^^^^^^^^^^^^^^^^^^^^^^^^^^^^^^^^^^^^^^^^^^^^^^^^^^^^^^^
[INFO] [stdout] 
[INFO] [stdout] 
[INFO] [stdout] error[E0599]: no function or associated item named `from_bytes` found for type `u128` in the current scope
[INFO] [stdout]    --> /opt/rustwide/cargo-home/registry/src/github.com-1ecc6299db9ec823/network-endian-0.1.5/src/NetworkEndianU128.rs:126:9
[INFO] [stdout]     |
[INFO] [stdout] 126 |         u128::from_bytes(self.0)
[INFO] [stdout]     |               ^^^^^^^^^^
[INFO] [stdout]     |               |
[INFO] [stdout]     |               function or associated item not found in `u128`
[INFO] [stdout]     |               help: there is an associated function with a similar name: `from_be`
[INFO] [stdout] 
[INFO] [stdout] 
[INFO] [stdout] error: aborting due to 4 previous errors
[INFO] [stdout] 
[INFO] [stdout] 
[INFO] [stdout] Some errors have detailed explanations: E0554, E0557.
[INFO] [stdout] 
[INFO] [stdout] For more information about an error, try `rustc --explain E0554`.
[INFO] [stdout] 
[INFO] [stdout] error: aborting due to 19 previous errors
[INFO] [stdout] 
[INFO] [stdout] 
[INFO] [stdout] Some errors have detailed explanations: E0557, E0599.
[INFO] [stdout] 
[INFO] [stdout] For more information about an error, try `rustc --explain E0557`.
[INFO] [stdout] 
[INFO] [stderr] error: could not compile `network-time` due to 5 previous errors
[INFO] [stderr] warning: build failed, waiting for other jobs to finish...
[INFO] [stderr] error: could not compile `network-packet` due to 5 previous errors
[INFO] [stderr] error: could not compile `network-endian` due to 20 previous errors
[INFO] running `Command { std: "docker" "inspect" "d7740cc1afa82444be288760af803b4fa707ea7d1cde81dd69efef13e2bf7a54", kill_on_drop: false }`
[INFO] running `Command { std: "docker" "rm" "-f" "d7740cc1afa82444be288760af803b4fa707ea7d1cde81dd69efef13e2bf7a54", kill_on_drop: false }`
[INFO] [stdout] d7740cc1afa82444be288760af803b4fa707ea7d1cde81dd69efef13e2bf7a54
