[INFO] fetching crate mq-surreal 0.4.6...
[INFO] documenting mq-surreal-0.4.6 against 1.69.0 for beta-1.70-rustdoc-1
[INFO] extracting crate mq-surreal 0.4.6 into /workspace/builds/worker-7-tc1/source
[INFO] validating manifest of crates.io crate mq-surreal 0.4.6 on toolchain 1.69.0
[INFO] running `Command { std: CARGO_HOME="/workspace/cargo-home" RUSTUP_HOME="/workspace/rustup-home" "/workspace/cargo-home/bin/cargo" "+1.69.0" "metadata" "--manifest-path" "Cargo.toml" "--no-deps", kill_on_drop: false }`
[INFO] started tweaking crates.io crate mq-surreal 0.4.6
[INFO] finished tweaking crates.io crate mq-surreal 0.4.6
[INFO] tweaked toml for crates.io crate mq-surreal 0.4.6 written to /workspace/builds/worker-7-tc1/source/Cargo.toml
[INFO] running `Command { std: CARGO_HOME="/workspace/cargo-home" RUSTUP_HOME="/workspace/rustup-home" __CARGO_TEST_CHANNEL_OVERRIDE_DO_NOT_USE_THIS="nightly" "/workspace/cargo-home/bin/cargo" "+1.69.0" "generate-lockfile" "--manifest-path" "Cargo.toml" "-Zno-index-update", kill_on_drop: false }`
[INFO] running `Command { std: CARGO_HOME="/workspace/cargo-home" RUSTUP_HOME="/workspace/rustup-home" "/workspace/cargo-home/bin/cargo" "+1.69.0" "fetch" "--manifest-path" "Cargo.toml", kill_on_drop: false }`
[INFO] [stderr]  Downloading crates ...
[INFO] [stderr]   Downloaded sysctl v0.4.6
[INFO] [stderr]   Downloaded winreg v0.8.0
[INFO] [stderr]   Downloaded mq v0.4.8
[INFO] [stderr]   Downloaded xid v1.0.3
[INFO] running `Command { std: "docker" "create" "-v" "/var/lib/crater-agent-workspace/builds/worker-7-tc1/target:/opt/rustwide/target:rw,Z" "-v" "/var/lib/crater-agent-workspace/builds/worker-7-tc1/source:/opt/rustwide/workdir:ro,Z" "-v" "/var/lib/crater-agent-workspace/cargo-home:/opt/rustwide/cargo-home:ro,Z" "-v" "/var/lib/crater-agent-workspace/rustup-home:/opt/rustwide/rustup-home:ro,Z" "-e" "SOURCE_DIR=/opt/rustwide/workdir" "-e" "CARGO_TARGET_DIR=/opt/rustwide/target" "-e" "CARGO_HOME=/opt/rustwide/cargo-home" "-e" "RUSTUP_HOME=/opt/rustwide/rustup-home" "-w" "/opt/rustwide/workdir" "-m" "1610612736" "--user" "0:0" "--network" "none" "ghcr.io/rust-lang/crates-build-env/linux@sha256:5ff2268d62e97bff2cde7d5815dd6ed5b47097566f13b8d0ca110b04b60e07ed" "/opt/rustwide/cargo-home/bin/cargo" "+1.69.0" "metadata" "--no-deps" "--format-version=1", kill_on_drop: false }`
[INFO] [stdout] 17bae5724f2b0158c9931ce4593acb78dbe673d55df4126e15a6bb491db8de07
[INFO] running `Command { std: "docker" "start" "-a" "17bae5724f2b0158c9931ce4593acb78dbe673d55df4126e15a6bb491db8de07", kill_on_drop: false }`
[INFO] running `Command { std: "docker" "inspect" "17bae5724f2b0158c9931ce4593acb78dbe673d55df4126e15a6bb491db8de07", kill_on_drop: false }`
[INFO] running `Command { std: "docker" "rm" "-f" "17bae5724f2b0158c9931ce4593acb78dbe673d55df4126e15a6bb491db8de07", kill_on_drop: false }`
[INFO] [stdout] 17bae5724f2b0158c9931ce4593acb78dbe673d55df4126e15a6bb491db8de07
[INFO] running `Command { std: "docker" "create" "-v" "/var/lib/crater-agent-workspace/builds/worker-7-tc1/target:/opt/rustwide/target:rw,Z" "-v" "/var/lib/crater-agent-workspace/builds/worker-7-tc1/source:/opt/rustwide/workdir:ro,Z" "-v" "/var/lib/crater-agent-workspace/cargo-home:/opt/rustwide/cargo-home:ro,Z" "-v" "/var/lib/crater-agent-workspace/rustup-home:/opt/rustwide/rustup-home:ro,Z" "-e" "SOURCE_DIR=/opt/rustwide/workdir" "-e" "CARGO_TARGET_DIR=/opt/rustwide/target" "-e" "CARGO_INCREMENTAL=0" "-e" "RUST_BACKTRACE=full" "-e" "RUSTFLAGS=--cap-lints=warn" "-e" "RUSTDOCFLAGS=--cap-lints=warn" "-e" "CARGO_HOME=/opt/rustwide/cargo-home" "-e" "RUSTUP_HOME=/opt/rustwide/rustup-home" "-w" "/opt/rustwide/workdir" "-m" "1610612736" "--user" "0:0" "--network" "none" "ghcr.io/rust-lang/crates-build-env/linux@sha256:5ff2268d62e97bff2cde7d5815dd6ed5b47097566f13b8d0ca110b04b60e07ed" "/opt/rustwide/cargo-home/bin/cargo" "+1.69.0" "doc" "--frozen" "--no-deps" "--document-private-items" "--message-format=json", kill_on_drop: false }`
[INFO] [stdout] 6376e64258560b78af0425739c894dd7993199d4b6e6c09b3fd1c210a3c9549b
[INFO] running `Command { std: "docker" "start" "-a" "6376e64258560b78af0425739c894dd7993199d4b6e6c09b3fd1c210a3c9549b", kill_on_drop: false }`
[INFO] [stderr]    Compiling libm v0.2.6
[INFO] [stderr]    Compiling num-traits v0.2.15
[INFO] [stderr]    Compiling syn v1.0.109
[INFO] [stderr]    Compiling semver v1.0.17
[INFO] [stderr]    Compiling syn v2.0.15
[INFO] [stderr]     Checking generic-array v0.14.7
[INFO] [stderr]    Compiling ring v0.16.20
[INFO] [stderr]    Compiling tokio v1.28.0
[INFO] [stderr]    Compiling futures-channel v0.3.28
[INFO] [stderr]    Compiling wasm-bindgen-shared v0.2.84
[INFO] [stderr]     Checking futures-io v0.3.28
[INFO] [stderr]     Checking rand v0.8.5
[INFO] [stderr]    Compiling futures-util v0.3.28
[INFO] [stderr]    Compiling log v0.4.17
[INFO] [stderr]    Compiling rustls v0.20.8
[INFO] [stderr]    Compiling bumpalo v3.12.1
[INFO] [stderr]     Checking hash32 v0.2.1
[INFO] [stderr]     Checking stable_deref_trait v1.2.0
[INFO] [stderr]    Compiling paste v1.0.12
[INFO] [stderr]     Checking base64ct v1.6.0
[INFO] [stderr]    Compiling radium v0.7.0
[INFO] [stderr]    Compiling atomic v0.5.1
[INFO] [stderr]    Compiling num-bigint v0.4.3
[INFO] [stderr]    Compiling wasm-bindgen v0.2.84
[INFO] [stderr]     Checking tap v1.0.1
[INFO] [stderr]     Checking password-hash v0.5.0
[INFO] [stderr]     Checking concurrent-queue v2.2.0
[INFO] [stderr]     Checking wyz v0.5.1
[INFO] [stderr]     Checking crypto-common v0.1.6
[INFO] [stderr]     Checking block-buffer v0.10.4
[INFO] [stderr]     Checking inout v0.1.3
[INFO] [stderr]     Checking utf-8 v0.7.6
[INFO] [stderr]     Checking funty v2.0.0
[INFO] [stderr]     Checking match_cfg v0.1.0
[INFO] [stderr]     Checking parking v2.1.0
[INFO] [stderr]     Checking digest v0.10.6
[INFO] [stderr]     Checking geographiclib-rs v0.2.3
[INFO] [stderr]     Checking cipher v0.4.4
[INFO] [stderr]     Checking async-lock v2.7.0
[INFO] [stderr]     Checking hostname v0.3.1
[INFO] [stderr]     Checking psl-types v2.0.11
[INFO] [stderr]     Checking futures-lite v1.13.0
[INFO] [stderr]     Checking float_next_after v1.0.0
[INFO] [stderr]     Checking base64 v0.21.0
[INFO] [stderr]     Checking hmac v0.12.1
[INFO] [stderr]     Checking sha2 v0.10.6
[INFO] [stderr]     Checking sha1 v0.10.5
[INFO] [stderr]     Checking blake2 v0.10.6
[INFO] [stderr]     Checking any_ascii v0.3.2
[INFO] [stderr]     Checking urlencoding v2.1.2
[INFO] [stderr]     Checking blowfish v0.9.1
[INFO] [stderr]     Checking salsa20 v0.10.2
[INFO] [stderr]     Checking md5 v0.7.0
[INFO] [stderr]     Checking zeroize v1.6.0
[INFO] [stderr]     Checking robust v0.2.3
[INFO] [stderr]     Checking async-task v4.4.0
[INFO] [stderr]     Checking time-core v0.1.0
[INFO] [stderr]     Checking argon2 v0.5.0
[INFO] [stderr]     Checking lexicmp v0.1.0
[INFO] [stderr]     Checking bitvec v1.0.1
[INFO] [stderr]     Checking nom v7.1.3
[INFO] [stderr]     Checking pbkdf2 v0.12.1
[INFO] [stderr]     Checking dmp v0.1.3
[INFO] [stderr]     Checking bcrypt v0.14.0
[INFO] [stderr]     Checking addr v0.15.6
[INFO] [stderr]     Checking sha-1 v0.10.1
[INFO] [stderr]     Checking md-5 v0.10.5
[INFO] [stderr]     Checking fuzzy-matcher v0.3.7
[INFO] [stderr]     Checking async-channel v1.8.0
[INFO] [stderr]     Checking nanoid v0.4.0
[INFO] [stderr]     Checking async-executor v1.5.1
[INFO] [stderr]     Checking scrypt v0.11.0
[INFO] [stderr]     Checking trice v0.3.1
[INFO] [stderr]     Checking num-integer v0.1.45
[INFO] [stderr]     Checking approx v0.5.1
[INFO] [stderr]     Checking rmp v0.8.11
[INFO] [stderr]     Checking sct v0.7.0
[INFO] [stderr]     Checking webpki v0.22.0
[INFO] [stderr]    Compiling wasm-bindgen-backend v0.2.84
[INFO] [stderr]    Compiling darling_core v0.20.0
[INFO] [stderr]    Compiling pin-project-internal v1.0.12
[INFO] [stderr]    Compiling surrealdb-derive v0.7.0
[INFO] [stderr]    Compiling wasm-bindgen-macro-support v0.2.84
[INFO] [stderr]    Compiling serde_derive v1.0.160
[INFO] [stderr]    Compiling thiserror-impl v1.0.40
[INFO] [stderr]    Compiling tokio-macros v2.1.0
[INFO] [stderr]    Compiling futures-macro v0.3.28
[INFO] [stderr]    Compiling tracing-attributes v0.1.24
[INFO] [stderr]    Compiling async-recursion v1.0.4
[INFO] [stderr]    Compiling async-trait v0.1.68
[INFO] [stderr]    Compiling wasm-bindgen-macro v0.2.84
[INFO] [stderr]     Checking pin-project v1.0.12
[INFO] [stderr]     Checking futures-concurrency v7.2.0
[INFO] [stderr]     Checking flume v0.10.14
[INFO] [stderr]    Compiling darling_macro v0.20.0
[INFO] [stderr]     Checking thiserror v1.0.40
[INFO] [stderr]     Checking tracing v0.1.37
[INFO] [stderr]     Checking tungstenite v0.18.0
[INFO] [stderr]     Checking xid v1.0.3
[INFO] [stderr]    Compiling darling v0.20.0
[INFO] [stderr]    Compiling serde_with_macros v2.3.3
[INFO] [stderr]     Checking serde v1.0.160
[INFO] [stderr]     Checking futures-executor v0.3.28
[INFO] [stderr]     Checking futures v0.3.28
[INFO] [stderr]     Checking tokio-rustls v0.23.4
[INFO] [stderr]     Checking tokio-stream v0.1.14
[INFO] [stderr]     Checking tokio-util v0.7.8
[INFO] [stderr]     Checking tokio-tungstenite v0.18.0
[INFO] [stderr]     Checking serde_json v1.0.96
[INFO] [stderr]     Checking time v0.3.20
[INFO] [stderr]     Checking indexmap v1.9.3
[INFO] [stderr]     Checking bung v0.1.0
[INFO] [stderr]     Checking bigdecimal v0.3.0
[INFO] [stderr]     Checking storekey v0.4.1
[INFO] [stderr]     Checking serde_with v2.3.3
[INFO] [stderr]     Checking chrono v0.4.24
[INFO] [stderr]     Checking uuid v1.3.2
[INFO] [stderr]     Checking ulid v1.0.0
[INFO] [stderr]    Compiling rustc_version v0.4.0
[INFO] [stderr]    Compiling heapless v0.7.16
[INFO] [stderr]     Checking rstar v0.10.0
[INFO] [stderr]     Checking mq v0.4.8
[INFO] [stderr]     Checking geo-types v0.7.9
[INFO] [stderr]     Checking geo v0.24.1
[INFO] [stderr]     Checking surrealdb v1.0.0-beta.9+20230402
[INFO] [stdout] error: there is no argument named `l`
[INFO] [stdout]    --> /opt/rustwide/cargo-home/registry/src/github.com-1ecc6299db9ec823/surrealdb-1.0.0-beta.9+20230402/src/sql/function.rs:127:42
[INFO] [stdout]     |
[INFO] [stdout] 127 |     #[cfg_attr(not(target_arch = "wasm32"), async_recursion)]
[INFO] [stdout]     |                                             ^^^^^^^^^^^^^^^
[INFO] [stdout]     |
[INFO] [stdout]     = note: did you intend to capture a variable `l` from the surrounding scope?
[INFO] [stdout]     = note: to avoid ambiguity, `format_args!` cannot capture variables when the format string is expanded from a macro
[INFO] [stdout]     = note: this error originates in the attribute macro `async_recursion` (in Nightly builds, run with -Z macro-backtrace for more info)
[INFO] [stdout] 
[INFO] [stdout] 
[INFO] [stdout] error[E0425]: cannot find value `adocs` in this scope
[INFO] [stdout]    --> /opt/rustwide/cargo-home/registry/src/github.com-1ecc6299db9ec823/surrealdb-1.0.0-beta.9+20230402/src/dbs/iterator.rs:371:2
[INFO] [stdout]     |
[INFO] [stdout] 371 |     #[async_recursion]
[INFO] [stdout]     |     ^^^^^^^^^^^^^^^^^^ not found in this scope
[INFO] [stdout]     |
[INFO] [stdout]     = note: this error originates in the macro `$crate::join_internal` which comes from the expansion of the attribute macro `async_recursion` (in Nightly builds, run with -Z macro-backtrace for more info)
[INFO] [stdout] 
[INFO] [stdout] 
[INFO] [stdout] error[E0425]: cannot find value `avals` in this scope
[INFO] [stdout]    --> /opt/rustwide/cargo-home/registry/src/github.com-1ecc6299db9ec823/surrealdb-1.0.0-beta.9+20230402/src/dbs/iterator.rs:371:2
[INFO] [stdout]     |
[INFO] [stdout] 371 |     #[async_recursion]
[INFO] [stdout]     |     ^^^^^^^^^^^^^^^^^^ not found in this scope
[INFO] [stdout]     |
[INFO] [stdout]     = note: this error originates in the macro `$crate::join_internal` which comes from the expansion of the attribute macro `async_recursion` (in Nightly builds, run with -Z macro-backtrace for more info)
[INFO] [stdout] 
[INFO] [stdout] 
[INFO] [stdout] error[E0425]: cannot find value `aproc` in this scope
[INFO] [stdout]    --> /opt/rustwide/cargo-home/registry/src/github.com-1ecc6299db9ec823/surrealdb-1.0.0-beta.9+20230402/src/dbs/iterator.rs:371:2
[INFO] [stdout]     |
[INFO] [stdout] 371 |     #[async_recursion]
[INFO] [stdout]     |     ^^^^^^^^^^^^^^^^^^ not found in this scope
[INFO] [stdout]     |
[INFO] [stdout]     = note: this error originates in the macro `$crate::join_internal` which comes from the expansion of the attribute macro `async_recursion` (in Nightly builds, run with -Z macro-backtrace for more info)
[INFO] [stdout] 
[INFO] [stdout] 
[INFO] [stdout] error[E0425]: cannot find value `fut` in this scope
[INFO] [stdout]    --> /opt/rustwide/cargo-home/registry/src/github.com-1ecc6299db9ec823/surrealdb-1.0.0-beta.9+20230402/src/dbs/iterator.rs:371:2
[INFO] [stdout]     |
[INFO] [stdout] 371 |     #[async_recursion]
[INFO] [stdout]     |     ^^^^^^^^^^^^^^^^^^ not found in this scope
[INFO] [stdout]     |
[INFO] [stdout]     = note: this error originates in the macro `$crate::join_internal` which comes from the expansion of the attribute macro `async_recursion` (in Nightly builds, run with -Z macro-backtrace for more info)
[INFO] [stdout] 
[INFO] [stdout] 
[INFO] [stdout] error: aborting due to 5 previous errors
[INFO] [stdout] 
[INFO] [stdout] 
[INFO] [stdout] For more information about this error, try `rustc --explain E0425`.
[INFO] [stdout] 
[INFO] [stderr] error: could not compile `surrealdb` due to 6 previous errors
[INFO] running `Command { std: "docker" "inspect" "6376e64258560b78af0425739c894dd7993199d4b6e6c09b3fd1c210a3c9549b", kill_on_drop: false }`
[INFO] running `Command { std: "docker" "rm" "-f" "6376e64258560b78af0425739c894dd7993199d4b6e6c09b3fd1c210a3c9549b", kill_on_drop: false }`
[INFO] [stdout] 6376e64258560b78af0425739c894dd7993199d4b6e6c09b3fd1c210a3c9549b
