[INFO] fetching crate melodies 0.1.0...
[INFO] documenting melodies-0.1.0 against 1.69.0 for beta-1.70-rustdoc-1
[INFO] extracting crate melodies 0.1.0 into /workspace/builds/worker-5-tc1/source
[INFO] validating manifest of crates.io crate melodies 0.1.0 on toolchain 1.69.0
[INFO] running `Command { std: CARGO_HOME="/workspace/cargo-home" RUSTUP_HOME="/workspace/rustup-home" "/workspace/cargo-home/bin/cargo" "+1.69.0" "metadata" "--manifest-path" "Cargo.toml" "--no-deps", kill_on_drop: false }`
[INFO] started tweaking crates.io crate melodies 0.1.0
[INFO] finished tweaking crates.io crate melodies 0.1.0
[INFO] tweaked toml for crates.io crate melodies 0.1.0 written to /workspace/builds/worker-5-tc1/source/Cargo.toml
[INFO] running `Command { std: CARGO_HOME="/workspace/cargo-home" RUSTUP_HOME="/workspace/rustup-home" __CARGO_TEST_CHANNEL_OVERRIDE_DO_NOT_USE_THIS="nightly" "/workspace/cargo-home/bin/cargo" "+1.69.0" "generate-lockfile" "--manifest-path" "Cargo.toml" "-Zno-index-update", kill_on_drop: false }`
[INFO] [stderr]     Blocking waiting for file lock on package cache
[INFO] running `Command { std: CARGO_HOME="/workspace/cargo-home" RUSTUP_HOME="/workspace/rustup-home" "/workspace/cargo-home/bin/cargo" "+1.69.0" "fetch" "--manifest-path" "Cargo.toml", kill_on_drop: false }`
[INFO] [stderr]  Downloading crates ...
[INFO] [stderr]   Downloaded melodies-core v0.1.0
[INFO] [stderr]   Downloaded melodies-ring v0.1.0
[INFO] [stderr]   Downloaded melodies-chacha20poly1305 v0.1.0
[INFO] [stderr]   Downloaded melodies-blake2 v0.1.0
[INFO] [stderr]   Downloaded melodies-x25519-dalek v0.1.0
[INFO] [stderr]   Downloaded x25519-dalek v2.0.0-rc.2
[INFO] [stderr]   Downloaded platforms v3.0.2
[INFO] [stderr]   Downloaded curve25519-dalek v4.0.0-rc.2
[INFO] running `Command { std: "docker" "create" "-v" "/var/lib/crater-agent-workspace/builds/worker-5-tc1/target:/opt/rustwide/target:rw,Z" "-v" "/var/lib/crater-agent-workspace/builds/worker-5-tc1/source:/opt/rustwide/workdir:ro,Z" "-v" "/var/lib/crater-agent-workspace/cargo-home:/opt/rustwide/cargo-home:ro,Z" "-v" "/var/lib/crater-agent-workspace/rustup-home:/opt/rustwide/rustup-home:ro,Z" "-e" "SOURCE_DIR=/opt/rustwide/workdir" "-e" "CARGO_TARGET_DIR=/opt/rustwide/target" "-e" "CARGO_HOME=/opt/rustwide/cargo-home" "-e" "RUSTUP_HOME=/opt/rustwide/rustup-home" "-w" "/opt/rustwide/workdir" "-m" "1610612736" "--user" "0:0" "--network" "none" "ghcr.io/rust-lang/crates-build-env/linux@sha256:5ff2268d62e97bff2cde7d5815dd6ed5b47097566f13b8d0ca110b04b60e07ed" "/opt/rustwide/cargo-home/bin/cargo" "+1.69.0" "metadata" "--no-deps" "--format-version=1", kill_on_drop: false }`
[INFO] [stdout] aa407d70931b13d4e59e508605178f9b916320e3e490cd268c981bbb83dc871d
[INFO] running `Command { std: "docker" "start" "-a" "aa407d70931b13d4e59e508605178f9b916320e3e490cd268c981bbb83dc871d", kill_on_drop: false }`
[INFO] running `Command { std: "docker" "inspect" "aa407d70931b13d4e59e508605178f9b916320e3e490cd268c981bbb83dc871d", kill_on_drop: false }`
[INFO] running `Command { std: "docker" "rm" "-f" "aa407d70931b13d4e59e508605178f9b916320e3e490cd268c981bbb83dc871d", kill_on_drop: false }`
[INFO] [stdout] aa407d70931b13d4e59e508605178f9b916320e3e490cd268c981bbb83dc871d
[INFO] running `Command { std: "docker" "create" "-v" "/var/lib/crater-agent-workspace/builds/worker-5-tc1/target:/opt/rustwide/target:rw,Z" "-v" "/var/lib/crater-agent-workspace/builds/worker-5-tc1/source:/opt/rustwide/workdir:ro,Z" "-v" "/var/lib/crater-agent-workspace/cargo-home:/opt/rustwide/cargo-home:ro,Z" "-v" "/var/lib/crater-agent-workspace/rustup-home:/opt/rustwide/rustup-home:ro,Z" "-e" "SOURCE_DIR=/opt/rustwide/workdir" "-e" "CARGO_TARGET_DIR=/opt/rustwide/target" "-e" "CARGO_INCREMENTAL=0" "-e" "RUST_BACKTRACE=full" "-e" "RUSTFLAGS=--cap-lints=warn" "-e" "RUSTDOCFLAGS=--cap-lints=warn" "-e" "CARGO_HOME=/opt/rustwide/cargo-home" "-e" "RUSTUP_HOME=/opt/rustwide/rustup-home" "-w" "/opt/rustwide/workdir" "-m" "1610612736" "--user" "0:0" "--network" "none" "ghcr.io/rust-lang/crates-build-env/linux@sha256:5ff2268d62e97bff2cde7d5815dd6ed5b47097566f13b8d0ca110b04b60e07ed" "/opt/rustwide/cargo-home/bin/cargo" "+1.69.0" "doc" "--frozen" "--no-deps" "--document-private-items" "--message-format=json", kill_on_drop: false }`
[INFO] [stdout] c52337df91988d1da3e84a82480d0e5566f24161267af9e09f5d8659ff38963d
[INFO] running `Command { std: "docker" "start" "-a" "c52337df91988d1da3e84a82480d0e5566f24161267af9e09f5d8659ff38963d", kill_on_drop: false }`
[INFO] [stderr]    Compiling libc v0.2.142
[INFO] [stderr]    Compiling typenum v1.16.0
[INFO] [stderr]    Compiling version_check v0.9.4
[INFO] [stderr]    Compiling platforms v3.0.2
[INFO] [stderr]     Checking subtle v2.4.1
[INFO] [stderr]    Compiling cc v1.0.79
[INFO] [stderr]     Checking ppv-lite86 v0.2.17
[INFO] [stderr]     Checking untrusted v0.7.1
[INFO] [stderr]     Checking spin v0.5.2
[INFO] [stderr]     Checking once_cell v1.17.1
[INFO] [stderr]    Compiling syn v2.0.15
[INFO] [stderr]    Compiling generic-array v0.14.7
[INFO] [stderr]    Compiling curve25519-dalek v4.0.0-rc.2
[INFO] [stderr]    Compiling ring v0.16.20
[INFO] [stderr]     Checking getrandom v0.2.9
[INFO] [stderr]     Checking rand_core v0.6.4
[INFO] [stderr]     Checking rand_chacha v0.3.1
[INFO] [stderr]     Checking rand v0.8.5
[INFO] [stderr]    Compiling zeroize_derive v1.4.2
[INFO] [stderr]     Checking zeroize v1.6.0
[INFO] [stderr]     Checking melodies-core v0.1.0
[INFO] [stderr]     Checking melodies-ring v0.1.0
[INFO] [stderr]     Checking crypto-common v0.1.6
[INFO] [stderr]     Checking block-buffer v0.10.4
[INFO] [stderr]     Checking x25519-dalek v2.0.0-rc.2
[INFO] [stderr]     Checking digest v0.10.6
[INFO] [stderr]     Checking melodies-x25519-dalek v0.1.0
[INFO] [stdout] error[E0432]: unresolved import `x25519_dalek::StaticSecret`
[INFO] [stdout]  --> /opt/rustwide/cargo-home/registry/src/github.com-1ecc6299db9ec823/melodies-x25519-dalek-0.1.0/src/lib.rs:4:37
[INFO] [stdout]   |
[INFO] [stdout] 4 | use x25519_dalek::{self, PublicKey, StaticSecret};
[INFO] [stdout]   |                                     ^^^^^^^^^^^^
[INFO] [stdout]   |                                     |
[INFO] [stdout]   |                                     no `StaticSecret` in the root
[INFO] [stdout]   |                                     help: a similar name exists in the module: `SharedSecret`
[INFO] [stdout] 
[INFO] [stdout] 
[INFO] [stdout] error[E0433]: failed to resolve: could not find `StaticSecret` in `x25519_dalek`
[INFO] [stdout]   --> /opt/rustwide/cargo-home/registry/src/github.com-1ecc6299db9ec823/melodies-x25519-dalek-0.1.0/src/lib.rs:25:32
[INFO] [stdout]    |
[INFO] [stdout] 25 |             key: x25519_dalek::StaticSecret::new(rng)
[INFO] [stdout]    |                                ^^^^^^^^^^^^
[INFO] [stdout]    |                                |
[INFO] [stdout]    |                                could not find `StaticSecret` in `x25519_dalek`
[INFO] [stdout]    |                                help: a struct with a similar name exists: `SharedSecret`
[INFO] [stdout] 
[INFO] [stdout] 
[INFO] [stdout] error[E0412]: cannot find type `StaticSecret` in crate `x25519_dalek`
[INFO] [stdout]    --> /opt/rustwide/cargo-home/registry/src/github.com-1ecc6299db9ec823/melodies-x25519-dalek-0.1.0/src/lib.rs:9:24
[INFO] [stdout]     |
[INFO] [stdout] 9   |     key: x25519_dalek::StaticSecret
[INFO] [stdout]     |                        ^^^^^^^^^^^^ help: a struct with a similar name exists: `SharedSecret`
[INFO] [stdout]     |
[INFO] [stdout]    ::: /opt/rustwide/cargo-home/registry/src/github.com-1ecc6299db9ec823/x25519-dalek-2.0.0-rc.2/src/x25519.rs:282:1
[INFO] [stdout]     |
[INFO] [stdout] 282 | pub struct SharedSecret(pub(crate) MontgomeryPoint);
[INFO] [stdout]     | ----------------------- similarly named struct `SharedSecret` defined here
[INFO] [stdout] 
[INFO] [stdout] 
[INFO] [stdout] error: aborting due to 3 previous errors
[INFO] [stdout] 
[INFO] [stdout] 
[INFO] [stdout] Some errors have detailed explanations: E0412, E0432, E0433.
[INFO] [stdout] 
[INFO] [stdout] For more information about an error, try `rustc --explain E0412`.
[INFO] [stdout] 
[INFO] [stderr] error: could not compile `melodies-x25519-dalek` due to 4 previous errors
[INFO] [stderr] warning: build failed, waiting for other jobs to finish...
[INFO] running `Command { std: "docker" "inspect" "c52337df91988d1da3e84a82480d0e5566f24161267af9e09f5d8659ff38963d", kill_on_drop: false }`
[INFO] running `Command { std: "docker" "rm" "-f" "c52337df91988d1da3e84a82480d0e5566f24161267af9e09f5d8659ff38963d", kill_on_drop: false }`
[INFO] [stdout] c52337df91988d1da3e84a82480d0e5566f24161267af9e09f5d8659ff38963d
