[INFO] fetching crate mcpat 0.9.0...
[INFO] documenting mcpat-0.9.0 against 1.69.0 for beta-1.70-rustdoc-1
[INFO] extracting crate mcpat 0.9.0 into /workspace/builds/worker-0-tc1/source
[INFO] validating manifest of crates.io crate mcpat 0.9.0 on toolchain 1.69.0
[INFO] running `Command { std: CARGO_HOME="/workspace/cargo-home" RUSTUP_HOME="/workspace/rustup-home" "/workspace/cargo-home/bin/cargo" "+1.69.0" "metadata" "--manifest-path" "Cargo.toml" "--no-deps", kill_on_drop: false }`
[INFO] started tweaking crates.io crate mcpat 0.9.0
[INFO] finished tweaking crates.io crate mcpat 0.9.0
[INFO] tweaked toml for crates.io crate mcpat 0.9.0 written to /workspace/builds/worker-0-tc1/source/Cargo.toml
[INFO] running `Command { std: CARGO_HOME="/workspace/cargo-home" RUSTUP_HOME="/workspace/rustup-home" __CARGO_TEST_CHANNEL_OVERRIDE_DO_NOT_USE_THIS="nightly" "/workspace/cargo-home/bin/cargo" "+1.69.0" "generate-lockfile" "--manifest-path" "Cargo.toml" "-Zno-index-update", kill_on_drop: false }`
[INFO] running `Command { std: CARGO_HOME="/workspace/cargo-home" RUSTUP_HOME="/workspace/rustup-home" "/workspace/cargo-home/bin/cargo" "+1.69.0" "fetch" "--manifest-path" "Cargo.toml", kill_on_drop: false }`
[INFO] [stderr]  Downloading crates ...
[INFO] [stderr]   Downloaded hiredis v0.3.1
[INFO] [stderr]   Downloaded fixture v0.3.1
[INFO] [stderr]   Downloaded hiredis-sys v0.4.1
[INFO] [stderr]   Downloaded mcpat-sys v0.8.0
[INFO] running `Command { std: "docker" "create" "-v" "/var/lib/crater-agent-workspace/builds/worker-0-tc1/target:/opt/rustwide/target:rw,Z" "-v" "/var/lib/crater-agent-workspace/builds/worker-0-tc1/source:/opt/rustwide/workdir:ro,Z" "-v" "/var/lib/crater-agent-workspace/cargo-home:/opt/rustwide/cargo-home:ro,Z" "-v" "/var/lib/crater-agent-workspace/rustup-home:/opt/rustwide/rustup-home:ro,Z" "-e" "SOURCE_DIR=/opt/rustwide/workdir" "-e" "CARGO_TARGET_DIR=/opt/rustwide/target" "-e" "CARGO_HOME=/opt/rustwide/cargo-home" "-e" "RUSTUP_HOME=/opt/rustwide/rustup-home" "-w" "/opt/rustwide/workdir" "-m" "1610612736" "--user" "0:0" "--network" "none" "ghcr.io/rust-lang/crates-build-env/linux@sha256:5ff2268d62e97bff2cde7d5815dd6ed5b47097566f13b8d0ca110b04b60e07ed" "/opt/rustwide/cargo-home/bin/cargo" "+1.69.0" "metadata" "--no-deps" "--format-version=1", kill_on_drop: false }`
[INFO] [stdout] a1a7b0e77472c76afd6115e328819c0586ca38ba975a02316a65202d3a708e06
[INFO] running `Command { std: "docker" "start" "-a" "a1a7b0e77472c76afd6115e328819c0586ca38ba975a02316a65202d3a708e06", kill_on_drop: false }`
[INFO] running `Command { std: "docker" "inspect" "a1a7b0e77472c76afd6115e328819c0586ca38ba975a02316a65202d3a708e06", kill_on_drop: false }`
[INFO] running `Command { std: "docker" "rm" "-f" "a1a7b0e77472c76afd6115e328819c0586ca38ba975a02316a65202d3a708e06", kill_on_drop: false }`
[INFO] [stdout] a1a7b0e77472c76afd6115e328819c0586ca38ba975a02316a65202d3a708e06
[INFO] running `Command { std: "docker" "create" "-v" "/var/lib/crater-agent-workspace/builds/worker-0-tc1/target:/opt/rustwide/target:rw,Z" "-v" "/var/lib/crater-agent-workspace/builds/worker-0-tc1/source:/opt/rustwide/workdir:ro,Z" "-v" "/var/lib/crater-agent-workspace/cargo-home:/opt/rustwide/cargo-home:ro,Z" "-v" "/var/lib/crater-agent-workspace/rustup-home:/opt/rustwide/rustup-home:ro,Z" "-e" "SOURCE_DIR=/opt/rustwide/workdir" "-e" "CARGO_TARGET_DIR=/opt/rustwide/target" "-e" "CARGO_INCREMENTAL=0" "-e" "RUST_BACKTRACE=full" "-e" "RUSTFLAGS=--cap-lints=warn" "-e" "RUSTDOCFLAGS=--cap-lints=warn" "-e" "CARGO_HOME=/opt/rustwide/cargo-home" "-e" "RUSTUP_HOME=/opt/rustwide/rustup-home" "-w" "/opt/rustwide/workdir" "-m" "1610612736" "--user" "0:0" "--network" "none" "ghcr.io/rust-lang/crates-build-env/linux@sha256:5ff2268d62e97bff2cde7d5815dd6ed5b47097566f13b8d0ca110b04b60e07ed" "/opt/rustwide/cargo-home/bin/cargo" "+1.69.0" "doc" "--frozen" "--no-deps" "--document-private-items" "--message-format=json", kill_on_drop: false }`
[INFO] [stdout] 52f4afbf69416d221e0b66cb7a40f58116f7054f82642c69c3d37ad1f49e4153
[INFO] running `Command { std: "docker" "start" "-a" "52f4afbf69416d221e0b66cb7a40f58116f7054f82642c69c3d37ad1f49e4153", kill_on_drop: false }`
[INFO] [stderr]    Compiling mcpat-sys v0.8.0
[INFO] [stderr] error: failed to run custom build command for `mcpat-sys v0.8.0`
[INFO] [stderr] note: To improve backtraces for build dependencies, set the CARGO_PROFILE_DEV_BUILD_OVERRIDE_DEBUG=true environment variable to enable debug information generation.
[INFO] [stderr] 
[INFO] [stderr] Caused by:
[INFO] [stderr]   process didn't exit successfully: `/opt/rustwide/target/debug/build/mcpat-sys-b430e51074859867/build-script-build` (exit status: 101)
[INFO] [stderr]   --- stdout
[INFO] [stderr]   cp -R /opt/rustwide/cargo-home/registry/src/github.com-1ecc6299db9ec823/mcpat-sys-0.8.0/build /opt/rustwide/target/debug/build/mcpat-sys-c95e20754bb2585f/out/build
[INFO] [stderr]   make -C /opt/rustwide/target/debug/build/mcpat-sys-c95e20754bb2585f/out/build
[INFO] [stderr]   make[1]: Entering directory '/opt/rustwide/target/debug/build/mcpat-sys-c95e20754bb2585f/out/build'
[INFO] [stderr]   (cd /opt/rustwide/target/debug/build/mcpat-sys-c95e20754bb2585f/out/build/source; cat /opt/rustwide/target/debug/build/mcpat-sys-c95e20754bb2585f/out/build/patches/v1.3-01-clang.patch  | patch -p1)
[INFO] [stderr]   patching file cacti/nuca.cc
[INFO] [stderr]   patching file cacti/nuca.h
[INFO] [stderr]   touch /opt/rustwide/target/debug/build/mcpat-sys-c95e20754bb2585f/out/build/source/.patch
[INFO] [stderr]   g++ -fPIC -O3 -w -msse2 -mfpmath=sse -DNTHREADS=4 -I/opt/rustwide/target/debug/build/mcpat-sys-c95e20754bb2585f/out/build/source -I/opt/rustwide/target/debug/build/mcpat-sys-c95e20754bb2585f/out/build/source/cacti -I/opt/rustwide/target/debug/build/mcpat-sys-c95e20754bb2585f/out/build /opt/rustwide/target/debug/build/mcpat-sys-c95e20754bb2585f/out/build/source/XML_Parse.cc -c -o /opt/rustwide/target/debug/build/mcpat-sys-c95e20754bb2585f/out/build/source/XML_Parse.o
[INFO] [stderr]   g++ -fPIC -O3 -w -msse2 -mfpmath=sse -DNTHREADS=4 -I/opt/rustwide/target/debug/build/mcpat-sys-c95e20754bb2585f/out/build/source -I/opt/rustwide/target/debug/build/mcpat-sys-c95e20754bb2585f/out/build/source/cacti -I/opt/rustwide/target/debug/build/mcpat-sys-c95e20754bb2585f/out/build /opt/rustwide/target/debug/build/mcpat-sys-c95e20754bb2585f/out/build/source/array.cc -c -o /opt/rustwide/target/debug/build/mcpat-sys-c95e20754bb2585f/out/build/source/array.o
[INFO] [stderr]   g++ -fPIC -O3 -w -msse2 -mfpmath=sse -DNTHREADS=4 -I/opt/rustwide/target/debug/build/mcpat-sys-c95e20754bb2585f/out/build/source -I/opt/rustwide/target/debug/build/mcpat-sys-c95e20754bb2585f/out/build/source/cacti -I/opt/rustwide/target/debug/build/mcpat-sys-c95e20754bb2585f/out/build /opt/rustwide/target/debug/build/mcpat-sys-c95e20754bb2585f/out/build/source/basic_components.cc -c -o /opt/rustwide/target/debug/build/mcpat-sys-c95e20754bb2585f/out/build/source/basic_components.o
[INFO] [stderr]   g++ -fPIC -O3 -w -msse2 -mfpmath=sse -DNTHREADS=4 -I/opt/rustwide/target/debug/build/mcpat-sys-c95e20754bb2585f/out/build/source -I/opt/rustwide/target/debug/build/mcpat-sys-c95e20754bb2585f/out/build/source/cacti -I/opt/rustwide/target/debug/build/mcpat-sys-c95e20754bb2585f/out/build /opt/rustwide/target/debug/build/mcpat-sys-c95e20754bb2585f/out/build/source/core.cc -c -o /opt/rustwide/target/debug/build/mcpat-sys-c95e20754bb2585f/out/build/source/core.o
[INFO] [stderr]   g++ -fPIC -O3 -w -msse2 -mfpmath=sse -DNTHREADS=4 -I/opt/rustwide/target/debug/build/mcpat-sys-c95e20754bb2585f/out/build/source -I/opt/rustwide/target/debug/build/mcpat-sys-c95e20754bb2585f/out/build/source/cacti -I/opt/rustwide/target/debug/build/mcpat-sys-c95e20754bb2585f/out/build /opt/rustwide/target/debug/build/mcpat-sys-c95e20754bb2585f/out/build/source/interconnect.cc -c -o /opt/rustwide/target/debug/build/mcpat-sys-c95e20754bb2585f/out/build/source/interconnect.o
[INFO] [stderr]   g++ -fPIC -O3 -w -msse2 -mfpmath=sse -DNTHREADS=4 -I/opt/rustwide/target/debug/build/mcpat-sys-c95e20754bb2585f/out/build/source -I/opt/rustwide/target/debug/build/mcpat-sys-c95e20754bb2585f/out/build/source/cacti -I/opt/rustwide/target/debug/build/mcpat-sys-c95e20754bb2585f/out/build /opt/rustwide/target/debug/build/mcpat-sys-c95e20754bb2585f/out/build/source/iocontrollers.cc -c -o /opt/rustwide/target/debug/build/mcpat-sys-c95e20754bb2585f/out/build/source/iocontrollers.o
[INFO] [stderr]   g++ -fPIC -O3 -w -msse2 -mfpmath=sse -DNTHREADS=4 -I/opt/rustwide/target/debug/build/mcpat-sys-c95e20754bb2585f/out/build/source -I/opt/rustwide/target/debug/build/mcpat-sys-c95e20754bb2585f/out/build/source/cacti -I/opt/rustwide/target/debug/build/mcpat-sys-c95e20754bb2585f/out/build /opt/rustwide/target/debug/build/mcpat-sys-c95e20754bb2585f/out/build/source/logic.cc -c -o /opt/rustwide/target/debug/build/mcpat-sys-c95e20754bb2585f/out/build/source/logic.o
[INFO] [stderr]   g++ -fPIC -O3 -w -msse2 -mfpmath=sse -DNTHREADS=4 -I/opt/rustwide/target/debug/build/mcpat-sys-c95e20754bb2585f/out/build/source -I/opt/rustwide/target/debug/build/mcpat-sys-c95e20754bb2585f/out/build/source/cacti -I/opt/rustwide/target/debug/build/mcpat-sys-c95e20754bb2585f/out/build /opt/rustwide/target/debug/build/mcpat-sys-c95e20754bb2585f/out/build/source/memoryctrl.cc -c -o /opt/rustwide/target/debug/build/mcpat-sys-c95e20754bb2585f/out/build/source/memoryctrl.o
[INFO] [stderr]   g++ -fPIC -O3 -w -msse2 -mfpmath=sse -DNTHREADS=4 -I/opt/rustwide/target/debug/build/mcpat-sys-c95e20754bb2585f/out/build/source -I/opt/rustwide/target/debug/build/mcpat-sys-c95e20754bb2585f/out/build/source/cacti -I/opt/rustwide/target/debug/build/mcpat-sys-c95e20754bb2585f/out/build /opt/rustwide/target/debug/build/mcpat-sys-c95e20754bb2585f/out/build/source/noc.cc -c -o /opt/rustwide/target/debug/build/mcpat-sys-c95e20754bb2585f/out/build/source/noc.o
[INFO] [stderr]   g++ -fPIC -O3 -w -msse2 -mfpmath=sse -DNTHREADS=4 -I/opt/rustwide/target/debug/build/mcpat-sys-c95e20754bb2585f/out/build/source -I/opt/rustwide/target/debug/build/mcpat-sys-c95e20754bb2585f/out/build/source/cacti -I/opt/rustwide/target/debug/build/mcpat-sys-c95e20754bb2585f/out/build /opt/rustwide/target/debug/build/mcpat-sys-c95e20754bb2585f/out/build/source/processor.cc -c -o /opt/rustwide/target/debug/build/mcpat-sys-c95e20754bb2585f/out/build/source/processor.o
[INFO] [stderr]   g++ -fPIC -O3 -w -msse2 -mfpmath=sse -DNTHREADS=4 -I/opt/rustwide/target/debug/build/mcpat-sys-c95e20754bb2585f/out/build/source -I/opt/rustwide/target/debug/build/mcpat-sys-c95e20754bb2585f/out/build/source/cacti -I/opt/rustwide/target/debug/build/mcpat-sys-c95e20754bb2585f/out/build /opt/rustwide/target/debug/build/mcpat-sys-c95e20754bb2585f/out/build/source/sharedcache.cc -c -o /opt/rustwide/target/debug/build/mcpat-sys-c95e20754bb2585f/out/build/source/sharedcache.o
[INFO] [stderr]   g++ -fPIC -O3 -w -msse2 -mfpmath=sse -DNTHREADS=4 -I/opt/rustwide/target/debug/build/mcpat-sys-c95e20754bb2585f/out/build/source -I/opt/rustwide/target/debug/build/mcpat-sys-c95e20754bb2585f/out/build/source/cacti -I/opt/rustwide/target/debug/build/mcpat-sys-c95e20754bb2585f/out/build /opt/rustwide/target/debug/build/mcpat-sys-c95e20754bb2585f/out/build/source/xmlParser.cc -c -o /opt/rustwide/target/debug/build/mcpat-sys-c95e20754bb2585f/out/build/source/xmlParser.o
[INFO] [stderr]   g++ -fPIC -O3 -w -msse2 -mfpmath=sse -DNTHREADS=4 -I/opt/rustwide/target/debug/build/mcpat-sys-c95e20754bb2585f/out/build/source -I/opt/rustwide/target/debug/build/mcpat-sys-c95e20754bb2585f/out/build/source/cacti -I/opt/rustwide/target/debug/build/mcpat-sys-c95e20754bb2585f/out/build /opt/rustwide/target/debug/build/mcpat-sys-c95e20754bb2585f/out/build/source/cacti/Ucache.cc -c -o /opt/rustwide/target/debug/build/mcpat-sys-c95e20754bb2585f/out/build/source/cacti/Ucache.o
[INFO] [stderr]   g++ -fPIC -O3 -w -msse2 -mfpmath=sse -DNTHREADS=4 -I/opt/rustwide/target/debug/build/mcpat-sys-c95e20754bb2585f/out/build/source -I/opt/rustwide/target/debug/build/mcpat-sys-c95e20754bb2585f/out/build/source/cacti -I/opt/rustwide/target/debug/build/mcpat-sys-c95e20754bb2585f/out/build /opt/rustwide/target/debug/build/mcpat-sys-c95e20754bb2585f/out/build/source/cacti/arbiter.cc -c -o /opt/rustwide/target/debug/build/mcpat-sys-c95e20754bb2585f/out/build/source/cacti/arbiter.o
[INFO] [stderr]   g++ -fPIC -O3 -w -msse2 -mfpmath=sse -DNTHREADS=4 -I/opt/rustwide/target/debug/build/mcpat-sys-c95e20754bb2585f/out/build/source -I/opt/rustwide/target/debug/build/mcpat-sys-c95e20754bb2585f/out/build/source/cacti -I/opt/rustwide/target/debug/build/mcpat-sys-c95e20754bb2585f/out/build /opt/rustwide/target/debug/build/mcpat-sys-c95e20754bb2585f/out/build/source/cacti/area.cc -c -o /opt/rustwide/target/debug/build/mcpat-sys-c95e20754bb2585f/out/build/source/cacti/area.o
[INFO] [stderr]   g++ -fPIC -O3 -w -msse2 -mfpmath=sse -DNTHREADS=4 -I/opt/rustwide/target/debug/build/mcpat-sys-c95e20754bb2585f/out/build/source -I/opt/rustwide/target/debug/build/mcpat-sys-c95e20754bb2585f/out/build/source/cacti -I/opt/rustwide/target/debug/build/mcpat-sys-c95e20754bb2585f/out/build /opt/rustwide/target/debug/build/mcpat-sys-c95e20754bb2585f/out/build/source/cacti/bank.cc -c -o /opt/rustwide/target/debug/build/mcpat-sys-c95e20754bb2585f/out/build/source/cacti/bank.o
[INFO] [stderr]   g++ -fPIC -O3 -w -msse2 -mfpmath=sse -DNTHREADS=4 -I/opt/rustwide/target/debug/build/mcpat-sys-c95e20754bb2585f/out/build/source -I/opt/rustwide/target/debug/build/mcpat-sys-c95e20754bb2585f/out/build/source/cacti -I/opt/rustwide/target/debug/build/mcpat-sys-c95e20754bb2585f/out/build /opt/rustwide/target/debug/build/mcpat-sys-c95e20754bb2585f/out/build/source/cacti/basic_circuit.cc -c -o /opt/rustwide/target/debug/build/mcpat-sys-c95e20754bb2585f/out/build/source/cacti/basic_circuit.o
[INFO] [stderr]   g++ -fPIC -O3 -w -msse2 -mfpmath=sse -DNTHREADS=4 -I/opt/rustwide/target/debug/build/mcpat-sys-c95e20754bb2585f/out/build/source -I/opt/rustwide/target/debug/build/mcpat-sys-c95e20754bb2585f/out/build/source/cacti -I/opt/rustwide/target/debug/build/mcpat-sys-c95e20754bb2585f/out/build /opt/rustwide/target/debug/build/mcpat-sys-c95e20754bb2585f/out/build/source/cacti/cacti_interface.cc -c -o /opt/rustwide/target/debug/build/mcpat-sys-c95e20754bb2585f/out/build/source/cacti/cacti_interface.o
[INFO] [stderr]   g++ -fPIC -O3 -w -msse2 -mfpmath=sse -DNTHREADS=4 -I/opt/rustwide/target/debug/build/mcpat-sys-c95e20754bb2585f/out/build/source -I/opt/rustwide/target/debug/build/mcpat-sys-c95e20754bb2585f/out/build/source/cacti -I/opt/rustwide/target/debug/build/mcpat-sys-c95e20754bb2585f/out/build /opt/rustwide/target/debug/build/mcpat-sys-c95e20754bb2585f/out/build/source/cacti/component.cc -c -o /opt/rustwide/target/debug/build/mcpat-sys-c95e20754bb2585f/out/build/source/cacti/component.o
[INFO] [stderr]   g++ -fPIC -O3 -w -msse2 -mfpmath=sse -DNTHREADS=4 -I/opt/rustwide/target/debug/build/mcpat-sys-c95e20754bb2585f/out/build/source -I/opt/rustwide/target/debug/build/mcpat-sys-c95e20754bb2585f/out/build/source/cacti -I/opt/rustwide/target/debug/build/mcpat-sys-c95e20754bb2585f/out/build /opt/rustwide/target/debug/build/mcpat-sys-c95e20754bb2585f/out/build/source/cacti/crossbar.cc -c -o /opt/rustwide/target/debug/build/mcpat-sys-c95e20754bb2585f/out/build/source/cacti/crossbar.o
[INFO] [stderr]   g++ -fPIC -O3 -w -msse2 -mfpmath=sse -DNTHREADS=4 -I/opt/rustwide/target/debug/build/mcpat-sys-c95e20754bb2585f/out/build/source -I/opt/rustwide/target/debug/build/mcpat-sys-c95e20754bb2585f/out/build/source/cacti -I/opt/rustwide/target/debug/build/mcpat-sys-c95e20754bb2585f/out/build /opt/rustwide/target/debug/build/mcpat-sys-c95e20754bb2585f/out/build/source/cacti/decoder.cc -c -o /opt/rustwide/target/debug/build/mcpat-sys-c95e20754bb2585f/out/build/source/cacti/decoder.o
[INFO] [stderr]   g++ -fPIC -O3 -w -msse2 -mfpmath=sse -DNTHREADS=4 -I/opt/rustwide/target/debug/build/mcpat-sys-c95e20754bb2585f/out/build/source -I/opt/rustwide/target/debug/build/mcpat-sys-c95e20754bb2585f/out/build/source/cacti -I/opt/rustwide/target/debug/build/mcpat-sys-c95e20754bb2585f/out/build /opt/rustwide/target/debug/build/mcpat-sys-c95e20754bb2585f/out/build/source/cacti/htree2.cc -c -o /opt/rustwide/target/debug/build/mcpat-sys-c95e20754bb2585f/out/build/source/cacti/htree2.o
[INFO] [stderr]   g++ -fPIC -O3 -w -msse2 -mfpmath=sse -DNTHREADS=4 -I/opt/rustwide/target/debug/build/mcpat-sys-c95e20754bb2585f/out/build/source -I/opt/rustwide/target/debug/build/mcpat-sys-c95e20754bb2585f/out/build/source/cacti -I/opt/rustwide/target/debug/build/mcpat-sys-c95e20754bb2585f/out/build /opt/rustwide/target/debug/build/mcpat-sys-c95e20754bb2585f/out/build/source/cacti/io.cc -c -o /opt/rustwide/target/debug/build/mcpat-sys-c95e20754bb2585f/out/build/source/cacti/io.o
[INFO] [stderr]   g++ -fPIC -O3 -w -msse2 -mfpmath=sse -DNTHREADS=4 -I/opt/rustwide/target/debug/build/mcpat-sys-c95e20754bb2585f/out/build/source -I/opt/rustwide/target/debug/build/mcpat-sys-c95e20754bb2585f/out/build/source/cacti -I/opt/rustwide/target/debug/build/mcpat-sys-c95e20754bb2585f/out/build /opt/rustwide/target/debug/build/mcpat-sys-c95e20754bb2585f/out/build/source/cacti/mat.cc -c -o /opt/rustwide/target/debug/build/mcpat-sys-c95e20754bb2585f/out/build/source/cacti/mat.o
[INFO] [stderr]   g++ -fPIC -O3 -w -msse2 -mfpmath=sse -DNTHREADS=4 -I/opt/rustwide/target/debug/build/mcpat-sys-c95e20754bb2585f/out/build/source -I/opt/rustwide/target/debug/build/mcpat-sys-c95e20754bb2585f/out/build/source/cacti -I/opt/rustwide/target/debug/build/mcpat-sys-c95e20754bb2585f/out/build /opt/rustwide/target/debug/build/mcpat-sys-c95e20754bb2585f/out/build/source/cacti/nuca.cc -c -o /opt/rustwide/target/debug/build/mcpat-sys-c95e20754bb2585f/out/build/source/cacti/nuca.o
[INFO] [stderr]   make[1]: Leaving directory '/opt/rustwide/target/debug/build/mcpat-sys-c95e20754bb2585f/out/build'
[INFO] [stderr] 
[INFO] [stderr]   --- stderr
[INFO] [stderr]   g++: fatal error: Killed signal terminated program cc1plus
[INFO] [stderr]   compilation terminated.
[INFO] [stderr]   make[1]: *** [Makefile:42: /opt/rustwide/target/debug/build/mcpat-sys-c95e20754bb2585f/out/build/source/core.o] Error 1
[INFO] [stderr]   make[1]: *** Waiting for unfinished jobs....
[INFO] [stderr]   g++: fatal error: Killed signal terminated program cc1plus
[INFO] [stderr]   compilation terminated.
[INFO] [stderr]   make[1]: *** [Makefile:42: /opt/rustwide/target/debug/build/mcpat-sys-c95e20754bb2585f/out/build/source/memoryctrl.o] Error 1
[INFO] [stderr]   make: *** [build.mk:8: all] Error 2
[INFO] [stderr]   thread 'main' panicked at 'assertion failed: cmd!(\"make\").arg(\"-f\").arg(\"build.mk\").arg(&format!(\"-j{}\", get!\n                                    (\"NUM_JOBS\"))).current_dir(&build).stdout(process::Stdio::inherit()).stderr(process::Stdio::inherit()).status().unwrap().success()', /opt/rustwide/cargo-home/registry/src/github.com-1ecc6299db9ec823/mcpat-sys-0.8.0/build.rs:24:5
[INFO] [stderr]   stack backtrace:
[INFO] [stderr]      0:     0x5637c6296c5a - std::backtrace_rs::backtrace::libunwind::trace::ha9053a9a07ca49cb
[INFO] [stderr]                                  at /rustc/84c898d65adf2f39a5a98507f1fe0ce10a2b8dbc/library/std/src/../../backtrace/src/backtrace/libunwind.rs:93:5
[INFO] [stderr]      1:     0x5637c6296c5a - std::backtrace_rs::backtrace::trace_unsynchronized::h9c2852a457ad564e
[INFO] [stderr]                                  at /rustc/84c898d65adf2f39a5a98507f1fe0ce10a2b8dbc/library/std/src/../../backtrace/src/backtrace/mod.rs:66:5
[INFO] [stderr]      2:     0x5637c6296c5a - std::sys_common::backtrace::_print_fmt::h457936fbfaa0070f
[INFO] [stderr]                                  at /rustc/84c898d65adf2f39a5a98507f1fe0ce10a2b8dbc/library/std/src/sys_common/backtrace.rs:65:5
[INFO] [stderr]      3:     0x5637c6296c5a - <std::sys_common::backtrace::_print::DisplayBacktrace as core::fmt::Display>::fmt::h5779d7bf7f70cb0c
[INFO] [stderr]                                  at /rustc/84c898d65adf2f39a5a98507f1fe0ce10a2b8dbc/library/std/src/sys_common/backtrace.rs:44:22
[INFO] [stderr]      4:     0x5637c62b3e7e - core::fmt::write::h5a4baaff1bcd3eb5
[INFO] [stderr]                                  at /rustc/84c898d65adf2f39a5a98507f1fe0ce10a2b8dbc/library/core/src/fmt/mod.rs:1232:17
[INFO] [stderr]      5:     0x5637c6294a25 - std::io::Write::write_fmt::h4bc1f301cb9e9cce
[INFO] [stderr]                                  at /rustc/84c898d65adf2f39a5a98507f1fe0ce10a2b8dbc/library/std/src/io/mod.rs:1684:15
[INFO] [stderr]      6:     0x5637c6296a25 - std::sys_common::backtrace::_print::h5fcdc36060f177e8
[INFO] [stderr]                                  at /rustc/84c898d65adf2f39a5a98507f1fe0ce10a2b8dbc/library/std/src/sys_common/backtrace.rs:47:5
[INFO] [stderr]      7:     0x5637c6296a25 - std::sys_common::backtrace::print::h54ca9458b876c8bf
[INFO] [stderr]                                  at /rustc/84c898d65adf2f39a5a98507f1fe0ce10a2b8dbc/library/std/src/sys_common/backtrace.rs:34:9
[INFO] [stderr]      8:     0x5637c629807f - std::panicking::default_hook::{{closure}}::hbe471161c7664ed6
[INFO] [stderr]                                  at /rustc/84c898d65adf2f39a5a98507f1fe0ce10a2b8dbc/library/std/src/panicking.rs:271:22
[INFO] [stderr]      9:     0x5637c6297dbb - std::panicking::default_hook::ha3500da57aa4ac4f
[INFO] [stderr]                                  at /rustc/84c898d65adf2f39a5a98507f1fe0ce10a2b8dbc/library/std/src/panicking.rs:290:9
[INFO] [stderr]     10:     0x5637c6298628 - std::panicking::rust_panic_with_hook::h50c09d000dc561d2
[INFO] [stderr]                                  at /rustc/84c898d65adf2f39a5a98507f1fe0ce10a2b8dbc/library/std/src/panicking.rs:692:13
[INFO] [stderr]     11:     0x5637c62984e2 - std::panicking::begin_panic_handler::{{closure}}::h9e2b2176e00e0d9c
[INFO] [stderr]                                  at /rustc/84c898d65adf2f39a5a98507f1fe0ce10a2b8dbc/library/std/src/panicking.rs:581:13
[INFO] [stderr]     12:     0x5637c62970c6 - std::sys_common::backtrace::__rust_end_short_backtrace::h5739b8e512c09d02
[INFO] [stderr]                                  at /rustc/84c898d65adf2f39a5a98507f1fe0ce10a2b8dbc/library/std/src/sys_common/backtrace.rs:150:18
[INFO] [stderr]     13:     0x5637c6298232 - rust_begin_unwind
[INFO] [stderr]                                  at /rustc/84c898d65adf2f39a5a98507f1fe0ce10a2b8dbc/library/std/src/panicking.rs:579:5
[INFO] [stderr]     14:     0x5637c6275333 - core::panicking::panic_fmt::hf33a1475b4dc5c3e
[INFO] [stderr]                                  at /rustc/84c898d65adf2f39a5a98507f1fe0ce10a2b8dbc/library/core/src/panicking.rs:64:14
[INFO] [stderr]     15:     0x5637c62753cd - core::panicking::panic::h9533b2fee90b999e
[INFO] [stderr]                                  at /rustc/84c898d65adf2f39a5a98507f1fe0ce10a2b8dbc/library/core/src/panicking.rs:114:5
[INFO] [stderr]     16:     0x5637c6277567 - build_script_build::main::hbecb61a3ff0ed066
[INFO] [stderr]     17:     0x5637c6279433 - core::ops::function::FnOnce::call_once::heb0385a8b3a67928
[INFO] [stderr]     18:     0x5637c627a439 - std::sys_common::backtrace::__rust_begin_short_backtrace::h902a7af8e4654799
[INFO] [stderr]     19:     0x5637c6276879 - std::rt::lang_start::{{closure}}::h4fb10429fdd0d54f
[INFO] [stderr]     20:     0x5637c6291d2c - core::ops::function::impls::<impl core::ops::function::FnOnce<A> for &F>::call_once::hd6efcd3bec896f2c
[INFO] [stderr]                                  at /rustc/84c898d65adf2f39a5a98507f1fe0ce10a2b8dbc/library/core/src/ops/function.rs:287:13
[INFO] [stderr]     21:     0x5637c6291d2c - std::panicking::try::do_call::hce04e543bb1f4cbb
[INFO] [stderr]                                  at /rustc/84c898d65adf2f39a5a98507f1fe0ce10a2b8dbc/library/std/src/panicking.rs:487:40
[INFO] [stderr]     22:     0x5637c6291d2c - std::panicking::try::h3342dd4e1f680968
[INFO] [stderr]                                  at /rustc/84c898d65adf2f39a5a98507f1fe0ce10a2b8dbc/library/std/src/panicking.rs:451:19
[INFO] [stderr]     23:     0x5637c6291d2c - std::panic::catch_unwind::h148ce1e59ac0cee7
[INFO] [stderr]                                  at /rustc/84c898d65adf2f39a5a98507f1fe0ce10a2b8dbc/library/std/src/panic.rs:140:14
[INFO] [stderr]     24:     0x5637c6291d2c - std::rt::lang_start_internal::{{closure}}::h25f9dda2057a67fe
[INFO] [stderr]                                  at /rustc/84c898d65adf2f39a5a98507f1fe0ce10a2b8dbc/library/std/src/rt.rs:148:48
[INFO] [stderr]     25:     0x5637c6291d2c - std::panicking::try::do_call::h7caaaeaf9401650b
[INFO] [stderr]                                  at /rustc/84c898d65adf2f39a5a98507f1fe0ce10a2b8dbc/library/std/src/panicking.rs:487:40
[INFO] [stderr]     26:     0x5637c6291d2c - std::panicking::try::he7d15285746cbbc2
[INFO] [stderr]                                  at /rustc/84c898d65adf2f39a5a98507f1fe0ce10a2b8dbc/library/std/src/panicking.rs:451:19
[INFO] [stderr]     27:     0x5637c6291d2c - std::panic::catch_unwind::h89fb4f50c0301fe0
[INFO] [stderr]                                  at /rustc/84c898d65adf2f39a5a98507f1fe0ce10a2b8dbc/library/std/src/panic.rs:140:14
[INFO] [stderr]     28:     0x5637c6291d2c - std::rt::lang_start_internal::h078acd489417d3c1
[INFO] [stderr]                                  at /rustc/84c898d65adf2f39a5a98507f1fe0ce10a2b8dbc/library/std/src/rt.rs:148:20
[INFO] [stderr]     29:     0x5637c6276857 - std::rt::lang_start::he1ea92cd0e01dbb5
[INFO] [stderr]     30:     0x5637c6277675 - main
[INFO] [stderr]     31:     0x7fe1be9f8d90 - <unknown>
[INFO] [stderr]     32:     0x7fe1be9f8e40 - __libc_start_main
[INFO] [stderr]     33:     0x5637c6275865 - _start
[INFO] [stderr]     34:                0x0 - <unknown>
[INFO] running `Command { std: "docker" "inspect" "52f4afbf69416d221e0b66cb7a40f58116f7054f82642c69c3d37ad1f49e4153", kill_on_drop: false }`
[INFO] running `Command { std: "docker" "rm" "-f" "52f4afbf69416d221e0b66cb7a40f58116f7054f82642c69c3d37ad1f49e4153", kill_on_drop: false }`
[INFO] [stdout] 52f4afbf69416d221e0b66cb7a40f58116f7054f82642c69c3d37ad1f49e4153
