[INFO] fetching crate mashin_runtime 0.1.5...
[INFO] documenting mashin_runtime-0.1.5 against 1.69.0 for beta-1.70-rustdoc-1
[INFO] extracting crate mashin_runtime 0.1.5 into /workspace/builds/worker-6-tc1/source
[INFO] validating manifest of crates.io crate mashin_runtime 0.1.5 on toolchain 1.69.0
[INFO] running `Command { std: CARGO_HOME="/workspace/cargo-home" RUSTUP_HOME="/workspace/rustup-home" "/workspace/cargo-home/bin/cargo" "+1.69.0" "metadata" "--manifest-path" "Cargo.toml" "--no-deps", kill_on_drop: false }`
[INFO] started tweaking crates.io crate mashin_runtime 0.1.5
[INFO] finished tweaking crates.io crate mashin_runtime 0.1.5
[INFO] tweaked toml for crates.io crate mashin_runtime 0.1.5 written to /workspace/builds/worker-6-tc1/source/Cargo.toml
[INFO] running `Command { std: CARGO_HOME="/workspace/cargo-home" RUSTUP_HOME="/workspace/rustup-home" __CARGO_TEST_CHANNEL_OVERRIDE_DO_NOT_USE_THIS="nightly" "/workspace/cargo-home/bin/cargo" "+1.69.0" "generate-lockfile" "--manifest-path" "Cargo.toml" "-Zno-index-update", kill_on_drop: false }`
[INFO] running `Command { std: CARGO_HOME="/workspace/cargo-home" RUSTUP_HOME="/workspace/rustup-home" "/workspace/cargo-home/bin/cargo" "+1.69.0" "fetch" "--manifest-path" "Cargo.toml", kill_on_drop: false }`
[INFO] [stderr]  Downloading crates ...
[INFO] [stderr]   Downloaded mashin_core v0.1.5
[INFO] [stderr]   Downloaded urn v0.5.1
[INFO] [stderr]   Downloaded libffi v3.2.0
[INFO] [stderr]   Downloaded mashin_primitives v0.1.0
[INFO] [stderr]   Downloaded serde_v8 v0.88.0
[INFO] [stderr]   Downloaded deno_url v0.95.0
[INFO] [stderr]   Downloaded mashin_macro v0.1.9
[INFO] [stderr]   Downloaded rkv v0.18.4
[INFO] [stderr]   Downloaded deno_fetch v0.119.0
[INFO] [stderr]   Downloaded deno_web v0.126.0
[INFO] [stderr]   Downloaded deno_console v0.95.0
[INFO] [stderr]   Downloaded urlpattern v0.2.0
[INFO] [stderr]   Downloaded deno_tls v0.82.0
[INFO] [stderr]   Downloaded unic-ucd-ident v0.9.0
[INFO] [stderr]   Downloaded ordered-float v3.7.0
[INFO] [stderr]   Downloaded mashin_sdk v0.1.10
[INFO] [stderr]   Downloaded deno_webidl v0.95.0
[INFO] [stderr]   Downloaded deno_websocket v0.100.0
[INFO] [stderr]   Downloaded deno_ops v0.55.0
[INFO] [stderr]   Downloaded deno_core v0.177.0
[INFO] [stderr]   Downloaded libffi-sys v2.3.0
[INFO] [stderr]   Downloaded v8 v0.66.0
[INFO] running `Command { std: "docker" "create" "-v" "/var/lib/crater-agent-workspace/builds/worker-6-tc1/target:/opt/rustwide/target:rw,Z" "-v" "/var/lib/crater-agent-workspace/builds/worker-6-tc1/source:/opt/rustwide/workdir:ro,Z" "-v" "/var/lib/crater-agent-workspace/cargo-home:/opt/rustwide/cargo-home:ro,Z" "-v" "/var/lib/crater-agent-workspace/rustup-home:/opt/rustwide/rustup-home:ro,Z" "-e" "SOURCE_DIR=/opt/rustwide/workdir" "-e" "CARGO_TARGET_DIR=/opt/rustwide/target" "-e" "CARGO_HOME=/opt/rustwide/cargo-home" "-e" "RUSTUP_HOME=/opt/rustwide/rustup-home" "-w" "/opt/rustwide/workdir" "-m" "1610612736" "--user" "0:0" "--network" "none" "ghcr.io/rust-lang/crates-build-env/linux@sha256:5ff2268d62e97bff2cde7d5815dd6ed5b47097566f13b8d0ca110b04b60e07ed" "/opt/rustwide/cargo-home/bin/cargo" "+1.69.0" "metadata" "--no-deps" "--format-version=1", kill_on_drop: false }`
[INFO] [stdout] f3c6dea35c0b9513b6ee996c45fba9ace4d563deeaabe56aebf1f2ee611379d2
[INFO] running `Command { std: "docker" "start" "-a" "f3c6dea35c0b9513b6ee996c45fba9ace4d563deeaabe56aebf1f2ee611379d2", kill_on_drop: false }`
[INFO] running `Command { std: "docker" "inspect" "f3c6dea35c0b9513b6ee996c45fba9ace4d563deeaabe56aebf1f2ee611379d2", kill_on_drop: false }`
[INFO] running `Command { std: "docker" "rm" "-f" "f3c6dea35c0b9513b6ee996c45fba9ace4d563deeaabe56aebf1f2ee611379d2", kill_on_drop: false }`
[INFO] [stdout] f3c6dea35c0b9513b6ee996c45fba9ace4d563deeaabe56aebf1f2ee611379d2
[INFO] running `Command { std: "docker" "create" "-v" "/var/lib/crater-agent-workspace/builds/worker-6-tc1/target:/opt/rustwide/target:rw,Z" "-v" "/var/lib/crater-agent-workspace/builds/worker-6-tc1/source:/opt/rustwide/workdir:ro,Z" "-v" "/var/lib/crater-agent-workspace/cargo-home:/opt/rustwide/cargo-home:ro,Z" "-v" "/var/lib/crater-agent-workspace/rustup-home:/opt/rustwide/rustup-home:ro,Z" "-e" "SOURCE_DIR=/opt/rustwide/workdir" "-e" "CARGO_TARGET_DIR=/opt/rustwide/target" "-e" "CARGO_INCREMENTAL=0" "-e" "RUST_BACKTRACE=full" "-e" "RUSTFLAGS=--cap-lints=warn" "-e" "RUSTDOCFLAGS=--cap-lints=warn" "-e" "CARGO_HOME=/opt/rustwide/cargo-home" "-e" "RUSTUP_HOME=/opt/rustwide/rustup-home" "-w" "/opt/rustwide/workdir" "-m" "1610612736" "--user" "0:0" "--network" "none" "ghcr.io/rust-lang/crates-build-env/linux@sha256:5ff2268d62e97bff2cde7d5815dd6ed5b47097566f13b8d0ca110b04b60e07ed" "/opt/rustwide/cargo-home/bin/cargo" "+1.69.0" "doc" "--frozen" "--no-deps" "--document-private-items" "--message-format=json", kill_on_drop: false }`
[INFO] [stdout] 4a787bd4759c08e197fd2b902da40b1e4d0f68cc0388a99535807929ed98b865
[INFO] running `Command { std: "docker" "start" "-a" "4a787bd4759c08e197fd2b902da40b1e4d0f68cc0388a99535807929ed98b865", kill_on_drop: false }`
[INFO] [stderr]    Compiling quote v1.0.26
[INFO] [stderr]    Compiling syn v1.0.109
[INFO] [stderr]    Compiling log v0.4.17
[INFO] [stderr]    Compiling serde v1.0.160
[INFO] [stderr]     Checking pin-project-lite v0.2.9
[INFO] [stderr]     Checking bytes v1.4.0
[INFO] [stderr]     Checking once_cell v1.17.1
[INFO] [stderr]     Checking smallvec v1.10.0
[INFO] [stderr]    Compiling lock_api v0.4.9
[INFO] [stderr]    Compiling parking_lot_core v0.9.7
[INFO] [stderr]    Compiling futures-core v0.3.28
[INFO] [stderr]    Compiling indexmap v1.9.3
[INFO] [stderr]     Checking itoa v1.0.6
[INFO] [stderr]    Compiling slab v0.4.8
[INFO] [stderr]    Compiling futures-task v0.3.28
[INFO] [stderr]    Compiling futures-channel v0.3.28
[INFO] [stderr]     Checking futures-sink v0.3.28
[INFO] [stderr]     Checking tinyvec_macros v0.1.1
[INFO] [stderr]    Compiling futures-util v0.3.28
[INFO] [stderr]    Compiling libc v0.2.142
[INFO] [stderr]    Compiling num-traits v0.2.15
[INFO] [stderr]     Checking tinyvec v1.6.0
[INFO] [stderr]     Checking futures-io v0.3.28
[INFO] [stderr]    Compiling syn v2.0.15
[INFO] [stderr]     Checking percent-encoding v2.2.0
[INFO] [stderr]    Compiling tokio v1.25.0
[INFO] [stderr]     Checking hashbrown v0.12.3
[INFO] [stderr]     Checking unicode-bidi v0.3.13
[INFO] [stderr]     Checking num_cpus v1.15.0
[INFO] [stderr]     Checking mio v0.8.6
[INFO] [stderr]     Checking socket2 v0.4.9
[INFO] [stderr]     Checking form_urlencoded v1.1.0
[INFO] [stderr]     Checking signal-hook-registry v1.4.1
[INFO] [stderr]    Compiling ring v0.16.20
[INFO] [stderr]    Compiling memchr v2.5.0
[INFO] [stderr]     Checking parking_lot v0.12.1
[INFO] [stderr]    Compiling regex-syntax v0.7.1
[INFO] [stderr]     Checking untrusted v0.7.1
[INFO] [stderr]     Checking ryu v1.0.13
[INFO] [stderr]    Compiling serde_json v1.0.96
[INFO] [stderr]    Compiling either v1.8.1
[INFO] [stderr]     Checking spin v0.5.2
[INFO] [stderr]    Compiling num-integer v0.1.45
[INFO] [stderr]    Compiling num-bigint v0.4.3
[INFO] [stderr]    Compiling toml_datetime v0.6.1
[INFO] [stderr]    Compiling anyhow v1.0.71
[INFO] [stderr]    Compiling convert_case v0.4.0
[INFO] [stderr]     Checking unicode-normalization v0.1.22
[INFO] [stderr]    Compiling aho-corasick v1.0.1
[INFO] [stderr]    Compiling winnow v0.4.4
[INFO] [stderr]    Compiling rustls v0.20.8
[INFO] [stderr]     Checking fnv v1.0.7
[INFO] [stderr]    Compiling fslock v0.1.8
[INFO] [stderr]    Compiling which v4.4.0
[INFO] [stderr]     Checking http v0.2.9
[INFO] [stderr]     Checking idna v0.3.0
[INFO] [stderr]     Checking getrandom v0.2.9
[INFO] [stderr]     Checking unicode-id v0.3.3
[INFO] [stderr]     Checking if_chain v1.0.2
[INFO] [stderr]     Checking data-encoding v2.3.3
[INFO] [stderr]    Compiling httparse v1.8.0
[INFO] [stderr]     Checking tracing-core v0.1.30
[INFO] [stderr]    Compiling typenum v1.16.0
[INFO] [stderr]    Compiling v8 v0.66.0
[INFO] [stderr]    Compiling generic-array v0.14.7
[INFO] [stderr]    Compiling crc32fast v1.3.2
[INFO] [stderr]    Compiling io-lifetimes v1.0.10
[INFO] [stderr]     Checking alloc-no-stdlib v2.0.4
[INFO] [stderr]    Compiling proc-macro2 v0.4.30
[INFO] [stderr]     Checking base64 v0.21.0
[INFO] [stderr]     Checking tracing v0.1.37
[INFO] [stderr]     Checking try-lock v0.2.4
[INFO] [stderr]     Checking miniz_oxide v0.5.4
[INFO] [stderr]     Checking want v0.3.0
[INFO] [stderr]     Checking rustls-pemfile v1.0.2
[INFO] [stderr]     Checking http-body v0.4.5
[INFO] [stderr]     Checking alloc-stdlib v0.2.2
[INFO] [stderr]    Compiling encoding_rs v0.8.31
[INFO] [stderr]     Checking openssl-probe v0.1.5
[INFO] [stderr]     Checking tower-service v0.3.2
[INFO] [stderr]    Compiling rustix v0.37.18
[INFO] [stderr]     Checking httpdate v1.0.2
[INFO] [stderr]    Compiling walkdir v2.3.3
[INFO] [stderr]     Checking rustls-native-certs v0.6.2
[INFO] [stderr]    Compiling regex v1.8.1
[INFO] [stderr]     Checking flate2 v1.0.24
[INFO] [stderr]     Checking brotli-decompressor v2.3.4
[INFO] [stderr]     Checking rand_core v0.6.4
[INFO] [stderr]     Checking linux-raw-sys v0.3.6
[INFO] [stderr]    Compiling toml_edit v0.19.8
[INFO] [stderr]    Compiling portable-atomic v0.3.19
[INFO] [stderr]    Compiling syn v0.15.44
[INFO] [stderr]    Compiling async-trait v0.1.68
[INFO] [stderr]     Checking ppv-lite86 v0.2.17
[INFO] [stderr]    Compiling proc-macro2 v1.0.56
[INFO] [stderr]    Compiling pkg-config v0.3.26
[INFO] [stderr]     Checking digest v0.9.0
[INFO] [stderr]     Checking block-buffer v0.9.0
[INFO] [stderr]    Compiling quote v0.6.13
[INFO] [stderr]     Checking brotli v3.3.4
[INFO] [stderr]     Checking rand_chacha v0.3.1
[INFO] [stderr]    Compiling libffi-sys v2.3.0
[INFO] [stderr]     Checking cpufeatures v0.2.7
[INFO] [stderr]     Checking webpki v0.22.0
[INFO] [stderr]     Checking sct v0.7.0
[INFO] [stderr]     Checking unic-common v0.9.0
[INFO] [stderr]     Checking unicode-ident v1.0.8
[INFO] [stderr]    Compiling paste v1.0.12
[INFO] [stderr]     Checking unic-char-range v0.9.0
[INFO] [stderr]    Compiling pmutil v0.5.3
[INFO] [stderr]     Checking unic-char-property v0.9.0
[INFO] [stderr]     Checking webpki-roots v0.22.6
[INFO] [stderr]     Checking unic-ucd-version v0.9.0
[INFO] [stderr]    Compiling Inflector v0.11.4
[INFO] [stderr]    Compiling libsodium-sys v0.2.7
[INFO] [stderr]     Checking console v0.15.5
[INFO] [stderr]     Checking sha-1 v0.9.8
[INFO] [stderr]     Checking rand v0.8.5
[INFO] [stderr]     Checking signature v1.6.4
[INFO] [stderr]     Checking base64 v0.13.1
[INFO] [stderr]     Checking ipnet v2.7.2
[INFO] [stderr]    Compiling proc-macro-crate v1.3.1
[INFO] [stderr]     Checking is-terminal v0.4.7
[INFO] [stderr]     Checking mime v0.3.17
[INFO] [stderr]     Checking number_prefix v0.4.0
[INFO] [stderr]     Checking humantime v2.1.0
[INFO] [stderr]     Checking utf-8 v0.7.6
[INFO] [stderr]     Checking termcolor v1.2.0
[INFO] [stderr]     Checking indicatif v0.17.3
[INFO] [stderr]     Checking ed25519 v1.5.3
[INFO] [stderr]     Checking unic-ucd-ident v0.9.0
[INFO] [stderr]     Checking env_logger v0.10.0
[INFO] [stderr]     Checking ordered-float v3.7.0
[INFO] [stderr]     Checking outref v0.5.1
[INFO] [stderr]     Checking vsimd v0.8.0
[INFO] [stderr]     Checking arrayref v0.3.7
[INFO] [stderr]     Checking id-arena v2.2.1
[INFO] [stderr]     Checking itertools v0.10.5
[INFO] [stderr]    Compiling serde_derive v1.0.160
[INFO] [stderr]    Compiling futures-macro v0.3.28
[INFO] [stderr]    Compiling thiserror-impl v1.0.40
[INFO] [stderr]     Checking ordered-float v2.10.0
[INFO] [stderr]     Checking base64-simd v0.8.0
[INFO] [stderr]     Checking data-url v0.2.0
[INFO] [stderr]    Compiling mashin_runtime v0.1.5 (/opt/rustwide/workdir)
[INFO] [stderr]     Checking dyn-clone v1.0.11
[INFO] [stderr]    Compiling tokio-macros v1.8.2
[INFO] [stderr]    Compiling derive_more v0.99.17
[INFO] [stderr]    Compiling pin-project-internal v1.0.12
[INFO] [stderr]    Compiling deno_ops v0.55.0
[INFO] [stderr]    Compiling serde_repr v0.1.9
[INFO] [stderr]    Compiling dlopen_derive v0.1.4
[INFO] [stderr]     Checking thiserror v1.0.40
[INFO] [stderr]     Checking dlopen v0.1.8
[INFO] [stderr]     Checking pin-project v1.0.12
[INFO] [stderr]     Checking futures-executor v0.3.28
[INFO] [stderr]     Checking futures v0.3.28
[INFO] [stderr]     Checking libffi v3.2.0
[INFO] [stderr]     Checking url v2.3.1
[INFO] [stderr]     Checking serde_bytes v0.11.9
[INFO] [stderr]     Checking uuid v1.3.2
[INFO] [stderr]     Checking serde_urlencoded v0.7.1
[INFO] [stderr]     Checking bincode v1.3.3
[INFO] [stderr]     Checking urn v0.5.1
[INFO] [stderr]     Checking serde-value v0.7.0
[INFO] [stderr]     Checking tokio-util v0.7.8
[INFO] [stderr]     Checking tokio-rustls v0.23.4
[INFO] [stderr]     Checking async-compression v0.3.15
[INFO] [stderr]     Checking tokio-socks v0.5.1
[INFO] [stderr]     Checking tokio-stream v0.1.14
[INFO] [stderr]     Checking tungstenite v0.16.0
[INFO] [stderr]     Checking urlpattern v0.2.0
[INFO] [stderr]     Checking rkv v0.18.4
[INFO] [stderr]     Checking h2 v0.3.18
[INFO] [stderr]     Checking sourcemap v6.2.3
[INFO] [stderr]     Checking tokio-tungstenite v0.16.1
[INFO] [stderr]    Compiling mashin_primitives v0.1.0
[INFO] [stderr]    Compiling mashin_macro v0.1.9
[INFO] [stderr]     Checking hyper v0.14.26
[INFO] [stderr]     Checking mashin_sdk v0.1.10
[INFO] [stderr]     Checking hyper-rustls v0.23.2
[INFO] [stderr]     Checking reqwest v0.11.17
[INFO] [stderr] error: failed to run custom build command for `v8 v0.66.0`
[INFO] [stderr] note: To improve backtraces for build dependencies, set the CARGO_PROFILE_DEV_BUILD_OVERRIDE_DEBUG=true environment variable to enable debug information generation.
[INFO] [stderr] 
[INFO] [stderr] Caused by:
[INFO] [stderr]   process didn't exit successfully: `/opt/rustwide/target/debug/build/v8-d813f2511612d2c1/build-script-build` (exit status: 101)
[INFO] [stderr]   --- stdout
[INFO] [stderr]   cargo:rerun-if-changed=.gn
[INFO] [stderr]   cargo:rerun-if-changed=BUILD.gn
[INFO] [stderr]   cargo:rerun-if-changed=src/binding.cc
[INFO] [stderr]   cargo:rerun-if-env-changed=CCACHE
[INFO] [stderr]   cargo:rerun-if-env-changed=CLANG_BASE_PATH
[INFO] [stderr]   cargo:rerun-if-env-changed=DENO_TRYBUILD
[INFO] [stderr]   cargo:rerun-if-env-changed=DOCS_RS
[INFO] [stderr]   cargo:rerun-if-env-changed=GN
[INFO] [stderr]   cargo:rerun-if-env-changed=GN_ARGS
[INFO] [stderr]   cargo:rerun-if-env-changed=HOST
[INFO] [stderr]   cargo:rerun-if-env-changed=NINJA
[INFO] [stderr]   cargo:rerun-if-env-changed=OUT_DIR
[INFO] [stderr]   cargo:rerun-if-env-changed=RUSTY_V8_ARCHIVE
[INFO] [stderr]   cargo:rerun-if-env-changed=RUSTY_V8_MIRROR
[INFO] [stderr]   cargo:rerun-if-env-changed=SCCACHE
[INFO] [stderr]   cargo:rerun-if-env-changed=V8_FORCE_DEBUG
[INFO] [stderr]   cargo:rerun-if-env-changed=V8_FROM_SOURCE
[INFO] [stderr]   cargo:rerun-if-env-changed=PYTHON
[INFO] [stderr]   cargo:rustc-link-lib=static=rusty_v8
[INFO] [stderr]   download lockfile: "/opt/rustwide/target/debug/build/lib_download.fslock"
[INFO] [stderr]   static lib URL: https://github.com/denoland/rusty_v8/releases/download/v0.66.0/librusty_v8_release_x86_64-unknown-linux-gnu.a
[INFO] [stderr]   cargo:rustc-link-search=/opt/rustwide/target/debug/gn_out/obj
[INFO] [stderr]   Downloading https://github.com/denoland/rusty_v8/releases/download/v0.66.0/librusty_v8_release_x86_64-unknown-linux-gnu.a
[INFO] [stderr]   Downloading https://github.com/denoland/rusty_v8/releases/download/v0.66.0/librusty_v8_release_x86_64-unknown-linux-gnu.a...
[INFO] [stderr]   <urlopen error [Errno -3] Temporary failure in name resolution>
[INFO] [stderr]   Retrying in 5 s ...
[INFO] [stderr]   Downloading https://github.com/denoland/rusty_v8/releases/download/v0.66.0/librusty_v8_release_x86_64-unknown-linux-gnu.a...
[INFO] [stderr]   <urlopen error [Errno -3] Temporary failure in name resolution>
[INFO] [stderr]   Retrying in 10 s ...
[INFO] [stderr]   Downloading https://github.com/denoland/rusty_v8/releases/download/v0.66.0/librusty_v8_release_x86_64-unknown-linux-gnu.a...
[INFO] [stderr]   <urlopen error [Errno -3] Temporary failure in name resolution>
[INFO] [stderr]   Retrying in 20 s ...
[INFO] [stderr]   Downloading https://github.com/denoland/rusty_v8/releases/download/v0.66.0/librusty_v8_release_x86_64-unknown-linux-gnu.a...
[INFO] [stderr]   <urlopen error [Errno -3] Temporary failure in name resolution>
[INFO] [stderr]   Python downloader failed, trying with curl.
[INFO] [stderr] 
[INFO] [stderr]   --- stderr
[INFO] [stderr]   Traceback (most recent call last):
[INFO] [stderr]     File "/usr/lib/python3.10/urllib/request.py", line 1348, in do_open
[INFO] [stderr]       h.request(req.get_method(), req.selector, req.data, headers,
[INFO] [stderr]     File "/usr/lib/python3.10/http/client.py", line 1282, in request
[INFO] [stderr]       self._send_request(method, url, body, headers, encode_chunked)
[INFO] [stderr]     File "/usr/lib/python3.10/http/client.py", line 1328, in _send_request
[INFO] [stderr]       self.endheaders(body, encode_chunked=encode_chunked)
[INFO] [stderr]     File "/usr/lib/python3.10/http/client.py", line 1277, in endheaders
[INFO] [stderr]       self._send_output(message_body, encode_chunked=encode_chunked)
[INFO] [stderr]     File "/usr/lib/python3.10/http/client.py", line 1037, in _send_output
[INFO] [stderr]       self.send(msg)
[INFO] [stderr]     File "/usr/lib/python3.10/http/client.py", line 975, in send
[INFO] [stderr]       self.connect()
[INFO] [stderr]     File "/usr/lib/python3.10/http/client.py", line 1447, in connect
[INFO] [stderr]       super().connect()
[INFO] [stderr]     File "/usr/lib/python3.10/http/client.py", line 941, in connect
[INFO] [stderr]       self.sock = self._create_connection(
[INFO] [stderr]     File "/usr/lib/python3.10/socket.py", line 824, in create_connection
[INFO] [stderr]       for res in getaddrinfo(host, port, 0, SOCK_STREAM):
[INFO] [stderr]     File "/usr/lib/python3.10/socket.py", line 955, in getaddrinfo
[INFO] [stderr]       for res in _socket.getaddrinfo(host, port, family, type, proto, flags):
[INFO] [stderr]   socket.gaierror: [Errno -3] Temporary failure in name resolution
[INFO] [stderr] 
[INFO] [stderr]   During handling of the above exception, another exception occurred:
[INFO] [stderr] 
[INFO] [stderr]   Traceback (most recent call last):
[INFO] [stderr]     File "/opt/rustwide/cargo-home/registry/src/github.com-1ecc6299db9ec823/v8-0.66.0/./tools/download_file.py", line 64, in <module>
[INFO] [stderr]       sys.exit(main())
[INFO] [stderr]     File "/opt/rustwide/cargo-home/registry/src/github.com-1ecc6299db9ec823/v8-0.66.0/./tools/download_file.py", line 59, in main
[INFO] [stderr]       DownloadUrl(args.url, f)
[INFO] [stderr]     File "/opt/rustwide/cargo-home/registry/src/github.com-1ecc6299db9ec823/v8-0.66.0/./tools/download_file.py", line 45, in DownloadUrl
[INFO] [stderr]       raise e
[INFO] [stderr]     File "/opt/rustwide/cargo-home/registry/src/github.com-1ecc6299db9ec823/v8-0.66.0/./tools/download_file.py", line 29, in DownloadUrl
[INFO] [stderr]       response = urlopen(url)
[INFO] [stderr]     File "/usr/lib/python3.10/urllib/request.py", line 216, in urlopen
[INFO] [stderr]       return opener.open(url, data, timeout)
[INFO] [stderr]     File "/usr/lib/python3.10/urllib/request.py", line 519, in open
[INFO] [stderr]       response = self._open(req, data)
[INFO] [stderr]     File "/usr/lib/python3.10/urllib/request.py", line 536, in _open
[INFO] [stderr]       result = self._call_chain(self.handle_open, protocol, protocol +
[INFO] [stderr]     File "/usr/lib/python3.10/urllib/request.py", line 496, in _call_chain
[INFO] [stderr]       result = func(*args)
[INFO] [stderr]     File "/usr/lib/python3.10/urllib/request.py", line 1391, in https_open
[INFO] [stderr]       return self.do_open(http.client.HTTPSConnection, req,
[INFO] [stderr]     File "/usr/lib/python3.10/urllib/request.py", line 1351, in do_open
[INFO] [stderr]       raise URLError(err)
[INFO] [stderr]   urllib.error.URLError: <urlopen error [Errno -3] Temporary failure in name resolution>
[INFO] [stderr]   thread 'main' panicked at 'assertion failed: status.success()', /opt/rustwide/cargo-home/registry/src/github.com-1ecc6299db9ec823/v8-0.66.0/build.rs:414:3
[INFO] [stderr]   stack backtrace:
[INFO] [stderr]      0:     0x56532deb7dfa - std::backtrace_rs::backtrace::libunwind::trace::ha9053a9a07ca49cb
[INFO] [stderr]                                  at /rustc/84c898d65adf2f39a5a98507f1fe0ce10a2b8dbc/library/std/src/../../backtrace/src/backtrace/libunwind.rs:93:5
[INFO] [stderr]      1:     0x56532deb7dfa - std::backtrace_rs::backtrace::trace_unsynchronized::h9c2852a457ad564e
[INFO] [stderr]                                  at /rustc/84c898d65adf2f39a5a98507f1fe0ce10a2b8dbc/library/std/src/../../backtrace/src/backtrace/mod.rs:66:5
[INFO] [stderr]      2:     0x56532deb7dfa - std::sys_common::backtrace::_print_fmt::h457936fbfaa0070f
[INFO] [stderr]                                  at /rustc/84c898d65adf2f39a5a98507f1fe0ce10a2b8dbc/library/std/src/sys_common/backtrace.rs:65:5
[INFO] [stderr]      3:     0x56532deb7dfa - <std::sys_common::backtrace::_print::DisplayBacktrace as core::fmt::Display>::fmt::h5779d7bf7f70cb0c
[INFO] [stderr]                                  at /rustc/84c898d65adf2f39a5a98507f1fe0ce10a2b8dbc/library/std/src/sys_common/backtrace.rs:44:22
[INFO] [stderr]      4:     0x56532ded67ae - core::fmt::write::h5a4baaff1bcd3eb5
[INFO] [stderr]                                  at /rustc/84c898d65adf2f39a5a98507f1fe0ce10a2b8dbc/library/core/src/fmt/mod.rs:1232:17
[INFO] [stderr]      5:     0x56532deb51c5 - std::io::Write::write_fmt::h4bc1f301cb9e9cce
[INFO] [stderr]                                  at /rustc/84c898d65adf2f39a5a98507f1fe0ce10a2b8dbc/library/std/src/io/mod.rs:1684:15
[INFO] [stderr]      6:     0x56532deb7bc5 - std::sys_common::backtrace::_print::h5fcdc36060f177e8
[INFO] [stderr]                                  at /rustc/84c898d65adf2f39a5a98507f1fe0ce10a2b8dbc/library/std/src/sys_common/backtrace.rs:47:5
[INFO] [stderr]      7:     0x56532deb7bc5 - std::sys_common::backtrace::print::h54ca9458b876c8bf
[INFO] [stderr]                                  at /rustc/84c898d65adf2f39a5a98507f1fe0ce10a2b8dbc/library/std/src/sys_common/backtrace.rs:34:9
[INFO] [stderr]      8:     0x56532deb93bf - std::panicking::default_hook::{{closure}}::hbe471161c7664ed6
[INFO] [stderr]                                  at /rustc/84c898d65adf2f39a5a98507f1fe0ce10a2b8dbc/library/std/src/panicking.rs:271:22
[INFO] [stderr]      9:     0x56532deb90fb - std::panicking::default_hook::ha3500da57aa4ac4f
[INFO] [stderr]                                  at /rustc/84c898d65adf2f39a5a98507f1fe0ce10a2b8dbc/library/std/src/panicking.rs:290:9
[INFO] [stderr]     10:     0x56532deb9968 - std::panicking::rust_panic_with_hook::h50c09d000dc561d2
[INFO] [stderr]                                  at /rustc/84c898d65adf2f39a5a98507f1fe0ce10a2b8dbc/library/std/src/panicking.rs:692:13
[INFO] [stderr]     11:     0x56532deb9822 - std::panicking::begin_panic_handler::{{closure}}::h9e2b2176e00e0d9c
[INFO] [stderr]                                  at /rustc/84c898d65adf2f39a5a98507f1fe0ce10a2b8dbc/library/std/src/panicking.rs:581:13
[INFO] [stderr]     12:     0x56532deb8266 - std::sys_common::backtrace::__rust_end_short_backtrace::h5739b8e512c09d02
[INFO] [stderr]                                  at /rustc/84c898d65adf2f39a5a98507f1fe0ce10a2b8dbc/library/std/src/sys_common/backtrace.rs:150:18
[INFO] [stderr]     13:     0x56532deb9572 - rust_begin_unwind
[INFO] [stderr]                                  at /rustc/84c898d65adf2f39a5a98507f1fe0ce10a2b8dbc/library/std/src/panicking.rs:579:5
[INFO] [stderr]     14:     0x56532de6ba03 - core::panicking::panic_fmt::hf33a1475b4dc5c3e
[INFO] [stderr]                                  at /rustc/84c898d65adf2f39a5a98507f1fe0ce10a2b8dbc/library/core/src/panicking.rs:64:14
[INFO] [stderr]     15:     0x56532de6ba9d - core::panicking::panic::h9533b2fee90b999e
[INFO] [stderr]                                  at /rustc/84c898d65adf2f39a5a98507f1fe0ce10a2b8dbc/library/core/src/panicking.rs:114:5
[INFO] [stderr]     16:     0x56532de7efaa - build_script_build::download_file::hdfbad9fef7a53c3f
[INFO] [stderr]     17:     0x56532de7f6e5 - build_script_build::download_static_lib_binaries::hc7079d4efe120151
[INFO] [stderr]     18:     0x56532de7b49c - build_script_build::main::h38eadd56277a184d
[INFO] [stderr]     19:     0x56532de84bc3 - core::ops::function::FnOnce::call_once::hcb105f854983c072
[INFO] [stderr]     20:     0x56532de8d599 - std::sys_common::backtrace::__rust_begin_short_backtrace::h6c9c5fbd96e0639f
[INFO] [stderr]     21:     0x56532de83399 - std::rt::lang_start::{{closure}}::h1efb73849c19f73c
[INFO] [stderr]     22:     0x56532deb0eec - core::ops::function::impls::<impl core::ops::function::FnOnce<A> for &F>::call_once::hd6efcd3bec896f2c
[INFO] [stderr]                                  at /rustc/84c898d65adf2f39a5a98507f1fe0ce10a2b8dbc/library/core/src/ops/function.rs:287:13
[INFO] [stderr]     23:     0x56532deb0eec - std::panicking::try::do_call::hce04e543bb1f4cbb
[INFO] [stderr]                                  at /rustc/84c898d65adf2f39a5a98507f1fe0ce10a2b8dbc/library/std/src/panicking.rs:487:40
[INFO] [stderr]     24:     0x56532deb0eec - std::panicking::try::h3342dd4e1f680968
[INFO] [stderr]                                  at /rustc/84c898d65adf2f39a5a98507f1fe0ce10a2b8dbc/library/std/src/panicking.rs:451:19
[INFO] [stderr]     25:     0x56532deb0eec - std::panic::catch_unwind::h148ce1e59ac0cee7
[INFO] [stderr]                                  at /rustc/84c898d65adf2f39a5a98507f1fe0ce10a2b8dbc/library/std/src/panic.rs:140:14
[INFO] [stderr]     26:     0x56532deb0eec - std::rt::lang_start_internal::{{closure}}::h25f9dda2057a67fe
[INFO] [stderr]                                  at /rustc/84c898d65adf2f39a5a98507f1fe0ce10a2b8dbc/library/std/src/rt.rs:148:48
[INFO] [stderr]     27:     0x56532deb0eec - std::panicking::try::do_call::h7caaaeaf9401650b
[INFO] [stderr]                                  at /rustc/84c898d65adf2f39a5a98507f1fe0ce10a2b8dbc/library/std/src/panicking.rs:487:40
[INFO] [stderr]     28:     0x56532deb0eec - std::panicking::try::he7d15285746cbbc2
[INFO] [stderr]                                  at /rustc/84c898d65adf2f39a5a98507f1fe0ce10a2b8dbc/library/std/src/panicking.rs:451:19
[INFO] [stderr]     29:     0x56532deb0eec - std::panic::catch_unwind::h89fb4f50c0301fe0
[INFO] [stderr]                                  at /rustc/84c898d65adf2f39a5a98507f1fe0ce10a2b8dbc/library/std/src/panic.rs:140:14
[INFO] [stderr]     30:     0x56532deb0eec - std::rt::lang_start_internal::h078acd489417d3c1
[INFO] [stderr]                                  at /rustc/84c898d65adf2f39a5a98507f1fe0ce10a2b8dbc/library/std/src/rt.rs:148:20
[INFO] [stderr]     31:     0x56532de83377 - std::rt::lang_start::hfd88e8e4aad43d10
[INFO] [stderr]     32:     0x56532de82e25 - main
[INFO] [stderr]     33:     0x7f97c2446d90 - <unknown>
[INFO] [stderr]     34:     0x7f97c2446e40 - __libc_start_main
[INFO] [stderr]     35:     0x56532de6bf35 - _start
[INFO] [stderr]     36:                0x0 - <unknown>
[INFO] [stderr] warning: build failed, waiting for other jobs to finish...
[INFO] running `Command { std: "docker" "inspect" "4a787bd4759c08e197fd2b902da40b1e4d0f68cc0388a99535807929ed98b865", kill_on_drop: false }`
[INFO] running `Command { std: "docker" "rm" "-f" "4a787bd4759c08e197fd2b902da40b1e4d0f68cc0388a99535807929ed98b865", kill_on_drop: false }`
[INFO] [stdout] 4a787bd4759c08e197fd2b902da40b1e4d0f68cc0388a99535807929ed98b865
