[INFO] fetching crate maidsafe_vault 0.1.1...
[INFO] documenting maidsafe_vault-0.1.1 against 1.69.0 for beta-1.70-rustdoc-1
[INFO] extracting crate maidsafe_vault 0.1.1 into /workspace/builds/worker-5-tc1/source
[INFO] validating manifest of crates.io crate maidsafe_vault 0.1.1 on toolchain 1.69.0
[INFO] running `Command { std: CARGO_HOME="/workspace/cargo-home" RUSTUP_HOME="/workspace/rustup-home" "/workspace/cargo-home/bin/cargo" "+1.69.0" "metadata" "--manifest-path" "Cargo.toml" "--no-deps", kill_on_drop: false }`
[INFO] started tweaking crates.io crate maidsafe_vault 0.1.1
[INFO] finished tweaking crates.io crate maidsafe_vault 0.1.1
[INFO] tweaked toml for crates.io crate maidsafe_vault 0.1.1 written to /workspace/builds/worker-5-tc1/source/Cargo.toml
[INFO] running `Command { std: CARGO_HOME="/workspace/cargo-home" RUSTUP_HOME="/workspace/rustup-home" __CARGO_TEST_CHANNEL_OVERRIDE_DO_NOT_USE_THIS="nightly" "/workspace/cargo-home/bin/cargo" "+1.69.0" "generate-lockfile" "--manifest-path" "Cargo.toml" "-Zno-index-update", kill_on_drop: false }`
[INFO] running `Command { std: CARGO_HOME="/workspace/cargo-home" RUSTUP_HOME="/workspace/rustup-home" "/workspace/cargo-home/bin/cargo" "+1.69.0" "fetch" "--manifest-path" "Cargo.toml", kill_on_drop: false }`
[INFO] [stderr]  Downloading crates ...
[INFO] [stderr]   Downloaded lru_time_cache v0.2.7
[INFO] [stderr]   Downloaded message_filter v0.1.5
[INFO] [stderr]   Downloaded env_logger v0.3.5
[INFO] [stderr]   Downloaded accumulator v0.0.4
[INFO] [stderr]   Downloaded asynchronous v0.4.5
[INFO] [stderr]   Downloaded maidsafe_types v0.2.3
[INFO] [stderr]   Downloaded cbor v0.4.1
[INFO] [stderr]   Downloaded utp v0.7.0
[INFO] [stderr]   Downloaded routing v0.2.8
[INFO] [stderr]   Downloaded crust v0.1.5
[INFO] [stderr]   Downloaded sodiumoxide v0.2.7
[INFO] running `Command { std: "docker" "create" "-v" "/var/lib/crater-agent-workspace/builds/worker-5-tc1/target:/opt/rustwide/target:rw,Z" "-v" "/var/lib/crater-agent-workspace/builds/worker-5-tc1/source:/opt/rustwide/workdir:ro,Z" "-v" "/var/lib/crater-agent-workspace/cargo-home:/opt/rustwide/cargo-home:ro,Z" "-v" "/var/lib/crater-agent-workspace/rustup-home:/opt/rustwide/rustup-home:ro,Z" "-e" "SOURCE_DIR=/opt/rustwide/workdir" "-e" "CARGO_TARGET_DIR=/opt/rustwide/target" "-e" "CARGO_HOME=/opt/rustwide/cargo-home" "-e" "RUSTUP_HOME=/opt/rustwide/rustup-home" "-w" "/opt/rustwide/workdir" "-m" "1610612736" "--user" "0:0" "--network" "none" "ghcr.io/rust-lang/crates-build-env/linux@sha256:5ff2268d62e97bff2cde7d5815dd6ed5b47097566f13b8d0ca110b04b60e07ed" "/opt/rustwide/cargo-home/bin/cargo" "+1.69.0" "metadata" "--no-deps" "--format-version=1", kill_on_drop: false }`
[INFO] [stdout] 302c5e4a382974201c3cf1cd8708cdb10fe2f9bc2f0d6940ec0e058a2c457b6c
[INFO] running `Command { std: "docker" "start" "-a" "302c5e4a382974201c3cf1cd8708cdb10fe2f9bc2f0d6940ec0e058a2c457b6c", kill_on_drop: false }`
[INFO] running `Command { std: "docker" "inspect" "302c5e4a382974201c3cf1cd8708cdb10fe2f9bc2f0d6940ec0e058a2c457b6c", kill_on_drop: false }`
[INFO] running `Command { std: "docker" "rm" "-f" "302c5e4a382974201c3cf1cd8708cdb10fe2f9bc2f0d6940ec0e058a2c457b6c", kill_on_drop: false }`
[INFO] [stdout] 302c5e4a382974201c3cf1cd8708cdb10fe2f9bc2f0d6940ec0e058a2c457b6c
[INFO] running `Command { std: "docker" "create" "-v" "/var/lib/crater-agent-workspace/builds/worker-5-tc1/target:/opt/rustwide/target:rw,Z" "-v" "/var/lib/crater-agent-workspace/builds/worker-5-tc1/source:/opt/rustwide/workdir:ro,Z" "-v" "/var/lib/crater-agent-workspace/cargo-home:/opt/rustwide/cargo-home:ro,Z" "-v" "/var/lib/crater-agent-workspace/rustup-home:/opt/rustwide/rustup-home:ro,Z" "-e" "SOURCE_DIR=/opt/rustwide/workdir" "-e" "CARGO_TARGET_DIR=/opt/rustwide/target" "-e" "CARGO_INCREMENTAL=0" "-e" "RUST_BACKTRACE=full" "-e" "RUSTFLAGS=--cap-lints=warn" "-e" "RUSTDOCFLAGS=--cap-lints=warn" "-e" "CARGO_HOME=/opt/rustwide/cargo-home" "-e" "RUSTUP_HOME=/opt/rustwide/rustup-home" "-w" "/opt/rustwide/workdir" "-m" "1610612736" "--user" "0:0" "--network" "none" "ghcr.io/rust-lang/crates-build-env/linux@sha256:5ff2268d62e97bff2cde7d5815dd6ed5b47097566f13b8d0ca110b04b60e07ed" "/opt/rustwide/cargo-home/bin/cargo" "+1.69.0" "doc" "--frozen" "--no-deps" "--document-private-items" "--message-format=json", kill_on_drop: false }`
[INFO] [stdout] e04ec76663d31b473a9fc03d661c2b456d13e10147b044b3c64d303718a44e2b
[INFO] running `Command { std: "docker" "start" "-a" "e04ec76663d31b473a9fc03d661c2b456d13e10147b044b3c64d303718a44e2b", kill_on_drop: false }`
[INFO] [stderr]    Compiling winapi-build v0.1.1
[INFO] [stderr]    Compiling proc-macro2 v1.0.56
[INFO] [stderr]    Compiling unicode-ident v1.0.8
[INFO] [stderr]    Compiling quote v1.0.26
[INFO] [stderr]     Checking winapi v0.2.8
[INFO] [stderr]    Compiling log v0.4.17
[INFO] [stderr]    Compiling serde_derive v1.0.160
[INFO] [stderr]    Compiling same-file v1.0.6
[INFO] [stderr]    Compiling serde v1.0.160
[INFO] [stderr]     Checking regex-syntax v0.3.9
[INFO] [stderr]     Checking ppv-lite86 v0.2.17
[INFO] [stderr]     Checking utf8-ranges v0.1.3
[INFO] [stderr]    Compiling cc v1.0.79
[INFO] [stderr]     Checking getrandom v0.2.9
[INFO] [stderr]     Checking memchr v0.1.11
[INFO] [stderr]     Checking dirs-sys-next v0.1.2
[INFO] [stderr]     Checking time v0.1.45
[INFO] [stderr]     Checking aho-corasick v0.5.3
[INFO] [stderr]    Compiling walkdir v2.3.3
[INFO] [stderr]     Checking regex-syntax v0.7.1
[INFO] [stderr]     Checking dirs-next v2.0.0
[INFO] [stderr]     Checking num_cpus v0.2.13
[INFO] [stderr]    Compiling kernel32-sys v0.2.2
[INFO] [stderr]     Checking rand_core v0.6.4
[INFO] [stderr]     Checking rustc-serialize v0.3.24
[INFO] [stderr]     Checking strsim v0.10.0
[INFO] [stderr]     Checking either v1.8.1
[INFO] [stderr]     Checking byteorder v0.5.3
[INFO] [stderr]     Checking signature v1.6.4
[INFO] [stderr]     Checking rand_chacha v0.3.1
[INFO] [stderr]     Checking time-core v0.1.0
[INFO] [stderr]     Checking lru_time_cache v0.2.7
[INFO] [stderr]     Checking term v0.7.0
[INFO] [stderr]     Checking asynchronous v0.4.5
[INFO] [stderr]     Checking log v0.3.9
[INFO] [stderr]     Checking ed25519 v1.5.3
[INFO] [stderr]     Checking time v0.3.20
[INFO] [stderr]     Checking message_filter v0.1.5
[INFO] [stderr]     Checking thread-id v2.0.0
[INFO] [stderr]     Checking itertools v0.10.5
[INFO] [stderr]     Checking thread_local v0.2.7
[INFO] [stderr]     Checking rand v0.8.5
[INFO] [stderr]     Checking regex v0.1.80
[INFO] [stderr]    Compiling libsodium-sys v0.2.7
[INFO] [stderr]    Compiling syn v2.0.15
[INFO] [stderr]     Checking accumulator v0.0.4
[INFO] [stdout] error[E0599]: no method named `check` found for struct `LruCache` in the current scope
[INFO] [stdout]   --> /opt/rustwide/cargo-home/registry/src/github.com-1ecc6299db9ec823/accumulator-0.0.4/src/lib.rs:64:22
[INFO] [stdout]    |
[INFO] [stdout] 64 |         self.storage.check(name)
[INFO] [stdout]    |                      ^^^^^ method not found in `LruCache<K, Entry<V>>`
[INFO] [stdout] 
[INFO] [stdout] 
[INFO] [stdout] error[E0599]: no method named `add` found for struct `LruCache` in the current scope
[INFO] [stdout]   --> /opt/rustwide/cargo-home/registry/src/github.com-1ecc6299db9ec823/accumulator-0.0.4/src/lib.rs:82:26
[INFO] [stdout]    |
[INFO] [stdout] 82 |             self.storage.add(name.clone(), entry_in.clone());
[INFO] [stdout]    |                          ^^^ method not found in `LruCache<K, Entry<V>>`
[INFO] [stdout] 
[INFO] [stdout] 
[INFO] [stdout] error[E0599]: no method named `add` found for struct `LruCache` in the current scope
[INFO] [stdout]   --> /opt/rustwide/cargo-home/registry/src/github.com-1ecc6299db9ec823/accumulator-0.0.4/src/lib.rs:90:26
[INFO] [stdout]    |
[INFO] [stdout] 90 |             self.storage.add(name.clone(), tmp.clone());
[INFO] [stdout]    |                          ^^^ method not found in `LruCache<K, Entry<V>>`
[INFO] [stdout] 
[INFO] [stdout] 
[INFO] [stdout] error: aborting due to 3 previous errors
[INFO] [stdout] 
[INFO] [stdout] 
[INFO] [stdout] For more information about this error, try `rustc --explain E0599`.
[INFO] [stdout] 
[INFO] [stderr] error: could not compile `accumulator` due to 4 previous errors
[INFO] [stderr] warning: build failed, waiting for other jobs to finish...
[INFO] running `Command { std: "docker" "inspect" "e04ec76663d31b473a9fc03d661c2b456d13e10147b044b3c64d303718a44e2b", kill_on_drop: false }`
[INFO] running `Command { std: "docker" "rm" "-f" "e04ec76663d31b473a9fc03d661c2b456d13e10147b044b3c64d303718a44e2b", kill_on_drop: false }`
[INFO] [stdout] e04ec76663d31b473a9fc03d661c2b456d13e10147b044b3c64d303718a44e2b
