[INFO] fetching crate libstorage 0.4.8...
[INFO] documenting libstorage-0.4.8 against 1.69.0 for beta-1.70-rustdoc-1
[INFO] extracting crate libstorage 0.4.8 into /workspace/builds/worker-0-tc1/source
[INFO] validating manifest of crates.io crate libstorage 0.4.8 on toolchain 1.69.0
[INFO] running `Command { std: CARGO_HOME="/workspace/cargo-home" RUSTUP_HOME="/workspace/rustup-home" "/workspace/cargo-home/bin/cargo" "+1.69.0" "metadata" "--manifest-path" "Cargo.toml" "--no-deps", kill_on_drop: false }`
[INFO] started tweaking crates.io crate libstorage 0.4.8
[INFO] finished tweaking crates.io crate libstorage 0.4.8
[INFO] tweaked toml for crates.io crate libstorage 0.4.8 written to /workspace/builds/worker-0-tc1/source/Cargo.toml
[INFO] running `Command { std: CARGO_HOME="/workspace/cargo-home" RUSTUP_HOME="/workspace/rustup-home" __CARGO_TEST_CHANNEL_OVERRIDE_DO_NOT_USE_THIS="nightly" "/workspace/cargo-home/bin/cargo" "+1.69.0" "generate-lockfile" "--manifest-path" "Cargo.toml" "-Zno-index-update", kill_on_drop: false }`
[INFO] running `Command { std: CARGO_HOME="/workspace/cargo-home" RUSTUP_HOME="/workspace/rustup-home" "/workspace/cargo-home/bin/cargo" "+1.69.0" "fetch" "--manifest-path" "Cargo.toml", kill_on_drop: false }`
[INFO] [stderr]  Downloading crates ...
[INFO] [stderr]   Downloaded simplelog v0.5.3
[INFO] [stderr]   Downloaded uname v0.1.1
[INFO] [stderr]   Downloaded crossbeam-utils v0.2.2
[INFO] [stderr]   Downloaded hyper-native-tls v0.3.0
[INFO] [stderr]   Downloaded influx_db_client v0.3.6
[INFO] [stderr]   Downloaded point-derive v0.1.4
[INFO] [stderr]   Downloaded xml-attributes-derive v0.1.1
[INFO] [stderr]   Downloaded crossbeam-deque v0.2.0
[INFO] [stderr]   Downloaded treexml v0.6.2
[INFO] [stderr]   Downloaded crossbeam-epoch v0.3.1
[INFO] [stderr]   Downloaded rayon v1.0.3
[INFO] [stderr]   Downloaded postgres v0.19.5
[INFO] [stderr]   Downloaded isilon v5.0.1
[INFO] [stderr]   Downloaded quick-xml v0.12.4
[INFO] running `Command { std: "docker" "create" "-v" "/var/lib/crater-agent-workspace/builds/worker-0-tc1/target:/opt/rustwide/target:rw,Z" "-v" "/var/lib/crater-agent-workspace/builds/worker-0-tc1/source:/opt/rustwide/workdir:ro,Z" "-v" "/var/lib/crater-agent-workspace/cargo-home:/opt/rustwide/cargo-home:ro,Z" "-v" "/var/lib/crater-agent-workspace/rustup-home:/opt/rustwide/rustup-home:ro,Z" "-e" "SOURCE_DIR=/opt/rustwide/workdir" "-e" "CARGO_TARGET_DIR=/opt/rustwide/target" "-e" "CARGO_HOME=/opt/rustwide/cargo-home" "-e" "RUSTUP_HOME=/opt/rustwide/rustup-home" "-w" "/opt/rustwide/workdir" "-m" "1610612736" "--user" "0:0" "--network" "none" "ghcr.io/rust-lang/crates-build-env/linux@sha256:5ff2268d62e97bff2cde7d5815dd6ed5b47097566f13b8d0ca110b04b60e07ed" "/opt/rustwide/cargo-home/bin/cargo" "+1.69.0" "metadata" "--no-deps" "--format-version=1", kill_on_drop: false }`
[INFO] [stdout] 39eb7fb79b21dca5ede586d3faee5851912b0d49f872dd13fa5dd832842188d9
[INFO] running `Command { std: "docker" "start" "-a" "39eb7fb79b21dca5ede586d3faee5851912b0d49f872dd13fa5dd832842188d9", kill_on_drop: false }`
[INFO] running `Command { std: "docker" "inspect" "39eb7fb79b21dca5ede586d3faee5851912b0d49f872dd13fa5dd832842188d9", kill_on_drop: false }`
[INFO] running `Command { std: "docker" "rm" "-f" "39eb7fb79b21dca5ede586d3faee5851912b0d49f872dd13fa5dd832842188d9", kill_on_drop: false }`
[INFO] [stdout] 39eb7fb79b21dca5ede586d3faee5851912b0d49f872dd13fa5dd832842188d9
[INFO] running `Command { std: "docker" "create" "-v" "/var/lib/crater-agent-workspace/builds/worker-0-tc1/target:/opt/rustwide/target:rw,Z" "-v" "/var/lib/crater-agent-workspace/builds/worker-0-tc1/source:/opt/rustwide/workdir:ro,Z" "-v" "/var/lib/crater-agent-workspace/cargo-home:/opt/rustwide/cargo-home:ro,Z" "-v" "/var/lib/crater-agent-workspace/rustup-home:/opt/rustwide/rustup-home:ro,Z" "-e" "SOURCE_DIR=/opt/rustwide/workdir" "-e" "CARGO_TARGET_DIR=/opt/rustwide/target" "-e" "CARGO_INCREMENTAL=0" "-e" "RUST_BACKTRACE=full" "-e" "RUSTFLAGS=--cap-lints=warn" "-e" "RUSTDOCFLAGS=--cap-lints=warn" "-e" "CARGO_HOME=/opt/rustwide/cargo-home" "-e" "RUSTUP_HOME=/opt/rustwide/rustup-home" "-w" "/opt/rustwide/workdir" "-m" "1610612736" "--user" "0:0" "--network" "none" "ghcr.io/rust-lang/crates-build-env/linux@sha256:5ff2268d62e97bff2cde7d5815dd6ed5b47097566f13b8d0ca110b04b60e07ed" "/opt/rustwide/cargo-home/bin/cargo" "+1.69.0" "doc" "--frozen" "--no-deps" "--document-private-items" "--message-format=json", kill_on_drop: false }`
[INFO] [stdout] 53e15ce14f6e23235927527a7dfa839dde85867d70bb0b32bc70d07655ada171
[INFO] running `Command { std: "docker" "start" "-a" "53e15ce14f6e23235927527a7dfa839dde85867d70bb0b32bc70d07655ada171", kill_on_drop: false }`
[INFO] [stderr]    Compiling autocfg v1.1.0
[INFO] [stderr]    Compiling libc v0.2.142
[INFO] [stderr]     Checking cfg-if v1.0.0
[INFO] [stderr]    Compiling proc-macro2 v1.0.56
[INFO] [stderr]    Compiling quote v1.0.26
[INFO] [stderr]    Compiling unicode-ident v1.0.8
[INFO] [stderr]     Checking scopeguard v1.1.0
[INFO] [stderr]    Compiling version_check v0.9.4
[INFO] [stderr]     Checking tinyvec_macros v0.1.1
[INFO] [stderr]     Checking log v0.4.17
[INFO] [stderr]     Checking tinyvec v1.6.0
[INFO] [stderr]     Checking either v1.8.1
[INFO] [stderr]    Compiling maybe-uninit v2.0.0
[INFO] [stderr]    Compiling slab v0.4.8
[INFO] [stderr]    Compiling crossbeam-utils v0.7.2
[INFO] [stderr]    Compiling semver-parser v0.7.0
[INFO] [stderr]     Checking unicode-bidi v0.3.13
[INFO] [stderr]    Compiling semver v0.9.0
[INFO] [stderr]    Compiling rustc_version v0.2.3
[INFO] [stderr]     Checking unicode-normalization v0.1.22
[INFO] [stderr]    Compiling memchr v2.5.0
[INFO] [stderr]    Compiling typenum v1.16.0
[INFO] [stderr]     Checking fnv v1.0.7
[INFO] [stderr]    Compiling parking_lot_core v0.6.3
[INFO] [stderr]    Compiling syn v2.0.15
[INFO] [stderr]     Checking tokio-executor v0.1.10
[INFO] [stderr]    Compiling generic-array v0.14.7
[INFO] [stderr]    Compiling parking_lot v0.9.0
[INFO] [stderr]     Checking smallvec v0.6.14
[INFO] [stderr]    Compiling memoffset v0.5.6
[INFO] [stderr]     Checking iovec v0.1.4
[INFO] [stderr]     Checking num_cpus v1.15.0
[INFO] [stderr]     Checking time v0.1.45
[INFO] [stderr]     Checking net2 v0.2.38
[INFO] [stderr]    Compiling autocfg v0.1.8
[INFO] [stderr]     Checking bytes v0.4.12
[INFO] [stderr]     Checking once_cell v1.17.1
[INFO] [stderr]     Checking matches v0.1.10
[INFO] [stderr]     Checking rand_core v0.4.2
[INFO] [stderr]     Checking mio v0.6.23
[INFO] [stderr]    Compiling openssl-sys v0.9.87
[INFO] [stderr]    Compiling crossbeam-epoch v0.8.2
[INFO] [stderr]     Checking tokio-io v0.1.13
[INFO] [stderr]     Checking lock_api v0.3.4
[INFO] [stderr]     Checking adler v1.0.2
[INFO] [stderr]     Checking tokio-sync v0.1.8
[INFO] [stderr]     Checking idna v0.1.5
[INFO] [stderr]    Compiling backtrace v0.3.67
[INFO] [stderr]    Compiling httparse v1.8.0
[INFO] [stderr]     Checking crypto-common v0.1.6
[INFO] [stderr]     Checking tokio-reactor v0.1.12
[INFO] [stderr]     Checking block-buffer v0.10.4
[INFO] [stderr]     Checking gimli v0.27.2
[INFO] [stderr]     Checking subtle v2.4.1
[INFO] [stderr]     Checking itoa v0.4.8
[INFO] [stderr]     Checking percent-encoding v1.0.1
[INFO] [stderr]    Compiling syn v1.0.109
[INFO] [stderr]    Compiling unicode-xid v0.1.0
[INFO] [stderr]     Checking digest v0.10.6
[INFO] [stderr]     Checking crossbeam-deque v0.7.4
[INFO] [stderr]     Checking tokio-codec v0.1.2
[INFO] [stderr]     Checking url v1.7.2
[INFO] [stderr]     Checking miniz_oxide v0.6.2
[INFO] [stderr]     Checking rand_core v0.3.1
[INFO] [stderr]     Checking object v0.30.3
[INFO] [stderr]     Checking getrandom v0.2.9
[INFO] [stderr]     Checking crossbeam-queue v0.2.3
[INFO] [stderr]    Compiling unicase v2.6.0
[INFO] [stderr]     Checking rustc-demangle v0.1.23
[INFO] [stderr]     Checking percent-encoding v2.2.0
[INFO] [stderr]    Compiling crossbeam-utils v0.8.15
[INFO] [stderr]    Compiling openssl v0.10.52
[INFO] [stderr]     Checking foreign-types-shared v0.1.1
[INFO] [stderr]     Checking foreign-types v0.3.2
[INFO] [stderr]     Checking tokio-threadpool v0.1.18
[INFO] [stderr]     Checking rand_core v0.6.4
[INFO] [stderr]     Checking mio-uds v0.6.8
[INFO] [stderr]    Compiling indexmap v1.9.3
[INFO] [stderr]    Compiling memoffset v0.8.0
[INFO] [stderr]    Compiling unicode-xid v0.2.4
[INFO] [stderr]    Compiling native-tls v0.2.11
[INFO] [stderr]    Compiling failure_derive v0.1.8
[INFO] [stderr]     Checking bytes v1.4.0
[INFO] [stderr]    Compiling version_check v0.1.5
[INFO] [stderr]     Checking ppv-lite86 v0.2.17
[INFO] [stderr]     Checking addr2line v0.19.0
[INFO] [stderr]     Checking pin-project-lite v0.2.9
[INFO] [stderr]    Compiling unicase v1.4.2
[INFO] [stderr]     Checking rand_chacha v0.3.1
[INFO] [stderr]     Checking tokio-uds v0.2.7
[INFO] [stderr]     Checking tokio-fs v0.1.7
[INFO] [stderr]     Checking tokio-udp v0.1.6
[INFO] [stderr]     Checking http v0.1.21
[INFO] [stderr]     Checking tokio-tcp v0.1.4
[INFO] [stderr]    Compiling rand_pcg v0.1.2
[INFO] [stderr]    Compiling rand_chacha v0.1.1
[INFO] [stderr]     Checking tokio-timer v0.2.13
[INFO] [stderr]     Checking tokio-current-thread v0.1.7
[INFO] [stderr]    Compiling lock_api v0.4.9
[INFO] [stderr]    Compiling num-traits v0.2.15
[INFO] [stderr]    Compiling crossbeam-epoch v0.9.14
[INFO] [stderr]    Compiling tokio v1.28.0
[INFO] [stderr]     Checking cpufeatures v0.2.7
[INFO] [stderr]    Compiling futures-task v0.3.28
[INFO] [stderr]    Compiling arrayvec v0.4.12
[INFO] [stderr]     Checking hashbrown v0.12.3
[INFO] [stderr]    Compiling proc-macro2 v0.4.30
[INFO] [stderr]    Compiling parking_lot_core v0.9.7
[INFO] [stderr]     Checking openssl-probe v0.1.5
[INFO] [stderr]    Compiling serde_derive v1.0.160
[INFO] [stderr]    Compiling openssl-macros v0.1.1
[INFO] [stderr]    Compiling serde_json v1.0.96
[INFO] [stderr]     Checking sha2 v0.10.6
[INFO] [stderr]    Compiling synstructure v0.12.6
[INFO] [stderr]     Checking tokio v0.1.22
[INFO] [stderr]     Checking rand v0.8.5
[INFO] [stderr]     Checking form_urlencoded v1.1.0
[INFO] [stderr]     Checking hmac v0.12.1
[INFO] [stderr]     Checking md-5 v0.10.5
[INFO] [stderr]     Checking string v0.2.1
[INFO] [stderr]     Checking tokio-buf v0.1.1
[INFO] [stderr]    Compiling rand v0.6.5
[INFO] [stderr]     Checking socket2 v0.4.9
[INFO] [stderr]     Checking mio v0.8.6
[INFO] [stderr]     Checking stringprep v0.1.2
[INFO] [stderr]     Checking idna v0.3.0
[INFO] [stderr]    Compiling hyper v0.12.36
[INFO] [stderr]    Compiling num-integer v0.1.45
[INFO] [stderr]     Checking log v0.3.9
[INFO] [stderr]    Compiling rayon-core v1.11.0
[INFO] [stderr]     Checking try-lock v0.2.4
[INFO] [stderr]     Checking safemem v0.3.3
[INFO] [stderr]     Checking itoa v1.0.6
[INFO] [stderr]    Compiling async-trait v0.1.68
[INFO] [stderr]     Checking siphasher v0.3.10
[INFO] [stderr]     Checking smallvec v1.10.0
[INFO] [stderr]     Checking nodrop v0.1.14
[INFO] [stderr]    Compiling crc32fast v1.3.2
[INFO] [stderr]    Compiling futures-util v0.3.28
[INFO] [stderr]     Checking fallible-iterator v0.2.0
[INFO] [stderr]     Checking base64 v0.21.0
[INFO] [stderr]     Checking ryu v1.0.13
[INFO] [stderr]     Checking phf_shared v0.11.1
[INFO] [stderr]     Checking postgres-protocol v0.6.5
[INFO] [stderr]     Checking url v2.3.1
[INFO] [stderr]     Checking base64 v0.9.3
[INFO] [stderr]     Checking want v0.2.0
[INFO] [stderr]     Checking mime v0.2.6
[INFO] [stderr]     Checking http-body v0.1.0
[INFO] [stderr]     Checking h2 v0.1.26
[INFO] [stderr]     Checking tracing v0.1.37
[INFO] [stderr]    Compiling mime_guess v2.0.4
[INFO] [stdout] error[E0460]: found possibly newer version of crate `once_cell` which `tracing_core` depends on
[INFO] [stdout]    --> /opt/rustwide/cargo-home/registry/src/github.com-1ecc6299db9ec823/tracing-0.1.37/src/lib.rs:938:5
[INFO] [stdout]     |
[INFO] [stdout] 938 | use tracing_core::*;
[INFO] [stdout]     |     ^^^^^^^^^^^^
[INFO] [stdout]     |
[INFO] [stdout]     = note: perhaps that crate needs to be recompiled?
[INFO] [stdout]     = note: the following crate versions were found:
[INFO] [stdout]             crate `once_cell`: /opt/rustwide/target/debug/deps/libonce_cell-7f6943baeb2ea0e0.rmeta
[INFO] [stdout]             crate `once_cell`: /opt/rustwide/target/debug/deps/libonce_cell-8caa6a938c7b7f13.rmeta
[INFO] [stdout]             crate `once_cell`: /opt/rustwide/target/debug/deps/libonce_cell-8caa6a938c7b7f13.rlib
[INFO] [stdout]             crate `once_cell`: /opt/rustwide/target/debug/deps/libonce_cell-615f0485ce119a54.rmeta
[INFO] [stdout]             crate `tracing_core`: /opt/rustwide/target/debug/deps/libtracing_core-a34930705e3d7cbf.rmeta
[INFO] [stdout] 
[INFO] [stdout] 
[INFO] [stdout] error[E0460]: found possibly newer version of crate `once_cell` which `tracing_core` depends on
[INFO] [stdout]    --> /opt/rustwide/cargo-home/registry/src/github.com-1ecc6299db9ec823/tracing-0.1.37/src/dispatcher.rs:128:9
[INFO] [stdout]     |
[INFO] [stdout] 128 | pub use tracing_core::dispatcher::set_default;
[INFO] [stdout]     |         ^^^^^^^^^^^^
[INFO] [stdout]     |
[INFO] [stdout]     = note: perhaps that crate needs to be recompiled?
[INFO] [stdout]     = note: the following crate versions were found:
[INFO] [stdout]             crate `once_cell`: /opt/rustwide/target/debug/deps/libonce_cell-7f6943baeb2ea0e0.rmeta
[INFO] [stdout]             crate `once_cell`: /opt/rustwide/target/debug/deps/libonce_cell-8caa6a938c7b7f13.rmeta
[INFO] [stdout]             crate `once_cell`: /opt/rustwide/target/debug/deps/libonce_cell-8caa6a938c7b7f13.rlib
[INFO] [stdout]             crate `once_cell`: /opt/rustwide/target/debug/deps/libonce_cell-615f0485ce119a54.rmeta
[INFO] [stdout]             crate `tracing_core`: /opt/rustwide/target/debug/deps/libtracing_core-a34930705e3d7cbf.rmeta
[INFO] [stdout] 
[INFO] [stdout] 
[INFO] [stdout] error[E0460]: found possibly newer version of crate `once_cell` which `tracing_core` depends on
[INFO] [stdout]    --> /opt/rustwide/cargo-home/registry/src/github.com-1ecc6299db9ec823/tracing-0.1.37/src/dispatcher.rs:131:9
[INFO] [stdout]     |
[INFO] [stdout] 131 | pub use tracing_core::dispatcher::with_default;
[INFO] [stdout]     |         ^^^^^^^^^^^^
[INFO] [stdout]     |
[INFO] [stdout]     = note: perhaps that crate needs to be recompiled?
[INFO] [stdout]     = note: the following crate versions were found:
[INFO] [stdout]             crate `once_cell`: /opt/rustwide/target/debug/deps/libonce_cell-7f6943baeb2ea0e0.rmeta
[INFO] [stdout]             crate `once_cell`: /opt/rustwide/target/debug/deps/libonce_cell-8caa6a938c7b7f13.rmeta
[INFO] [stdout]             crate `once_cell`: /opt/rustwide/target/debug/deps/libonce_cell-8caa6a938c7b7f13.rlib
[INFO] [stdout]             crate `once_cell`: /opt/rustwide/target/debug/deps/libonce_cell-615f0485ce119a54.rmeta
[INFO] [stdout]             crate `tracing_core`: /opt/rustwide/target/debug/deps/libtracing_core-a34930705e3d7cbf.rmeta
[INFO] [stdout] 
[INFO] [stdout] 
[INFO] [stdout] error[E0460]: found possibly newer version of crate `once_cell` which `tracing_core` depends on
[INFO] [stdout]    --> /opt/rustwide/cargo-home/registry/src/github.com-1ecc6299db9ec823/tracing-0.1.37/src/dispatcher.rs:134:9
[INFO] [stdout]     |
[INFO] [stdout] 134 | pub use tracing_core::dispatcher::DefaultGuard;
[INFO] [stdout]     |         ^^^^^^^^^^^^
[INFO] [stdout]     |
[INFO] [stdout]     = note: perhaps that crate needs to be recompiled?
[INFO] [stdout]     = note: the following crate versions were found:
[INFO] [stdout]             crate `once_cell`: /opt/rustwide/target/debug/deps/libonce_cell-7f6943baeb2ea0e0.rmeta
[INFO] [stdout]             crate `once_cell`: /opt/rustwide/target/debug/deps/libonce_cell-8caa6a938c7b7f13.rmeta
[INFO] [stdout]             crate `once_cell`: /opt/rustwide/target/debug/deps/libonce_cell-8caa6a938c7b7f13.rlib
[INFO] [stdout]             crate `once_cell`: /opt/rustwide/target/debug/deps/libonce_cell-615f0485ce119a54.rmeta
[INFO] [stdout]             crate `tracing_core`: /opt/rustwide/target/debug/deps/libtracing_core-a34930705e3d7cbf.rmeta
[INFO] [stdout] 
[INFO] [stdout] 
[INFO] [stdout] error[E0460]: found possibly newer version of crate `once_cell` which `tracing_core` depends on
[INFO] [stdout]    --> /opt/rustwide/cargo-home/registry/src/github.com-1ecc6299db9ec823/tracing-0.1.37/src/dispatcher.rs:135:9
[INFO] [stdout]     |
[INFO] [stdout] 135 | pub use tracing_core::dispatcher::{
[INFO] [stdout]     |         ^^^^^^^^^^^^
[INFO] [stdout]     |
[INFO] [stdout]     = note: perhaps that crate needs to be recompiled?
[INFO] [stdout]     = note: the following crate versions were found:
[INFO] [stdout]             crate `once_cell`: /opt/rustwide/target/debug/deps/libonce_cell-7f6943baeb2ea0e0.rmeta
[INFO] [stdout]             crate `once_cell`: /opt/rustwide/target/debug/deps/libonce_cell-8caa6a938c7b7f13.rmeta
[INFO] [stdout]             crate `once_cell`: /opt/rustwide/target/debug/deps/libonce_cell-8caa6a938c7b7f13.rlib
[INFO] [stdout]             crate `once_cell`: /opt/rustwide/target/debug/deps/libonce_cell-615f0485ce119a54.rmeta
[INFO] [stdout]             crate `tracing_core`: /opt/rustwide/target/debug/deps/libtracing_core-a34930705e3d7cbf.rmeta
[INFO] [stdout] 
[INFO] [stdout] 
[INFO] [stdout] error[E0460]: found possibly newer version of crate `once_cell` which `tracing_core` depends on
[INFO] [stdout]    --> /opt/rustwide/cargo-home/registry/src/github.com-1ecc6299db9ec823/tracing-0.1.37/src/dispatcher.rs:145:9
[INFO] [stdout]     |
[INFO] [stdout] 145 | pub use tracing_core::dispatcher::has_been_set;
[INFO] [stdout]     |         ^^^^^^^^^^^^
[INFO] [stdout]     |
[INFO] [stdout]     = note: perhaps that crate needs to be recompiled?
[INFO] [stdout]     = note: the following crate versions were found:
[INFO] [stdout]             crate `once_cell`: /opt/rustwide/target/debug/deps/libonce_cell-7f6943baeb2ea0e0.rmeta
[INFO] [stdout]             crate `once_cell`: /opt/rustwide/target/debug/deps/libonce_cell-8caa6a938c7b7f13.rmeta
[INFO] [stdout]             crate `once_cell`: /opt/rustwide/target/debug/deps/libonce_cell-8caa6a938c7b7f13.rlib
[INFO] [stdout]             crate `once_cell`: /opt/rustwide/target/debug/deps/libonce_cell-615f0485ce119a54.rmeta
[INFO] [stdout]             crate `tracing_core`: /opt/rustwide/target/debug/deps/libtracing_core-a34930705e3d7cbf.rmeta
[INFO] [stdout] 
[INFO] [stdout] 
[INFO] [stdout] error[E0460]: found possibly newer version of crate `once_cell` which `tracing_core` depends on
[INFO] [stdout]    --> /opt/rustwide/cargo-home/registry/src/github.com-1ecc6299db9ec823/tracing-0.1.37/src/field.rs:114:9
[INFO] [stdout]     |
[INFO] [stdout] 114 | pub use tracing_core::field::*;
[INFO] [stdout]     |         ^^^^^^^^^^^^
[INFO] [stdout]     |
[INFO] [stdout]     = note: perhaps that crate needs to be recompiled?
[INFO] [stdout]     = note: the following crate versions were found:
[INFO] [stdout]             crate `once_cell`: /opt/rustwide/target/debug/deps/libonce_cell-7f6943baeb2ea0e0.rmeta
[INFO] [stdout]             crate `once_cell`: /opt/rustwide/target/debug/deps/libonce_cell-8caa6a938c7b7f13.rmeta
[INFO] [stdout]             crate `once_cell`: /opt/rustwide/target/debug/deps/libonce_cell-8caa6a938c7b7f13.rlib
[INFO] [stdout]             crate `once_cell`: /opt/rustwide/target/debug/deps/libonce_cell-615f0485ce119a54.rmeta
[INFO] [stdout]             crate `tracing_core`: /opt/rustwide/target/debug/deps/libtracing_core-a34930705e3d7cbf.rmeta
[INFO] [stdout] 
[INFO] [stdout] 
[INFO] [stdout] error[E0460]: found possibly newer version of crate `once_cell` which `tracing_core` depends on
[INFO] [stdout]  --> /opt/rustwide/cargo-home/registry/src/github.com-1ecc6299db9ec823/tracing-0.1.37/src/subscriber.rs:2:9
[INFO] [stdout]   |
[INFO] [stdout] 2 | pub use tracing_core::subscriber::*;
[INFO] [stdout]   |         ^^^^^^^^^^^^
[INFO] [stdout]   |
[INFO] [stdout]   = note: perhaps that crate needs to be recompiled?
[INFO] [stdout]   = note: the following crate versions were found:
[INFO] [stdout]           crate `once_cell`: /opt/rustwide/target/debug/deps/libonce_cell-7f6943baeb2ea0e0.rmeta
[INFO] [stdout]           crate `once_cell`: /opt/rustwide/target/debug/deps/libonce_cell-8caa6a938c7b7f13.rmeta
[INFO] [stdout]           crate `once_cell`: /opt/rustwide/target/debug/deps/libonce_cell-8caa6a938c7b7f13.rlib
[INFO] [stdout]           crate `once_cell`: /opt/rustwide/target/debug/deps/libonce_cell-615f0485ce119a54.rmeta
[INFO] [stdout]           crate `tracing_core`: /opt/rustwide/target/debug/deps/libtracing_core-a34930705e3d7cbf.rmeta
[INFO] [stdout] 
[INFO] [stdout] 
[INFO] [stdout] error[E0460]: found possibly newer version of crate `once_cell` which `tracing_core` depends on
[INFO] [stdout]    --> /opt/rustwide/cargo-home/registry/src/github.com-1ecc6299db9ec823/tracing-0.1.37/src/lib.rs:987:13
[INFO] [stdout]     |
[INFO] [stdout] 987 |     pub use tracing_core::callsite::DefaultCallsite as MacroCallsite;
[INFO] [stdout]     |             ^^^^^^^^^^^^
[INFO] [stdout]     |
[INFO] [stdout]     = note: perhaps that crate needs to be recompiled?
[INFO] [stdout]     = note: the following crate versions were found:
[INFO] [stdout]             crate `once_cell`: /opt/rustwide/target/debug/deps/libonce_cell-7f6943baeb2ea0e0.rmeta
[INFO] [stdout]             crate `once_cell`: /opt/rustwide/target/debug/deps/libonce_cell-8caa6a938c7b7f13.rmeta
[INFO] [stdout]             crate `once_cell`: /opt/rustwide/target/debug/deps/libonce_cell-8caa6a938c7b7f13.rlib
[INFO] [stdout]             crate `once_cell`: /opt/rustwide/target/debug/deps/libonce_cell-615f0485ce119a54.rmeta
[INFO] [stdout]             crate `tracing_core`: /opt/rustwide/target/debug/deps/libtracing_core-a34930705e3d7cbf.rmeta
[INFO] [stdout] 
[INFO] [stdout] 
[INFO] [stdout] error[E0460]: found possibly newer version of crate `once_cell` which `tracing_core` depends on
[INFO] [stdout]   --> /opt/rustwide/cargo-home/registry/src/github.com-1ecc6299db9ec823/tracing-0.1.37/src/level_filters.rs:53:9
[INFO] [stdout]    |
[INFO] [stdout] 53 | pub use tracing_core::{metadata::ParseLevelFilterError, LevelFilter};
[INFO] [stdout]    |         ^^^^^^^^^^^^
[INFO] [stdout]    |
[INFO] [stdout]    = note: perhaps that crate needs to be recompiled?
[INFO] [stdout]    = note: the following crate versions were found:
[INFO] [stdout]            crate `once_cell`: /opt/rustwide/target/debug/deps/libonce_cell-7f6943baeb2ea0e0.rmeta
[INFO] [stdout]            crate `once_cell`: /opt/rustwide/target/debug/deps/libonce_cell-8caa6a938c7b7f13.rmeta
[INFO] [stdout]            crate `once_cell`: /opt/rustwide/target/debug/deps/libonce_cell-8caa6a938c7b7f13.rlib
[INFO] [stdout]            crate `once_cell`: /opt/rustwide/target/debug/deps/libonce_cell-615f0485ce119a54.rmeta
[INFO] [stdout]            crate `tracing_core`: /opt/rustwide/target/debug/deps/libtracing_core-a34930705e3d7cbf.rmeta
[INFO] [stdout] 
[INFO] [stdout] 
[INFO] [stdout] error[E0460]: found possibly newer version of crate `once_cell` which `tracing_core` depends on
[INFO] [stdout]    --> /opt/rustwide/cargo-home/registry/src/github.com-1ecc6299db9ec823/tracing-0.1.37/src/span.rs:320:9
[INFO] [stdout]     |
[INFO] [stdout] 320 | pub use tracing_core::span::{Attributes, Id, Record};
[INFO] [stdout]     |         ^^^^^^^^^^^^
[INFO] [stdout]     |
[INFO] [stdout]     = note: perhaps that crate needs to be recompiled?
[INFO] [stdout]     = note: the following crate versions were found:
[INFO] [stdout]             crate `once_cell`: /opt/rustwide/target/debug/deps/libonce_cell-7f6943baeb2ea0e0.rmeta
[INFO] [stdout]             crate `once_cell`: /opt/rustwide/target/debug/deps/libonce_cell-8caa6a938c7b7f13.rmeta
[INFO] [stdout]             crate `once_cell`: /opt/rustwide/target/debug/deps/libonce_cell-8caa6a938c7b7f13.rlib
[INFO] [stdout]             crate `once_cell`: /opt/rustwide/target/debug/deps/libonce_cell-615f0485ce119a54.rmeta
[INFO] [stdout]             crate `tracing_core`: /opt/rustwide/target/debug/deps/libtracing_core-a34930705e3d7cbf.rmeta
[INFO] [stdout] 
[INFO] [stdout] 
[INFO] [stdout] error[E0460]: found possibly newer version of crate `once_cell` which `tracing_core` depends on
[INFO] [stdout]    --> /opt/rustwide/cargo-home/registry/src/github.com-1ecc6299db9ec823/tracing-0.1.37/src/lib.rs:948:9
[INFO] [stdout]     |
[INFO] [stdout] 948 | pub use tracing_core::{
[INFO] [stdout]     |         ^^^^^^^^^^^^
[INFO] [stdout]     |
[INFO] [stdout]     = note: perhaps that crate needs to be recompiled?
[INFO] [stdout]     = note: the following crate versions were found:
[INFO] [stdout]             crate `once_cell`: /opt/rustwide/target/debug/deps/libonce_cell-7f6943baeb2ea0e0.rmeta
[INFO] [stdout]             crate `once_cell`: /opt/rustwide/target/debug/deps/libonce_cell-8caa6a938c7b7f13.rmeta
[INFO] [stdout]             crate `once_cell`: /opt/rustwide/target/debug/deps/libonce_cell-8caa6a938c7b7f13.rlib
[INFO] [stdout]             crate `once_cell`: /opt/rustwide/target/debug/deps/libonce_cell-615f0485ce119a54.rmeta
[INFO] [stdout]             crate `tracing_core`: /opt/rustwide/target/debug/deps/libtracing_core-a34930705e3d7cbf.rmeta
[INFO] [stdout] 
[INFO] [stdout] 
[INFO] [stdout] error[E0460]: found possibly newer version of crate `once_cell` which `tracing_core` depends on
[INFO] [stdout]    --> /opt/rustwide/cargo-home/registry/src/github.com-1ecc6299db9ec823/tracing-0.1.37/src/lib.rs:952:9
[INFO] [stdout]     |
[INFO] [stdout] 952 | pub use tracing_core::{event, Level, Metadata};
[INFO] [stdout]     |         ^^^^^^^^^^^^
[INFO] [stdout]     |
[INFO] [stdout]     = note: perhaps that crate needs to be recompiled?
[INFO] [stdout]     = note: the following crate versions were found:
[INFO] [stdout]             crate `once_cell`: /opt/rustwide/target/debug/deps/libonce_cell-7f6943baeb2ea0e0.rmeta
[INFO] [stdout]             crate `once_cell`: /opt/rustwide/target/debug/deps/libonce_cell-8caa6a938c7b7f13.rmeta
[INFO] [stdout]             crate `once_cell`: /opt/rustwide/target/debug/deps/libonce_cell-8caa6a938c7b7f13.rlib
[INFO] [stdout]             crate `once_cell`: /opt/rustwide/target/debug/deps/libonce_cell-615f0485ce119a54.rmeta
[INFO] [stdout]             crate `tracing_core`: /opt/rustwide/target/debug/deps/libtracing_core-a34930705e3d7cbf.rmeta
[INFO] [stdout] 
[INFO] [stdout] 
[INFO] [stdout] error[E0460]: found possibly newer version of crate `once_cell` which `tracing_core` depends on
[INFO] [stdout]  --> /opt/rustwide/cargo-home/registry/src/github.com-1ecc6299db9ec823/tracing-0.1.37/src/subscriber.rs:6:9
[INFO] [stdout]   |
[INFO] [stdout] 6 | pub use tracing_core::dispatcher::DefaultGuard;
[INFO] [stdout]   |         ^^^^^^^^^^^^
[INFO] [stdout]   |
[INFO] [stdout]   = note: perhaps that crate needs to be recompiled?
[INFO] [stdout]   = note: the following crate versions were found:
[INFO] [stdout]           crate `once_cell`: /opt/rustwide/target/debug/deps/libonce_cell-7f6943baeb2ea0e0.rmeta
[INFO] [stdout]           crate `once_cell`: /opt/rustwide/target/debug/deps/libonce_cell-8caa6a938c7b7f13.rmeta
[INFO] [stdout]           crate `once_cell`: /opt/rustwide/target/debug/deps/libonce_cell-8caa6a938c7b7f13.rlib
[INFO] [stdout]           crate `once_cell`: /opt/rustwide/target/debug/deps/libonce_cell-615f0485ce119a54.rmeta
[INFO] [stdout]           crate `tracing_core`: /opt/rustwide/target/debug/deps/libtracing_core-a34930705e3d7cbf.rmeta
[INFO] [stdout] 
[INFO] [stdout] 
[INFO] [stdout] error[E0460]: found possibly newer version of crate `once_cell` which `tracing_core` depends on
[INFO] [stdout]   --> /opt/rustwide/cargo-home/registry/src/github.com-1ecc6299db9ec823/tracing-0.1.37/src/subscriber.rs:65:9
[INFO] [stdout]    |
[INFO] [stdout] 65 | pub use tracing_core::dispatcher::SetGlobalDefaultError;
[INFO] [stdout]    |         ^^^^^^^^^^^^
[INFO] [stdout]    |
[INFO] [stdout]    = note: perhaps that crate needs to be recompiled?
[INFO] [stdout]    = note: the following crate versions were found:
[INFO] [stdout]            crate `once_cell`: /opt/rustwide/target/debug/deps/libonce_cell-7f6943baeb2ea0e0.rmeta
[INFO] [stdout]            crate `once_cell`: /opt/rustwide/target/debug/deps/libonce_cell-8caa6a938c7b7f13.rmeta
[INFO] [stdout]            crate `once_cell`: /opt/rustwide/target/debug/deps/libonce_cell-8caa6a938c7b7f13.rlib
[INFO] [stdout]            crate `once_cell`: /opt/rustwide/target/debug/deps/libonce_cell-615f0485ce119a54.rmeta
[INFO] [stdout]            crate `tracing_core`: /opt/rustwide/target/debug/deps/libtracing_core-a34930705e3d7cbf.rmeta
[INFO] [stdout] 
[INFO] [stdout] 
[INFO] [stdout] error[E0432]: unresolved imports `self::dispatcher::Dispatch`, `self::event`, `self::field::Value`, `self::subscriber::Subscriber`, `self::span::Id`, `tracing_core::callsite`, `tracing_core::callsite::Callsite`, `tracing_core::metadata`, `tracing_core::event`, `tracing_core::Level`, `tracing_core::Metadata`, `crate::Metadata`, `crate::dispatcher::Dispatch`, `crate::dispatcher::Dispatch`, `crate::field`, `crate::Metadata`, `tracing_core::dispatcher::DefaultGuard`, `tracing_core::dispatcher::SetGlobalDefaultError`, `crate::callsite::Callsite`
[INFO] [stdout]    --> /opt/rustwide/cargo-home/registry/src/github.com-1ecc6299db9ec823/tracing-0.1.37/src/lib.rs:942:16
[INFO] [stdout]     |
[INFO] [stdout] 942 | pub use self::{dispatcher::Dispatch, event::Event, field::Value, subscriber::Subscriber};
[INFO] [stdout]     |                ^^^^^^^^^^^^^^^^^^^^  ^^^^^         ^^^^^^^^^^^^  ^^^^^^^^^^^^^^^^^^^^^^ no `Subscriber` in `subscriber`
[INFO] [stdout]     |                                      |             |
[INFO] [stdout]     |                                      |             no `Value` in `field`
[INFO] [stdout]     |                                      could not find `event` in the crate root
[INFO] [stdout] ...
[INFO] [stdout] 945 | pub use self::span::Id;
[INFO] [stdout]     |         ^^^^^^^^^^^^^^
[INFO] [stdout] ...
[INFO] [stdout] 949 |     callsite::{self, Callsite},
[INFO] [stdout]     |                ^^^^  ^^^^^^^^
[INFO] [stdout] 950 |     metadata,
[INFO] [stdout]     |     ^^^^^^^^
[INFO] [stdout] 951 | };
[INFO] [stdout] 952 | pub use tracing_core::{event, Level, Metadata};
[INFO] [stdout]     |                        ^^^^^  ^^^^^  ^^^^^^^^
[INFO] [stdout] ...
[INFO] [stdout] 975 |     pub use crate::callsite::Callsite;
[INFO] [stdout]     |             ^^^^^^^^^^^^^^^^^^^^^^^^^
[INFO] [stdout]     |
[INFO] [stdout]    ::: /opt/rustwide/cargo-home/registry/src/github.com-1ecc6299db9ec823/tracing-0.1.37/src/field.rs:116:5
[INFO] [stdout]     |
[INFO] [stdout] 116 | use crate::Metadata;
[INFO] [stdout]     |     ^^^^^^^^^^^^^^^
[INFO] [stdout]     |
[INFO] [stdout]    ::: /opt/rustwide/cargo-home/registry/src/github.com-1ecc6299db9ec823/tracing-0.1.37/src/instrument.rs:5:24
[INFO] [stdout]     |
[INFO] [stdout] 5   |     dispatcher::{self, Dispatch},
[INFO] [stdout]     |                        ^^^^^^^^
[INFO] [stdout]     |
[INFO] [stdout]    ::: /opt/rustwide/cargo-home/registry/src/github.com-1ecc6299db9ec823/tracing-0.1.37/src/span.rs:330:24
[INFO] [stdout]     |
[INFO] [stdout] 330 |     dispatcher::{self, Dispatch},
[INFO] [stdout]     |                        ^^^^^^^^
[INFO] [stdout] 331 |     field, Metadata,
[INFO] [stdout]     |     ^^^^^  ^^^^^^^^
[INFO] [stdout]     |
[INFO] [stdout]    ::: /opt/rustwide/cargo-home/registry/src/github.com-1ecc6299db9ec823/tracing-0.1.37/src/subscriber.rs:6:9
[INFO] [stdout]     |
[INFO] [stdout] 6   | pub use tracing_core::dispatcher::DefaultGuard;
[INFO] [stdout]     |         ^^^^^^^^^^^^^^^^^^^^^^^^^^^^^^^^^^^^^^
[INFO] [stdout] ...
[INFO] [stdout] 65  | pub use tracing_core::dispatcher::SetGlobalDefaultError;
[INFO] [stdout]     |         ^^^^^^^^^^^^^^^^^^^^^^^^^^^^^^^^^^^^^^^^^^^^^^^
[INFO] [stdout] 
[INFO] [stdout] 
[INFO] [stdout] error[E0432]: unresolved imports `crate::subscriber::Interest`, `crate::Metadata`
[INFO] [stdout]    --> /opt/rustwide/cargo-home/registry/src/github.com-1ecc6299db9ec823/tracing-0.1.37/src/lib.rs:976:17
[INFO] [stdout]     |
[INFO] [stdout] 976 |     use crate::{subscriber::Interest, Metadata};
[INFO] [stdout]     |                 ^^^^^^^^^^^^^^^^^^^^  ^^^^^^^^
[INFO] [stdout]     |                 |
[INFO] [stdout]     |                 no `Interest` in `subscriber`
[INFO] [stdout] 
[INFO] [stdout] 
[INFO] [stdout] error[E0412]: cannot find type `Field` in this scope
[INFO] [stdout]    --> /opt/rustwide/cargo-home/registry/src/github.com-1ecc6299db9ec823/tracing-0.1.37/src/field.rs:134:59
[INFO] [stdout]     |
[INFO] [stdout] 134 |     fn as_field(&self, metadata: &Metadata<'_>) -> Option<Field>;
[INFO] [stdout]     |                                                           ^^^^^ not found in this scope
[INFO] [stdout]     |
[INFO] [stdout] help: you might be missing a type parameter
[INFO] [stdout]     |
[INFO] [stdout] 129 | pub trait AsField<Field>: crate::sealed::Sealed {
[INFO] [stdout]     |                  +++++++
[INFO] [stdout] 
[INFO] [stdout] 
[INFO] [stdout] error[E0412]: cannot find type `Field` in this scope
[INFO] [stdout]    --> /opt/rustwide/cargo-home/registry/src/github.com-1ecc6299db9ec823/tracing-0.1.37/src/field.rs:139:18
[INFO] [stdout]     |
[INFO] [stdout] 139 | impl AsField for Field {
[INFO] [stdout]     |                  ^^^^^ not found in this scope
[INFO] [stdout] 
[INFO] [stdout] 
[INFO] [stdout] error[E0412]: cannot find type `Field` in this scope
[INFO] [stdout]    --> /opt/rustwide/cargo-home/registry/src/github.com-1ecc6299db9ec823/tracing-0.1.37/src/field.rs:141:59
[INFO] [stdout]     |
[INFO] [stdout] 141 |     fn as_field(&self, metadata: &Metadata<'_>) -> Option<Field> {
[INFO] [stdout]     |                                                           ^^^^^ not found in this scope
[INFO] [stdout]     |
[INFO] [stdout] help: you might be missing a type parameter
[INFO] [stdout]     |
[INFO] [stdout] 139 | impl<Field> AsField for Field {
[INFO] [stdout]     |     +++++++
[INFO] [stdout] 
[INFO] [stdout] 
[INFO] [stdout] error[E0412]: cannot find type `Field` in this scope
[INFO] [stdout]    --> /opt/rustwide/cargo-home/registry/src/github.com-1ecc6299db9ec823/tracing-0.1.37/src/field.rs:150:26
[INFO] [stdout]     |
[INFO] [stdout] 150 | impl<'a> AsField for &'a Field {
[INFO] [stdout]     |                          ^^^^^ not found in this scope
[INFO] [stdout] 
[INFO] [stdout] 
[INFO] [stdout] error[E0412]: cannot find type `Field` in this scope
[INFO] [stdout]    --> /opt/rustwide/cargo-home/registry/src/github.com-1ecc6299db9ec823/tracing-0.1.37/src/field.rs:152:59
[INFO] [stdout]     |
[INFO] [stdout] 152 |     fn as_field(&self, metadata: &Metadata<'_>) -> Option<Field> {
[INFO] [stdout]     |                                                           ^^^^^ not found in this scope
[INFO] [stdout]     |
[INFO] [stdout] help: you might be missing a type parameter
[INFO] [stdout]     |
[INFO] [stdout] 150 | impl<'a, Field> AsField for &'a Field {
[INFO] [stdout]     |        +++++++
[INFO] [stdout] 
[INFO] [stdout] 
[INFO] [stdout] error[E0412]: cannot find type `Field` in this scope
[INFO] [stdout]    --> /opt/rustwide/cargo-home/registry/src/github.com-1ecc6299db9ec823/tracing-0.1.37/src/field.rs:163:59
[INFO] [stdout]     |
[INFO] [stdout] 163 |     fn as_field(&self, metadata: &Metadata<'_>) -> Option<Field> {
[INFO] [stdout]     |                                                           ^^^^^ not found in this scope
[INFO] [stdout]     |
[INFO] [stdout] help: you might be missing a type parameter
[INFO] [stdout]     |
[INFO] [stdout] 161 | impl<Field> AsField for str {
[INFO] [stdout]     |     +++++++
[INFO] [stdout] 
[INFO] [stdout] 
[INFO] [stdout] error[E0412]: cannot find type `Field` in this scope
[INFO] [stdout]    --> /opt/rustwide/cargo-home/registry/src/github.com-1ecc6299db9ec823/tracing-0.1.37/src/field.rs:168:32
[INFO] [stdout]     |
[INFO] [stdout] 168 | impl crate::sealed::Sealed for Field {}
[INFO] [stdout]     |                                ^^^^^ not found in this scope
[INFO] [stdout] 
[INFO] [stdout] 
[INFO] [stdout] error[E0412]: cannot find type `Field` in this scope
[INFO] [stdout]    --> /opt/rustwide/cargo-home/registry/src/github.com-1ecc6299db9ec823/tracing-0.1.37/src/field.rs:169:40
[INFO] [stdout]     |
[INFO] [stdout] 169 | impl<'a> crate::sealed::Sealed for &'a Field {}
[INFO] [stdout]     |                                        ^^^^^ not found in this scope
[INFO] [stdout] 
[INFO] [stdout] 
[INFO] [stdout] error[E0412]: cannot find type `ValueSet` in module `field`
[INFO] [stdout]    --> /opt/rustwide/cargo-home/registry/src/github.com-1ecc6299db9ec823/tracing-0.1.37/src/span.rs:436:66
[INFO] [stdout]     |
[INFO] [stdout] 436 |     pub fn new(meta: &'static Metadata<'static>, values: &field::ValueSet<'_>) -> Span {
[INFO] [stdout]     |                                                                  ^^^^^^^^ not found in `field`
[INFO] [stdout] 
[INFO] [stdout] 
[INFO] [stdout] error[E0412]: cannot find type `ValueSet` in module `field`
[INFO] [stdout]    --> /opt/rustwide/cargo-home/registry/src/github.com-1ecc6299db9ec823/tracing-0.1.37/src/span.rs:444:25
[INFO] [stdout]     |
[INFO] [stdout] 444 |         values: &field::ValueSet<'_>,
[INFO] [stdout]     |                         ^^^^^^^^ not found in `field`
[INFO] [stdout] 
[INFO] [stdout] 
[INFO] [stdout] error[E0412]: cannot find type `ValueSet` in module `field`
[INFO] [stdout]    --> /opt/rustwide/cargo-home/registry/src/github.com-1ecc6299db9ec823/tracing-0.1.37/src/span.rs:460:71
[INFO] [stdout]     |
[INFO] [stdout] 460 |     pub fn new_root(meta: &'static Metadata<'static>, values: &field::ValueSet<'_>) -> Span {
[INFO] [stdout]     |                                                                       ^^^^^^^^ not found in `field`
[INFO] [stdout] 
[INFO] [stdout] 
[INFO] [stdout] error[E0412]: cannot find type `ValueSet` in module `field`
[INFO] [stdout]    --> /opt/rustwide/cargo-home/registry/src/github.com-1ecc6299db9ec823/tracing-0.1.37/src/span.rs:468:25
[INFO] [stdout]     |
[INFO] [stdout] 468 |         values: &field::ValueSet<'_>,
[INFO] [stdout]     |                         ^^^^^^^^ not found in `field`
[INFO] [stdout] 
[INFO] [stdout] 
[INFO] [stdout] error[E0412]: cannot find type `ValueSet` in module `field`
[INFO] [stdout]    --> /opt/rustwide/cargo-home/registry/src/github.com-1ecc6299db9ec823/tracing-0.1.37/src/span.rs:487:25
[INFO] [stdout]     |
[INFO] [stdout] 487 |         values: &field::ValueSet<'_>,
[INFO] [stdout]     |                         ^^^^^^^^ not found in `field`
[INFO] [stdout] 
[INFO] [stdout] 
[INFO] [stdout] error[E0412]: cannot find type `ValueSet` in module `field`
[INFO] [stdout]    --> /opt/rustwide/cargo-home/registry/src/github.com-1ecc6299db9ec823/tracing-0.1.37/src/span.rs:500:25
[INFO] [stdout]     |
[INFO] [stdout] 500 |         values: &field::ValueSet<'_>,
[INFO] [stdout]     |                         ^^^^^^^^ not found in `field`
[INFO] [stdout] 
[INFO] [stdout] 
[INFO] [stdout] error[E0412]: cannot find type `Field` in module `field`
[INFO] [stdout]     --> /opt/rustwide/cargo-home/registry/src/github.com-1ecc6299db9ec823/tracing-0.1.37/src/span.rs:1107:64
[INFO] [stdout]      |
[INFO] [stdout] 1107 |     pub fn field<Q: ?Sized>(&self, field: &Q) -> Option<field::Field>
[INFO] [stdout]      |                                                                ^^^^^ not found in `field`
[INFO] [stdout] 
[INFO] [stdout] 
[INFO] [stdout] error[E0405]: cannot find trait `Value` in module `field`
[INFO] [stdout]     --> /opt/rustwide/cargo-home/registry/src/github.com-1ecc6299db9ec823/tracing-0.1.37/src/span.rs:1197:19
[INFO] [stdout]      |
[INFO] [stdout] 1197 |         V: field::Value,
[INFO] [stdout]      |                   ^^^^^ not found in `field`
[INFO] [stdout] 
[INFO] [stdout] 
[INFO] [stdout] error[E0405]: cannot find trait `Value` in module `field`
[INFO] [stdout]     --> /opt/rustwide/cargo-home/registry/src/github.com-1ecc6299db9ec823/tracing-0.1.37/src/span.rs:1204:74
[INFO] [stdout]      |
[INFO] [stdout] 1204 |                         .value_set(&[(&field, Some(&value as &dyn field::Value))]),
[INFO] [stdout]      |                                                                          ^^^^^ not found in `field`
[INFO] [stdout] 
[INFO] [stdout] 
[INFO] [stdout] error[E0412]: cannot find type `ValueSet` in module `field`
[INFO] [stdout]     --> /opt/rustwide/cargo-home/registry/src/github.com-1ecc6299db9ec823/tracing-0.1.37/src/span.rs:1213:46
[INFO] [stdout]      |
[INFO] [stdout] 1213 |     pub fn record_all(&self, values: &field::ValueSet<'_>) -> &Self {
[INFO] [stdout]      |                                              ^^^^^^^^ not found in `field`
[INFO] [stdout] 
[INFO] [stdout] 
[INFO] [stdout] error[E0405]: cannot find trait `Subscriber` in this scope
[INFO] [stdout]   --> /opt/rustwide/cargo-home/registry/src/github.com-1ecc6299db9ec823/tracing-0.1.37/src/subscriber.rs:22:8
[INFO] [stdout]    |
[INFO] [stdout] 22 |     S: Subscriber + Send + Sync + 'static,
[INFO] [stdout]    |        ^^^^^^^^^^ not found in this scope
[INFO] [stdout] 
[INFO] [stdout] 
[INFO] [stdout] error[E0405]: cannot find trait `Subscriber` in this scope
[INFO] [stdout]   --> /opt/rustwide/cargo-home/registry/src/github.com-1ecc6299db9ec823/tracing-0.1.37/src/subscriber.rs:41:8
[INFO] [stdout]    |
[INFO] [stdout] 41 |     S: Subscriber + Send + Sync + 'static,
[INFO] [stdout]    |        ^^^^^^^^^^ not found in this scope
[INFO] [stdout] 
[INFO] [stdout] 
[INFO] [stdout] error[E0405]: cannot find trait `Subscriber` in this scope
[INFO] [stdout]   --> /opt/rustwide/cargo-home/registry/src/github.com-1ecc6299db9ec823/tracing-0.1.37/src/subscriber.rs:60:8
[INFO] [stdout]    |
[INFO] [stdout] 60 |     S: Subscriber + Send + Sync + 'static,
[INFO] [stdout]    |        ^^^^^^^^^^ not found in this scope
[INFO] [stdout] 
[INFO] [stdout] 
[INFO] [stdout] error: aborting due to 38 previous errors
[INFO] [stdout] 
[INFO] [stdout] 
[INFO] [stdout] Some errors have detailed explanations: E0405, E0412, E0432, E0460.
[INFO] [stdout] 
[INFO] [stdout] For more information about an error, try `rustc --explain E0405`.
[INFO] [stdout] 
[INFO] [stderr] error: could not compile `tracing` due to 39 previous errors
[INFO] [stderr] warning: build failed, waiting for other jobs to finish...
[INFO] running `Command { std: "docker" "inspect" "53e15ce14f6e23235927527a7dfa839dde85867d70bb0b32bc70d07655ada171", kill_on_drop: false }`
[INFO] running `Command { std: "docker" "rm" "-f" "53e15ce14f6e23235927527a7dfa839dde85867d70bb0b32bc70d07655ada171", kill_on_drop: false }`
[INFO] [stdout] 53e15ce14f6e23235927527a7dfa839dde85867d70bb0b32bc70d07655ada171
