[INFO] fetching crate libpulse-simple-sys 1.20.1...
[INFO] documenting libpulse-simple-sys-1.20.1 against 1.69.0 for beta-1.70-rustdoc-1
[INFO] extracting crate libpulse-simple-sys 1.20.1 into /workspace/builds/worker-7-tc1/source
[INFO] validating manifest of crates.io crate libpulse-simple-sys 1.20.1 on toolchain 1.69.0
[INFO] running `Command { std: CARGO_HOME="/workspace/cargo-home" RUSTUP_HOME="/workspace/rustup-home" "/workspace/cargo-home/bin/cargo" "+1.69.0" "metadata" "--manifest-path" "Cargo.toml" "--no-deps", kill_on_drop: false }`
[INFO] started tweaking crates.io crate libpulse-simple-sys 1.20.1
[INFO] finished tweaking crates.io crate libpulse-simple-sys 1.20.1
[INFO] tweaked toml for crates.io crate libpulse-simple-sys 1.20.1 written to /workspace/builds/worker-7-tc1/source/Cargo.toml
[INFO] running `Command { std: CARGO_HOME="/workspace/cargo-home" RUSTUP_HOME="/workspace/rustup-home" __CARGO_TEST_CHANNEL_OVERRIDE_DO_NOT_USE_THIS="nightly" "/workspace/cargo-home/bin/cargo" "+1.69.0" "generate-lockfile" "--manifest-path" "Cargo.toml" "-Zno-index-update", kill_on_drop: false }`
[INFO] running `Command { std: CARGO_HOME="/workspace/cargo-home" RUSTUP_HOME="/workspace/rustup-home" "/workspace/cargo-home/bin/cargo" "+1.69.0" "fetch" "--manifest-path" "Cargo.toml", kill_on_drop: false }`
[INFO] [stderr]  Downloading crates ...
[INFO] [stderr]   Downloaded libpulse-sys v1.20.1
[INFO] running `Command { std: "docker" "create" "-v" "/var/lib/crater-agent-workspace/builds/worker-7-tc1/target:/opt/rustwide/target:rw,Z" "-v" "/var/lib/crater-agent-workspace/builds/worker-7-tc1/source:/opt/rustwide/workdir:ro,Z" "-v" "/var/lib/crater-agent-workspace/cargo-home:/opt/rustwide/cargo-home:ro,Z" "-v" "/var/lib/crater-agent-workspace/rustup-home:/opt/rustwide/rustup-home:ro,Z" "-e" "SOURCE_DIR=/opt/rustwide/workdir" "-e" "CARGO_TARGET_DIR=/opt/rustwide/target" "-e" "CARGO_HOME=/opt/rustwide/cargo-home" "-e" "RUSTUP_HOME=/opt/rustwide/rustup-home" "-w" "/opt/rustwide/workdir" "-m" "1610612736" "--user" "0:0" "--network" "none" "ghcr.io/rust-lang/crates-build-env/linux@sha256:5ff2268d62e97bff2cde7d5815dd6ed5b47097566f13b8d0ca110b04b60e07ed" "/opt/rustwide/cargo-home/bin/cargo" "+1.69.0" "metadata" "--no-deps" "--format-version=1", kill_on_drop: false }`
[INFO] [stdout] 54212eb395eb661dc5f94f20edcd820222fda686eb7ad02f64cb6f36c47a4ba1
[INFO] running `Command { std: "docker" "start" "-a" "54212eb395eb661dc5f94f20edcd820222fda686eb7ad02f64cb6f36c47a4ba1", kill_on_drop: false }`
[INFO] running `Command { std: "docker" "inspect" "54212eb395eb661dc5f94f20edcd820222fda686eb7ad02f64cb6f36c47a4ba1", kill_on_drop: false }`
[INFO] running `Command { std: "docker" "rm" "-f" "54212eb395eb661dc5f94f20edcd820222fda686eb7ad02f64cb6f36c47a4ba1", kill_on_drop: false }`
[INFO] [stdout] 54212eb395eb661dc5f94f20edcd820222fda686eb7ad02f64cb6f36c47a4ba1
[INFO] running `Command { std: "docker" "create" "-v" "/var/lib/crater-agent-workspace/builds/worker-7-tc1/target:/opt/rustwide/target:rw,Z" "-v" "/var/lib/crater-agent-workspace/builds/worker-7-tc1/source:/opt/rustwide/workdir:ro,Z" "-v" "/var/lib/crater-agent-workspace/cargo-home:/opt/rustwide/cargo-home:ro,Z" "-v" "/var/lib/crater-agent-workspace/rustup-home:/opt/rustwide/rustup-home:ro,Z" "-e" "SOURCE_DIR=/opt/rustwide/workdir" "-e" "CARGO_TARGET_DIR=/opt/rustwide/target" "-e" "CARGO_INCREMENTAL=0" "-e" "RUST_BACKTRACE=full" "-e" "RUSTFLAGS=--cap-lints=warn" "-e" "RUSTDOCFLAGS=--cap-lints=warn" "-e" "CARGO_HOME=/opt/rustwide/cargo-home" "-e" "RUSTUP_HOME=/opt/rustwide/rustup-home" "-w" "/opt/rustwide/workdir" "-m" "1610612736" "--user" "0:0" "--network" "none" "ghcr.io/rust-lang/crates-build-env/linux@sha256:5ff2268d62e97bff2cde7d5815dd6ed5b47097566f13b8d0ca110b04b60e07ed" "/opt/rustwide/cargo-home/bin/cargo" "+1.69.0" "doc" "--frozen" "--no-deps" "--document-private-items" "--message-format=json", kill_on_drop: false }`
[INFO] [stdout] ab1f0a4e769281bc17558b8d538f184dcf2152161aaf669a8e6eeef68d44d57d
[INFO] running `Command { std: "docker" "start" "-a" "ab1f0a4e769281bc17558b8d538f184dcf2152161aaf669a8e6eeef68d44d57d", kill_on_drop: false }`
[INFO] [stderr]    Compiling libpulse-sys v1.20.1
[INFO] [stderr]    Compiling syn v1.0.109
[INFO] [stderr]    Compiling libpulse-simple-sys v1.20.1 (/opt/rustwide/workdir)
[INFO] [stderr]    Compiling num-traits v0.2.15
[INFO] [stderr]    Compiling num-derive v0.3.3
[INFO] [stderr]  Documenting libpulse-simple-sys v1.20.1 (/opt/rustwide/workdir)
[INFO] [stderr]     Finished dev [unoptimized + debuginfo] target(s) in 3.08s
[INFO] running `Command { std: "docker" "inspect" "ab1f0a4e769281bc17558b8d538f184dcf2152161aaf669a8e6eeef68d44d57d", kill_on_drop: false }`
[INFO] running `Command { std: "docker" "rm" "-f" "ab1f0a4e769281bc17558b8d538f184dcf2152161aaf669a8e6eeef68d44d57d", kill_on_drop: false }`
[INFO] [stdout] ab1f0a4e769281bc17558b8d538f184dcf2152161aaf669a8e6eeef68d44d57d
[INFO] running `Command { std: "docker" "create" "-v" "/var/lib/crater-agent-workspace/builds/worker-7-tc1/target:/opt/rustwide/target:rw,Z" "-v" "/var/lib/crater-agent-workspace/builds/worker-7-tc1/source:/opt/rustwide/workdir:ro,Z" "-v" "/var/lib/crater-agent-workspace/cargo-home:/opt/rustwide/cargo-home:ro,Z" "-v" "/var/lib/crater-agent-workspace/rustup-home:/opt/rustwide/rustup-home:ro,Z" "-e" "SOURCE_DIR=/opt/rustwide/workdir" "-e" "CARGO_TARGET_DIR=/opt/rustwide/target" "-e" "CARGO_INCREMENTAL=0" "-e" "RUST_BACKTRACE=full" "-e" "RUSTFLAGS=--cap-lints=warn" "-e" "RUSTDOCFLAGS=--cap-lints=warn" "-e" "RUSTC_BOOTSTRAP=1" "-e" "DOCS_RS=1" "-e" "CARGO_HOME=/opt/rustwide/cargo-home" "-e" "RUSTUP_HOME=/opt/rustwide/rustup-home" "-w" "/opt/rustwide/workdir" "-m" "1610612736" "--user" "0:0" "--network" "none" "ghcr.io/rust-lang/crates-build-env/linux@sha256:5ff2268d62e97bff2cde7d5815dd6ed5b47097566f13b8d0ca110b04b60e07ed" "/opt/rustwide/cargo-home/bin/cargo" "+1.69.0" "rustdoc" "--lib" "-Zrustdoc-map" "--no-default-features" "-Z" "unstable-options" "--config" "build.rustflags=[\"--cfg\", \"doc\"]" "-Zhost-config" "-Ztarget-applies-to-host" "--config" "host.rustflags=[\"--cfg\", \"doc\"]" "--config" "build.rustdocflags=[\"--cfg\", \"docsrs\", \"-Z\", \"unstable-options\", \"--document-private-items\"]" "--frozen" "--message-format=json", kill_on_drop: false }`
[INFO] [stdout] 733e06aa91afd5ea9c063734f455406a5da30b3ff233f116a407f175c239ee30
[INFO] running `Command { std: "docker" "start" "-a" "733e06aa91afd5ea9c063734f455406a5da30b3ff233f116a407f175c239ee30", kill_on_drop: false }`
[INFO] [stderr]    Compiling proc-macro2 v1.0.56
[INFO] [stderr]    Compiling pkg-config v0.3.26
[INFO] [stderr]    Compiling unicode-ident v1.0.8
[INFO] [stderr]    Compiling quote v1.0.26
[INFO] [stderr]    Compiling autocfg v1.1.0
[INFO] [stderr]    Compiling syn v1.0.109
[INFO] [stderr]    Compiling libc v0.2.142
[INFO] [stderr]    Compiling num-traits v0.2.15
[INFO] [stderr]    Compiling libpulse-sys v1.20.1
[INFO] [stderr]    Compiling libpulse-simple-sys v1.20.1 (/opt/rustwide/workdir)
[INFO] [stderr]    Compiling num-derive v0.3.3
[INFO] [stdout] error: unexpected token: `...`
[INFO] [stdout]    --> /opt/rustwide/cargo-home/registry/src/github.com-1ecc6299db9ec823/num-derive-0.3.3/src/lib.rs:115:5
[INFO] [stdout]     |
[INFO] [stdout] 115 | /     quote! {
[INFO] [stdout] 116 | |         #[allow(non_upper_case_globals, unused_qualifications)]
[INFO] [stdout] 117 | |         const #dummy_const: () = {
[INFO] [stdout] 118 | |             #[allow(clippy::useless_attribute)]
[INFO] [stdout] ...   |
[INFO] [stdout] 122 | |         };
[INFO] [stdout] 123 | |     }
[INFO] [stdout]     | |_____^
[INFO] [stdout]     |
[INFO] [stdout]     = note: this error originates in the macro `quote` (in Nightly builds, run with -Z macro-backtrace for more info)
[INFO] [stdout] help: use `..` for an exclusive range
[INFO] [stdout]    --> /opt/rustwide/cargo-home/registry/src/github.com-1ecc6299db9ec823/quote-1.0.26/src/lib.rs:475:9
[INFO] [stdout]     |
[INFO] [stdout] 475 |         ..
[INFO] [stdout]     |
[INFO] [stdout] help: or `..=` for an inclusive range
[INFO] [stdout]    --> /opt/rustwide/cargo-home/registry/src/github.com-1ecc6299db9ec823/quote-1.0.26/src/lib.rs:475:9
[INFO] [stdout]     |
[INFO] [stdout] 475 |         ..=
[INFO] [stdout]     |
[INFO] [stdout] 
[INFO] [stdout] 
[INFO] [stdout] error[E0586]: inclusive range with no end
[INFO] [stdout]    --> /opt/rustwide/cargo-home/registry/src/github.com-1ecc6299db9ec823/num-derive-0.3.3/src/lib.rs:115:5
[INFO] [stdout]     |
[INFO] [stdout] 115 | /     quote! {
[INFO] [stdout] 116 | |         #[allow(non_upper_case_globals, unused_qualifications)]
[INFO] [stdout] 117 | |         const #dummy_const: () = {
[INFO] [stdout] 118 | |             #[allow(clippy::useless_attribute)]
[INFO] [stdout] ...   |
[INFO] [stdout] 122 | |         };
[INFO] [stdout] 123 | |     }
[INFO] [stdout]     | |_____^ help: use `..` instead
[INFO] [stdout]     |
[INFO] [stdout]     = note: inclusive ranges must be bounded at the end (`..=b` or `a..=b`)
[INFO] [stdout]     = note: this error originates in the macro `quote` (in Nightly builds, run with -Z macro-backtrace for more info)
[INFO] [stdout] 
[INFO] [stdout] 
[INFO] [stdout] error: unexpected token: `...`
[INFO] [stdout]    --> /opt/rustwide/cargo-home/registry/src/github.com-1ecc6299db9ec823/num-derive-0.3.3/src/lib.rs:259:9
[INFO] [stdout]     |
[INFO] [stdout] 259 | /         quote! {
[INFO] [stdout] 260 | |             impl #import::FromPrimitive for #name {
[INFO] [stdout] 261 | |                 #[inline]
[INFO] [stdout] 262 | |                 fn from_i64(n: i64) -> Option<Self> {
[INFO] [stdout] ...   |
[INFO] [stdout] 317 | |             }
[INFO] [stdout] 318 | |         }
[INFO] [stdout]     | |_________^
[INFO] [stdout]     |
[INFO] [stdout]     = note: this error originates in the macro `quote` (in Nightly builds, run with -Z macro-backtrace for more info)
[INFO] [stdout] help: use `..` for an exclusive range
[INFO] [stdout]    --> /opt/rustwide/cargo-home/registry/src/github.com-1ecc6299db9ec823/quote-1.0.26/src/lib.rs:475:9
[INFO] [stdout]     |
[INFO] [stdout] 475 |         ..
[INFO] [stdout]     |
[INFO] [stdout] help: or `..=` for an inclusive range
[INFO] [stdout]    --> /opt/rustwide/cargo-home/registry/src/github.com-1ecc6299db9ec823/quote-1.0.26/src/lib.rs:475:9
[INFO] [stdout]     |
[INFO] [stdout] 475 |         ..=
[INFO] [stdout]     |
[INFO] [stdout] 
[INFO] [stdout] 
[INFO] [stdout] error[E0586]: inclusive range with no end
[INFO] [stdout]    --> /opt/rustwide/cargo-home/registry/src/github.com-1ecc6299db9ec823/num-derive-0.3.3/src/lib.rs:259:9
[INFO] [stdout]     |
[INFO] [stdout] 259 | /         quote! {
[INFO] [stdout] 260 | |             impl #import::FromPrimitive for #name {
[INFO] [stdout] 261 | |                 #[inline]
[INFO] [stdout] 262 | |                 fn from_i64(n: i64) -> Option<Self> {
[INFO] [stdout] ...   |
[INFO] [stdout] 317 | |             }
[INFO] [stdout] 318 | |         }
[INFO] [stdout]     | |_________^ help: use `..` instead
[INFO] [stdout]     |
[INFO] [stdout]     = note: inclusive ranges must be bounded at the end (`..=b` or `a..=b`)
[INFO] [stdout]     = note: this error originates in the macro `quote` (in Nightly builds, run with -Z macro-backtrace for more info)
[INFO] [stdout] 
[INFO] [stdout] 
[INFO] [stdout] error: unexpected token: `...`
[INFO] [stdout]    --> /opt/rustwide/cargo-home/registry/src/github.com-1ecc6299db9ec823/num-derive-0.3.3/src/lib.rs:328:28
[INFO] [stdout]     |
[INFO] [stdout] 328 |         let from_i64_var = quote! { n };
[INFO] [stdout]     |                            ^^^^^^^^^^^^
[INFO] [stdout]     |
[INFO] [stdout]     = note: this error originates in the macro `quote` (in Nightly builds, run with -Z macro-backtrace for more info)
[INFO] [stdout] help: use `..` for an exclusive range
[INFO] [stdout]    --> /opt/rustwide/cargo-home/registry/src/github.com-1ecc6299db9ec823/quote-1.0.26/src/lib.rs:475:9
[INFO] [stdout]     |
[INFO] [stdout] 475 |         ..
[INFO] [stdout]     |
[INFO] [stdout] help: or `..=` for an inclusive range
[INFO] [stdout]    --> /opt/rustwide/cargo-home/registry/src/github.com-1ecc6299db9ec823/quote-1.0.26/src/lib.rs:475:9
[INFO] [stdout]     |
[INFO] [stdout] 475 |         ..=
[INFO] [stdout]     |
[INFO] [stdout] 
[INFO] [stdout] 
[INFO] [stdout] error[E0586]: inclusive range with no end
[INFO] [stdout]    --> /opt/rustwide/cargo-home/registry/src/github.com-1ecc6299db9ec823/num-derive-0.3.3/src/lib.rs:328:28
[INFO] [stdout]     |
[INFO] [stdout] 328 |         let from_i64_var = quote! { n };
[INFO] [stdout]     |                            ^^^^^^^^^^^^ help: use `..` instead
[INFO] [stdout]     |
[INFO] [stdout]     = note: inclusive ranges must be bounded at the end (`..=b` or `a..=b`)
[INFO] [stdout]     = note: this error originates in the macro `quote` (in Nightly builds, run with -Z macro-backtrace for more info)
[INFO] [stdout] 
[INFO] [stdout] 
[INFO] [stdout] error: unexpected token: `...`
[INFO] [stdout]    --> /opt/rustwide/cargo-home/registry/src/github.com-1ecc6299db9ec823/num-derive-0.3.3/src/lib.rs:342:17
[INFO] [stdout]     |
[INFO] [stdout] 342 | /                 quote! {
[INFO] [stdout] 343 | |                     if #from_i64_var == #name::#ident as i64 {
[INFO] [stdout] 344 | |                         Some(#name::#ident)
[INFO] [stdout] 345 | |                     }
[INFO] [stdout] 346 | |                 }
[INFO] [stdout]     | |_________________^
[INFO] [stdout]     |
[INFO] [stdout]     = note: this error originates in the macro `quote` (in Nightly builds, run with -Z macro-backtrace for more info)
[INFO] [stdout] help: use `..` for an exclusive range
[INFO] [stdout]    --> /opt/rustwide/cargo-home/registry/src/github.com-1ecc6299db9ec823/quote-1.0.26/src/lib.rs:475:9
[INFO] [stdout]     |
[INFO] [stdout] 475 |         ..
[INFO] [stdout]     |
[INFO] [stdout] help: or `..=` for an inclusive range
[INFO] [stdout]    --> /opt/rustwide/cargo-home/registry/src/github.com-1ecc6299db9ec823/quote-1.0.26/src/lib.rs:475:9
[INFO] [stdout]     |
[INFO] [stdout] 475 |         ..=
[INFO] [stdout]     |
[INFO] [stdout] 
[INFO] [stdout] 
[INFO] [stdout] error[E0586]: inclusive range with no end
[INFO] [stdout]    --> /opt/rustwide/cargo-home/registry/src/github.com-1ecc6299db9ec823/num-derive-0.3.3/src/lib.rs:342:17
[INFO] [stdout]     |
[INFO] [stdout] 342 | /                 quote! {
[INFO] [stdout] 343 | |                     if #from_i64_var == #name::#ident as i64 {
[INFO] [stdout] 344 | |                         Some(#name::#ident)
[INFO] [stdout] 345 | |                     }
[INFO] [stdout] 346 | |                 }
[INFO] [stdout]     | |_________________^ help: use `..` instead
[INFO] [stdout]     |
[INFO] [stdout]     = note: inclusive ranges must be bounded at the end (`..=b` or `a..=b`)
[INFO] [stdout]     = note: this error originates in the macro `quote` (in Nightly builds, run with -Z macro-backtrace for more info)
[INFO] [stdout] 
[INFO] [stdout] 
[INFO] [stdout] error: unexpected token: `...`
[INFO] [stdout]    --> /opt/rustwide/cargo-home/registry/src/github.com-1ecc6299db9ec823/num-derive-0.3.3/src/lib.rs:351:13
[INFO] [stdout]     |
[INFO] [stdout] 351 |             quote!(_)
[INFO] [stdout]     |             ^^^^^^^^^
[INFO] [stdout]     |
[INFO] [stdout]     = note: this error originates in the macro `quote` (in Nightly builds, run with -Z macro-backtrace for more info)
[INFO] [stdout] help: use `..` for an exclusive range
[INFO] [stdout]    --> /opt/rustwide/cargo-home/registry/src/github.com-1ecc6299db9ec823/quote-1.0.26/src/lib.rs:475:9
[INFO] [stdout]     |
[INFO] [stdout] 475 |         ..
[INFO] [stdout]     |
[INFO] [stdout] help: or `..=` for an inclusive range
[INFO] [stdout]    --> /opt/rustwide/cargo-home/registry/src/github.com-1ecc6299db9ec823/quote-1.0.26/src/lib.rs:475:9
[INFO] [stdout]     |
[INFO] [stdout] 475 |         ..=
[INFO] [stdout]     |
[INFO] [stdout] 
[INFO] [stdout] 
[INFO] [stdout] error[E0586]: inclusive range with no end
[INFO] [stdout]    --> /opt/rustwide/cargo-home/registry/src/github.com-1ecc6299db9ec823/num-derive-0.3.3/src/lib.rs:351:13
[INFO] [stdout]     |
[INFO] [stdout] 351 |             quote!(_)
[INFO] [stdout]     |             ^^^^^^^^^ help: use `..` instead
[INFO] [stdout]     |
[INFO] [stdout]     = note: inclusive ranges must be bounded at the end (`..=b` or `a..=b`)
[INFO] [stdout]     = note: this error originates in the macro `quote` (in Nightly builds, run with -Z macro-backtrace for more info)
[INFO] [stdout] 
[INFO] [stdout] 
[INFO] [stdout] error: unexpected token: `...`
[INFO] [stdout]    --> /opt/rustwide/cargo-home/registry/src/github.com-1ecc6299db9ec823/num-derive-0.3.3/src/lib.rs:356:9
[INFO] [stdout]     |
[INFO] [stdout] 356 | /         quote! {
[INFO] [stdout] 357 | |             impl #import::FromPrimitive for #name {
[INFO] [stdout] 358 | |                 #[allow(trivial_numeric_casts)]
[INFO] [stdout] 359 | |                 #[inline]
[INFO] [stdout] ...   |
[INFO] [stdout] 370 | |             }
[INFO] [stdout] 371 | |         }
[INFO] [stdout]     | |_________^
[INFO] [stdout]     |
[INFO] [stdout]     = note: this error originates in the macro `quote` (in Nightly builds, run with -Z macro-backtrace for more info)
[INFO] [stdout] help: use `..` for an exclusive range
[INFO] [stdout]    --> /opt/rustwide/cargo-home/registry/src/github.com-1ecc6299db9ec823/quote-1.0.26/src/lib.rs:475:9
[INFO] [stdout]     |
[INFO] [stdout] 475 |         ..
[INFO] [stdout]     |
[INFO] [stdout] help: or `..=` for an inclusive range
[INFO] [stdout]    --> /opt/rustwide/cargo-home/registry/src/github.com-1ecc6299db9ec823/quote-1.0.26/src/lib.rs:475:9
[INFO] [stdout]     |
[INFO] [stdout] 475 |         ..=
[INFO] [stdout]     |
[INFO] [stdout] 
[INFO] [stdout] 
[INFO] [stdout] error[E0586]: inclusive range with no end
[INFO] [stdout]    --> /opt/rustwide/cargo-home/registry/src/github.com-1ecc6299db9ec823/num-derive-0.3.3/src/lib.rs:356:9
[INFO] [stdout]     |
[INFO] [stdout] 356 | /         quote! {
[INFO] [stdout] 357 | |             impl #import::FromPrimitive for #name {
[INFO] [stdout] 358 | |                 #[allow(trivial_numeric_casts)]
[INFO] [stdout] 359 | |                 #[inline]
[INFO] [stdout] ...   |
[INFO] [stdout] 370 | |             }
[INFO] [stdout] 371 | |         }
[INFO] [stdout]     | |_________^ help: use `..` instead
[INFO] [stdout]     |
[INFO] [stdout]     = note: inclusive ranges must be bounded at the end (`..=b` or `a..=b`)
[INFO] [stdout]     = note: this error originates in the macro `quote` (in Nightly builds, run with -Z macro-backtrace for more info)
[INFO] [stdout] 
[INFO] [stdout] 
[INFO] [stdout] error: unexpected token: `...`
[INFO] [stdout]    --> /opt/rustwide/cargo-home/registry/src/github.com-1ecc6299db9ec823/num-derive-0.3.3/src/lib.rs:433:9
[INFO] [stdout]     |
[INFO] [stdout] 433 | /         quote! {
[INFO] [stdout] 434 | |             impl #import::ToPrimitive for #name {
[INFO] [stdout] 435 | |                 #[inline]
[INFO] [stdout] 436 | |                 fn to_i64(&self) -> Option<i64> {
[INFO] [stdout] ...   |
[INFO] [stdout] 491 | |             }
[INFO] [stdout] 492 | |         }
[INFO] [stdout]     | |_________^
[INFO] [stdout]     |
[INFO] [stdout]     = note: this error originates in the macro `quote` (in Nightly builds, run with -Z macro-backtrace for more info)
[INFO] [stdout] help: use `..` for an exclusive range
[INFO] [stdout]    --> /opt/rustwide/cargo-home/registry/src/github.com-1ecc6299db9ec823/quote-1.0.26/src/lib.rs:475:9
[INFO] [stdout]     |
[INFO] [stdout] 475 |         ..
[INFO] [stdout]     |
[INFO] [stdout] help: or `..=` for an inclusive range
[INFO] [stdout]    --> /opt/rustwide/cargo-home/registry/src/github.com-1ecc6299db9ec823/quote-1.0.26/src/lib.rs:475:9
[INFO] [stdout]     |
[INFO] [stdout] 475 |         ..=
[INFO] [stdout]     |
[INFO] [stdout] 
[INFO] [stdout] 
[INFO] [stdout] error[E0586]: inclusive range with no end
[INFO] [stdout]    --> /opt/rustwide/cargo-home/registry/src/github.com-1ecc6299db9ec823/num-derive-0.3.3/src/lib.rs:433:9
[INFO] [stdout]     |
[INFO] [stdout] 433 | /         quote! {
[INFO] [stdout] 434 | |             impl #import::ToPrimitive for #name {
[INFO] [stdout] 435 | |                 #[inline]
[INFO] [stdout] 436 | |                 fn to_i64(&self) -> Option<i64> {
[INFO] [stdout] ...   |
[INFO] [stdout] 491 | |             }
[INFO] [stdout] 492 | |         }
[INFO] [stdout]     | |_________^ help: use `..` instead
[INFO] [stdout]     |
[INFO] [stdout]     = note: inclusive ranges must be bounded at the end (`..=b` or `a..=b`)
[INFO] [stdout]     = note: this error originates in the macro `quote` (in Nightly builds, run with -Z macro-backtrace for more info)
[INFO] [stdout] 
[INFO] [stdout] 
[INFO] [stdout] error: unexpected token: `...`
[INFO] [stdout]    --> /opt/rustwide/cargo-home/registry/src/github.com-1ecc6299db9ec823/num-derive-0.3.3/src/lib.rs:516:17
[INFO] [stdout]     |
[INFO] [stdout] 516 |                 quote!(#name::#ident => #name::#ident as i64)
[INFO] [stdout]     |                 ^^^^^^^^^^^^^^^^^^^^^^^^^^^^^^^^^^^^^^^^^^^^^
[INFO] [stdout]     |
[INFO] [stdout]     = note: this error originates in the macro `quote` (in Nightly builds, run with -Z macro-backtrace for more info)
[INFO] [stdout] help: use `..` for an exclusive range
[INFO] [stdout]    --> /opt/rustwide/cargo-home/registry/src/github.com-1ecc6299db9ec823/quote-1.0.26/src/lib.rs:475:9
[INFO] [stdout]     |
[INFO] [stdout] 475 |         ..
[INFO] [stdout]     |
[INFO] [stdout] help: or `..=` for an inclusive range
[INFO] [stdout]    --> /opt/rustwide/cargo-home/registry/src/github.com-1ecc6299db9ec823/quote-1.0.26/src/lib.rs:475:9
[INFO] [stdout]     |
[INFO] [stdout] 475 |         ..=
[INFO] [stdout]     |
[INFO] [stdout] 
[INFO] [stdout] 
[INFO] [stdout] error[E0586]: inclusive range with no end
[INFO] [stdout]    --> /opt/rustwide/cargo-home/registry/src/github.com-1ecc6299db9ec823/num-derive-0.3.3/src/lib.rs:516:17
[INFO] [stdout]     |
[INFO] [stdout] 516 |                 quote!(#name::#ident => #name::#ident as i64)
[INFO] [stdout]     |                 ^^^^^^^^^^^^^^^^^^^^^^^^^^^^^^^^^^^^^^^^^^^^^ help: use `..` instead
[INFO] [stdout]     |
[INFO] [stdout]     = note: inclusive ranges must be bounded at the end (`..=b` or `a..=b`)
[INFO] [stdout]     = note: this error originates in the macro `quote` (in Nightly builds, run with -Z macro-backtrace for more info)
[INFO] [stdout] 
[INFO] [stdout] 
[INFO] [stdout] error: unexpected token: `...`
[INFO] [stdout]    --> /opt/rustwide/cargo-home/registry/src/github.com-1ecc6299db9ec823/num-derive-0.3.3/src/lib.rs:522:13
[INFO] [stdout]     |
[INFO] [stdout] 522 | /             quote! {
[INFO] [stdout] 523 | |                 match *self {}
[INFO] [stdout] 524 | |             }
[INFO] [stdout]     | |_____________^
[INFO] [stdout]     |
[INFO] [stdout]     = note: this error originates in the macro `quote` (in Nightly builds, run with -Z macro-backtrace for more info)
[INFO] [stdout] help: use `..` for an exclusive range
[INFO] [stdout]    --> /opt/rustwide/cargo-home/registry/src/github.com-1ecc6299db9ec823/quote-1.0.26/src/lib.rs:475:9
[INFO] [stdout]     |
[INFO] [stdout] 475 |         ..
[INFO] [stdout]     |
[INFO] [stdout] help: or `..=` for an inclusive range
[INFO] [stdout]    --> /opt/rustwide/cargo-home/registry/src/github.com-1ecc6299db9ec823/quote-1.0.26/src/lib.rs:475:9
[INFO] [stdout]     |
[INFO] [stdout] 475 |         ..=
[INFO] [stdout]     |
[INFO] [stdout] 
[INFO] [stdout] 
[INFO] [stdout] error[E0586]: inclusive range with no end
[INFO] [stdout]    --> /opt/rustwide/cargo-home/registry/src/github.com-1ecc6299db9ec823/num-derive-0.3.3/src/lib.rs:522:13
[INFO] [stdout]     |
[INFO] [stdout] 522 | /             quote! {
[INFO] [stdout] 523 | |                 match *self {}
[INFO] [stdout] 524 | |             }
[INFO] [stdout]     | |_____________^ help: use `..` instead
[INFO] [stdout]     |
[INFO] [stdout]     = note: inclusive ranges must be bounded at the end (`..=b` or `a..=b`)
[INFO] [stdout]     = note: this error originates in the macro `quote` (in Nightly builds, run with -Z macro-backtrace for more info)
[INFO] [stdout] 
[INFO] [stdout] 
[INFO] [stdout] error: unexpected token: `...`
[INFO] [stdout]    --> /opt/rustwide/cargo-home/registry/src/github.com-1ecc6299db9ec823/num-derive-0.3.3/src/lib.rs:526:13
[INFO] [stdout]     |
[INFO] [stdout] 526 | /             quote! {
[INFO] [stdout] 527 | |                 Some(match *self {
[INFO] [stdout] 528 | |                     #(#variants,)*
[INFO] [stdout] 529 | |                 })
[INFO] [stdout] 530 | |             }
[INFO] [stdout]     | |_____________^
[INFO] [stdout]     |
[INFO] [stdout]     = note: this error originates in the macro `quote` (in Nightly builds, run with -Z macro-backtrace for more info)
[INFO] [stdout] help: use `..` for an exclusive range
[INFO] [stdout]    --> /opt/rustwide/cargo-home/registry/src/github.com-1ecc6299db9ec823/quote-1.0.26/src/lib.rs:475:9
[INFO] [stdout]     |
[INFO] [stdout] 475 |         ..
[INFO] [stdout]     |
[INFO] [stdout] help: or `..=` for an inclusive range
[INFO] [stdout]    --> /opt/rustwide/cargo-home/registry/src/github.com-1ecc6299db9ec823/quote-1.0.26/src/lib.rs:475:9
[INFO] [stdout]     |
[INFO] [stdout] 475 |         ..=
[INFO] [stdout]     |
[INFO] [stdout] 
[INFO] [stdout] 
[INFO] [stdout] error[E0586]: inclusive range with no end
[INFO] [stdout]    --> /opt/rustwide/cargo-home/registry/src/github.com-1ecc6299db9ec823/num-derive-0.3.3/src/lib.rs:526:13
[INFO] [stdout]     |
[INFO] [stdout] 526 | /             quote! {
[INFO] [stdout] 527 | |                 Some(match *self {
[INFO] [stdout] 528 | |                     #(#variants,)*
[INFO] [stdout] 529 | |                 })
[INFO] [stdout] 530 | |             }
[INFO] [stdout]     | |_____________^ help: use `..` instead
[INFO] [stdout]     |
[INFO] [stdout]     = note: inclusive ranges must be bounded at the end (`..=b` or `a..=b`)
[INFO] [stdout]     = note: this error originates in the macro `quote` (in Nightly builds, run with -Z macro-backtrace for more info)
[INFO] [stdout] 
[INFO] [stdout] 
[INFO] [stdout] error: unexpected token: `...`
[INFO] [stdout]    --> /opt/rustwide/cargo-home/registry/src/github.com-1ecc6299db9ec823/num-derive-0.3.3/src/lib.rs:533:9
[INFO] [stdout]     |
[INFO] [stdout] 533 | /         quote! {
[INFO] [stdout] 534 | |             impl #import::ToPrimitive for #name {
[INFO] [stdout] 535 | |                 #[inline]
[INFO] [stdout] 536 | |                 #[allow(trivial_numeric_casts)]
[INFO] [stdout] ...   |
[INFO] [stdout] 545 | |             }
[INFO] [stdout] 546 | |         }
[INFO] [stdout]     | |_________^
[INFO] [stdout]     |
[INFO] [stdout]     = note: this error originates in the macro `quote` (in Nightly builds, run with -Z macro-backtrace for more info)
[INFO] [stdout] help: use `..` for an exclusive range
[INFO] [stdout]    --> /opt/rustwide/cargo-home/registry/src/github.com-1ecc6299db9ec823/quote-1.0.26/src/lib.rs:475:9
[INFO] [stdout]     |
[INFO] [stdout] 475 |         ..
[INFO] [stdout]     |
[INFO] [stdout] help: or `..=` for an inclusive range
[INFO] [stdout]    --> /opt/rustwide/cargo-home/registry/src/github.com-1ecc6299db9ec823/quote-1.0.26/src/lib.rs:475:9
[INFO] [stdout]     |
[INFO] [stdout] 475 |         ..=
[INFO] [stdout]     |
[INFO] [stdout] 
[INFO] [stdout] 
[INFO] [stdout] error[E0586]: inclusive range with no end
[INFO] [stdout]    --> /opt/rustwide/cargo-home/registry/src/github.com-1ecc6299db9ec823/num-derive-0.3.3/src/lib.rs:533:9
[INFO] [stdout]     |
[INFO] [stdout] 533 | /         quote! {
[INFO] [stdout] 534 | |             impl #import::ToPrimitive for #name {
[INFO] [stdout] 535 | |                 #[inline]
[INFO] [stdout] 536 | |                 #[allow(trivial_numeric_casts)]
[INFO] [stdout] ...   |
[INFO] [stdout] 545 | |             }
[INFO] [stdout] 546 | |         }
[INFO] [stdout]     | |_________^ help: use `..` instead
[INFO] [stdout]     |
[INFO] [stdout]     = note: inclusive ranges must be bounded at the end (`..=b` or `a..=b`)
[INFO] [stdout]     = note: this error originates in the macro `quote` (in Nightly builds, run with -Z macro-backtrace for more info)
[INFO] [stdout] 
[INFO] [stdout] 
[INFO] [stdout] error: unexpected token: `...`
[INFO] [stdout]    --> /opt/rustwide/cargo-home/registry/src/github.com-1ecc6299db9ec823/num-derive-0.3.3/src/lib.rs:567:17
[INFO] [stdout]     |
[INFO] [stdout] 567 |       let impl_ = quote! {
[INFO] [stdout]     |  _________________^
[INFO] [stdout] 568 | |         impl ::core::ops::Add for #name {
[INFO] [stdout] 569 | |             type Output = Self;
[INFO] [stdout] 570 | |             #[inline]
[INFO] [stdout] ...   |
[INFO] [stdout] 602 | |         }
[INFO] [stdout] 603 | |     };
[INFO] [stdout]     | |_____^
[INFO] [stdout]     |
[INFO] [stdout]     = note: this error originates in the macro `quote` (in Nightly builds, run with -Z macro-backtrace for more info)
[INFO] [stdout] help: use `..` for an exclusive range
[INFO] [stdout]    --> /opt/rustwide/cargo-home/registry/src/github.com-1ecc6299db9ec823/quote-1.0.26/src/lib.rs:475:9
[INFO] [stdout]     |
[INFO] [stdout] 475 |         ..
[INFO] [stdout]     |
[INFO] [stdout] help: or `..=` for an inclusive range
[INFO] [stdout]    --> /opt/rustwide/cargo-home/registry/src/github.com-1ecc6299db9ec823/quote-1.0.26/src/lib.rs:475:9
[INFO] [stdout]     |
[INFO] [stdout] 475 |         ..=
[INFO] [stdout]     |
[INFO] [stdout] 
[INFO] [stdout] 
[INFO] [stdout] error[E0586]: inclusive range with no end
[INFO] [stdout]    --> /opt/rustwide/cargo-home/registry/src/github.com-1ecc6299db9ec823/num-derive-0.3.3/src/lib.rs:567:17
[INFO] [stdout]     |
[INFO] [stdout] 567 |       let impl_ = quote! {
[INFO] [stdout]     |  _________________^
[INFO] [stdout] 568 | |         impl ::core::ops::Add for #name {
[INFO] [stdout] 569 | |             type Output = Self;
[INFO] [stdout] 570 | |             #[inline]
[INFO] [stdout] ...   |
[INFO] [stdout] 602 | |         }
[INFO] [stdout] 603 | |     };
[INFO] [stdout]     | |_____^ help: use `..` instead
[INFO] [stdout]     |
[INFO] [stdout]     = note: inclusive ranges must be bounded at the end (`..=b` or `a..=b`)
[INFO] [stdout]     = note: this error originates in the macro `quote` (in Nightly builds, run with -Z macro-backtrace for more info)
[INFO] [stdout] 
[INFO] [stdout] 
[INFO] [stdout] error: unexpected token: `...`
[INFO] [stdout]    --> /opt/rustwide/cargo-home/registry/src/github.com-1ecc6299db9ec823/num-derive-0.3.3/src/lib.rs:619:17
[INFO] [stdout]     |
[INFO] [stdout] 619 |       let impl_ = quote! {
[INFO] [stdout]     |  _________________^
[INFO] [stdout] 620 | |         impl #import::NumCast for #name {
[INFO] [stdout] 621 | |             #[inline]
[INFO] [stdout] 622 | |             fn from<T: #import::ToPrimitive>(n: T) -> Option<Self> {
[INFO] [stdout] ...   |
[INFO] [stdout] 625 | |         }
[INFO] [stdout] 626 | |     };
[INFO] [stdout]     | |_____^
[INFO] [stdout]     |
[INFO] [stdout]     = note: this error originates in the macro `quote` (in Nightly builds, run with -Z macro-backtrace for more info)
[INFO] [stdout] help: use `..` for an exclusive range
[INFO] [stdout]    --> /opt/rustwide/cargo-home/registry/src/github.com-1ecc6299db9ec823/quote-1.0.26/src/lib.rs:475:9
[INFO] [stdout]     |
[INFO] [stdout] 475 |         ..
[INFO] [stdout]     |
[INFO] [stdout] help: or `..=` for an inclusive range
[INFO] [stdout]    --> /opt/rustwide/cargo-home/registry/src/github.com-1ecc6299db9ec823/quote-1.0.26/src/lib.rs:475:9
[INFO] [stdout]     |
[INFO] [stdout] 475 |         ..=
[INFO] [stdout]     |
[INFO] [stdout] 
[INFO] [stdout] 
[INFO] [stdout] error[E0586]: inclusive range with no end
[INFO] [stdout]    --> /opt/rustwide/cargo-home/registry/src/github.com-1ecc6299db9ec823/num-derive-0.3.3/src/lib.rs:619:17
[INFO] [stdout]     |
[INFO] [stdout] 619 |       let impl_ = quote! {
[INFO] [stdout]     |  _________________^
[INFO] [stdout] 620 | |         impl #import::NumCast for #name {
[INFO] [stdout] 621 | |             #[inline]
[INFO] [stdout] 622 | |             fn from<T: #import::ToPrimitive>(n: T) -> Option<Self> {
[INFO] [stdout] ...   |
[INFO] [stdout] 625 | |         }
[INFO] [stdout] 626 | |     };
[INFO] [stdout]     | |_____^ help: use `..` instead
[INFO] [stdout]     |
[INFO] [stdout]     = note: inclusive ranges must be bounded at the end (`..=b` or `a..=b`)
[INFO] [stdout]     = note: this error originates in the macro `quote` (in Nightly builds, run with -Z macro-backtrace for more info)
[INFO] [stdout] 
[INFO] [stdout] 
[INFO] [stdout] error: unexpected token: `...`
[INFO] [stdout]    --> /opt/rustwide/cargo-home/registry/src/github.com-1ecc6299db9ec823/num-derive-0.3.3/src/lib.rs:642:17
[INFO] [stdout]     |
[INFO] [stdout] 642 |       let impl_ = quote! {
[INFO] [stdout]     |  _________________^
[INFO] [stdout] 643 | |         impl #import::Zero for #name {
[INFO] [stdout] 644 | |             #[inline]
[INFO] [stdout] 645 | |             fn zero() -> Self {
[INFO] [stdout] ...   |
[INFO] [stdout] 652 | |         }
[INFO] [stdout] 653 | |     };
[INFO] [stdout]     | |_____^
[INFO] [stdout]     |
[INFO] [stdout]     = note: this error originates in the macro `quote` (in Nightly builds, run with -Z macro-backtrace for more info)
[INFO] [stdout] help: use `..` for an exclusive range
[INFO] [stdout]    --> /opt/rustwide/cargo-home/registry/src/github.com-1ecc6299db9ec823/quote-1.0.26/src/lib.rs:475:9
[INFO] [stdout]     |
[INFO] [stdout] 475 |         ..
[INFO] [stdout]     |
[INFO] [stdout] help: or `..=` for an inclusive range
[INFO] [stdout]    --> /opt/rustwide/cargo-home/registry/src/github.com-1ecc6299db9ec823/quote-1.0.26/src/lib.rs:475:9
[INFO] [stdout]     |
[INFO] [stdout] 475 |         ..=
[INFO] [stdout]     |
[INFO] [stdout] 
[INFO] [stdout] 
[INFO] [stdout] error[E0586]: inclusive range with no end
[INFO] [stdout]    --> /opt/rustwide/cargo-home/registry/src/github.com-1ecc6299db9ec823/num-derive-0.3.3/src/lib.rs:642:17
[INFO] [stdout]     |
[INFO] [stdout] 642 |       let impl_ = quote! {
[INFO] [stdout]     |  _________________^
[INFO] [stdout] 643 | |         impl #import::Zero for #name {
[INFO] [stdout] 644 | |             #[inline]
[INFO] [stdout] 645 | |             fn zero() -> Self {
[INFO] [stdout] ...   |
[INFO] [stdout] 652 | |         }
[INFO] [stdout] 653 | |     };
[INFO] [stdout]     | |_____^ help: use `..` instead
[INFO] [stdout]     |
[INFO] [stdout]     = note: inclusive ranges must be bounded at the end (`..=b` or `a..=b`)
[INFO] [stdout]     = note: this error originates in the macro `quote` (in Nightly builds, run with -Z macro-backtrace for more info)
[INFO] [stdout] 
[INFO] [stdout] 
[INFO] [stdout] error: unexpected token: `...`
[INFO] [stdout]    --> /opt/rustwide/cargo-home/registry/src/github.com-1ecc6299db9ec823/num-derive-0.3.3/src/lib.rs:669:17
[INFO] [stdout]     |
[INFO] [stdout] 669 |       let impl_ = quote! {
[INFO] [stdout]     |  _________________^
[INFO] [stdout] 670 | |         impl #import::One for #name {
[INFO] [stdout] 671 | |             #[inline]
[INFO] [stdout] 672 | |             fn one() -> Self {
[INFO] [stdout] ...   |
[INFO] [stdout] 679 | |         }
[INFO] [stdout] 680 | |     };
[INFO] [stdout]     | |_____^
[INFO] [stdout]     |
[INFO] [stdout]     = note: this error originates in the macro `quote` (in Nightly builds, run with -Z macro-backtrace for more info)
[INFO] [stdout] help: use `..` for an exclusive range
[INFO] [stdout]    --> /opt/rustwide/cargo-home/registry/src/github.com-1ecc6299db9ec823/quote-1.0.26/src/lib.rs:475:9
[INFO] [stdout]     |
[INFO] [stdout] 475 |         ..
[INFO] [stdout]     |
[INFO] [stdout] help: or `..=` for an inclusive range
[INFO] [stdout]    --> /opt/rustwide/cargo-home/registry/src/github.com-1ecc6299db9ec823/quote-1.0.26/src/lib.rs:475:9
[INFO] [stdout]     |
[INFO] [stdout] 475 |         ..=
[INFO] [stdout]     |
[INFO] [stdout] 
[INFO] [stdout] 
[INFO] [stdout] error[E0586]: inclusive range with no end
[INFO] [stdout]    --> /opt/rustwide/cargo-home/registry/src/github.com-1ecc6299db9ec823/num-derive-0.3.3/src/lib.rs:669:17
[INFO] [stdout]     |
[INFO] [stdout] 669 |       let impl_ = quote! {
[INFO] [stdout]     |  _________________^
[INFO] [stdout] 670 | |         impl #import::One for #name {
[INFO] [stdout] 671 | |             #[inline]
[INFO] [stdout] 672 | |             fn one() -> Self {
[INFO] [stdout] ...   |
[INFO] [stdout] 679 | |         }
[INFO] [stdout] 680 | |     };
[INFO] [stdout]     | |_____^ help: use `..` instead
[INFO] [stdout]     |
[INFO] [stdout]     = note: inclusive ranges must be bounded at the end (`..=b` or `a..=b`)
[INFO] [stdout]     = note: this error originates in the macro `quote` (in Nightly builds, run with -Z macro-backtrace for more info)
[INFO] [stdout] 
[INFO] [stdout] 
[INFO] [stdout] error: unexpected token: `...`
[INFO] [stdout]    --> /opt/rustwide/cargo-home/registry/src/github.com-1ecc6299db9ec823/num-derive-0.3.3/src/lib.rs:696:17
[INFO] [stdout]     |
[INFO] [stdout] 696 |       let impl_ = quote! {
[INFO] [stdout]     |  _________________^
[INFO] [stdout] 697 | |         impl #import::Num for #name {
[INFO] [stdout] 698 | |             type FromStrRadixErr = <#inner_ty as #import::Num>::FromStrRadixErr;
[INFO] [stdout] 699 | |             #[inline]
[INFO] [stdout] ...   |
[INFO] [stdout] 703 | |         }
[INFO] [stdout] 704 | |     };
[INFO] [stdout]     | |_____^
[INFO] [stdout]     |
[INFO] [stdout]     = note: this error originates in the macro `quote` (in Nightly builds, run with -Z macro-backtrace for more info)
[INFO] [stdout] help: use `..` for an exclusive range
[INFO] [stdout]    --> /opt/rustwide/cargo-home/registry/src/github.com-1ecc6299db9ec823/quote-1.0.26/src/lib.rs:475:9
[INFO] [stdout]     |
[INFO] [stdout] 475 |         ..
[INFO] [stdout]     |
[INFO] [stdout] help: or `..=` for an inclusive range
[INFO] [stdout]    --> /opt/rustwide/cargo-home/registry/src/github.com-1ecc6299db9ec823/quote-1.0.26/src/lib.rs:475:9
[INFO] [stdout]     |
[INFO] [stdout] 475 |         ..=
[INFO] [stdout]     |
[INFO] [stdout] 
[INFO] [stdout] 
[INFO] [stdout] error[E0586]: inclusive range with no end
[INFO] [stdout]    --> /opt/rustwide/cargo-home/registry/src/github.com-1ecc6299db9ec823/num-derive-0.3.3/src/lib.rs:696:17
[INFO] [stdout]     |
[INFO] [stdout] 696 |       let impl_ = quote! {
[INFO] [stdout]     |  _________________^
[INFO] [stdout] 697 | |         impl #import::Num for #name {
[INFO] [stdout] 698 | |             type FromStrRadixErr = <#inner_ty as #import::Num>::FromStrRadixErr;
[INFO] [stdout] 699 | |             #[inline]
[INFO] [stdout] ...   |
[INFO] [stdout] 703 | |         }
[INFO] [stdout] 704 | |     };
[INFO] [stdout]     | |_____^ help: use `..` instead
[INFO] [stdout]     |
[INFO] [stdout]     = note: inclusive ranges must be bounded at the end (`..=b` or `a..=b`)
[INFO] [stdout]     = note: this error originates in the macro `quote` (in Nightly builds, run with -Z macro-backtrace for more info)
[INFO] [stdout] 
[INFO] [stdout] 
[INFO] [stdout] error: unexpected token: `...`
[INFO] [stdout]    --> /opt/rustwide/cargo-home/registry/src/github.com-1ecc6299db9ec823/num-derive-0.3.3/src/lib.rs:721:17
[INFO] [stdout]     |
[INFO] [stdout] 721 |       let impl_ = quote! {
[INFO] [stdout]     |  _________________^
[INFO] [stdout] 722 | |         impl #import::Float for #name {
[INFO] [stdout] 723 | |             #[inline]
[INFO] [stdout] 724 | |             fn nan() -> Self {
[INFO] [stdout] ...   |
[INFO] [stdout] 952 | |         }
[INFO] [stdout] 953 | |     };
[INFO] [stdout]     | |_____^
[INFO] [stdout]     |
[INFO] [stdout]     = note: this error originates in the macro `quote` (in Nightly builds, run with -Z macro-backtrace for more info)
[INFO] [stdout] help: use `..` for an exclusive range
[INFO] [stdout]    --> /opt/rustwide/cargo-home/registry/src/github.com-1ecc6299db9ec823/quote-1.0.26/src/lib.rs:475:9
[INFO] [stdout]     |
[INFO] [stdout] 475 |         ..
[INFO] [stdout]     |
[INFO] [stdout] help: or `..=` for an inclusive range
[INFO] [stdout]    --> /opt/rustwide/cargo-home/registry/src/github.com-1ecc6299db9ec823/quote-1.0.26/src/lib.rs:475:9
[INFO] [stdout]     |
[INFO] [stdout] 475 |         ..=
[INFO] [stdout]     |
[INFO] [stdout] 
[INFO] [stdout] 
[INFO] [stdout] error[E0586]: inclusive range with no end
[INFO] [stdout]    --> /opt/rustwide/cargo-home/registry/src/github.com-1ecc6299db9ec823/num-derive-0.3.3/src/lib.rs:721:17
[INFO] [stdout]     |
[INFO] [stdout] 721 |       let impl_ = quote! {
[INFO] [stdout]     |  _________________^
[INFO] [stdout] 722 | |         impl #import::Float for #name {
[INFO] [stdout] 723 | |             #[inline]
[INFO] [stdout] 724 | |             fn nan() -> Self {
[INFO] [stdout] ...   |
[INFO] [stdout] 952 | |         }
[INFO] [stdout] 953 | |     };
[INFO] [stdout]     | |_____^ help: use `..` instead
[INFO] [stdout]     |
[INFO] [stdout]     = note: inclusive ranges must be bounded at the end (`..=b` or `a..=b`)
[INFO] [stdout]     = note: this error originates in the macro `quote` (in Nightly builds, run with -Z macro-backtrace for more info)
[INFO] [stdout] 
[INFO] [stdout] 
[INFO] [stdout] error: aborting due to 34 previous errors
[INFO] [stdout] 
[INFO] [stdout] 
[INFO] [stdout] For more information about this error, try `rustc --explain E0586`.
[INFO] [stdout] 
[INFO] [stderr] error: could not compile `num-derive` due to 35 previous errors
[INFO] running `Command { std: "docker" "inspect" "733e06aa91afd5ea9c063734f455406a5da30b3ff233f116a407f175c239ee30", kill_on_drop: false }`
[INFO] running `Command { std: "docker" "rm" "-f" "733e06aa91afd5ea9c063734f455406a5da30b3ff233f116a407f175c239ee30", kill_on_drop: false }`
[INFO] [stdout] 733e06aa91afd5ea9c063734f455406a5da30b3ff233f116a407f175c239ee30
