[INFO] fetching crate liboxen 0.5.3...
[INFO] documenting liboxen-0.5.3 against 1.69.0 for beta-1.70-rustdoc-1
[INFO] extracting crate liboxen 0.5.3 into /workspace/builds/worker-5-tc1/source
[INFO] validating manifest of crates.io crate liboxen 0.5.3 on toolchain 1.69.0
[INFO] running `Command { std: CARGO_HOME="/workspace/cargo-home" RUSTUP_HOME="/workspace/rustup-home" "/workspace/cargo-home/bin/cargo" "+1.69.0" "metadata" "--manifest-path" "Cargo.toml" "--no-deps", kill_on_drop: false }`
[INFO] started tweaking crates.io crate liboxen 0.5.3
[INFO] finished tweaking crates.io crate liboxen 0.5.3
[INFO] tweaked toml for crates.io crate liboxen 0.5.3 written to /workspace/builds/worker-5-tc1/source/Cargo.toml
[INFO] running `Command { std: CARGO_HOME="/workspace/cargo-home" RUSTUP_HOME="/workspace/rustup-home" __CARGO_TEST_CHANNEL_OVERRIDE_DO_NOT_USE_THIS="nightly" "/workspace/cargo-home/bin/cargo" "+1.69.0" "generate-lockfile" "--manifest-path" "Cargo.toml" "-Zno-index-update", kill_on_drop: false }`
[INFO] running `Command { std: CARGO_HOME="/workspace/cargo-home" RUSTUP_HOME="/workspace/rustup-home" "/workspace/cargo-home/bin/cargo" "+1.69.0" "fetch" "--manifest-path" "Cargo.toml", kill_on_drop: false }`
[INFO] [stderr]     Blocking waiting for file lock on package cache
[INFO] [stderr]  Downloading crates ...
[INFO] [stderr]   Downloaded polars v0.27.2
[INFO] [stderr]   Downloaded polars-ops v0.27.2
[INFO] [stderr]   Downloaded polars-utils v0.27.2
[INFO] [stderr]   Downloaded polars-time v0.27.2
[INFO] [stderr]   Downloaded rocksdb v0.20.1
[INFO] [stderr]   Downloaded polars-arrow v0.27.2
[INFO] [stderr]   Downloaded polars-lazy v0.27.2
[INFO] [stderr]   Downloaded actix-files v0.6.2
[INFO] [stderr]   Downloaded bytevec v0.2.0
[INFO] [stderr]   Downloaded async-tar v0.4.2
[INFO] [stderr]   Downloaded parquet2 v0.17.2
[INFO] [stderr]   Downloaded polars-core v0.27.2
[INFO] [stderr]   Downloaded arrow2 v0.16.0
[INFO] [stderr]   Downloaded bytesize v1.2.0
[INFO] [stderr]   Downloaded polars-pipe v0.27.2
[INFO] [stderr]   Downloaded librocksdb-sys v0.10.0+7.9.2
[INFO] [stderr]   Downloaded pluralizer v0.3.2
[INFO] [stderr]   Downloaded value-trait v0.5.1
[INFO] [stderr]   Downloaded csv-sniffer v0.3.1
[INFO] [stderr]   Downloaded serde_url_params v0.2.1
[INFO] [stderr]   Downloaded unicode-truncate v0.2.0
[INFO] [stderr]   Downloaded halfbrown v0.1.18
[INFO] [stderr]   Downloaded simd-json v0.7.0
[INFO] [stderr]   Downloaded polars-io v0.27.2
[INFO] [stderr]   Downloaded polars-plan v0.27.2
[INFO] [stderr]   Downloaded json-deserializer v0.4.4
[INFO] [stderr]   Downloaded multiversion-macros v0.6.1
[INFO] [stderr]   Downloaded multiversion v0.6.1
[INFO] [stderr]   Downloaded parquet-format-safe v0.2.4
[INFO] [stderr]   Downloaded streaming-decompression v0.1.2
[INFO] [stderr]   Downloaded streaming-iterator v0.1.9
[INFO] running `Command { std: "docker" "create" "-v" "/var/lib/crater-agent-workspace/builds/worker-5-tc1/target:/opt/rustwide/target:rw,Z" "-v" "/var/lib/crater-agent-workspace/builds/worker-5-tc1/source:/opt/rustwide/workdir:ro,Z" "-v" "/var/lib/crater-agent-workspace/cargo-home:/opt/rustwide/cargo-home:ro,Z" "-v" "/var/lib/crater-agent-workspace/rustup-home:/opt/rustwide/rustup-home:ro,Z" "-e" "SOURCE_DIR=/opt/rustwide/workdir" "-e" "CARGO_TARGET_DIR=/opt/rustwide/target" "-e" "CARGO_HOME=/opt/rustwide/cargo-home" "-e" "RUSTUP_HOME=/opt/rustwide/rustup-home" "-w" "/opt/rustwide/workdir" "-m" "1610612736" "--user" "0:0" "--network" "none" "ghcr.io/rust-lang/crates-build-env/linux@sha256:5ff2268d62e97bff2cde7d5815dd6ed5b47097566f13b8d0ca110b04b60e07ed" "/opt/rustwide/cargo-home/bin/cargo" "+1.69.0" "metadata" "--no-deps" "--format-version=1", kill_on_drop: false }`
[INFO] [stdout] ffd9ac2cb45372770e5b5fb6930bee4e772713bee51b3ee785b009366f8bcedc
[INFO] running `Command { std: "docker" "start" "-a" "ffd9ac2cb45372770e5b5fb6930bee4e772713bee51b3ee785b009366f8bcedc", kill_on_drop: false }`
[INFO] running `Command { std: "docker" "inspect" "ffd9ac2cb45372770e5b5fb6930bee4e772713bee51b3ee785b009366f8bcedc", kill_on_drop: false }`
[INFO] running `Command { std: "docker" "rm" "-f" "ffd9ac2cb45372770e5b5fb6930bee4e772713bee51b3ee785b009366f8bcedc", kill_on_drop: false }`
[INFO] [stdout] ffd9ac2cb45372770e5b5fb6930bee4e772713bee51b3ee785b009366f8bcedc
[INFO] running `Command { std: "docker" "create" "-v" "/var/lib/crater-agent-workspace/builds/worker-5-tc1/target:/opt/rustwide/target:rw,Z" "-v" "/var/lib/crater-agent-workspace/builds/worker-5-tc1/source:/opt/rustwide/workdir:ro,Z" "-v" "/var/lib/crater-agent-workspace/cargo-home:/opt/rustwide/cargo-home:ro,Z" "-v" "/var/lib/crater-agent-workspace/rustup-home:/opt/rustwide/rustup-home:ro,Z" "-e" "SOURCE_DIR=/opt/rustwide/workdir" "-e" "CARGO_TARGET_DIR=/opt/rustwide/target" "-e" "CARGO_INCREMENTAL=0" "-e" "RUST_BACKTRACE=full" "-e" "RUSTFLAGS=--cap-lints=warn" "-e" "RUSTDOCFLAGS=--cap-lints=warn" "-e" "CARGO_HOME=/opt/rustwide/cargo-home" "-e" "RUSTUP_HOME=/opt/rustwide/rustup-home" "-w" "/opt/rustwide/workdir" "-m" "1610612736" "--user" "0:0" "--network" "none" "ghcr.io/rust-lang/crates-build-env/linux@sha256:5ff2268d62e97bff2cde7d5815dd6ed5b47097566f13b8d0ca110b04b60e07ed" "/opt/rustwide/cargo-home/bin/cargo" "+1.69.0" "doc" "--frozen" "--no-deps" "--document-private-items" "--message-format=json", kill_on_drop: false }`
[INFO] [stdout] ecabd6b46e771cd730ad9ca50bf2bf1cca82954d13865c4b552439445e0e0865
[INFO] running `Command { std: "docker" "start" "-a" "ecabd6b46e771cd730ad9ca50bf2bf1cca82954d13865c4b552439445e0e0865", kill_on_drop: false }`
[INFO] [stderr]    Compiling proc-macro2 v1.0.56
[INFO] [stderr]    Compiling syn v1.0.109
[INFO] [stderr]    Compiling memchr v2.5.0
[INFO] [stderr]    Compiling log v0.4.17
[INFO] [stderr]     Checking once_cell v1.17.1
[INFO] [stderr]    Compiling futures-core v0.3.28
[INFO] [stderr]    Compiling libc v0.2.142
[INFO] [stderr]    Compiling value-bag v1.0.0-alpha.9
[INFO] [stderr]     Checking futures-io v0.3.28
[INFO] [stderr]    Compiling serde v1.0.160
[INFO] [stderr]     Checking num_cpus v1.15.0
[INFO] [stderr]     Checking signal-hook-registry v1.4.1
[INFO] [stderr]     Checking futures-sink v0.3.28
[INFO] [stderr]     Checking parking_lot_core v0.9.7
[INFO] [stderr]     Checking bytes v1.4.0
[INFO] [stderr]     Checking pin-utils v0.1.0
[INFO] [stderr]    Compiling futures-channel v0.3.28
[INFO] [stderr]    Compiling futures-task v0.3.28
[INFO] [stderr]    Compiling futures-util v0.3.28
[INFO] [stderr]    Compiling libm v0.2.6
[INFO] [stderr]     Checking getrandom v0.2.9
[INFO] [stderr]    Compiling num-traits v0.2.15
[INFO] [stderr]     Checking parking_lot v0.12.1
[INFO] [stderr]    Compiling crunchy v0.2.2
[INFO] [stderr]     Checking socket2 v0.4.9
[INFO] [stderr]    Compiling proc-macro-hack v0.5.20+deprecated
[INFO] [stderr]    Compiling tiny-keccak v2.0.2
[INFO] [stderr]    Compiling indexmap v1.9.3
[INFO] [stderr]    Compiling ahash v0.8.3
[INFO] [stderr]     Checking static_assertions v1.1.0
[INFO] [stderr]    Compiling num-integer v0.1.45
[INFO] [stderr]    Compiling tokio v1.28.0
[INFO] [stderr]     Checking rayon-core v1.11.0
[INFO] [stderr]     Checking lexical-util v0.8.5
[INFO] [stderr]     Checking alloc-no-stdlib v2.0.4
[INFO] [stderr]    Compiling zstd-safe v6.0.5+zstd.1.5.4
[INFO] [stderr]     Checking aho-corasick v1.0.1
[INFO] [stderr]     Checking regex-syntax v0.7.1
[INFO] [stderr]     Checking alloc-stdlib v0.2.2
[INFO] [stderr]     Checking flate2 v1.0.26
[INFO] [stderr]    Compiling quote v1.0.26
[INFO] [stderr]    Compiling signal-hook v0.3.15
[INFO] [stderr]     Checking brotli-decompressor v2.3.4
[INFO] [stderr]    Compiling semver v1.0.17
[INFO] [stderr]     Checking rand_core v0.6.4
[INFO] [stderr]     Checking rayon v1.7.0
[INFO] [stderr]    Compiling syn v2.0.15
[INFO] [stderr]    Compiling jobserver v0.1.26
[INFO] [stderr]    Compiling cc v1.0.79
[INFO] [stderr]    Compiling async-trait v0.1.68
[INFO] [stderr]     Checking lexical-parse-integer v0.8.6
[INFO] [stderr]     Checking lexical-write-integer v0.8.5
[INFO] [stderr]     Checking rand_chacha v0.3.1
[INFO] [stderr]     Checking tracing-core v0.1.30
[INFO] [stderr]    Compiling num-bigint v0.4.3
[INFO] [stderr]     Checking lexical-write-float v0.8.5
[INFO] [stderr]    Compiling zstd-safe v5.0.2+zstd.1.5.2
[INFO] [stderr]     Checking lexical-parse-float v0.8.5
[INFO] [stderr]    Compiling snap v1.1.0
[INFO] [stderr]     Checking brotli v3.3.4
[INFO] [stderr]    Compiling const-random-macro v0.1.15
[INFO] [stderr]    Compiling rustc_version v0.4.0
[INFO] [stderr]     Checking rand v0.8.5
[INFO] [stderr]     Checking time v0.1.45
[INFO] [stderr]    Compiling num-iter v0.1.43
[INFO] [stderr]    Compiling num-rational v0.4.1
[INFO] [stderr]     Checking lexical-core v0.8.5
[INFO] [stderr]    Compiling rustversion v1.0.12
[INFO] [stderr]     Checking unicode-width v0.1.10
[INFO] [stderr]     Checking fallible-streaming-iterator v0.1.9
[INFO] [stderr]     Checking iana-time-zone v0.1.56
[INFO] [stderr]    Compiling serde_json v1.0.96
[INFO] [stderr]     Checking array-init-cursor v0.2.0
[INFO] [stderr]     Checking regex v1.8.1
[INFO] [stderr]     Checking streaming-decompression v0.1.2
[INFO] [stderr]     Checking chrono v0.4.24
[INFO] [stderr]    Compiling arrow2 v0.16.0
[INFO] [stderr]     Checking planus v0.3.1
[INFO] [stderr]     Checking const-random v0.1.15
[INFO] [stderr]     Checking simdutf8 v0.1.4
[INFO] [stderr]    Compiling seq-macro v0.3.3
[INFO] [stderr]    Compiling zstd-sys v2.0.8+zstd.1.5.5
[INFO] [stderr]    Compiling lz4-sys v1.9.4
[INFO] [stderr]    Compiling ring v0.16.20
[INFO] [stderr]     Checking num-complex v0.4.3
[INFO] [stderr]     Checking json-deserializer v0.4.4
[INFO] [stderr]    Compiling smartstring v1.0.1
[INFO] [stderr]     Checking hashbrown v0.13.2
[INFO] [stderr]     Checking base64 v0.13.1
[INFO] [stderr]     Checking foreign_vec v0.1.0
[INFO] [stderr]    Compiling typenum v1.16.0
[INFO] [stderr]     Checking hash_hasher v2.0.3
[INFO] [stderr]     Checking streaming-iterator v0.1.9
[INFO] [stderr]     Checking strength_reduce v0.2.4
[INFO] [stderr]     Checking dyn-clone v1.0.11
[INFO] [stderr]     Checking ethnum v1.3.2
[INFO] [stderr]    Compiling openssl-sys v0.9.87
[INFO] [stderr]     Checking http v0.2.9
[INFO] [stderr]     Checking sysinfo v0.27.8
[INFO] [stderr]    Compiling generic-array v0.14.7
[INFO] [stderr]     Checking strum v0.24.1
[INFO] [stderr]    Compiling glob v0.3.1
[INFO] [stderr]     Checking num v0.4.0
[INFO] [stderr]     Checking event-listener v2.5.3
[INFO] [stderr]     Checking rand_distr v0.4.3
[INFO] [stderr]     Checking polars-utils v0.27.2
[INFO] [stderr]     Checking concurrent-queue v2.2.0
[INFO] [stderr]    Compiling io-lifetimes v1.0.10
[INFO] [stderr]     Checking xxhash-rust v0.8.6
[INFO] [stderr]     Checking fastrand v1.9.0
[INFO] [stderr]    Compiling paste v1.0.12
[INFO] [stderr]     Checking waker-fn v1.1.0
[INFO] [stderr]     Checking parking v2.1.0
[INFO] [stderr]     Checking async-lock v2.7.0
[INFO] [stderr]     Checking float-cmp v0.9.0
[INFO] [stderr]    Compiling clang-sys v1.6.1
[INFO] [stderr]    Compiling polling v2.8.0
[INFO] [stderr]     Checking futures-lite v1.13.0
[INFO] [stderr]     Checking local-waker v0.1.3
[INFO] [stderr]    Compiling rustix v0.37.18
[INFO] [stderr]    Compiling rustls v0.20.8
[INFO] [stderr]    Compiling minimal-lexical v0.2.1
[INFO] [stderr]     Checking now v0.1.3
[INFO] [stderr]     Checking lexical v6.1.1
[INFO] [stderr]    Compiling libloading v0.7.4
[INFO] [stderr]     Checking dirs-sys v0.3.7
[INFO] [stderr]    Compiling async-io v1.13.0
[INFO] [stderr]    Compiling nom v7.1.3
[INFO] [stderr]     Checking linux-raw-sys v0.3.6
[INFO] [stderr]    Compiling bindgen v0.64.0
[INFO] [stderr]     Checking httpdate v1.0.2
[INFO] [stderr]    Compiling openssl v0.10.52
[INFO] [stderr]     Checking block-buffer v0.10.4
[INFO] [stderr]     Checking crypto-common v0.1.6
[INFO] [stderr]     Checking dirs v4.0.0
[INFO] [stderr]     Checking actix-utils v3.0.1
[INFO] [stderr]     Checking memmap2 v0.5.10
[INFO] [stderr]     Checking actix-service v2.0.2
[INFO] [stderr]    Compiling lazycell v1.3.0
[INFO] [stderr]    Compiling peeking_take_while v0.1.2
[INFO] [stderr]    Compiling time-core v0.1.0
[INFO] [stderr]    Compiling bitflags v1.3.2
[INFO] [stderr]    Compiling shlex v1.1.0
[INFO] [stderr]    Compiling lazy_static v1.4.0
[INFO] [stderr]    Compiling crossbeam-queue v0.3.8
[INFO] [stderr]    Compiling pin-project-lite v0.2.9
[INFO] [stderr]    Compiling fnv v1.0.7
[INFO] [stderr]     Checking async-task v4.4.0
[INFO] [stderr]    Compiling itoa v1.0.6
[INFO] [stderr]    Compiling rustc-hash v1.1.0
[INFO] [stderr]    Compiling native-tls v0.2.11
[INFO] [stderr]    Compiling serde_derive v1.0.160
[INFO] [stderr]    Compiling futures-macro v0.3.28
[INFO] [stderr]    Compiling tokio-macros v2.1.0
[INFO] [stderr]    Compiling async-stream-impl v0.3.5
[INFO] [stderr]    Compiling bytemuck_derive v1.4.1
[INFO] [stderr]    Compiling thiserror-impl v1.0.40
[INFO] [stderr]     Checking webpki v0.22.0
[INFO] [stderr]     Checking sct v0.7.0
[INFO] [stderr]    Compiling openssl-macros v0.1.1
[INFO] [stderr]     Checking webpki-roots v0.22.6
[INFO] [stderr]    Compiling time-macros v0.2.8
[INFO] [stderr]     Checking async-stream v0.3.5
[INFO] [stderr]    Compiling cexpr v0.6.0
[INFO] [stderr]    Compiling bytestring v1.3.0
[INFO] [stderr]     Checking digest v0.10.6
[INFO] [stderr]     Checking async-channel v1.8.0
[INFO] [stderr]     Checking bytemuck v1.13.1
[INFO] [stderr]    Compiling cookie v0.16.2
[INFO] [stderr]    Compiling async-process v1.7.0
[INFO] [stderr]    Compiling ahash v0.7.6
[INFO] [stderr]     Checking cpufeatures v0.2.7
[INFO] [stderr]    Compiling convert_case v0.4.0
[INFO] [stderr]     Checking atomic-waker v1.1.1
[INFO] [stderr]     Checking base64 v0.21.0
[INFO] [stderr]    Compiling ctor v0.1.26
[INFO] [stderr]    Compiling multiversion-macros v0.6.1
[INFO] [stderr]    Compiling strum_macros v0.24.3
[INFO] [stderr]     Checking thiserror v1.0.40
[INFO] [stderr]    Compiling enum_dispatch v0.3.11
[INFO] [stderr]     Checking sha1 v0.10.5
[INFO] [stderr]    Compiling derive_more v0.99.17
[INFO] [stderr]     Checking async-executor v1.5.1
[INFO] [stderr]     Checking http-body v0.4.5
[INFO] [stderr]     Checking atty v0.2.14
[INFO] [stderr]     Checking language-tags v0.3.2
[INFO] [stderr]     Checking tower-service v0.3.2
[INFO] [stderr]    Compiling portable-atomic v0.3.19
[INFO] [stderr]    Compiling pin-project-internal v1.0.12
[INFO] [stderr]    Compiling actix-macros v0.2.3
[INFO] [stderr]     Checking bstr v1.4.0
[INFO] [stderr]     Checking mio v0.8.6
[INFO] [stderr]     Checking tracing v0.1.37
[INFO] [stderr]     Checking want v0.3.0
[INFO] [stderr]     Checking signal-hook-mio v0.2.3
[INFO] [stderr]     Checking blocking v1.3.1
[INFO] [stderr]     Checking crossterm v0.25.0
[INFO] [stderr]     Checking multiversion v0.6.1
[INFO] [stderr]     Checking kv-log-macro v1.0.7
[INFO] [stderr]     Checking aho-corasick v0.7.20
[INFO] [stderr]     Checking futures-executor v0.3.28
[INFO] [stderr]     Checking local-channel v0.1.3
[INFO] [stderr]     Checking csv-core v0.1.10
[INFO] [stderr]     Checking xattr v0.2.3
[INFO] [stderr]     Checking async-global-executor v2.3.1
[INFO] [stderr]     Checking filetime v0.2.21
[INFO] [stderr]     Checking futures v0.3.28
[INFO] [stderr]    Compiling polars v0.27.2
[INFO] [stderr]     Checking same-file v1.0.6
[INFO] [stderr]     Checking parquet-format-safe v0.2.4
[INFO] [stderr]     Checking os_str_bytes v6.5.0
[INFO] [stderr]     Checking walkdir v2.3.3
[INFO] [stderr]     Checking async-std v1.12.0
[INFO] [stderr]     Checking comfy-table v6.1.4
[INFO] [stderr]     Checking pin-project v1.0.12
[INFO] [stderr]     Checking crossbeam v0.8.2
[INFO] [stderr]     Checking console v0.15.5
[INFO] [stderr]     Checking thread_local v1.1.7
[INFO] [stderr]     Checking clap_lex v0.2.4
[INFO] [stderr]     Checking ipnet v2.7.2
[INFO] [stderr]     Checking globset v0.4.10
[INFO] [stderr]     Checking http-range v0.1.5
[INFO] [stderr]     Checking number_prefix v0.4.0
[INFO] [stderr]     Checking strsim v0.10.0
[INFO] [stderr]     Checking askama_escape v0.10.3
[INFO] [stderr]     Checking textwrap v0.16.0
[INFO] [stderr]     Checking humantime v2.1.0
[INFO] [stderr]     Checking indicatif v0.17.3
[INFO] [stderr]     Checking jwalk v0.6.2
[INFO] [stderr]     Checking tar v0.4.38
[INFO] [stderr]     Checking ignore v0.4.20
[INFO] [stderr]     Checking clap v3.2.25
[INFO] [stderr]     Checking env_logger v0.9.3
[INFO] [stderr]     Checking colored v2.0.0
[INFO] [stderr]    Compiling async-recursion v1.0.4
[INFO] [stderr]     Checking pluralizer v0.3.2
[INFO] [stderr]     Checking sysinfo v0.28.4
[INFO] [stderr]     Checking unicode-truncate v0.2.0
[INFO] [stderr]     Checking itertools v0.10.5
[INFO] [stderr]     Checking threadpool v1.8.1
[INFO] [stderr]     Checking bytesize v1.2.0
[INFO] [stderr]     Checking dotenv v0.15.0
[INFO] [stderr]     Checking dunce v1.0.4
[INFO] [stderr]     Checking difference v2.0.0
[INFO] [stderr]     Checking urlencoding v2.1.2
[INFO] [stderr]     Checking bytevec v0.2.0
[INFO] [stderr]     Checking async-tar v0.4.2
[INFO] [stderr]    Compiling librocksdb-sys v0.10.0+7.9.2
[INFO] [stderr]     Checking tokio-util v0.7.8
[INFO] [stderr]     Checking actix-rt v2.8.0
[INFO] [stderr]     Checking tokio-rustls v0.23.4
[INFO] [stderr]     Checking tokio-native-tls v0.3.1
[INFO] [stderr]     Checking async-compression v0.3.15
[INFO] [stderr]     Checking deadqueue v0.2.4
[INFO] [stderr]     Checking arrow-format v0.8.1
[INFO] [stderr]     Checking halfbrown v0.1.18
[INFO] [stderr]     Checking serde_urlencoded v0.7.1
[INFO] [stderr]     Checking time v0.3.20
[INFO] [stderr]     Checking actix-server v2.2.0
[INFO] [stderr]     Checking actix-router v0.5.1
[INFO] [stderr]     Checking csv v1.2.1
[INFO] [stderr]     Checking uuid v0.8.2
[INFO] [stderr]     Checking serde_url_params v0.2.1
[INFO] [stderr]     Checking h2 v0.3.18
[INFO] [stderr]     Checking value-trait v0.5.1
[INFO] [stderr]     Checking actix-codec v0.5.0
[INFO] [stderr]     Checking toml v0.5.11
[INFO] [stderr]     Checking csv-sniffer v0.3.1
[INFO] [stderr]     Checking actix-tls v3.0.3
[INFO] [stderr]     Checking simd-json v0.7.0
[INFO] [stderr]     Checking rpassword v6.0.1
[INFO] [stderr]    Compiling actix-web-codegen v4.2.0
[INFO] [stderr]     Checking zstd v0.12.3+zstd.1.5.2
[INFO] [stderr]     Checking zstd v0.11.2+zstd.1.5.2
[INFO] [stderr]     Checking lz4 v1.24.0
[INFO] [stderr]     Checking parquet2 v0.17.2
[INFO] [stderr]     Checking actix-http v3.3.1
[INFO] [stderr]     Checking hyper v0.14.26
[INFO] [stderr] error: could not compile `hyper`
[INFO] [stderr] 
[INFO] [stderr] Caused by:
[INFO] [stderr]   process didn't exit successfully: `rustc --crate-name hyper --edition=2018 /opt/rustwide/cargo-home/registry/src/github.com-1ecc6299db9ec823/hyper-0.14.26/src/lib.rs --error-format=json --json=diagnostic-rendered-ansi,artifacts,future-incompat --crate-type lib --emit=dep-info,metadata -C embed-bitcode=no -C debuginfo=2 --cfg 'feature="client"' --cfg 'feature="h2"' --cfg 'feature="http1"' --cfg 'feature="http2"' --cfg 'feature="runtime"' --cfg 'feature="socket2"' --cfg 'feature="tcp"' -C metadata=3b51e747ac5ce631 -C extra-filename=-3b51e747ac5ce631 --out-dir /opt/rustwide/target/debug/deps -L dependency=/opt/rustwide/target/debug/deps --extern bytes=/opt/rustwide/target/debug/deps/libbytes-cdba088f09c8631e.rmeta --extern futures_channel=/opt/rustwide/target/debug/deps/libfutures_channel-117a050cdbf09a3a.rmeta --extern futures_core=/opt/rustwide/target/debug/deps/libfutures_core-dbdb607c88a40888.rmeta --extern futures_util=/opt/rustwide/target/debug/deps/libfutures_util-2a35cac4e4f5307d.rmeta --extern h2=/opt/rustwide/target/debug/deps/libh2-2149a9f88b223c3d.rmeta --extern http=/opt/rustwide/target/debug/deps/libhttp-6487c86610e0c55c.rmeta --extern http_body=/opt/rustwide/target/debug/deps/libhttp_body-1eff8a33ee1d59dd.rmeta --extern httparse=/opt/rustwide/target/debug/deps/libhttparse-f4fbf9169b50ac78.rmeta --extern httpdate=/opt/rustwide/target/debug/deps/libhttpdate-c3c86b09ad2a392d.rmeta --extern itoa=/opt/rustwide/target/debug/deps/libitoa-864c3578d488f6a6.rmeta --extern pin_project_lite=/opt/rustwide/target/debug/deps/libpin_project_lite-1bf3a2ea87bd405a.rmeta --extern socket2=/opt/rustwide/target/debug/deps/libsocket2-43ddc3ff39e29850.rmeta --extern tokio=/opt/rustwide/target/debug/deps/libtokio-d6e18a9971ed6b8b.rmeta --extern tower_service=/opt/rustwide/target/debug/deps/libtower_service-f9d48d3f0792e9d8.rmeta --extern tracing=/opt/rustwide/target/debug/deps/libtracing-be2a2427db80afb9.rmeta --extern want=/opt/rustwide/target/debug/deps/libwant-dc9186fd8e4a799f.rmeta --cap-lints allow --cap-lints=warn` (signal: 9, SIGKILL: kill)
[INFO] [stderr] warning: build failed, waiting for other jobs to finish...
[INFO] [stderr] error: could not compile `actix-http`
[INFO] [stderr] 
[INFO] [stderr] Caused by:
[INFO] [stderr]   process didn't exit successfully: `rustc --crate-name actix_http --edition=2018 /opt/rustwide/cargo-home/registry/src/github.com-1ecc6299db9ec823/actix-http-3.3.1/src/lib.rs --error-format=json --json=diagnostic-rendered-ansi,artifacts,future-incompat --crate-type lib --emit=dep-info,metadata -C embed-bitcode=no -C debuginfo=2 --cfg 'feature="__compress"' --cfg 'feature="actix-tls"' --cfg 'feature="base64"' --cfg 'feature="brotli"' --cfg 'feature="compress-brotli"' --cfg 'feature="compress-gzip"' --cfg 'feature="compress-zstd"' --cfg 'feature="default"' --cfg 'feature="flate2"' --cfg 'feature="h2"' --cfg 'feature="http2"' --cfg 'feature="local-channel"' --cfg 'feature="rand"' --cfg 'feature="rustls"' --cfg 'feature="sha1"' --cfg 'feature="ws"' --cfg 'feature="zstd"' -C metadata=48f759e2a35bdb59 -C extra-filename=-48f759e2a35bdb59 --out-dir /opt/rustwide/target/debug/deps -L dependency=/opt/rustwide/target/debug/deps --extern actix_codec=/opt/rustwide/target/debug/deps/libactix_codec-0160efe7fea96191.rmeta --extern actix_rt=/opt/rustwide/target/debug/deps/libactix_rt-c82ea04410ed58ce.rmeta --extern actix_service=/opt/rustwide/target/debug/deps/libactix_service-997ba840c46ed0c6.rmeta --extern actix_tls=/opt/rustwide/target/debug/deps/libactix_tls-fda6321ffeb906cc.rmeta --extern actix_utils=/opt/rustwide/target/debug/deps/libactix_utils-0fc36363287e0fa8.rmeta --extern ahash=/opt/rustwide/target/debug/deps/libahash-53c8e9c64c1b8558.rmeta --extern base64=/opt/rustwide/target/debug/deps/libbase64-d8f12ac9687a0658.rmeta --extern bitflags=/opt/rustwide/target/debug/deps/libbitflags-1a1c34f79f6e612c.rmeta --extern brotli=/opt/rustwide/target/debug/deps/libbrotli-5ffff44a0c9eb213.rmeta --extern bytes=/opt/rustwide/target/debug/deps/libbytes-cdba088f09c8631e.rmeta --extern bytestring=/opt/rustwide/target/debug/deps/libbytestring-de2096d8cc6ba814.rmeta --extern derive_more=/opt/rustwide/target/debug/deps/libderive_more-9a4b3483b49c2e86.so --extern encoding_rs=/opt/rustwide/target/debug/deps/libencoding_rs-fa30520622aa9937.rmeta --extern flate2=/opt/rustwide/target/debug/deps/libflate2-6bba57487e6a3618.rmeta --extern futures_core=/opt/rustwide/target/debug/deps/libfutures_core-dbdb607c88a40888.rmeta --extern h2=/opt/rustwide/target/debug/deps/libh2-2149a9f88b223c3d.rmeta --extern http=/opt/rustwide/target/debug/deps/libhttp-6487c86610e0c55c.rmeta --extern httparse=/opt/rustwide/target/debug/deps/libhttparse-f4fbf9169b50ac78.rmeta --extern httpdate=/opt/rustwide/target/debug/deps/libhttpdate-c3c86b09ad2a392d.rmeta --extern itoa=/opt/rustwide/target/debug/deps/libitoa-864c3578d488f6a6.rmeta --extern language_tags=/opt/rustwide/target/debug/deps/liblanguage_tags-2867d100d13f4c09.rmeta --extern local_channel=/opt/rustwide/target/debug/deps/liblocal_channel-9bd14359a5768086.rmeta --extern mime=/opt/rustwide/target/debug/deps/libmime-83dfa1a59b68f333.rmeta --extern percent_encoding=/opt/rustwide/target/debug/deps/libpercent_encoding-b497575c586ab462.rmeta --extern pin_project_lite=/opt/rustwide/target/debug/deps/libpin_project_lite-1bf3a2ea87bd405a.rmeta --extern rand=/opt/rustwide/target/debug/deps/librand-ba88836bdb067bd3.rmeta --extern sha1=/opt/rustwide/target/debug/deps/libsha1-c62721cbafb68d82.rmeta --extern smallvec=/opt/rustwide/target/debug/deps/libsmallvec-24a86d324dae8e11.rmeta --extern tokio=/opt/rustwide/target/debug/deps/libtokio-d6e18a9971ed6b8b.rmeta --extern tokio_util=/opt/rustwide/target/debug/deps/libtokio_util-3b7cabe2a72ac2b6.rmeta --extern tracing=/opt/rustwide/target/debug/deps/libtracing-be2a2427db80afb9.rmeta --extern zstd=/opt/rustwide/target/debug/deps/libzstd-605fcde59d8c39f6.rmeta --cap-lints allow --cap-lints=warn -L native=/opt/rustwide/target/debug/build/ring-78194e2a2489f4de/out -L native=/opt/rustwide/target/debug/build/zstd-sys-bdfe9800267d240a/out` (signal: 9, SIGKILL: kill)
[INFO] [stderr] error: could not compile `arrow2`
[INFO] [stderr] 
[INFO] [stderr] Caused by:
[INFO] [stderr]   process didn't exit successfully: `rustc --crate-name arrow2 --edition=2021 /opt/rustwide/cargo-home/registry/src/github.com-1ecc6299db9ec823/arrow2-0.16.0/src/lib.rs --error-format=json --json=diagnostic-rendered-ansi,artifacts,future-incompat --crate-type lib --emit=dep-info,metadata -C embed-bitcode=no -C debuginfo=2 --cfg 'feature="arrow-format"' --cfg 'feature="base64"' --cfg 'feature="compute_aggregate"' --cfg 'feature="compute_arithmetics"' --cfg 'feature="compute_boolean"' --cfg 'feature="compute_boolean_kleene"' --cfg 'feature="compute_cast"' --cfg 'feature="compute_comparison"' --cfg 'feature="compute_concatenate"' --cfg 'feature="compute_filter"' --cfg 'feature="compute_if_then_else"' --cfg 'feature="compute_take"' --cfg 'feature="compute_temporal"' --cfg 'feature="fallible-streaming-iterator"' --cfg 'feature="futures"' --cfg 'feature="indexmap"' --cfg 'feature="io_ipc"' --cfg 'feature="io_ipc_compression"' --cfg 'feature="io_json"' --cfg 'feature="io_parquet"' --cfg 'feature="io_parquet_brotli"' --cfg 'feature="io_parquet_compression"' --cfg 'feature="io_parquet_gzip"' --cfg 'feature="io_parquet_lz4"' --cfg 'feature="io_parquet_snappy"' --cfg 'feature="io_parquet_zstd"' --cfg 'feature="json-deserializer"' --cfg 'feature="lexical-core"' --cfg 'feature="lz4"' --cfg 'feature="multiversion"' --cfg 'feature="parquet2"' --cfg 'feature="streaming-iterator"' --cfg 'feature="strength_reduce"' --cfg 'feature="zstd"' -C metadata=4ff7112824fda06f -C extra-filename=-4ff7112824fda06f --out-dir /opt/rustwide/target/debug/deps -L dependency=/opt/rustwide/target/debug/deps --extern ahash=/opt/rustwide/target/debug/deps/libahash-53c8e9c64c1b8558.rmeta --extern arrow_format=/opt/rustwide/target/debug/deps/libarrow_format-232d05321602b836.rmeta --extern base64=/opt/rustwide/target/debug/deps/libbase64-c957872d89323658.rmeta --extern bytemuck=/opt/rustwide/target/debug/deps/libbytemuck-3a598b031f5c6e91.rmeta --extern chrono=/opt/rustwide/target/debug/deps/libchrono-42c3ab17a52caf15.rmeta --extern dyn_clone=/opt/rustwide/target/debug/deps/libdyn_clone-c19b699422a88c04.rmeta --extern either=/opt/rustwide/target/debug/deps/libeither-ac42b55423df097b.rmeta --extern ethnum=/opt/rustwide/target/debug/deps/libethnum-85cd551e05eb5434.rmeta --extern fallible_streaming_iterator=/opt/rustwide/target/debug/deps/libfallible_streaming_iterator-0df1ba37014fbc17.rmeta --extern foreign_vec=/opt/rustwide/target/debug/deps/libforeign_vec-246cdd78d5b3dc8b.rmeta --extern futures=/opt/rustwide/target/debug/deps/libfutures-8cd7927a7e165d1b.rmeta --extern hash_hasher=/opt/rustwide/target/debug/deps/libhash_hasher-e12079cbb0abd831.rmeta --extern indexmap=/opt/rustwide/target/debug/deps/libindexmap-d1c320b6f06e2c2e.rmeta --extern json_deserializer=/opt/rustwide/target/debug/deps/libjson_deserializer-5fadcd97092f1b52.rmeta --extern lexical_core=/opt/rustwide/target/debug/deps/liblexical_core-7b350f4687c74525.rmeta --extern lz4=/opt/rustwide/target/debug/deps/liblz4-7264b626e01a31a2.rmeta --extern multiversion=/opt/rustwide/target/debug/deps/libmultiversion-fac645605eebe6a2.rmeta --extern num_traits=/opt/rustwide/target/debug/deps/libnum_traits-b502659acacc5589.rmeta --extern parquet2=/opt/rustwide/target/debug/deps/libparquet2-ad068f621716fc96.rmeta --extern simdutf8=/opt/rustwide/target/debug/deps/libsimdutf8-2e7e609997da57e9.rmeta --extern streaming_iterator=/opt/rustwide/target/debug/deps/libstreaming_iterator-acc31aa9d25fd56a.rmeta --extern strength_reduce=/opt/rustwide/target/debug/deps/libstrength_reduce-a175fd0a56d3b171.rmeta --extern zstd=/opt/rustwide/target/debug/deps/libzstd-64b426581e00ce10.rmeta --cap-lints allow --cap-lints=warn -L native=/opt/rustwide/target/debug/build/lz4-sys-8807afb9ae4250d1/out -L native=/opt/rustwide/target/debug/build/zstd-sys-bdfe9800267d240a/out` (signal: 9, SIGKILL: kill)
[INFO] [stderr] The following warnings were emitted during compilation:
[INFO] [stderr] 
[INFO] [stderr] warning: c++: fatal error: Killed signal terminated program cc1plus
[INFO] [stderr] warning: compilation terminated.
[INFO] [stderr] warning: c++: fatal error: Killed signal terminated program cc1plus
[INFO] [stderr] warning: compilation terminated.
[INFO] [stderr] warning: c++: fatal error: Killed signal terminated program cc1plus
[INFO] [stderr] warning: compilation terminated.
[INFO] [stderr] warning: c++: fatal error: Killed signal terminated program cc1plus
[INFO] [stderr] warning: compilation terminated.
[INFO] [stderr] warning: c++: fatal error: Killed signal terminated program cc1plus
[INFO] [stderr] warning: compilation terminated.
[INFO] [stderr] 
[INFO] [stderr] error: failed to run custom build command for `librocksdb-sys v0.10.0+7.9.2`
[INFO] [stderr] note: To improve backtraces for build dependencies, set the CARGO_PROFILE_DEV_BUILD_OVERRIDE_DEBUG=true environment variable to enable debug information generation.
[INFO] [stderr] 
[INFO] [stderr] Caused by:
[INFO] [stderr]   process didn't exit successfully: `/opt/rustwide/target/debug/build/librocksdb-sys-7c846f78403e6517/build-script-build` (exit status: 1)
[INFO] [stderr]   --- stdout
[INFO] [stderr]   cargo:rerun-if-env-changed=ROCKSDB_COMPILE
[INFO] [stderr]   cargo:rerun-if-env-changed=ROCKSDB_LIB_DIR
[INFO] [stderr]   cargo:rerun-if-env-changed=ROCKSDB_STATIC
[INFO] [stderr]   cargo:rerun-if-changed=rocksdb/
[INFO] [stderr]   TARGET = Some("x86_64-unknown-linux-gnu")
[INFO] [stderr]   OPT_LEVEL = Some("0")
[INFO] [stderr]   HOST = Some("x86_64-unknown-linux-gnu")
[INFO] [stderr]   cargo:rerun-if-env-changed=CXX_x86_64-unknown-linux-gnu
[INFO] [stderr]   CXX_x86_64-unknown-linux-gnu = None
[INFO] [stderr]   cargo:rerun-if-env-changed=CXX_x86_64_unknown_linux_gnu
[INFO] [stderr]   CXX_x86_64_unknown_linux_gnu = None
[INFO] [stderr]   cargo:rerun-if-env-changed=HOST_CXX
[INFO] [stderr]   HOST_CXX = None
[INFO] [stderr]   cargo:rerun-if-env-changed=CXX
[INFO] [stderr]   CXX = None
[INFO] [stderr]   cargo:rerun-if-env-changed=CXXFLAGS_x86_64-unknown-linux-gnu
[INFO] [stderr]   CXXFLAGS_x86_64-unknown-linux-gnu = None
[INFO] [stderr]   cargo:rerun-if-env-changed=CXXFLAGS_x86_64_unknown_linux_gnu
[INFO] [stderr]   CXXFLAGS_x86_64_unknown_linux_gnu = None
[INFO] [stderr]   cargo:rerun-if-env-changed=HOST_CXXFLAGS
[INFO] [stderr]   HOST_CXXFLAGS = None
[INFO] [stderr]   cargo:rerun-if-env-changed=CXXFLAGS
[INFO] [stderr]   CXXFLAGS = None
[INFO] [stderr]   cargo:rerun-if-env-changed=CRATE_CC_NO_DEFAULTS
[INFO] [stderr]   CRATE_CC_NO_DEFAULTS = None
[INFO] [stderr]   DEBUG = Some("true")
[INFO] [stderr]   CARGO_CFG_TARGET_FEATURE = Some("fxsr,sse,sse2")
[INFO] [stderr]   cargo:rerun-if-env-changed=CXX_x86_64-unknown-linux-gnu
[INFO] [stderr]   CXX_x86_64-unknown-linux-gnu = None
[INFO] [stderr]   cargo:rerun-if-env-changed=CXX_x86_64_unknown_linux_gnu
[INFO] [stderr]   CXX_x86_64_unknown_linux_gnu = None
[INFO] [stderr]   cargo:rerun-if-env-changed=HOST_CXX
[INFO] [stderr]   HOST_CXX = None
[INFO] [stderr]   cargo:rerun-if-env-changed=CXX
[INFO] [stderr]   CXX = None
[INFO] [stderr]   cargo:rerun-if-env-changed=CXXFLAGS_x86_64-unknown-linux-gnu
[INFO] [stderr]   CXXFLAGS_x86_64-unknown-linux-gnu = None
[INFO] [stderr]   cargo:rerun-if-env-changed=CXXFLAGS_x86_64_unknown_linux_gnu
[INFO] [stderr]   CXXFLAGS_x86_64_unknown_linux_gnu = None
[INFO] [stderr]   cargo:rerun-if-env-changed=HOST_CXXFLAGS
[INFO] [stderr]   HOST_CXXFLAGS = None
[INFO] [stderr]   cargo:rerun-if-env-changed=CXXFLAGS
[INFO] [stderr]   CXXFLAGS = None
[INFO] [stderr]   cargo:rerun-if-env-changed=CRATE_CC_NO_DEFAULTS
[INFO] [stderr]   CRATE_CC_NO_DEFAULTS = None
[INFO] [stderr]   CARGO_CFG_TARGET_FEATURE = Some("fxsr,sse,sse2")
[INFO] [stderr]   cargo:rerun-if-env-changed=CXX_x86_64-unknown-linux-gnu
[INFO] [stderr]   CXX_x86_64-unknown-linux-gnu = None
[INFO] [stderr]   cargo:rerun-if-env-changed=CXX_x86_64_unknown_linux_gnu
[INFO] [stderr]   CXX_x86_64_unknown_linux_gnu = None
[INFO] [stderr]   cargo:rerun-if-env-changed=HOST_CXX
[INFO] [stderr]   HOST_CXX = None
[INFO] [stderr]   cargo:rerun-if-env-changed=CXX
[INFO] [stderr]   CXX = None
[INFO] [stderr]   cargo:rerun-if-env-changed=CXXFLAGS_x86_64-unknown-linux-gnu
[INFO] [stderr]   CXXFLAGS_x86_64-unknown-linux-gnu = None
[INFO] [stderr]   cargo:rerun-if-env-changed=CXXFLAGS_x86_64_unknown_linux_gnu
[INFO] [stderr]   CXXFLAGS_x86_64_unknown_linux_gnu = None
[INFO] [stderr]   cargo:rerun-if-env-changed=HOST_CXXFLAGS
[INFO] [stderr]   HOST_CXXFLAGS = None
[INFO] [stderr]   cargo:rerun-if-env-changed=CXXFLAGS
[INFO] [stderr]   CXXFLAGS = None
[INFO] [stderr]   cargo:rerun-if-env-changed=CRATE_CC_NO_DEFAULTS
[INFO] [stderr]   CRATE_CC_NO_DEFAULTS = None
[INFO] [stderr]   CARGO_CFG_TARGET_FEATURE = Some("fxsr,sse,sse2")
[INFO] [stderr]   running: "c++" "-O0" "-ffunction-sections" "-fdata-sections" "-fPIC" "-gdwarf-4" "-fno-omit-frame-pointer" "-m64" "-I" "rocksdb/include/" "-I" "rocksdb/" "-I" "rocksdb/third-party/gtest-1.8.1/fused-src/" "-I" "/opt/rustwide/target/debug/build/lz4-sys-8807afb9ae4250d1/out/include" "-I" "." "-Wall" "-Wextra" "-std=c++17" "-Wsign-compare" "-Wshadow" "-Wno-unused-parameter" "-Wno-unused-variable" "-Woverloaded-virtual" "-Wnon-virtual-dtor" "-Wno-missing-field-initializers" "-Wno-strict-aliasing" "-Wno-invalid-offsetof" "-msse2" "-std=c++17" "-DLZ4=1" "-DNDEBUG=1" "-DOS_LINUX" "-DROCKSDB_PLATFORM_POSIX" "-DROCKSDB_LIB_IO_POSIX" "-DROCKSDB_SUPPORT_THREAD_LOCAL" "-o" "/opt/rustwide/target/debug/build/librocksdb-sys-c79c0fbd074ca7fd/out/rocksdb/cache/cache.o" "-c" "rocksdb/cache/cache.cc"
[INFO] [stderr]   running: "c++" "-O0" "-ffunction-sections" "-fdata-sections" "-fPIC" "-gdwarf-4" "-fno-omit-frame-pointer" "-m64" "-I" "rocksdb/include/" "-I" "rocksdb/" "-I" "rocksdb/third-party/gtest-1.8.1/fused-src/" "-I" "/opt/rustwide/target/debug/build/lz4-sys-8807afb9ae4250d1/out/include" "-I" "." "-Wall" "-Wextra" "-std=c++17" "-Wsign-compare" "-Wshadow" "-Wno-unused-parameter" "-Wno-unused-variable" "-Woverloaded-virtual" "-Wnon-virtual-dtor" "-Wno-missing-field-initializers" "-Wno-strict-aliasing" "-Wno-invalid-offsetof" "-msse2" "-std=c++17" "-DLZ4=1" "-DNDEBUG=1" "-DOS_LINUX" "-DROCKSDB_PLATFORM_POSIX" "-DROCKSDB_LIB_IO_POSIX" "-DROCKSDB_SUPPORT_THREAD_LOCAL" "-o" "/opt/rustwide/target/debug/build/librocksdb-sys-c79c0fbd074ca7fd/out/rocksdb/cache/cache_reservation_manager.o" "-c" "rocksdb/cache/cache_reservation_manager.cc"
[INFO] [stderr]   running: "c++" "-O0" "-ffunction-sections" "-fdata-sections" "-fPIC" "-gdwarf-4" "-fno-omit-frame-pointer" "-m64" "-I" "rocksdb/include/" "-I" "rocksdb/" "-I" "rocksdb/third-party/gtest-1.8.1/fused-src/" "-I" "/opt/rustwide/target/debug/build/lz4-sys-8807afb9ae4250d1/out/include" "-I" "." "-Wall" "-Wextra" "-std=c++17" "-Wsign-compare" "-Wshadow" "-Wno-unused-parameter" "-Wno-unused-variable" "-Woverloaded-virtual" "-Wnon-virtual-dtor" "-Wno-missing-field-initializers" "-Wno-strict-aliasing" "-Wno-invalid-offsetof" "-msse2" "-std=c++17" "-DLZ4=1" "-DNDEBUG=1" "-DOS_LINUX" "-DROCKSDB_PLATFORM_POSIX" "-DROCKSDB_LIB_IO_POSIX" "-DROCKSDB_SUPPORT_THREAD_LOCAL" "-o" "/opt/rustwide/target/debug/build/librocksdb-sys-c79c0fbd074ca7fd/out/rocksdb/cache/cache_key.o" "-c" "rocksdb/cache/cache_key.cc"
[INFO] [stderr]   running: "c++" "-O0" "-ffunction-sections" "-fdata-sections" "-fPIC" "-gdwarf-4" "-fno-omit-frame-pointer" "-m64" "-I" "rocksdb/include/" "-I" "rocksdb/" "-I" "rocksdb/third-party/gtest-1.8.1/fused-src/" "-I" "/opt/rustwide/target/debug/build/lz4-sys-8807afb9ae4250d1/out/include" "-I" "." "-Wall" "-Wextra" "-std=c++17" "-Wsign-compare" "-Wshadow" "-Wno-unused-parameter" "-Wno-unused-variable" "-Woverloaded-virtual" "-Wnon-virtual-dtor" "-Wno-missing-field-initializers" "-Wno-strict-aliasing" "-Wno-invalid-offsetof" "-msse2" "-std=c++17" "-DLZ4=1" "-DNDEBUG=1" "-DOS_LINUX" "-DROCKSDB_PLATFORM_POSIX" "-DROCKSDB_LIB_IO_POSIX" "-DROCKSDB_SUPPORT_THREAD_LOCAL" "-o" "/opt/rustwide/target/debug/build/librocksdb-sys-c79c0fbd074ca7fd/out/rocksdb/cache/charged_cache.o" "-c" "rocksdb/cache/charged_cache.cc"
[INFO] [stderr]   running: "c++" "-O0" "-ffunction-sections" "-fdata-sections" "-fPIC" "-gdwarf-4" "-fno-omit-frame-pointer" "-m64" "-I" "rocksdb/include/" "-I" "rocksdb/" "-I" "rocksdb/third-party/gtest-1.8.1/fused-src/" "-I" "/opt/rustwide/target/debug/build/lz4-sys-8807afb9ae4250d1/out/include" "-I" "." "-Wall" "-Wextra" "-std=c++17" "-Wsign-compare" "-Wshadow" "-Wno-unused-parameter" "-Wno-unused-variable" "-Woverloaded-virtual" "-Wnon-virtual-dtor" "-Wno-missing-field-initializers" "-Wno-strict-aliasing" "-Wno-invalid-offsetof" "-msse2" "-std=c++17" "-DLZ4=1" "-DNDEBUG=1" "-DOS_LINUX" "-DROCKSDB_PLATFORM_POSIX" "-DROCKSDB_LIB_IO_POSIX" "-DROCKSDB_SUPPORT_THREAD_LOCAL" "-o" "/opt/rustwide/target/debug/build/librocksdb-sys-c79c0fbd074ca7fd/out/rocksdb/cache/clock_cache.o" "-c" "rocksdb/cache/clock_cache.cc"
[INFO] [stderr]   running: "c++" "-O0" "-ffunction-sections" "-fdata-sections" "-fPIC" "-gdwarf-4" "-fno-omit-frame-pointer" "-m64" "-I" "rocksdb/include/" "-I" "rocksdb/" "-I" "rocksdb/third-party/gtest-1.8.1/fused-src/" "-I" "/opt/rustwide/target/debug/build/lz4-sys-8807afb9ae4250d1/out/include" "-I" "." "-Wall" "-Wextra" "-std=c++17" "-Wsign-compare" "-Wshadow" "-Wno-unused-parameter" "-Wno-unused-variable" "-Woverloaded-virtual" "-Wnon-virtual-dtor" "-Wno-missing-field-initializers" "-Wno-strict-aliasing" "-Wno-invalid-offsetof" "-msse2" "-std=c++17" "-DLZ4=1" "-DNDEBUG=1" "-DOS_LINUX" "-DROCKSDB_PLATFORM_POSIX" "-DROCKSDB_LIB_IO_POSIX" "-DROCKSDB_SUPPORT_THREAD_LOCAL" "-o" "/opt/rustwide/target/debug/build/librocksdb-sys-c79c0fbd074ca7fd/out/rocksdb/cache/lru_cache.o" "-c" "rocksdb/cache/lru_cache.cc"
[INFO] [stderr]   running: "c++" "-O0" "-ffunction-sections" "-fdata-sections" "-fPIC" "-gdwarf-4" "-fno-omit-frame-pointer" "-m64" "-I" "rocksdb/include/" "-I" "rocksdb/" "-I" "rocksdb/third-party/gtest-1.8.1/fused-src/" "-I" "/opt/rustwide/target/debug/build/lz4-sys-8807afb9ae4250d1/out/include" "-I" "." "-Wall" "-Wextra" "-std=c++17" "-Wsign-compare" "-Wshadow" "-Wno-unused-parameter" "-Wno-unused-variable" "-Woverloaded-virtual" "-Wnon-virtual-dtor" "-Wno-missing-field-initializers" "-Wno-strict-aliasing" "-Wno-invalid-offsetof" "-msse2" "-std=c++17" "-DLZ4=1" "-DNDEBUG=1" "-DOS_LINUX" "-DROCKSDB_PLATFORM_POSIX" "-DROCKSDB_LIB_IO_POSIX" "-DROCKSDB_SUPPORT_THREAD_LOCAL" "-o" "/opt/rustwide/target/debug/build/librocksdb-sys-c79c0fbd074ca7fd/out/rocksdb/cache/compressed_secondary_cache.o" "-c" "rocksdb/cache/compressed_secondary_cache.cc"
[INFO] [stderr]   running: "c++" "-O0" "-ffunction-sections" "-fdata-sections" "-fPIC" "-gdwarf-4" "-fno-omit-frame-pointer" "-m64" "-I" "rocksdb/include/" "-I" "rocksdb/" "-I" "rocksdb/third-party/gtest-1.8.1/fused-src/" "-I" "/opt/rustwide/target/debug/build/lz4-sys-8807afb9ae4250d1/out/include" "-I" "." "-Wall" "-Wextra" "-std=c++17" "-Wsign-compare" "-Wshadow" "-Wno-unused-parameter" "-Wno-unused-variable" "-Woverloaded-virtual" "-Wnon-virtual-dtor" "-Wno-missing-field-initializers" "-Wno-strict-aliasing" "-Wno-invalid-offsetof" "-msse2" "-std=c++17" "-DLZ4=1" "-DNDEBUG=1" "-DOS_LINUX" "-DROCKSDB_PLATFORM_POSIX" "-DROCKSDB_LIB_IO_POSIX" "-DROCKSDB_SUPPORT_THREAD_LOCAL" "-o" "/opt/rustwide/target/debug/build/librocksdb-sys-c79c0fbd074ca7fd/out/rocksdb/db/arena_wrapped_db_iter.o" "-c" "rocksdb/db/arena_wrapped_db_iter.cc"
[INFO] [stderr]   running: "c++" "-O0" "-ffunction-sections" "-fdata-sections" "-fPIC" "-gdwarf-4" "-fno-omit-frame-pointer" "-m64" "-I" "rocksdb/include/" "-I" "rocksdb/" "-I" "rocksdb/third-party/gtest-1.8.1/fused-src/" "-I" "/opt/rustwide/target/debug/build/lz4-sys-8807afb9ae4250d1/out/include" "-I" "." "-Wall" "-Wextra" "-std=c++17" "-Wsign-compare" "-Wshadow" "-Wno-unused-parameter" "-Wno-unused-variable" "-Woverloaded-virtual" "-Wnon-virtual-dtor" "-Wno-missing-field-initializers" "-Wno-strict-aliasing" "-Wno-invalid-offsetof" "-msse2" "-std=c++17" "-DLZ4=1" "-DNDEBUG=1" "-DOS_LINUX" "-DROCKSDB_PLATFORM_POSIX" "-DROCKSDB_LIB_IO_POSIX" "-DROCKSDB_SUPPORT_THREAD_LOCAL" "-o" "/opt/rustwide/target/debug/build/librocksdb-sys-c79c0fbd074ca7fd/out/rocksdb/cache/sharded_cache.o" "-c" "rocksdb/cache/sharded_cache.cc"
[INFO] [stderr]   running: "c++" "-O0" "-ffunction-sections" "-fdata-sections" "-fPIC" "-gdwarf-4" "-fno-omit-frame-pointer" "-m64" "-I" "rocksdb/include/" "-I" "rocksdb/" "-I" "rocksdb/third-party/gtest-1.8.1/fused-src/" "-I" "/opt/rustwide/target/debug/build/lz4-sys-8807afb9ae4250d1/out/include" "-I" "." "-Wall" "-Wextra" "-std=c++17" "-Wsign-compare" "-Wshadow" "-Wno-unused-parameter" "-Wno-unused-variable" "-Woverloaded-virtual" "-Wnon-virtual-dtor" "-Wno-missing-field-initializers" "-Wno-strict-aliasing" "-Wno-invalid-offsetof" "-msse2" "-std=c++17" "-DLZ4=1" "-DNDEBUG=1" "-DOS_LINUX" "-DROCKSDB_PLATFORM_POSIX" "-DROCKSDB_LIB_IO_POSIX" "-DROCKSDB_SUPPORT_THREAD_LOCAL" "-o" "/opt/rustwide/target/debug/build/librocksdb-sys-c79c0fbd074ca7fd/out/rocksdb/db/blob/blob_contents.o" "-c" "rocksdb/db/blob/blob_contents.cc"
[INFO] [stderr]   running: "c++" "-O0" "-ffunction-sections" "-fdata-sections" "-fPIC" "-gdwarf-4" "-fno-omit-frame-pointer" "-m64" "-I" "rocksdb/include/" "-I" "rocksdb/" "-I" "rocksdb/third-party/gtest-1.8.1/fused-src/" "-I" "/opt/rustwide/target/debug/build/lz4-sys-8807afb9ae4250d1/out/include" "-I" "." "-Wall" "-Wextra" "-std=c++17" "-Wsign-compare" "-Wshadow" "-Wno-unused-parameter" "-Wno-unused-variable" "-Woverloaded-virtual" "-Wnon-virtual-dtor" "-Wno-missing-field-initializers" "-Wno-strict-aliasing" "-Wno-invalid-offsetof" "-msse2" "-std=c++17" "-DLZ4=1" "-DNDEBUG=1" "-DOS_LINUX" "-DROCKSDB_PLATFORM_POSIX" "-DROCKSDB_LIB_IO_POSIX" "-DROCKSDB_SUPPORT_THREAD_LOCAL" "-o" "/opt/rustwide/target/debug/build/librocksdb-sys-c79c0fbd074ca7fd/out/rocksdb/cache/secondary_cache.o" "-c" "rocksdb/cache/secondary_cache.cc"
[INFO] [stderr]   running: "c++" "-O0" "-ffunction-sections" "-fdata-sections" "-fPIC" "-gdwarf-4" "-fno-omit-frame-pointer" "-m64" "-I" "rocksdb/include/" "-I" "rocksdb/" "-I" "rocksdb/third-party/gtest-1.8.1/fused-src/" "-I" "/opt/rustwide/target/debug/build/lz4-sys-8807afb9ae4250d1/out/include" "-I" "." "-Wall" "-Wextra" "-std=c++17" "-Wsign-compare" "-Wshadow" "-Wno-unused-parameter" "-Wno-unused-variable" "-Woverloaded-virtual" "-Wnon-virtual-dtor" "-Wno-missing-field-initializers" "-Wno-strict-aliasing" "-Wno-invalid-offsetof" "-msse2" "-std=c++17" "-DLZ4=1" "-DNDEBUG=1" "-DOS_LINUX" "-DROCKSDB_PLATFORM_POSIX" "-DROCKSDB_LIB_IO_POSIX" "-DROCKSDB_SUPPORT_THREAD_LOCAL" "-o" "/opt/rustwide/target/debug/build/librocksdb-sys-c79c0fbd074ca7fd/out/rocksdb/db/blob/blob_fetcher.o" "-c" "rocksdb/db/blob/blob_fetcher.cc"
[INFO] [stderr]   running: "c++" "-O0" "-ffunction-sections" "-fdata-sections" "-fPIC" "-gdwarf-4" "-fno-omit-frame-pointer" "-m64" "-I" "rocksdb/include/" "-I" "rocksdb/" "-I" "rocksdb/third-party/gtest-1.8.1/fused-src/" "-I" "/opt/rustwide/target/debug/build/lz4-sys-8807afb9ae4250d1/out/include" "-I" "." "-Wall" "-Wextra" "-std=c++17" "-Wsign-compare" "-Wshadow" "-Wno-unused-parameter" "-Wno-unused-variable" "-Woverloaded-virtual" "-Wnon-virtual-dtor" "-Wno-missing-field-initializers" "-Wno-strict-aliasing" "-Wno-invalid-offsetof" "-msse2" "-std=c++17" "-DLZ4=1" "-DNDEBUG=1" "-DOS_LINUX" "-DROCKSDB_PLATFORM_POSIX" "-DROCKSDB_LIB_IO_POSIX" "-DROCKSDB_SUPPORT_THREAD_LOCAL" "-o" "/opt/rustwide/target/debug/build/librocksdb-sys-c79c0fbd074ca7fd/out/rocksdb/cache/cache_entry_roles.o" "-c" "rocksdb/cache/cache_entry_roles.cc"
[INFO] [stderr]   running: "c++" "-O0" "-ffunction-sections" "-fdata-sections" "-fPIC" "-gdwarf-4" "-fno-omit-frame-pointer" "-m64" "-I" "rocksdb/include/" "-I" "rocksdb/" "-I" "rocksdb/third-party/gtest-1.8.1/fused-src/" "-I" "/opt/rustwide/target/debug/build/lz4-sys-8807afb9ae4250d1/out/include" "-I" "." "-Wall" "-Wextra" "-std=c++17" "-Wsign-compare" "-Wshadow" "-Wno-unused-parameter" "-Wno-unused-variable" "-Woverloaded-virtual" "-Wnon-virtual-dtor" "-Wno-missing-field-initializers" "-Wno-strict-aliasing" "-Wno-invalid-offsetof" "-msse2" "-std=c++17" "-DLZ4=1" "-DNDEBUG=1" "-DOS_LINUX" "-DROCKSDB_PLATFORM_POSIX" "-DROCKSDB_LIB_IO_POSIX" "-DROCKSDB_SUPPORT_THREAD_LOCAL" "-o" "/opt/rustwide/target/debug/build/librocksdb-sys-c79c0fbd074ca7fd/out/rocksdb/db/blob/blob_file_addition.o" "-c" "rocksdb/db/blob/blob_file_addition.cc"
[INFO] [stderr]   running: "c++" "-O0" "-ffunction-sections" "-fdata-sections" "-fPIC" "-gdwarf-4" "-fno-omit-frame-pointer" "-m64" "-I" "rocksdb/include/" "-I" "rocksdb/" "-I" "rocksdb/third-party/gtest-1.8.1/fused-src/" "-I" "/opt/rustwide/target/debug/build/lz4-sys-8807afb9ae4250d1/out/include" "-I" "." "-Wall" "-Wextra" "-std=c++17" "-Wsign-compare" "-Wshadow" "-Wno-unused-parameter" "-Wno-unused-variable" "-Woverloaded-virtual" "-Wnon-virtual-dtor" "-Wno-missing-field-initializers" "-Wno-strict-aliasing" "-Wno-invalid-offsetof" "-msse2" "-std=c++17" "-DLZ4=1" "-DNDEBUG=1" "-DOS_LINUX" "-DROCKSDB_PLATFORM_POSIX" "-DROCKSDB_LIB_IO_POSIX" "-DROCKSDB_SUPPORT_THREAD_LOCAL" "-o" "/opt/rustwide/target/debug/build/librocksdb-sys-c79c0fbd074ca7fd/out/rocksdb/db/blob/blob_file_builder.o" "-c" "rocksdb/db/blob/blob_file_builder.cc"
[INFO] [stderr]   exit status: 0
[INFO] [stderr]   running: "c++" "-O0" "-ffunction-sections" "-fdata-sections" "-fPIC" "-gdwarf-4" "-fno-omit-frame-pointer" "-m64" "-I" "rocksdb/include/" "-I" "rocksdb/" "-I" "rocksdb/third-party/gtest-1.8.1/fused-src/" "-I" "/opt/rustwide/target/debug/build/lz4-sys-8807afb9ae4250d1/out/include" "-I" "." "-Wall" "-Wextra" "-std=c++17" "-Wsign-compare" "-Wshadow" "-Wno-unused-parameter" "-Wno-unused-variable" "-Woverloaded-virtual" "-Wnon-virtual-dtor" "-Wno-missing-field-initializers" "-Wno-strict-aliasing" "-Wno-invalid-offsetof" "-msse2" "-std=c++17" "-DLZ4=1" "-DNDEBUG=1" "-DOS_LINUX" "-DROCKSDB_PLATFORM_POSIX" "-DROCKSDB_LIB_IO_POSIX" "-DROCKSDB_SUPPORT_THREAD_LOCAL" "-o" "/opt/rustwide/target/debug/build/librocksdb-sys-c79c0fbd074ca7fd/out/rocksdb/db/blob/blob_file_cache.o" "-c" "rocksdb/db/blob/blob_file_cache.cc"
[INFO] [stderr]   exit status: 0
[INFO] [stderr]   running: "c++" "-O0" "-ffunction-sections" "-fdata-sections" "-fPIC" "-gdwarf-4" "-fno-omit-frame-pointer" "-m64" "-I" "rocksdb/include/" "-I" "rocksdb/" "-I" "rocksdb/third-party/gtest-1.8.1/fused-src/" "-I" "/opt/rustwide/target/debug/build/lz4-sys-8807afb9ae4250d1/out/include" "-I" "." "-Wall" "-Wextra" "-std=c++17" "-Wsign-compare" "-Wshadow" "-Wno-unused-parameter" "-Wno-unused-variable" "-Woverloaded-virtual" "-Wnon-virtual-dtor" "-Wno-missing-field-initializers" "-Wno-strict-aliasing" "-Wno-invalid-offsetof" "-msse2" "-std=c++17" "-DLZ4=1" "-DNDEBUG=1" "-DOS_LINUX" "-DROCKSDB_PLATFORM_POSIX" "-DROCKSDB_LIB_IO_POSIX" "-DROCKSDB_SUPPORT_THREAD_LOCAL" "-o" "/opt/rustwide/target/debug/build/librocksdb-sys-c79c0fbd074ca7fd/out/rocksdb/db/blob/blob_file_garbage.o" "-c" "rocksdb/db/blob/blob_file_garbage.cc"
[INFO] [stderr]   exit status: 0
[INFO] [stderr]   running: "c++" "-O0" "-ffunction-sections" "-fdata-sections" "-fPIC" "-gdwarf-4" "-fno-omit-frame-pointer" "-m64" "-I" "rocksdb/include/" "-I" "rocksdb/" "-I" "rocksdb/third-party/gtest-1.8.1/fused-src/" "-I" "/opt/rustwide/target/debug/build/lz4-sys-8807afb9ae4250d1/out/include" "-I" "." "-Wall" "-Wextra" "-std=c++17" "-Wsign-compare" "-Wshadow" "-Wno-unused-parameter" "-Wno-unused-variable" "-Woverloaded-virtual" "-Wnon-virtual-dtor" "-Wno-missing-field-initializers" "-Wno-strict-aliasing" "-Wno-invalid-offsetof" "-msse2" "-std=c++17" "-DLZ4=1" "-DNDEBUG=1" "-DOS_LINUX" "-DROCKSDB_PLATFORM_POSIX" "-DROCKSDB_LIB_IO_POSIX" "-DROCKSDB_SUPPORT_THREAD_LOCAL" "-o" "/opt/rustwide/target/debug/build/librocksdb-sys-c79c0fbd074ca7fd/out/rocksdb/db/blob/blob_file_meta.o" "-c" "rocksdb/db/blob/blob_file_meta.cc"
[INFO] [stderr]   running: "c++" "-O0" "-ffunction-sections" "-fdata-sections" "-fPIC" "-gdwarf-4" "-fno-omit-frame-pointer" "-m64" "-I" "rocksdb/include/" "-I" "rocksdb/" "-I" "rocksdb/third-party/gtest-1.8.1/fused-src/" "-I" "/opt/rustwide/target/debug/build/lz4-sys-8807afb9ae4250d1/out/include" "-I" "." "-Wall" "-Wextra" "-std=c++17" "-Wsign-compare" "-Wshadow" "-Wno-unused-parameter" "-Wno-unused-variable" "-Woverloaded-virtual" "-Wnon-virtual-dtor" "-Wno-missing-field-initializers" "-Wno-strict-aliasing" "-Wno-invalid-offsetof" "-msse2" "-std=c++17" "-DLZ4=1" "-DNDEBUG=1" "-DOS_LINUX" "-DROCKSDB_PLATFORM_POSIX" "-DROCKSDB_LIB_IO_POSIX" "-DROCKSDB_SUPPORT_THREAD_LOCAL" "-o" "/opt/rustwide/target/debug/build/librocksdb-sys-c79c0fbd074ca7fd/out/rocksdb/db/blob/blob_file_reader.o" "-c" "rocksdb/db/blob/blob_file_reader.cc"
[INFO] [stderr]   exit status: 0
[INFO] [stderr]   running: "c++" "-O0" "-ffunction-sections" "-fdata-sections" "-fPIC" "-gdwarf-4" "-fno-omit-frame-pointer" "-m64" "-I" "rocksdb/include/" "-I" "rocksdb/" "-I" "rocksdb/third-party/gtest-1.8.1/fused-src/" "-I" "/opt/rustwide/target/debug/build/lz4-sys-8807afb9ae4250d1/out/include" "-I" "." "-Wall" "-Wextra" "-std=c++17" "-Wsign-compare" "-Wshadow" "-Wno-unused-parameter" "-Wno-unused-variable" "-Woverloaded-virtual" "-Wnon-virtual-dtor" "-Wno-missing-field-initializers" "-Wno-strict-aliasing" "-Wno-invalid-offsetof" "-msse2" "-std=c++17" "-DLZ4=1" "-DNDEBUG=1" "-DOS_LINUX" "-DROCKSDB_PLATFORM_POSIX" "-DROCKSDB_LIB_IO_POSIX" "-DROCKSDB_SUPPORT_THREAD_LOCAL" "-o" "/opt/rustwide/target/debug/build/librocksdb-sys-c79c0fbd074ca7fd/out/rocksdb/db/blob/blob_garbage_meter.o" "-c" "rocksdb/db/blob/blob_garbage_meter.cc"
[INFO] [stderr]   cargo:warning=c++: fatal error: Killed signal terminated program cc1plus
[INFO] [stderr]   cargo:warning=compilation terminated.
[INFO] [stderr]   exit status: 1
[INFO] [stderr]   running: "c++" "-O0" "-ffunction-sections" "-fdata-sections" "-fPIC" "-gdwarf-4" "-fno-omit-frame-pointer" "-m64" "-I" "rocksdb/include/" "-I" "rocksdb/" "-I" "rocksdb/third-party/gtest-1.8.1/fused-src/" "-I" "/opt/rustwide/target/debug/build/lz4-sys-8807afb9ae4250d1/out/include" "-I" "." "-Wall" "-Wextra" "-std=c++17" "-Wsign-compare" "-Wshadow" "-Wno-unused-parameter" "-Wno-unused-variable" "-Woverloaded-virtual" "-Wnon-virtual-dtor" "-Wno-missing-field-initializers" "-Wno-strict-aliasing" "-Wno-invalid-offsetof" "-msse2" "-std=c++17" "-DLZ4=1" "-DNDEBUG=1" "-DOS_LINUX" "-DROCKSDB_PLATFORM_POSIX" "-DROCKSDB_LIB_IO_POSIX" "-DROCKSDB_SUPPORT_THREAD_LOCAL" "-o" "/opt/rustwide/target/debug/build/librocksdb-sys-c79c0fbd074ca7fd/out/rocksdb/db/blob/blob_log_format.o" "-c" "rocksdb/db/blob/blob_log_format.cc"
[INFO] [stderr]   cargo:warning=c++: fatal error: Killed signal terminated program cc1plus
[INFO] [stderr]   cargo:warning=compilation terminated.
[INFO] [stderr]   exit status: 1
[INFO] [stderr]   exit status: 0
[INFO] [stderr]   cargo:warning=c++: fatal error: Killed signal terminated program cc1plus
[INFO] [stderr]   cargo:warning=compilation terminated.
[INFO] [stderr]   exit status: 1
[INFO] [stderr]   cargo:warning=c++: fatal error: Killed signal terminated program cc1plus
[INFO] [stderr]   cargo:warning=compilation terminated.
[INFO] [stderr]   exit status: 1
[INFO] [stderr]   exit status: 0
[INFO] [stderr]   exit status: 0
[INFO] [stderr]   cargo:warning=c++: fatal error: Killed signal terminated program cc1plus
[INFO] [stderr]   cargo:warning=compilation terminated.
[INFO] [stderr]   exit status: 1
[INFO] [stderr]   exit status: 0
[INFO] [stderr]   exit status: 0
[INFO] [stderr]   exit status: 0
[INFO] [stderr]   exit status: 0
[INFO] [stderr]   exit status: 0
[INFO] [stderr]   exit status: 0
[INFO] [stderr]   exit status: 0
[INFO] [stderr]   exit status: 0
[INFO] [stderr]   exit status: 0
[INFO] [stderr] 
[INFO] [stderr]   --- stderr
[INFO] [stderr]   error: 'rustfmt' is not installed for the toolchain '1.69.0-x86_64-unknown-linux-gnu'
[INFO] [stderr]   To install, run `rustup component add rustfmt --toolchain 1.69.0-x86_64-unknown-linux-gnu`
[INFO] [stderr]   Failed to run rustfmt: Internal rustfmt error (non-fatal, continuing)
[INFO] [stderr] 
[INFO] [stderr] 
[INFO] [stderr]   error occurred: Command "c++" "-O0" "-ffunction-sections" "-fdata-sections" "-fPIC" "-gdwarf-4" "-fno-omit-frame-pointer" "-m64" "-I" "rocksdb/include/" "-I" "rocksdb/" "-I" "rocksdb/third-party/gtest-1.8.1/fused-src/" "-I" "/opt/rustwide/target/debug/build/lz4-sys-8807afb9ae4250d1/out/include" "-I" "." "-Wall" "-Wextra" "-std=c++17" "-Wsign-compare" "-Wshadow" "-Wno-unused-parameter" "-Wno-unused-variable" "-Woverloaded-virtual" "-Wnon-virtual-dtor" "-Wno-missing-field-initializers" "-Wno-strict-aliasing" "-Wno-invalid-offsetof" "-msse2" "-std=c++17" "-DLZ4=1" "-DNDEBUG=1" "-DOS_LINUX" "-DROCKSDB_PLATFORM_POSIX" "-DROCKSDB_LIB_IO_POSIX" "-DROCKSDB_SUPPORT_THREAD_LOCAL" "-o" "/opt/rustwide/target/debug/build/librocksdb-sys-c79c0fbd074ca7fd/out/rocksdb/cache/cache.o" "-c" "rocksdb/cache/cache.cc" with args "c++" did not execute successfully (status code exit status: 1).
[INFO] [stderr] 
[INFO] [stderr] 
[INFO] running `Command { std: "docker" "inspect" "ecabd6b46e771cd730ad9ca50bf2bf1cca82954d13865c4b552439445e0e0865", kill_on_drop: false }`
[INFO] running `Command { std: "docker" "rm" "-f" "ecabd6b46e771cd730ad9ca50bf2bf1cca82954d13865c4b552439445e0e0865", kill_on_drop: false }`
[INFO] [stdout] ecabd6b46e771cd730ad9ca50bf2bf1cca82954d13865c4b552439445e0e0865
