[INFO] fetching crate libflatterer 0.18.2...
[INFO] documenting libflatterer-0.18.2 against 1.69.0 for beta-1.70-rustdoc-1
[INFO] extracting crate libflatterer 0.18.2 into /workspace/builds/worker-7-tc1/source
[INFO] validating manifest of crates.io crate libflatterer 0.18.2 on toolchain 1.69.0
[INFO] running `Command { std: CARGO_HOME="/workspace/cargo-home" RUSTUP_HOME="/workspace/rustup-home" "/workspace/cargo-home/bin/cargo" "+1.69.0" "metadata" "--manifest-path" "Cargo.toml" "--no-deps", kill_on_drop: false }`
[INFO] started tweaking crates.io crate libflatterer 0.18.2
[INFO] finished tweaking crates.io crate libflatterer 0.18.2
[INFO] tweaked toml for crates.io crate libflatterer 0.18.2 written to /workspace/builds/worker-7-tc1/source/Cargo.toml
[INFO] running `Command { std: CARGO_HOME="/workspace/cargo-home" RUSTUP_HOME="/workspace/rustup-home" __CARGO_TEST_CHANNEL_OVERRIDE_DO_NOT_USE_THIS="nightly" "/workspace/cargo-home/bin/cargo" "+1.69.0" "generate-lockfile" "--manifest-path" "Cargo.toml" "-Zno-index-update", kill_on_drop: false }`
[INFO] running `Command { std: CARGO_HOME="/workspace/cargo-home" RUSTUP_HOME="/workspace/rustup-home" "/workspace/cargo-home/bin/cargo" "+1.69.0" "fetch" "--manifest-path" "Cargo.toml", kill_on_drop: false }`
[INFO] [stderr]  Downloading crates ...
[INFO] [stderr]   Downloaded arrow-cast v34.0.0
[INFO] [stderr]   Downloaded arrow v34.0.0
[INFO] [stderr]   Downloaded arrow-data v29.0.0
[INFO] [stderr]   Downloaded arrow-select v34.0.0
[INFO] [stderr]   Downloaded nanoid v0.4.0
[INFO] [stderr]   Downloaded csv-index v0.1.6
[INFO] [stderr]   Downloaded jsonref v0.4.0
[INFO] [stderr]   Downloaded snafu v0.7.4
[INFO] [stderr]   Downloaded streaming-stats v0.2.3
[INFO] [stderr]   Downloaded logtest v2.0.0
[INFO] [stderr]   Downloaded json-tools v1.1.2
[INFO] [stderr]   Downloaded arrow-arith v34.0.0
[INFO] [stderr]   Downloaded xlsxwriter v0.3.5
[INFO] [stderr]   Downloaded arrow-string v29.0.0
[INFO] [stderr]   Downloaded counter v0.5.7
[INFO] [stderr]   Downloaded arrow-schema v29.0.0
[INFO] [stderr]   Downloaded arrow-row v34.0.0
[INFO] [stderr]   Downloaded arrow-schema v34.0.0
[INFO] [stderr]   Downloaded arrow-buffer v34.0.0
[INFO] [stderr]   Downloaded arrow-string v34.0.0
[INFO] [stderr]   Downloaded arrow-csv v29.0.0
[INFO] [stderr]   Downloaded arrow-cast v29.0.0
[INFO] [stderr]   Downloaded postgres v0.19.5
[INFO] [stderr]   Downloaded yajlish v0.4.0
[INFO] [stderr]   Downloaded arrow-ord v34.0.0
[INFO] [stderr]   Downloaded xlsxwriter v0.5.0
[INFO] [stderr]   Downloaded snafu-derive v0.7.4
[INFO] [stderr]   Downloaded arrow-ord v29.0.0
[INFO] [stderr]   Downloaded arrow-buffer v29.0.0
[INFO] [stderr]   Downloaded arrow-select v29.0.0
[INFO] [stderr]   Downloaded arrow-data v34.0.0
[INFO] [stderr]   Downloaded arrow v29.0.0
[INFO] [stderr]   Downloaded duckdb v0.7.1
[INFO] [stderr]   Downloaded pdatastructs v0.7.0
[INFO] [stderr]   Downloaded minijinja v0.27.0
[INFO] [stderr]   Downloaded arrow-array v34.0.0
[INFO] [stderr]   Downloaded arrow-array v29.0.0
[INFO] [stderr]   Downloaded libxlsxwriter-sys v1.1.5
[INFO] [stderr]   Downloaded libduckdb-sys v0.7.1
[INFO] [stderr]   Downloaded csvs_convert v0.8.1
[INFO] running `Command { std: "docker" "create" "-v" "/var/lib/crater-agent-workspace/builds/worker-7-tc1/target:/opt/rustwide/target:rw,Z" "-v" "/var/lib/crater-agent-workspace/builds/worker-7-tc1/source:/opt/rustwide/workdir:ro,Z" "-v" "/var/lib/crater-agent-workspace/cargo-home:/opt/rustwide/cargo-home:ro,Z" "-v" "/var/lib/crater-agent-workspace/rustup-home:/opt/rustwide/rustup-home:ro,Z" "-e" "SOURCE_DIR=/opt/rustwide/workdir" "-e" "CARGO_TARGET_DIR=/opt/rustwide/target" "-e" "CARGO_HOME=/opt/rustwide/cargo-home" "-e" "RUSTUP_HOME=/opt/rustwide/rustup-home" "-w" "/opt/rustwide/workdir" "-m" "1610612736" "--user" "0:0" "--network" "none" "ghcr.io/rust-lang/crates-build-env/linux@sha256:5ff2268d62e97bff2cde7d5815dd6ed5b47097566f13b8d0ca110b04b60e07ed" "/opt/rustwide/cargo-home/bin/cargo" "+1.69.0" "metadata" "--no-deps" "--format-version=1", kill_on_drop: false }`
[INFO] [stdout] a0ad5b74043befaf6ff3e96917656dd3ff07e1d7b402df11b07cc14f0c891c44
[INFO] running `Command { std: "docker" "start" "-a" "a0ad5b74043befaf6ff3e96917656dd3ff07e1d7b402df11b07cc14f0c891c44", kill_on_drop: false }`
[INFO] running `Command { std: "docker" "inspect" "a0ad5b74043befaf6ff3e96917656dd3ff07e1d7b402df11b07cc14f0c891c44", kill_on_drop: false }`
[INFO] running `Command { std: "docker" "rm" "-f" "a0ad5b74043befaf6ff3e96917656dd3ff07e1d7b402df11b07cc14f0c891c44", kill_on_drop: false }`
[INFO] [stdout] a0ad5b74043befaf6ff3e96917656dd3ff07e1d7b402df11b07cc14f0c891c44
[INFO] running `Command { std: "docker" "create" "-v" "/var/lib/crater-agent-workspace/builds/worker-7-tc1/target:/opt/rustwide/target:rw,Z" "-v" "/var/lib/crater-agent-workspace/builds/worker-7-tc1/source:/opt/rustwide/workdir:ro,Z" "-v" "/var/lib/crater-agent-workspace/cargo-home:/opt/rustwide/cargo-home:ro,Z" "-v" "/var/lib/crater-agent-workspace/rustup-home:/opt/rustwide/rustup-home:ro,Z" "-e" "SOURCE_DIR=/opt/rustwide/workdir" "-e" "CARGO_TARGET_DIR=/opt/rustwide/target" "-e" "CARGO_INCREMENTAL=0" "-e" "RUST_BACKTRACE=full" "-e" "RUSTFLAGS=--cap-lints=warn" "-e" "RUSTDOCFLAGS=--cap-lints=warn" "-e" "CARGO_HOME=/opt/rustwide/cargo-home" "-e" "RUSTUP_HOME=/opt/rustwide/rustup-home" "-w" "/opt/rustwide/workdir" "-m" "1610612736" "--user" "0:0" "--network" "none" "ghcr.io/rust-lang/crates-build-env/linux@sha256:5ff2268d62e97bff2cde7d5815dd6ed5b47097566f13b8d0ca110b04b60e07ed" "/opt/rustwide/cargo-home/bin/cargo" "+1.69.0" "doc" "--frozen" "--no-deps" "--document-private-items" "--message-format=json", kill_on_drop: false }`
[INFO] [stdout] 56b223c5df90d0225e3c8d2144c74bc84f61dd781db57d76f7fed65c49ad9098
[INFO] running `Command { std: "docker" "start" "-a" "56b223c5df90d0225e3c8d2144c74bc84f61dd781db57d76f7fed65c49ad9098", kill_on_drop: false }`
[INFO] [stderr]    Compiling autocfg v1.1.0
[INFO] [stderr]    Compiling libc v0.2.142
[INFO] [stderr]     Checking cfg-if v1.0.0
[INFO] [stderr]    Compiling version_check v0.9.4
[INFO] [stderr]    Compiling proc-macro2 v1.0.56
[INFO] [stderr]    Compiling quote v1.0.26
[INFO] [stderr]    Compiling unicode-ident v1.0.8
[INFO] [stderr]     Checking once_cell v1.17.1
[INFO] [stderr]    Compiling libm v0.2.6
[INFO] [stderr]    Compiling syn v1.0.109
[INFO] [stderr]    Compiling num-traits v0.2.15
[INFO] [stderr]    Compiling num-integer v0.1.45
[INFO] [stderr]    Compiling num-bigint v0.4.3
[INFO] [stderr]    Compiling num-rational v0.4.1
[INFO] [stderr]    Compiling num-iter v0.1.43
[INFO] [stderr]    Compiling ahash v0.8.3
[INFO] [stderr]    Compiling memchr v2.5.0
[INFO] [stderr]     Checking iana-time-zone v0.1.56
[INFO] [stderr]    Compiling syn v2.0.15
[INFO] [stderr]    Compiling log v0.4.17
[INFO] [stderr]    Compiling jobserver v0.1.26
[INFO] [stderr]    Compiling serde_derive v1.0.160
[INFO] [stderr]     Checking hashbrown v0.13.2
[INFO] [stderr]    Compiling cc v1.0.79
[INFO] [stderr]    Compiling serde v1.0.160
[INFO] [stderr]     Checking bitflags v1.3.2
[INFO] [stderr]    Compiling typenum v1.16.0
[INFO] [stderr]     Checking static_assertions v1.1.0
[INFO] [stderr]     Checking num-complex v0.4.3
[INFO] [stderr]     Checking getrandom v0.2.9
[INFO] [stderr]     Checking half v2.2.1
[INFO] [stderr]     Checking chrono v0.4.24
[INFO] [stderr]    Compiling generic-array v0.14.7
[INFO] [stderr]     Checking lexical-util v0.8.5
[INFO] [stderr]    Compiling ahash v0.7.6
[INFO] [stderr]     Checking tinyvec_macros v0.1.1
[INFO] [stderr]     Checking arrow-schema v34.0.0
[INFO] [stderr]     Checking tinyvec v1.6.0
[INFO] [stderr]    Compiling glob v0.3.1
[INFO] [stderr]    Compiling prettyplease v0.2.4
[INFO] [stderr]    Compiling clang-sys v1.6.1
[INFO] [stderr]     Checking unicode-bidi v0.3.13
[INFO] [stderr]     Checking num v0.4.0
[INFO] [stderr]     Checking unicode-normalization v0.1.22
[INFO] [stderr]     Checking crypto-common v0.1.6
[INFO] [stderr]     Checking block-buffer v0.10.4
[INFO] [stderr]     Checking arrow-buffer v34.0.0
[INFO] [stderr]     Checking arrow-buffer v29.0.0
[INFO] [stderr]     Checking hashbrown v0.12.3
[INFO] [stderr]     Checking arrow-data v34.0.0
[INFO] [stderr]     Checking lexical-write-integer v0.8.5
[INFO] [stderr]     Checking lexical-parse-integer v0.8.6
[INFO] [stderr]    Compiling ring v0.16.20
[INFO] [stderr]     Checking rand_core v0.6.4
[INFO] [stderr]    Compiling pkg-config v0.3.26
[INFO] [stderr]     Checking subtle v2.4.1
[INFO] [stderr]     Checking arrow-schema v29.0.0
[INFO] [stderr]    Compiling minimal-lexical v0.2.1
[INFO] [stderr]     Checking ppv-lite86 v0.2.17
[INFO] [stderr]     Checking arrow-array v34.0.0
[INFO] [stderr]    Compiling vcpkg v0.2.15
[INFO] [stderr]    Compiling nom v7.1.3
[INFO] [stderr]     Checking arrow-data v29.0.0
[INFO] [stderr]     Checking rand_chacha v0.3.1
[INFO] [stderr]     Checking digest v0.10.6
[INFO] [stderr]     Checking lexical-parse-float v0.8.5
[INFO] [stderr]     Checking lexical-write-float v0.8.5
[INFO] [stderr]    Compiling libloading v0.7.4
[INFO] [stderr]     Checking aho-corasick v1.0.1
[INFO] [stderr]    Compiling heck v0.4.1
[INFO] [stderr]    Compiling regex-syntax v0.7.1
[INFO] [stderr]    Compiling either v1.8.1
[INFO] [stderr]    Compiling bindgen v0.65.1
[INFO] [stderr]     Checking itoa v1.0.6
[INFO] [stderr]     Checking ryu v1.0.13
[INFO] [stderr]    Compiling futures-core v0.3.28
[INFO] [stderr]    Compiling rustversion v1.0.12
[INFO] [stderr]    Compiling which v4.4.0
[INFO] [stderr]    Compiling cexpr v0.6.0
[INFO] [stderr]     Checking lexical-core v0.8.5
[INFO] [stderr]     Checking arrow-array v29.0.0
[INFO] [stderr]     Checking rand v0.8.5
[INFO] [stderr]     Checking regex v1.8.1
[INFO] [stderr]    Compiling indexmap v1.9.3
[INFO] [stderr]     Checking spin v0.5.2
[INFO] [stderr]     Checking smallvec v1.10.0
[INFO] [stderr]     Checking pin-project-lite v0.2.9
[INFO] [stderr]     Checking fallible-iterator v0.2.0
[INFO] [stderr]    Compiling lazy_static v1.4.0
[INFO] [stderr]     Checking untrusted v0.7.1
[INFO] [stderr]    Compiling lazycell v1.3.0
[INFO] [stderr]    Compiling rustc-hash v1.1.0
[INFO] [stderr]     Checking percent-encoding v2.2.0
[INFO] [stderr]    Compiling peeking_take_while v0.1.2
[INFO] [stderr]    Compiling shlex v1.1.0
[INFO] [stderr]     Checking bytes v1.4.0
[INFO] [stderr]     Checking byteorder v1.4.3
[INFO] [stderr]    Compiling crc32fast v1.3.2
[INFO] [stderr]     Checking arrow-select v29.0.0
[INFO] [stderr]     Checking arrow-select v34.0.0
[INFO] [stderr]    Compiling slab v0.4.8
[INFO] [stderr]    Compiling tokio v1.28.0
[INFO] [stderr]    Compiling lock_api v0.4.9
[INFO] [stderr]     Checking cpufeatures v0.2.7
[INFO] [stderr]    Compiling doc-comment v0.3.3
[INFO] [stderr]     Checking adler v1.0.2
[INFO] [stderr]    Compiling futures-task v0.3.28
[INFO] [stderr]     Checking regex-syntax v0.6.29
[INFO] [stderr]    Compiling parking_lot_core v0.9.7
[INFO] [stderr]     Checking futures-sink v0.3.28
[INFO] [stderr]     Checking miniz_oxide v0.7.1
[INFO] [stderr]     Checking sha2 v0.10.6
[INFO] [stderr]    Compiling strum_macros v0.24.3
[INFO] [stderr]     Checking hmac v0.12.1
[INFO] [stderr]     Checking md-5 v0.10.5
[INFO] [stderr]     Checking mio v0.8.6
[INFO] [stderr]     Checking stringprep v0.1.2
[INFO] [stderr]     Checking socket2 v0.4.9
[INFO] [stderr]     Checking csv-core v0.1.10
[INFO] [stderr]     Checking tracing-core v0.1.30
[INFO] [stderr]    Compiling async-trait v0.1.68
[INFO] [stderr]    Compiling io-lifetimes v1.0.10
[INFO] [stderr]    Compiling futures-util v0.3.28
[INFO] [stderr]     Checking base64 v0.21.0
[INFO] [stderr]    Compiling serde_json v1.0.96
[INFO] [stderr]    Compiling futures-channel v0.3.28
[INFO] [stderr]     Checking scopeguard v1.1.0
[INFO] [stderr]     Checking siphasher v0.3.10
[INFO] [stderr]     Checking postgres-protocol v0.6.5
[INFO] [stderr]     Checking phf_shared v0.11.1
[INFO] [stderr]     Checking tracing v0.1.37
[INFO] [stderr]     Checking flate2 v1.0.26
[INFO] [stderr]     Checking webpki v0.22.0
[INFO] [stderr]    Compiling futures-macro v0.3.28
[INFO] [stderr]    Compiling libsqlite3-sys v0.25.2
[INFO] [stderr]     Checking strum v0.24.1
[INFO] [stderr]    Compiling libduckdb-sys v0.7.1
[INFO] [stderr]     Checking unicode-width v0.1.10
[INFO] [stderr]    Compiling rustls v0.20.8
[INFO] [stderr]     Checking pin-utils v0.1.0
[INFO] [stderr]    Compiling rustix v0.37.18
[INFO] [stderr]    Compiling rust_decimal v1.29.1
[INFO] [stderr]    Compiling crossbeam-utils v0.8.15
[INFO] [stderr]     Checking comfy-table v6.1.4
[INFO] [stderr]     Checking parking_lot v0.12.1
[INFO] [stderr]     Checking postgres-types v0.2.5
[INFO] [stderr]     Checking phf v0.11.1
[INFO] [stderr]     Checking arrow-string v34.0.0
[INFO] [stderr]     Checking csv v1.2.1
[INFO] [stderr]     Checking tokio-util v0.7.8
[INFO] [stderr]     Checking sct v0.7.0
[INFO] [stderr]     Checking arrow-ord v34.0.0
[INFO] [stderr]     Checking arrow-cast v34.0.0
[INFO] [stderr]     Checking arrow-cast v29.0.0
[INFO] [stderr]     Checking form_urlencoded v1.1.0
[INFO] [stderr]    Compiling multiversion-macros v0.6.1
[INFO] [stderr]     Checking arrow-arith v34.0.0
[INFO] [stderr]     Checking arrow-row v34.0.0
[INFO] [stderr]     Checking hashlink v0.8.1
[INFO] [stderr]     Checking idna v0.3.0
[INFO] [stderr]     Checking socket2 v0.5.2
[INFO] [stderr]     Checking linux-raw-sys v0.3.6
[INFO] [stderr]     Checking fallible-streaming-iterator v0.1.9
[INFO] [stderr]     Checking fixedbitset v0.4.2
[INFO] [stderr]    Compiling thiserror v1.0.40
[INFO] [stderr]     Checking arrayvec v0.7.2
[INFO] [stderr]     Checking arrow v34.0.0
[INFO] [stderr]     Checking tokio-postgres v0.7.8
[INFO] [stderr]     Checking arrow-csv v29.0.0
[INFO] [stderr]     Checking url v2.3.1
[INFO] [stderr]    Compiling libxlsxwriter-sys v1.1.5
[INFO] [stderr]     Checking multiversion v0.6.1
[INFO] [stderr]     Checking webpki-roots v0.22.6
[INFO] [stderr]     Checking arrow-string v29.0.0
[INFO] [stderr]     Checking arrow-ord v29.0.0
[INFO] [stderr]    Compiling snafu-derive v0.7.4
[INFO] [stderr]    Compiling snafu-derive v0.6.10
[INFO] [stderr]    Compiling thiserror-impl v1.0.40
[INFO] [stderr]     Checking num_cpus v1.15.0
[INFO] [stderr]    Compiling smartstring v1.0.1
[INFO] [stderr]     Checking encoding_rs v0.8.32
[INFO] [stderr]     Checking same-file v1.0.6
[INFO] [stderr]     Checking cast v0.3.0
[INFO] [stderr]     Checking fastrand v1.9.0
[INFO] [stderr]     Checking base64 v0.13.1
[INFO] [stderr]    Compiling yajlish v0.4.0
[INFO] [stderr]     Checking bytecount v0.6.3
[INFO] [stderr]     Checking pdatastructs v0.7.0
[INFO] [stderr]     Checking tempfile v3.5.0
[INFO] [stderr]     Checking walkdir v2.3.3
[INFO] [stderr]     Checking threadpool v1.8.1
[INFO] [stderr]     Checking ureq v2.6.2
[INFO] [stderr]     Checking postgres v0.19.5
[INFO] [stderr]     Checking arrow v29.0.0
[INFO] [stderr]     Checking crossbeam-channel v0.5.8
[INFO] [stderr]     Checking petgraph v0.6.3
[INFO] [stderr]     Checking snafu v0.6.10
[INFO] [stderr]     Checking csv-index v0.1.6
[INFO] [stderr]     Checking minijinja v0.27.0
[INFO] [stderr]     Checking zip v0.6.4
[INFO] [stderr]    Compiling typed-builder v0.11.0
[INFO] [stderr]     Checking streaming-stats v0.2.3
[INFO] [stderr]     Checking counter v0.5.7
[INFO] [stderr]     Checking snafu v0.7.4
[INFO] [stderr]     Checking json-tools v1.1.2
[INFO] [stderr]     Checking deunicode v0.4.3
[INFO] [stderr]     Checking pathdiff v0.2.1
[INFO] [stderr]     Checking slug v0.1.4
[INFO] [stderr]     Checking jsonref v0.4.0
[INFO] [stderr]     Checking itertools v0.10.5
[INFO] [stderr]     Checking nanoid v0.4.0
[INFO] [stderr]    Compiling typed-builder v0.10.0
[INFO] [stderr]     Checking rusqlite v0.28.0
[INFO] [stderr]     Checking xlsxwriter v0.5.0
[INFO] [stderr]     Checking xlsxwriter v0.3.5
[INFO] [stdout] error[E0412]: cannot find type `size_t` in crate `libxlsxwriter_sys`
[INFO] [stdout]     --> /opt/rustwide/cargo-home/registry/src/github.com-1ecc6299db9ec823/xlsxwriter-0.5.0/src/worksheet/mod.rs:1351:52
[INFO] [stdout]      |
[INFO] [stdout] 1351 |                 buffer.len() as libxlsxwriter_sys::size_t,
[INFO] [stdout]      |                                                    ^^^^^^ help: a type alias with a similar name exists: `time_t`
[INFO] [stdout]      |
[INFO] [stdout]     ::: /opt/rustwide/target/debug/build/libxlsxwriter-sys-ddfbda4d76720eed/out/bindings.rs:3:8303
[INFO] [stdout]      |
[INFO] [stdout] 3    | ...::" , stringify ! (_unused2))) ; } pub type time_t = __time_t ; pub type lxw_row_t = u32 ; pub type lxw_col_t = u16 ; pub const lxw_bo...
[INFO] [stdout]      |                                       --------------- similarly named type alias `time_t` defined here
[INFO] [stdout] 
[INFO] [stdout] 
[INFO] [stdout] error[E0412]: cannot find type `size_t` in crate `libxlsxwriter_sys`
[INFO] [stdout]     --> /opt/rustwide/cargo-home/registry/src/github.com-1ecc6299db9ec823/xlsxwriter-0.5.0/src/worksheet/mod.rs:1375:52
[INFO] [stdout]      |
[INFO] [stdout] 1375 |                 buffer.len() as libxlsxwriter_sys::size_t,
[INFO] [stdout]      |                                                    ^^^^^^ help: a type alias with a similar name exists: `time_t`
[INFO] [stdout]      |
[INFO] [stdout]     ::: /opt/rustwide/target/debug/build/libxlsxwriter-sys-ddfbda4d76720eed/out/bindings.rs:3:8303
[INFO] [stdout]      |
[INFO] [stdout] 3    | ...::" , stringify ! (_unused2))) ; } pub type time_t = __time_t ; pub type lxw_row_t = u32 ; pub type lxw_col_t = u16 ; pub const lxw_bo...
[INFO] [stdout]      |                                       --------------- similarly named type alias `time_t` defined here
[INFO] [stdout] 
[INFO] [stdout] 
[INFO] [stdout] error[E0412]: cannot find type `size_t` in crate `libxlsxwriter_sys`
[INFO] [stdout]     --> /opt/rustwide/cargo-home/registry/src/github.com-1ecc6299db9ec823/xlsxwriter-0.3.5/src/worksheet.rs:1126:52
[INFO] [stdout]      |
[INFO] [stdout] 1126 |                 buffer.len() as libxlsxwriter_sys::size_t,
[INFO] [stdout]      |                                                    ^^^^^^ help: a type alias with a similar name exists: `time_t`
[INFO] [stdout]      |
[INFO] [stdout]     ::: /opt/rustwide/target/debug/build/libxlsxwriter-sys-ddfbda4d76720eed/out/bindings.rs:3:8303
[INFO] [stdout]      |
[INFO] [stdout] 3    | ...::" , stringify ! (_unused2))) ; } pub type time_t = __time_t ; pub type lxw_row_t = u32 ; pub type lxw_col_t = u16 ; pub const lxw_bo...
[INFO] [stdout]      |                                       --------------- similarly named type alias `time_t` defined here
[INFO] [stdout] 
[INFO] [stdout] 
[INFO] [stdout] error[E0412]: cannot find type `size_t` in crate `libxlsxwriter_sys`
[INFO] [stdout]     --> /opt/rustwide/cargo-home/registry/src/github.com-1ecc6299db9ec823/xlsxwriter-0.3.5/src/worksheet.rs:1150:52
[INFO] [stdout]      |
[INFO] [stdout] 1150 |                 buffer.len() as libxlsxwriter_sys::size_t,
[INFO] [stdout]      |                                                    ^^^^^^ help: a type alias with a similar name exists: `time_t`
[INFO] [stdout]      |
[INFO] [stdout]     ::: /opt/rustwide/target/debug/build/libxlsxwriter-sys-ddfbda4d76720eed/out/bindings.rs:3:8303
[INFO] [stdout]      |
[INFO] [stdout] 3    | ...::" , stringify ! (_unused2))) ; } pub type time_t = __time_t ; pub type lxw_row_t = u32 ; pub type lxw_col_t = u16 ; pub const lxw_bo...
[INFO] [stdout]      |                                       --------------- similarly named type alias `time_t` defined here
[INFO] [stdout] 
[INFO] [stdout] 
[INFO] [stdout] error[E0063]: missing fields `output_buffer` and `output_buffer_size` in initializer of `lxw_workbook_options`
[INFO] [stdout]    --> /opt/rustwide/cargo-home/registry/src/github.com-1ecc6299db9ec823/xlsxwriter-0.5.0/src/workbook.rs:103:40
[INFO] [stdout]     |
[INFO] [stdout] 103 |             let mut workbook_options = libxlsxwriter_sys::lxw_workbook_options {
[INFO] [stdout]     |                                        ^^^^^^^^^^^^^^^^^^^^^^^^^^^^^^^^^^^^^^^ missing `output_buffer` and `output_buffer_size`
[INFO] [stdout] 
[INFO] [stdout] 
[INFO] [stdout] error[E0063]: missing fields `output_buffer` and `output_buffer_size` in initializer of `lxw_workbook_options`
[INFO] [stdout]   --> /opt/rustwide/cargo-home/registry/src/github.com-1ecc6299db9ec823/xlsxwriter-0.3.5/src/workbook.rs:90:40
[INFO] [stdout]    |
[INFO] [stdout] 90 |             let mut workbook_options = libxlsxwriter_sys::lxw_workbook_options {
[INFO] [stdout]    |                                        ^^^^^^^^^^^^^^^^^^^^^^^^^^^^^^^^^^^^^^^ missing `output_buffer` and `output_buffer_size`
[INFO] [stdout] 
[INFO] [stdout] 
[INFO] [stdout] error: aborting due to 3 previous errors
[INFO] [stdout] 
[INFO] [stdout] 
[INFO] [stdout] Some errors have detailed explanations: E0063, E0412.
[INFO] [stdout] 
[INFO] [stdout] For more information about an error, try `rustc --explain E0063`.
[INFO] [stdout] 
[INFO] [stderr] error: could not compile `xlsxwriter` due to 4 previous errors
[INFO] [stderr] warning: build failed, waiting for other jobs to finish...
[INFO] [stdout] error: aborting due to 3 previous errors
[INFO] [stdout] 
[INFO] [stdout] 
[INFO] [stdout] Some errors have detailed explanations: E0063, E0412.
[INFO] [stdout] 
[INFO] [stdout] For more information about an error, try `rustc --explain E0063`.
[INFO] [stdout] 
[INFO] [stderr] error: could not compile `xlsxwriter` due to 4 previous errors
[INFO] [stderr] The following warnings were emitted during compilation:
[INFO] [stderr] 
[INFO] [stderr] warning: c++: fatal error: Killed signal terminated program cc1plus
[INFO] [stderr] warning: compilation terminated.
[INFO] [stderr] 
[INFO] [stderr] error: failed to run custom build command for `libduckdb-sys v0.7.1`
[INFO] [stderr] note: To improve backtraces for build dependencies, set the CARGO_PROFILE_DEV_BUILD_OVERRIDE_DEBUG=true environment variable to enable debug information generation.
[INFO] [stderr] 
[INFO] [stderr] Caused by:
[INFO] [stderr]   process didn't exit successfully: `/opt/rustwide/target/debug/build/libduckdb-sys-37c61c3075dfd16d/build-script-build` (exit status: 1)
[INFO] [stderr]   --- stdout
[INFO] [stderr]   cargo:rerun-if-changed=duckdb/duckdb.hpp
[INFO] [stderr]   cargo:rerun-if-changed=duckdb/duckdb.cpp
[INFO] [stderr]   TARGET = Some("x86_64-unknown-linux-gnu")
[INFO] [stderr]   OPT_LEVEL = Some("0")
[INFO] [stderr]   HOST = Some("x86_64-unknown-linux-gnu")
[INFO] [stderr]   cargo:rerun-if-env-changed=CXX_x86_64-unknown-linux-gnu
[INFO] [stderr]   CXX_x86_64-unknown-linux-gnu = None
[INFO] [stderr]   cargo:rerun-if-env-changed=CXX_x86_64_unknown_linux_gnu
[INFO] [stderr]   CXX_x86_64_unknown_linux_gnu = None
[INFO] [stderr]   cargo:rerun-if-env-changed=HOST_CXX
[INFO] [stderr]   HOST_CXX = None
[INFO] [stderr]   cargo:rerun-if-env-changed=CXX
[INFO] [stderr]   CXX = None
[INFO] [stderr]   cargo:rerun-if-env-changed=CXXFLAGS_x86_64-unknown-linux-gnu
[INFO] [stderr]   CXXFLAGS_x86_64-unknown-linux-gnu = None
[INFO] [stderr]   cargo:rerun-if-env-changed=CXXFLAGS_x86_64_unknown_linux_gnu
[INFO] [stderr]   CXXFLAGS_x86_64_unknown_linux_gnu = None
[INFO] [stderr]   cargo:rerun-if-env-changed=HOST_CXXFLAGS
[INFO] [stderr]   HOST_CXXFLAGS = None
[INFO] [stderr]   cargo:rerun-if-env-changed=CXXFLAGS
[INFO] [stderr]   CXXFLAGS = None
[INFO] [stderr]   cargo:rerun-if-env-changed=CRATE_CC_NO_DEFAULTS
[INFO] [stderr]   CRATE_CC_NO_DEFAULTS = None
[INFO] [stderr]   DEBUG = Some("true")
[INFO] [stderr]   CARGO_CFG_TARGET_FEATURE = Some("fxsr,sse,sse2")
[INFO] [stderr]   cargo:rerun-if-env-changed=CXX_x86_64-unknown-linux-gnu
[INFO] [stderr]   CXX_x86_64-unknown-linux-gnu = None
[INFO] [stderr]   cargo:rerun-if-env-changed=CXX_x86_64_unknown_linux_gnu
[INFO] [stderr]   CXX_x86_64_unknown_linux_gnu = None
[INFO] [stderr]   cargo:rerun-if-env-changed=HOST_CXX
[INFO] [stderr]   HOST_CXX = None
[INFO] [stderr]   cargo:rerun-if-env-changed=CXX
[INFO] [stderr]   CXX = None
[INFO] [stderr]   cargo:rerun-if-env-changed=CXXFLAGS_x86_64-unknown-linux-gnu
[INFO] [stderr]   CXXFLAGS_x86_64-unknown-linux-gnu = None
[INFO] [stderr]   cargo:rerun-if-env-changed=CXXFLAGS_x86_64_unknown_linux_gnu
[INFO] [stderr]   CXXFLAGS_x86_64_unknown_linux_gnu = None
[INFO] [stderr]   cargo:rerun-if-env-changed=HOST_CXXFLAGS
[INFO] [stderr]   HOST_CXXFLAGS = None
[INFO] [stderr]   cargo:rerun-if-env-changed=CXXFLAGS
[INFO] [stderr]   CXXFLAGS = None
[INFO] [stderr]   cargo:rerun-if-env-changed=CRATE_CC_NO_DEFAULTS
[INFO] [stderr]   CRATE_CC_NO_DEFAULTS = None
[INFO] [stderr]   CARGO_CFG_TARGET_FEATURE = Some("fxsr,sse,sse2")
[INFO] [stderr]   cargo:rerun-if-env-changed=CXX_x86_64-unknown-linux-gnu
[INFO] [stderr]   CXX_x86_64-unknown-linux-gnu = None
[INFO] [stderr]   cargo:rerun-if-env-changed=CXX_x86_64_unknown_linux_gnu
[INFO] [stderr]   CXX_x86_64_unknown_linux_gnu = None
[INFO] [stderr]   cargo:rerun-if-env-changed=HOST_CXX
[INFO] [stderr]   HOST_CXX = None
[INFO] [stderr]   cargo:rerun-if-env-changed=CXX
[INFO] [stderr]   CXX = None
[INFO] [stderr]   cargo:rerun-if-env-changed=CXXFLAGS_x86_64-unknown-linux-gnu
[INFO] [stderr]   CXXFLAGS_x86_64-unknown-linux-gnu = None
[INFO] [stderr]   cargo:rerun-if-env-changed=CXXFLAGS_x86_64_unknown_linux_gnu
[INFO] [stderr]   CXXFLAGS_x86_64_unknown_linux_gnu = None
[INFO] [stderr]   cargo:rerun-if-env-changed=HOST_CXXFLAGS
[INFO] [stderr]   HOST_CXXFLAGS = None
[INFO] [stderr]   cargo:rerun-if-env-changed=CXXFLAGS
[INFO] [stderr]   CXXFLAGS = None
[INFO] [stderr]   cargo:rerun-if-env-changed=CRATE_CC_NO_DEFAULTS
[INFO] [stderr]   CRATE_CC_NO_DEFAULTS = None
[INFO] [stderr]   CARGO_CFG_TARGET_FEATURE = Some("fxsr,sse,sse2")
[INFO] [stderr]   cargo:rerun-if-env-changed=CXX_x86_64-unknown-linux-gnu
[INFO] [stderr]   CXX_x86_64-unknown-linux-gnu = None
[INFO] [stderr]   cargo:rerun-if-env-changed=CXX_x86_64_unknown_linux_gnu
[INFO] [stderr]   CXX_x86_64_unknown_linux_gnu = None
[INFO] [stderr]   cargo:rerun-if-env-changed=HOST_CXX
[INFO] [stderr]   HOST_CXX = None
[INFO] [stderr]   cargo:rerun-if-env-changed=CXX
[INFO] [stderr]   CXX = None
[INFO] [stderr]   cargo:rerun-if-env-changed=CXXFLAGS_x86_64-unknown-linux-gnu
[INFO] [stderr]   CXXFLAGS_x86_64-unknown-linux-gnu = None
[INFO] [stderr]   cargo:rerun-if-env-changed=CXXFLAGS_x86_64_unknown_linux_gnu
[INFO] [stderr]   CXXFLAGS_x86_64_unknown_linux_gnu = None
[INFO] [stderr]   cargo:rerun-if-env-changed=HOST_CXXFLAGS
[INFO] [stderr]   HOST_CXXFLAGS = None
[INFO] [stderr]   cargo:rerun-if-env-changed=CXXFLAGS
[INFO] [stderr]   CXXFLAGS = None
[INFO] [stderr]   cargo:rerun-if-env-changed=CRATE_CC_NO_DEFAULTS
[INFO] [stderr]   CRATE_CC_NO_DEFAULTS = None
[INFO] [stderr]   CARGO_CFG_TARGET_FEATURE = Some("fxsr,sse,sse2")
[INFO] [stderr]   cargo:rerun-if-env-changed=CXX_x86_64-unknown-linux-gnu
[INFO] [stderr]   CXX_x86_64-unknown-linux-gnu = None
[INFO] [stderr]   cargo:rerun-if-env-changed=CXX_x86_64_unknown_linux_gnu
[INFO] [stderr]   CXX_x86_64_unknown_linux_gnu = None
[INFO] [stderr]   cargo:rerun-if-env-changed=HOST_CXX
[INFO] [stderr]   HOST_CXX = None
[INFO] [stderr]   cargo:rerun-if-env-changed=CXX
[INFO] [stderr]   CXX = None
[INFO] [stderr]   cargo:rerun-if-env-changed=CXXFLAGS_x86_64-unknown-linux-gnu
[INFO] [stderr]   CXXFLAGS_x86_64-unknown-linux-gnu = None
[INFO] [stderr]   cargo:rerun-if-env-changed=CXXFLAGS_x86_64_unknown_linux_gnu
[INFO] [stderr]   CXXFLAGS_x86_64_unknown_linux_gnu = None
[INFO] [stderr]   cargo:rerun-if-env-changed=HOST_CXXFLAGS
[INFO] [stderr]   HOST_CXXFLAGS = None
[INFO] [stderr]   cargo:rerun-if-env-changed=CXXFLAGS
[INFO] [stderr]   CXXFLAGS = None
[INFO] [stderr]   cargo:rerun-if-env-changed=CRATE_CC_NO_DEFAULTS
[INFO] [stderr]   CRATE_CC_NO_DEFAULTS = None
[INFO] [stderr]   CARGO_CFG_TARGET_FEATURE = Some("fxsr,sse,sse2")
[INFO] [stderr]   running: "c++" "-O0" "-ffunction-sections" "-fdata-sections" "-fPIC" "-gdwarf-4" "-fno-omit-frame-pointer" "-m64" "-std=c++11" "-o" "/opt/rustwide/target/debug/build/libduckdb-sys-2c2506340d0911bd/out/duckdb/duckdb.o" "-c" "duckdb/duckdb.cpp"
[INFO] [stderr]   cargo:warning=c++: fatal error: Killed signal terminated program cc1plus
[INFO] [stderr]   cargo:warning=compilation terminated.
[INFO] [stderr]   exit status: 1
[INFO] [stderr] 
[INFO] [stderr]   --- stderr
[INFO] [stderr] 
[INFO] [stderr] 
[INFO] [stderr]   error occurred: Command "c++" "-O0" "-ffunction-sections" "-fdata-sections" "-fPIC" "-gdwarf-4" "-fno-omit-frame-pointer" "-m64" "-std=c++11" "-o" "/opt/rustwide/target/debug/build/libduckdb-sys-2c2506340d0911bd/out/duckdb/duckdb.o" "-c" "duckdb/duckdb.cpp" with args "c++" did not execute successfully (status code exit status: 1).
[INFO] [stderr] 
[INFO] [stderr] 
[INFO] running `Command { std: "docker" "inspect" "56b223c5df90d0225e3c8d2144c74bc84f61dd781db57d76f7fed65c49ad9098", kill_on_drop: false }`
[INFO] running `Command { std: "docker" "rm" "-f" "56b223c5df90d0225e3c8d2144c74bc84f61dd781db57d76f7fed65c49ad9098", kill_on_drop: false }`
[INFO] [stdout] 56b223c5df90d0225e3c8d2144c74bc84f61dd781db57d76f7fed65c49ad9098
