[INFO] fetching crate kg-io 0.1.1...
[INFO] documenting kg-io-0.1.1 against 1.69.0 for beta-1.70-rustdoc-1
[INFO] extracting crate kg-io 0.1.1 into /workspace/builds/worker-3-tc1/source
[INFO] validating manifest of crates.io crate kg-io 0.1.1 on toolchain 1.69.0
[INFO] running `Command { std: CARGO_HOME="/workspace/cargo-home" RUSTUP_HOME="/workspace/rustup-home" "/workspace/cargo-home/bin/cargo" "+1.69.0" "metadata" "--manifest-path" "Cargo.toml" "--no-deps", kill_on_drop: false }`
[INFO] started tweaking crates.io crate kg-io 0.1.1
[INFO] finished tweaking crates.io crate kg-io 0.1.1
[INFO] tweaked toml for crates.io crate kg-io 0.1.1 written to /workspace/builds/worker-3-tc1/source/Cargo.toml
[INFO] running `Command { std: CARGO_HOME="/workspace/cargo-home" RUSTUP_HOME="/workspace/rustup-home" __CARGO_TEST_CHANNEL_OVERRIDE_DO_NOT_USE_THIS="nightly" "/workspace/cargo-home/bin/cargo" "+1.69.0" "generate-lockfile" "--manifest-path" "Cargo.toml" "-Zno-index-update", kill_on_drop: false }`
[INFO] running `Command { std: CARGO_HOME="/workspace/cargo-home" RUSTUP_HOME="/workspace/rustup-home" "/workspace/cargo-home/bin/cargo" "+1.69.0" "fetch" "--manifest-path" "Cargo.toml", kill_on_drop: false }`
[INFO] [stderr]  Downloading crates ...
[INFO] [stderr]   Downloaded kg-display v0.1.2
[INFO] [stderr]   Downloaded kg-display-derive v0.1.1
[INFO] [stderr]   Downloaded synstructure v0.11.0
[INFO] [stderr]   Downloaded kg-utils v0.2.4
[INFO] [stderr]   Downloaded kg-diag v0.1.1
[INFO] running `Command { std: "docker" "create" "-v" "/var/lib/crater-agent-workspace/builds/worker-3-tc1/target:/opt/rustwide/target:rw,Z" "-v" "/var/lib/crater-agent-workspace/builds/worker-3-tc1/source:/opt/rustwide/workdir:ro,Z" "-v" "/var/lib/crater-agent-workspace/cargo-home:/opt/rustwide/cargo-home:ro,Z" "-v" "/var/lib/crater-agent-workspace/rustup-home:/opt/rustwide/rustup-home:ro,Z" "-e" "SOURCE_DIR=/opt/rustwide/workdir" "-e" "CARGO_TARGET_DIR=/opt/rustwide/target" "-e" "CARGO_HOME=/opt/rustwide/cargo-home" "-e" "RUSTUP_HOME=/opt/rustwide/rustup-home" "-w" "/opt/rustwide/workdir" "-m" "1610612736" "--user" "0:0" "--network" "none" "ghcr.io/rust-lang/crates-build-env/linux@sha256:5ff2268d62e97bff2cde7d5815dd6ed5b47097566f13b8d0ca110b04b60e07ed" "/opt/rustwide/cargo-home/bin/cargo" "+1.69.0" "metadata" "--no-deps" "--format-version=1", kill_on_drop: false }`
[INFO] [stdout] 083ed5a8ac7ac506699f5a71e93e54268f24d284ce4e460ce0d7b7f9ce6986c4
[INFO] running `Command { std: "docker" "start" "-a" "083ed5a8ac7ac506699f5a71e93e54268f24d284ce4e460ce0d7b7f9ce6986c4", kill_on_drop: false }`
[INFO] running `Command { std: "docker" "inspect" "083ed5a8ac7ac506699f5a71e93e54268f24d284ce4e460ce0d7b7f9ce6986c4", kill_on_drop: false }`
[INFO] running `Command { std: "docker" "rm" "-f" "083ed5a8ac7ac506699f5a71e93e54268f24d284ce4e460ce0d7b7f9ce6986c4", kill_on_drop: false }`
[INFO] [stdout] 083ed5a8ac7ac506699f5a71e93e54268f24d284ce4e460ce0d7b7f9ce6986c4
[INFO] running `Command { std: "docker" "create" "-v" "/var/lib/crater-agent-workspace/builds/worker-3-tc1/target:/opt/rustwide/target:rw,Z" "-v" "/var/lib/crater-agent-workspace/builds/worker-3-tc1/source:/opt/rustwide/workdir:ro,Z" "-v" "/var/lib/crater-agent-workspace/cargo-home:/opt/rustwide/cargo-home:ro,Z" "-v" "/var/lib/crater-agent-workspace/rustup-home:/opt/rustwide/rustup-home:ro,Z" "-e" "SOURCE_DIR=/opt/rustwide/workdir" "-e" "CARGO_TARGET_DIR=/opt/rustwide/target" "-e" "CARGO_INCREMENTAL=0" "-e" "RUST_BACKTRACE=full" "-e" "RUSTFLAGS=--cap-lints=warn" "-e" "RUSTDOCFLAGS=--cap-lints=warn" "-e" "CARGO_HOME=/opt/rustwide/cargo-home" "-e" "RUSTUP_HOME=/opt/rustwide/rustup-home" "-w" "/opt/rustwide/workdir" "-m" "1610612736" "--user" "0:0" "--network" "none" "ghcr.io/rust-lang/crates-build-env/linux@sha256:5ff2268d62e97bff2cde7d5815dd6ed5b47097566f13b8d0ca110b04b60e07ed" "/opt/rustwide/cargo-home/bin/cargo" "+1.69.0" "doc" "--frozen" "--no-deps" "--document-private-items" "--message-format=json", kill_on_drop: false }`
[INFO] [stdout] 45aac933e901ffb260cae0a9c83bdd973feec59f8096ca26fc529c74bd37ae29
[INFO] running `Command { std: "docker" "start" "-a" "45aac933e901ffb260cae0a9c83bdd973feec59f8096ca26fc529c74bd37ae29", kill_on_drop: false }`
[INFO] [stderr]    Compiling memchr v2.5.0
[INFO] [stderr]    Compiling proc-macro2 v0.4.30
[INFO] [stderr]    Compiling lexical-core v0.7.6
[INFO] [stderr]    Compiling unicode-xid v0.1.0
[INFO] [stderr]    Compiling syn v0.15.44
[INFO] [stderr]    Compiling static_assertions v1.1.0
[INFO] [stderr]    Compiling arrayvec v0.5.2
[INFO] [stderr]    Compiling ryu v1.0.13
[INFO] [stderr]    Compiling heapsize v0.4.2
[INFO] [stderr]    Compiling nom v5.1.3
[INFO] [stderr]    Compiling serde v1.0.160
[INFO] [stderr]    Compiling backtrace v0.3.67
[INFO] [stderr]     Checking gimli v0.27.2
[INFO] [stderr]     Checking miniz_oxide v0.6.2
[INFO] [stderr]     Checking rustc-demangle v0.1.23
[INFO] [stderr]     Checking object v0.30.3
[INFO] [stderr]    Compiling quote v0.6.13
[INFO] [stderr]     Checking addr2line v0.19.0
[INFO] [stderr]    Compiling kg-utils v0.2.4
[INFO] [stdout] error[E0554]: `#![feature]` may not be used on the stable release channel
[INFO] [stdout]  --> /opt/rustwide/cargo-home/registry/src/github.com-1ecc6299db9ec823/kg-utils-0.2.4/src/lib.rs:1:12
[INFO] [stdout]   |
[INFO] [stdout] 1 | #![feature(allocator_api, alloc_layout_extra, test)]
[INFO] [stdout]   |            ^^^^^^^^^^^^^
[INFO] [stdout] 
[INFO] [stdout] 
[INFO] [stdout] error[E0554]: `#![feature]` may not be used on the stable release channel
[INFO] [stdout]  --> /opt/rustwide/cargo-home/registry/src/github.com-1ecc6299db9ec823/kg-utils-0.2.4/src/lib.rs:1:27
[INFO] [stdout]   |
[INFO] [stdout] 1 | #![feature(allocator_api, alloc_layout_extra, test)]
[INFO] [stdout]   |                           ^^^^^^^^^^^^^^^^^^
[INFO] [stdout] 
[INFO] [stdout] 
[INFO] [stdout] error[E0554]: `#![feature]` may not be used on the stable release channel
[INFO] [stdout]  --> /opt/rustwide/cargo-home/registry/src/github.com-1ecc6299db9ec823/kg-utils-0.2.4/src/lib.rs:1:47
[INFO] [stdout]   |
[INFO] [stdout] 1 | #![feature(allocator_api, alloc_layout_extra, test)]
[INFO] [stdout]   |                                               ^^^^
[INFO] [stdout] 
[INFO] [stdout] 
[INFO] [stdout] error: aborting due to 3 previous errors
[INFO] [stdout] 
[INFO] [stdout] 
[INFO] [stdout] For more information about this error, try `rustc --explain E0554`.
[INFO] [stdout] 
[INFO] [stderr] error: could not compile `kg-utils` due to 4 previous errors
[INFO] [stderr] warning: build failed, waiting for other jobs to finish...
[INFO] running `Command { std: "docker" "inspect" "45aac933e901ffb260cae0a9c83bdd973feec59f8096ca26fc529c74bd37ae29", kill_on_drop: false }`
[INFO] running `Command { std: "docker" "rm" "-f" "45aac933e901ffb260cae0a9c83bdd973feec59f8096ca26fc529c74bd37ae29", kill_on_drop: false }`
[INFO] [stdout] 45aac933e901ffb260cae0a9c83bdd973feec59f8096ca26fc529c74bd37ae29
