[INFO] fetching crate kfl-ufo 0.0.0...
[INFO] documenting kfl-ufo-0.0.0 against 1.69.0 for beta-1.70-rustdoc-1
[INFO] extracting crate kfl-ufo 0.0.0 into /workspace/builds/worker-7-tc1/source
[INFO] validating manifest of crates.io crate kfl-ufo 0.0.0 on toolchain 1.69.0
[INFO] running `Command { std: CARGO_HOME="/workspace/cargo-home" RUSTUP_HOME="/workspace/rustup-home" "/workspace/cargo-home/bin/cargo" "+1.69.0" "metadata" "--manifest-path" "Cargo.toml" "--no-deps", kill_on_drop: false }`
[INFO] started tweaking crates.io crate kfl-ufo 0.0.0
[INFO] finished tweaking crates.io crate kfl-ufo 0.0.0
[INFO] tweaked toml for crates.io crate kfl-ufo 0.0.0 written to /workspace/builds/worker-7-tc1/source/Cargo.toml
[INFO] running `Command { std: CARGO_HOME="/workspace/cargo-home" RUSTUP_HOME="/workspace/rustup-home" __CARGO_TEST_CHANNEL_OVERRIDE_DO_NOT_USE_THIS="nightly" "/workspace/cargo-home/bin/cargo" "+1.69.0" "generate-lockfile" "--manifest-path" "Cargo.toml" "-Zno-index-update", kill_on_drop: false }`
[INFO] running `Command { std: CARGO_HOME="/workspace/cargo-home" RUSTUP_HOME="/workspace/rustup-home" "/workspace/cargo-home/bin/cargo" "+1.69.0" "fetch" "--manifest-path" "Cargo.toml", kill_on_drop: false }`
[INFO] [stderr]  Downloading crates ...
[INFO] [stderr]   Downloaded kfl-derive v0.0.17
[INFO] [stderr]   Downloaded kfl-plist v0.0.0
[INFO] [stderr]   Downloaded kfl v0.0.16
[INFO] running `Command { std: "docker" "create" "-v" "/var/lib/crater-agent-workspace/builds/worker-7-tc1/target:/opt/rustwide/target:rw,Z" "-v" "/var/lib/crater-agent-workspace/builds/worker-7-tc1/source:/opt/rustwide/workdir:ro,Z" "-v" "/var/lib/crater-agent-workspace/cargo-home:/opt/rustwide/cargo-home:ro,Z" "-v" "/var/lib/crater-agent-workspace/rustup-home:/opt/rustwide/rustup-home:ro,Z" "-e" "SOURCE_DIR=/opt/rustwide/workdir" "-e" "CARGO_TARGET_DIR=/opt/rustwide/target" "-e" "CARGO_HOME=/opt/rustwide/cargo-home" "-e" "RUSTUP_HOME=/opt/rustwide/rustup-home" "-w" "/opt/rustwide/workdir" "-m" "1610612736" "--user" "0:0" "--network" "none" "ghcr.io/rust-lang/crates-build-env/linux@sha256:5ff2268d62e97bff2cde7d5815dd6ed5b47097566f13b8d0ca110b04b60e07ed" "/opt/rustwide/cargo-home/bin/cargo" "+1.69.0" "metadata" "--no-deps" "--format-version=1", kill_on_drop: false }`
[INFO] [stdout] b85d9b38d27eca171c118ab5277600fff1f8cc382ea2679a4c65cff4ce6bb082
[INFO] running `Command { std: "docker" "start" "-a" "b85d9b38d27eca171c118ab5277600fff1f8cc382ea2679a4c65cff4ce6bb082", kill_on_drop: false }`
[INFO] running `Command { std: "docker" "inspect" "b85d9b38d27eca171c118ab5277600fff1f8cc382ea2679a4c65cff4ce6bb082", kill_on_drop: false }`
[INFO] running `Command { std: "docker" "rm" "-f" "b85d9b38d27eca171c118ab5277600fff1f8cc382ea2679a4c65cff4ce6bb082", kill_on_drop: false }`
[INFO] [stdout] b85d9b38d27eca171c118ab5277600fff1f8cc382ea2679a4c65cff4ce6bb082
[INFO] running `Command { std: "docker" "create" "-v" "/var/lib/crater-agent-workspace/builds/worker-7-tc1/target:/opt/rustwide/target:rw,Z" "-v" "/var/lib/crater-agent-workspace/builds/worker-7-tc1/source:/opt/rustwide/workdir:ro,Z" "-v" "/var/lib/crater-agent-workspace/cargo-home:/opt/rustwide/cargo-home:ro,Z" "-v" "/var/lib/crater-agent-workspace/rustup-home:/opt/rustwide/rustup-home:ro,Z" "-e" "SOURCE_DIR=/opt/rustwide/workdir" "-e" "CARGO_TARGET_DIR=/opt/rustwide/target" "-e" "CARGO_INCREMENTAL=0" "-e" "RUST_BACKTRACE=full" "-e" "RUSTFLAGS=--cap-lints=warn" "-e" "RUSTDOCFLAGS=--cap-lints=warn" "-e" "CARGO_HOME=/opt/rustwide/cargo-home" "-e" "RUSTUP_HOME=/opt/rustwide/rustup-home" "-w" "/opt/rustwide/workdir" "-m" "1610612736" "--user" "0:0" "--network" "none" "ghcr.io/rust-lang/crates-build-env/linux@sha256:5ff2268d62e97bff2cde7d5815dd6ed5b47097566f13b8d0ca110b04b60e07ed" "/opt/rustwide/cargo-home/bin/cargo" "+1.69.0" "doc" "--frozen" "--no-deps" "--document-private-items" "--message-format=json", kill_on_drop: false }`
[INFO] [stdout] 9cd3d2e970f679192fd5ace0489b256fe8832df21cddc32a0f17d8c4cea28740
[INFO] running `Command { std: "docker" "start" "-a" "9cd3d2e970f679192fd5ace0489b256fe8832df21cddc32a0f17d8c4cea28740", kill_on_drop: false }`
[INFO] [stderr]    Compiling proc-macro2 v1.0.56
[INFO] [stderr]    Compiling unicode-ident v1.0.8
[INFO] [stderr]    Compiling quote v1.0.26
[INFO] [stderr]    Compiling version_check v0.9.4
[INFO] [stderr]    Compiling autocfg v1.1.0
[INFO] [stderr]    Compiling libc v0.2.142
[INFO] [stderr]    Compiling syn v1.0.109
[INFO] [stderr]    Compiling serde v1.0.160
[INFO] [stderr]    Compiling thiserror v1.0.40
[INFO] [stderr]     Checking unicode-width v0.1.10
[INFO] [stderr]     Checking iana-time-zone v0.1.56
[INFO] [stderr]    Compiling heck v0.4.1
[INFO] [stderr]     Checking once_cell v1.17.1
[INFO] [stderr]     Checking base64 v0.21.0
[INFO] [stderr]     Checking chumsky v0.8.0
[INFO] [stderr]    Compiling proc-macro-error-attr v1.0.4
[INFO] [stderr]    Compiling proc-macro-error v1.0.4
[INFO] [stderr]    Compiling num-traits v0.2.15
[INFO] [stderr]    Compiling num-integer v0.1.45
[INFO] [stderr]     Checking time v0.1.45
[INFO] [stderr]    Compiling syn v2.0.15
[INFO] [stderr]     Checking chrono v0.4.24
[INFO] [stderr]    Compiling thiserror-impl v1.0.40
[INFO] [stderr]    Compiling miette-derive v5.8.0
[INFO] [stderr]     Checking miette v5.8.0
[INFO] [stderr]    Compiling kfl-derive v0.0.17
[INFO] [stderr]     Checking kfl v0.0.16
[INFO] [stderr]     Checking kfl-plist v0.0.0
[INFO] [stdout] error[E0433]: failed to resolve: could not find `context` in `kfl`
[INFO] [stdout]  --> /opt/rustwide/cargo-home/registry/src/github.com-1ecc6299db9ec823/kfl-plist-0.0.0/src/lib.rs:6:17
[INFO] [stdout]   |
[INFO] [stdout] 6 | #[derive(Debug, Decode)]
[INFO] [stdout]   |                 ^^^^^^ could not find `context` in `kfl`
[INFO] [stdout]   |
[INFO] [stdout]   = note: this error originates in the derive macro `Decode` (in Nightly builds, run with -Z macro-backtrace for more info)
[INFO] [stdout] 
[INFO] [stdout] 
[INFO] [stdout] error[E0433]: failed to resolve: could not find `context` in `kfl`
[INFO] [stdout]   --> /opt/rustwide/cargo-home/registry/src/github.com-1ecc6299db9ec823/kfl-plist-0.0.0/src/lib.rs:14:17
[INFO] [stdout]    |
[INFO] [stdout] 14 | #[derive(Debug, Decode)]
[INFO] [stdout]    |                 ^^^^^^ could not find `context` in `kfl`
[INFO] [stdout]    |
[INFO] [stdout]    = note: this error originates in the derive macro `Decode` (in Nightly builds, run with -Z macro-backtrace for more info)
[INFO] [stdout] 
[INFO] [stdout] 
[INFO] [stdout] error[E0433]: failed to resolve: could not find `context` in `kfl`
[INFO] [stdout]   --> /opt/rustwide/cargo-home/registry/src/github.com-1ecc6299db9ec823/kfl-plist-0.0.0/src/lib.rs:27:17
[INFO] [stdout]    |
[INFO] [stdout] 27 | #[derive(Debug, DecodePartial, Default)]
[INFO] [stdout]    |                 ^^^^^^^^^^^^^ could not find `context` in `kfl`
[INFO] [stdout]    |
[INFO] [stdout]    = note: this error originates in the derive macro `DecodePartial` (in Nightly builds, run with -Z macro-backtrace for more info)
[INFO] [stdout] 
[INFO] [stdout] 
[INFO] [stdout] error[E0433]: failed to resolve: could not find `context` in `kfl`
[INFO] [stdout]   --> /opt/rustwide/cargo-home/registry/src/github.com-1ecc6299db9ec823/kfl-plist-0.0.0/src/lib.rs:35:17
[INFO] [stdout]    |
[INFO] [stdout] 35 | #[derive(Debug, Decode)]
[INFO] [stdout]    |                 ^^^^^^ could not find `context` in `kfl`
[INFO] [stdout]    |
[INFO] [stdout]    = note: this error originates in the derive macro `Decode` (in Nightly builds, run with -Z macro-backtrace for more info)
[INFO] [stdout] 
[INFO] [stdout] 
[INFO] [stdout] error[E0107]: missing generics for trait `Decode`
[INFO] [stdout]   --> /opt/rustwide/cargo-home/registry/src/github.com-1ecc6299db9ec823/kfl-plist-0.0.0/src/lib.rs:6:17
[INFO] [stdout]    |
[INFO] [stdout] 6  | #[derive(Debug, Decode)]
[INFO] [stdout]    |                 ^^^^^^ expected 1 generic argument
[INFO] [stdout]    |
[INFO] [stdout] note: trait defined here, with 1 generic parameter: `S`
[INFO] [stdout]   --> /opt/rustwide/cargo-home/registry/src/github.com-1ecc6299db9ec823/kfl-0.0.16/src/traits.rs:16:11
[INFO] [stdout]    |
[INFO] [stdout] 16 | pub trait Decode<S: ErrorSpan>: Sized {
[INFO] [stdout]    |           ^^^^^^ -
[INFO] [stdout]    = note: this error originates in the derive macro `Decode` (in Nightly builds, run with -Z macro-backtrace for more info)
[INFO] [stdout] help: add missing generic argument
[INFO] [stdout]    |
[INFO] [stdout] 6  | #[derive(Debug, Decode<S>)]
[INFO] [stdout]    |                       +++
[INFO] [stdout] 
[INFO] [stdout] 
[INFO] [stdout] error[E0107]: missing generics for trait `Decode`
[INFO] [stdout]   --> /opt/rustwide/cargo-home/registry/src/github.com-1ecc6299db9ec823/kfl-plist-0.0.0/src/lib.rs:14:17
[INFO] [stdout]    |
[INFO] [stdout] 14 | #[derive(Debug, Decode)]
[INFO] [stdout]    |                 ^^^^^^ expected 1 generic argument
[INFO] [stdout]    |
[INFO] [stdout] note: trait defined here, with 1 generic parameter: `S`
[INFO] [stdout]   --> /opt/rustwide/cargo-home/registry/src/github.com-1ecc6299db9ec823/kfl-0.0.16/src/traits.rs:16:11
[INFO] [stdout]    |
[INFO] [stdout] 16 | pub trait Decode<S: ErrorSpan>: Sized {
[INFO] [stdout]    |           ^^^^^^ -
[INFO] [stdout]    = note: this error originates in the derive macro `Decode` (in Nightly builds, run with -Z macro-backtrace for more info)
[INFO] [stdout] help: add missing generic argument
[INFO] [stdout]    |
[INFO] [stdout] 14 | #[derive(Debug, Decode<S>)]
[INFO] [stdout]    |                       +++
[INFO] [stdout] 
[INFO] [stdout] 
[INFO] [stdout] error[E0107]: missing generics for trait `DecodePartial`
[INFO] [stdout]   --> /opt/rustwide/cargo-home/registry/src/github.com-1ecc6299db9ec823/kfl-plist-0.0.0/src/lib.rs:27:17
[INFO] [stdout]    |
[INFO] [stdout] 27 | #[derive(Debug, DecodePartial, Default)]
[INFO] [stdout]    |                 ^^^^^^^^^^^^^ expected 1 generic argument
[INFO] [stdout]    |
[INFO] [stdout] note: trait defined here, with 1 generic parameter: `S`
[INFO] [stdout]   --> /opt/rustwide/cargo-home/registry/src/github.com-1ecc6299db9ec823/kfl-0.0.16/src/traits.rs:36:11
[INFO] [stdout]    |
[INFO] [stdout] 36 | pub trait DecodePartial<S: ErrorSpan>: Sized + Default {
[INFO] [stdout]    |           ^^^^^^^^^^^^^ -
[INFO] [stdout]    = note: this error originates in the derive macro `DecodePartial` (in Nightly builds, run with -Z macro-backtrace for more info)
[INFO] [stdout] help: add missing generic argument
[INFO] [stdout]    |
[INFO] [stdout] 27 | #[derive(Debug, DecodePartial<S>, Default)]
[INFO] [stdout]    |                              +++
[INFO] [stdout] 
[INFO] [stdout] 
[INFO] [stdout] error[E0107]: missing generics for trait `DecodeChildren`
[INFO] [stdout]   --> /opt/rustwide/cargo-home/registry/src/github.com-1ecc6299db9ec823/kfl-plist-0.0.0/src/lib.rs:27:17
[INFO] [stdout]    |
[INFO] [stdout] 27 | #[derive(Debug, DecodePartial, Default)]
[INFO] [stdout]    |                 ^^^^^^^^^^^^^ expected 1 generic argument
[INFO] [stdout]    |
[INFO] [stdout] note: trait defined here, with 1 generic parameter: `S`
[INFO] [stdout]   --> /opt/rustwide/cargo-home/registry/src/github.com-1ecc6299db9ec823/kfl-0.0.16/src/traits.rs:23:11
[INFO] [stdout]    |
[INFO] [stdout] 23 | pub trait DecodeChildren<S: ErrorSpan>: Sized {
[INFO] [stdout]    |           ^^^^^^^^^^^^^^ -
[INFO] [stdout]    = note: this error originates in the derive macro `DecodePartial` (in Nightly builds, run with -Z macro-backtrace for more info)
[INFO] [stdout] help: add missing generic argument
[INFO] [stdout]    |
[INFO] [stdout] 27 | #[derive(Debug, DecodePartial<S>, Default)]
[INFO] [stdout]    |                              +++
[INFO] [stdout] 
[INFO] [stdout] 
[INFO] [stdout] error[E0107]: missing generics for trait `Decode`
[INFO] [stdout]   --> /opt/rustwide/cargo-home/registry/src/github.com-1ecc6299db9ec823/kfl-plist-0.0.0/src/lib.rs:27:17
[INFO] [stdout]    |
[INFO] [stdout] 27 | #[derive(Debug, DecodePartial, Default)]
[INFO] [stdout]    |                 ^^^^^^^^^^^^^ expected 1 generic argument
[INFO] [stdout]    |
[INFO] [stdout] note: trait defined here, with 1 generic parameter: `S`
[INFO] [stdout]   --> /opt/rustwide/cargo-home/registry/src/github.com-1ecc6299db9ec823/kfl-0.0.16/src/traits.rs:16:11
[INFO] [stdout]    |
[INFO] [stdout] 16 | pub trait Decode<S: ErrorSpan>: Sized {
[INFO] [stdout]    |           ^^^^^^ -
[INFO] [stdout]    = note: this error originates in the derive macro `DecodePartial` (in Nightly builds, run with -Z macro-backtrace for more info)
[INFO] [stdout] help: add missing generic argument
[INFO] [stdout]    |
[INFO] [stdout] 27 | #[derive(Debug, DecodePartial<S>, Default)]
[INFO] [stdout]    |                              +++
[INFO] [stdout] 
[INFO] [stdout] 
[INFO] [stdout] error[E0107]: missing generics for trait `Decode`
[INFO] [stdout]   --> /opt/rustwide/cargo-home/registry/src/github.com-1ecc6299db9ec823/kfl-plist-0.0.0/src/lib.rs:35:17
[INFO] [stdout]    |
[INFO] [stdout] 35 | #[derive(Debug, Decode)]
[INFO] [stdout]    |                 ^^^^^^ expected 1 generic argument
[INFO] [stdout]    |
[INFO] [stdout] note: trait defined here, with 1 generic parameter: `S`
[INFO] [stdout]   --> /opt/rustwide/cargo-home/registry/src/github.com-1ecc6299db9ec823/kfl-0.0.16/src/traits.rs:16:11
[INFO] [stdout]    |
[INFO] [stdout] 16 | pub trait Decode<S: ErrorSpan>: Sized {
[INFO] [stdout]    |           ^^^^^^ -
[INFO] [stdout]    = note: this error originates in the derive macro `Decode` (in Nightly builds, run with -Z macro-backtrace for more info)
[INFO] [stdout] help: add missing generic argument
[INFO] [stdout]    |
[INFO] [stdout] 35 | #[derive(Debug, Decode<S>)]
[INFO] [stdout]    |                       +++
[INFO] [stdout] 
[INFO] [stdout] 
[INFO] [stdout] error[E0107]: missing generics for struct `Node`
[INFO] [stdout]   --> /opt/rustwide/cargo-home/registry/src/github.com-1ecc6299db9ec823/kfl-plist-0.0.0/src/lib.rs:6:17
[INFO] [stdout]    |
[INFO] [stdout] 6  | #[derive(Debug, Decode)]
[INFO] [stdout]    |                 ^^^^^^ expected 1 generic argument
[INFO] [stdout]    |
[INFO] [stdout] note: struct defined here, with 1 generic parameter: `S`
[INFO] [stdout]   --> /opt/rustwide/cargo-home/registry/src/github.com-1ecc6299db9ec823/kfl-0.0.16/src/ast.rs:35:12
[INFO] [stdout]    |
[INFO] [stdout] 35 | pub struct Node<S> {
[INFO] [stdout]    |            ^^^^ -
[INFO] [stdout]    = note: this error originates in the derive macro `Decode` (in Nightly builds, run with -Z macro-backtrace for more info)
[INFO] [stdout] help: add missing generic argument
[INFO] [stdout]    |
[INFO] [stdout] 6  | #[derive(Debug, Decode<S>)]
[INFO] [stdout]    |                       +++
[INFO] [stdout] 
[INFO] [stdout] 
[INFO] [stdout] error[E0107]: missing generics for enum `DecodeError`
[INFO] [stdout]   --> /opt/rustwide/cargo-home/registry/src/github.com-1ecc6299db9ec823/kfl-plist-0.0.0/src/lib.rs:6:17
[INFO] [stdout]    |
[INFO] [stdout] 6  | #[derive(Debug, Decode)]
[INFO] [stdout]    |                 ^^^^^^ expected 1 generic argument
[INFO] [stdout]    |
[INFO] [stdout] note: enum defined here, with 1 generic parameter: `S`
[INFO] [stdout]   --> /opt/rustwide/cargo-home/registry/src/github.com-1ecc6299db9ec823/kfl-0.0.16/src/errors.rs:42:10
[INFO] [stdout]    |
[INFO] [stdout] 42 | pub enum DecodeError<S: ErrorSpan> {
[INFO] [stdout]    |          ^^^^^^^^^^^ -
[INFO] [stdout]    = note: this error originates in the derive macro `Decode` (in Nightly builds, run with -Z macro-backtrace for more info)
[INFO] [stdout] help: add missing generic argument
[INFO] [stdout]    |
[INFO] [stdout] 6  | #[derive(Debug, Decode<S>)]
[INFO] [stdout]    |                       +++
[INFO] [stdout] 
[INFO] [stdout] 
[INFO] [stdout] error[E0107]: missing generics for struct `Node`
[INFO] [stdout]   --> /opt/rustwide/cargo-home/registry/src/github.com-1ecc6299db9ec823/kfl-plist-0.0.0/src/lib.rs:14:17
[INFO] [stdout]    |
[INFO] [stdout] 14 | #[derive(Debug, Decode)]
[INFO] [stdout]    |                 ^^^^^^ expected 1 generic argument
[INFO] [stdout]    |
[INFO] [stdout] note: struct defined here, with 1 generic parameter: `S`
[INFO] [stdout]   --> /opt/rustwide/cargo-home/registry/src/github.com-1ecc6299db9ec823/kfl-0.0.16/src/ast.rs:35:12
[INFO] [stdout]    |
[INFO] [stdout] 35 | pub struct Node<S> {
[INFO] [stdout]    |            ^^^^ -
[INFO] [stdout]    = note: this error originates in the derive macro `Decode` (in Nightly builds, run with -Z macro-backtrace for more info)
[INFO] [stdout] help: add missing generic argument
[INFO] [stdout]    |
[INFO] [stdout] 14 | #[derive(Debug, Decode<S>)]
[INFO] [stdout]    |                       +++
[INFO] [stdout] 
[INFO] [stdout] 
[INFO] [stdout] error[E0107]: missing generics for enum `DecodeError`
[INFO] [stdout]   --> /opt/rustwide/cargo-home/registry/src/github.com-1ecc6299db9ec823/kfl-plist-0.0.0/src/lib.rs:14:17
[INFO] [stdout]    |
[INFO] [stdout] 14 | #[derive(Debug, Decode)]
[INFO] [stdout]    |                 ^^^^^^ expected 1 generic argument
[INFO] [stdout]    |
[INFO] [stdout] note: enum defined here, with 1 generic parameter: `S`
[INFO] [stdout]   --> /opt/rustwide/cargo-home/registry/src/github.com-1ecc6299db9ec823/kfl-0.0.16/src/errors.rs:42:10
[INFO] [stdout]    |
[INFO] [stdout] 42 | pub enum DecodeError<S: ErrorSpan> {
[INFO] [stdout]    |          ^^^^^^^^^^^ -
[INFO] [stdout]    = note: this error originates in the derive macro `Decode` (in Nightly builds, run with -Z macro-backtrace for more info)
[INFO] [stdout] help: add missing generic argument
[INFO] [stdout]    |
[INFO] [stdout] 14 | #[derive(Debug, Decode<S>)]
[INFO] [stdout]    |                       +++
[INFO] [stdout] 
[INFO] [stdout] 
[INFO] [stdout] error[E0107]: missing generics for struct `Node`
[INFO] [stdout]   --> /opt/rustwide/cargo-home/registry/src/github.com-1ecc6299db9ec823/kfl-plist-0.0.0/src/lib.rs:27:17
[INFO] [stdout]    |
[INFO] [stdout] 27 | #[derive(Debug, DecodePartial, Default)]
[INFO] [stdout]    |                 ^^^^^^^^^^^^^ expected 1 generic argument
[INFO] [stdout]    |
[INFO] [stdout] note: struct defined here, with 1 generic parameter: `S`
[INFO] [stdout]   --> /opt/rustwide/cargo-home/registry/src/github.com-1ecc6299db9ec823/kfl-0.0.16/src/ast.rs:35:12
[INFO] [stdout]    |
[INFO] [stdout] 35 | pub struct Node<S> {
[INFO] [stdout]    |            ^^^^ -
[INFO] [stdout]    = note: this error originates in the derive macro `DecodePartial` (in Nightly builds, run with -Z macro-backtrace for more info)
[INFO] [stdout] help: add missing generic argument
[INFO] [stdout]    |
[INFO] [stdout] 27 | #[derive(Debug, DecodePartial<S>, Default)]
[INFO] [stdout]    |                              +++
[INFO] [stdout] 
[INFO] [stdout] 
[INFO] [stdout] error[E0107]: missing generics for enum `DecodeError`
[INFO] [stdout]   --> /opt/rustwide/cargo-home/registry/src/github.com-1ecc6299db9ec823/kfl-plist-0.0.0/src/lib.rs:27:17
[INFO] [stdout]    |
[INFO] [stdout] 27 | #[derive(Debug, DecodePartial, Default)]
[INFO] [stdout]    |                 ^^^^^^^^^^^^^ expected 1 generic argument
[INFO] [stdout]    |
[INFO] [stdout] note: enum defined here, with 1 generic parameter: `S`
[INFO] [stdout]   --> /opt/rustwide/cargo-home/registry/src/github.com-1ecc6299db9ec823/kfl-0.0.16/src/errors.rs:42:10
[INFO] [stdout]    |
[INFO] [stdout] 42 | pub enum DecodeError<S: ErrorSpan> {
[INFO] [stdout]    |          ^^^^^^^^^^^ -
[INFO] [stdout]    = note: this error originates in the derive macro `DecodePartial` (in Nightly builds, run with -Z macro-backtrace for more info)
[INFO] [stdout] help: add missing generic argument
[INFO] [stdout]    |
[INFO] [stdout] 27 | #[derive(Debug, DecodePartial<S>, Default)]
[INFO] [stdout]    |                              +++
[INFO] [stdout] 
[INFO] [stdout] 
[INFO] [stdout] error[E0107]: missing generics for struct `Node`
[INFO] [stdout]   --> /opt/rustwide/cargo-home/registry/src/github.com-1ecc6299db9ec823/kfl-plist-0.0.0/src/lib.rs:35:17
[INFO] [stdout]    |
[INFO] [stdout] 35 | #[derive(Debug, Decode)]
[INFO] [stdout]    |                 ^^^^^^ expected 1 generic argument
[INFO] [stdout]    |
[INFO] [stdout] note: struct defined here, with 1 generic parameter: `S`
[INFO] [stdout]   --> /opt/rustwide/cargo-home/registry/src/github.com-1ecc6299db9ec823/kfl-0.0.16/src/ast.rs:35:12
[INFO] [stdout]    |
[INFO] [stdout] 35 | pub struct Node<S> {
[INFO] [stdout]    |            ^^^^ -
[INFO] [stdout]    = note: this error originates in the derive macro `Decode` (in Nightly builds, run with -Z macro-backtrace for more info)
[INFO] [stdout] help: add missing generic argument
[INFO] [stdout]    |
[INFO] [stdout] 35 | #[derive(Debug, Decode<S>)]
[INFO] [stdout]    |                       +++
[INFO] [stdout] 
[INFO] [stdout] 
[INFO] [stdout] error[E0107]: missing generics for enum `DecodeError`
[INFO] [stdout]   --> /opt/rustwide/cargo-home/registry/src/github.com-1ecc6299db9ec823/kfl-plist-0.0.0/src/lib.rs:35:17
[INFO] [stdout]    |
[INFO] [stdout] 35 | #[derive(Debug, Decode)]
[INFO] [stdout]    |                 ^^^^^^ expected 1 generic argument
[INFO] [stdout]    |
[INFO] [stdout] note: enum defined here, with 1 generic parameter: `S`
[INFO] [stdout]   --> /opt/rustwide/cargo-home/registry/src/github.com-1ecc6299db9ec823/kfl-0.0.16/src/errors.rs:42:10
[INFO] [stdout]    |
[INFO] [stdout] 42 | pub enum DecodeError<S: ErrorSpan> {
[INFO] [stdout]    |          ^^^^^^^^^^^ -
[INFO] [stdout]    = note: this error originates in the derive macro `Decode` (in Nightly builds, run with -Z macro-backtrace for more info)
[INFO] [stdout] help: add missing generic argument
[INFO] [stdout]    |
[INFO] [stdout] 35 | #[derive(Debug, Decode<S>)]
[INFO] [stdout]    |                       +++
[INFO] [stdout] 
[INFO] [stdout] 
[INFO] [stdout] error: aborting due to 18 previous errors
[INFO] [stdout] 
[INFO] [stdout] 
[INFO] [stdout] Some errors have detailed explanations: E0107, E0433.
[INFO] [stdout] 
[INFO] [stdout] For more information about an error, try `rustc --explain E0107`.
[INFO] [stdout] 
[INFO] [stderr] error: could not compile `kfl-plist` due to 19 previous errors
[INFO] running `Command { std: "docker" "inspect" "9cd3d2e970f679192fd5ace0489b256fe8832df21cddc32a0f17d8c4cea28740", kill_on_drop: false }`
[INFO] running `Command { std: "docker" "rm" "-f" "9cd3d2e970f679192fd5ace0489b256fe8832df21cddc32a0f17d8c4cea28740", kill_on_drop: false }`
[INFO] [stdout] 9cd3d2e970f679192fd5ace0489b256fe8832df21cddc32a0f17d8c4cea28740
