[INFO] fetching crate kaspa-consensus 0.0.3...
[INFO] documenting kaspa-consensus-0.0.3 against 1.69.0 for beta-1.70-rustdoc-1
[INFO] extracting crate kaspa-consensus 0.0.3 into /workspace/builds/worker-0-tc1/source
[INFO] validating manifest of crates.io crate kaspa-consensus 0.0.3 on toolchain 1.69.0
[INFO] running `Command { std: CARGO_HOME="/workspace/cargo-home" RUSTUP_HOME="/workspace/rustup-home" "/workspace/cargo-home/bin/cargo" "+1.69.0" "metadata" "--manifest-path" "Cargo.toml" "--no-deps", kill_on_drop: false }`
[INFO] started tweaking crates.io crate kaspa-consensus 0.0.3
[INFO] finished tweaking crates.io crate kaspa-consensus 0.0.3
[INFO] tweaked toml for crates.io crate kaspa-consensus 0.0.3 written to /workspace/builds/worker-0-tc1/source/Cargo.toml
[INFO] running `Command { std: CARGO_HOME="/workspace/cargo-home" RUSTUP_HOME="/workspace/rustup-home" __CARGO_TEST_CHANNEL_OVERRIDE_DO_NOT_USE_THIS="nightly" "/workspace/cargo-home/bin/cargo" "+1.69.0" "generate-lockfile" "--manifest-path" "Cargo.toml" "-Zno-index-update", kill_on_drop: false }`
[INFO] running `Command { std: CARGO_HOME="/workspace/cargo-home" RUSTUP_HOME="/workspace/rustup-home" "/workspace/cargo-home/bin/cargo" "+1.69.0" "fetch" "--manifest-path" "Cargo.toml", kill_on_drop: false }`
[INFO] [stderr]  Downloading crates ...
[INFO] [stderr]   Downloaded workflow-panic-hook v0.3.14
[INFO] [stderr]   Downloaded kaspa-txscript v0.0.3
[INFO] [stderr]   Downloaded workflow-core v0.3.14
[INFO] [stderr]   Downloaded kaspa-hashes v0.0.3
[INFO] [stderr]   Downloaded parse-variants v0.1.1
[INFO] [stderr]   Downloaded workflow-macro-tools v0.3.14
[INFO] [stderr]   Downloaded kaspa-txscript-errors v0.0.3
[INFO] [stderr]   Downloaded kaspa-muhash v0.0.3
[INFO] [stderr]   Downloaded workflow-core-macros v0.3.14
[INFO] [stderr]   Downloaded triggered v0.1.2
[INFO] [stderr]   Downloaded kaspa-addresses v0.0.3
[INFO] [stderr]   Downloaded kaspa-core v0.0.3
[INFO] [stderr]   Downloaded workflow-wasm-macros v0.3.14
[INFO] [stderr]   Downloaded rocksdb v0.19.0
[INFO] [stderr]   Downloaded intertrait v0.2.2
[INFO] [stderr]   Downloaded linkme-impl v0.2.10
[INFO] [stderr]   Downloaded kaspa-consensus-core v0.0.3
[INFO] [stderr]   Downloaded kaspa-merkle v0.0.3
[INFO] [stderr]   Downloaded kaspa-math v0.0.3
[INFO] [stderr]   Downloaded workflow-wasm v0.3.14
[INFO] [stderr]   Downloaded intertrait-macros v0.2.2
[INFO] [stderr]   Downloaded duration-string v0.2.0
[INFO] [stderr]   Downloaded kaspa-consensusmanager v0.0.3
[INFO] [stderr]   Downloaded kaspa-consensus-notify v0.0.3
[INFO] [stderr]   Downloaded kaspa-database v0.0.3
[INFO] [stderr]   Downloaded linkme v0.2.10
[INFO] [stderr]   Downloaded kaspa-pow v0.0.3
[INFO] [stderr]   Downloaded faster-hex v0.6.1
[INFO] [stderr]   Downloaded workflow-async-trait v0.1.68
[INFO] [stderr]   Downloaded kaspa-notify v0.0.3
[INFO] [stderr]   Downloaded workflow-log v0.3.14
[INFO] [stderr]   Downloaded kaspa-utils v0.0.3
[INFO] [stderr]   Downloaded parse-variants-derive v0.1.0
[INFO] [stderr]   Downloaded malachite-base v0.3.2
[INFO] [stderr]   Downloaded malachite-nz v0.3.2
[INFO] [stderr]   Downloaded librocksdb-sys v0.8.3+7.4.4
[INFO] running `Command { std: "docker" "create" "-v" "/var/lib/crater-agent-workspace/builds/worker-0-tc1/target:/opt/rustwide/target:rw,Z" "-v" "/var/lib/crater-agent-workspace/builds/worker-0-tc1/source:/opt/rustwide/workdir:ro,Z" "-v" "/var/lib/crater-agent-workspace/cargo-home:/opt/rustwide/cargo-home:ro,Z" "-v" "/var/lib/crater-agent-workspace/rustup-home:/opt/rustwide/rustup-home:ro,Z" "-e" "SOURCE_DIR=/opt/rustwide/workdir" "-e" "CARGO_TARGET_DIR=/opt/rustwide/target" "-e" "CARGO_HOME=/opt/rustwide/cargo-home" "-e" "RUSTUP_HOME=/opt/rustwide/rustup-home" "-w" "/opt/rustwide/workdir" "-m" "1610612736" "--user" "0:0" "--network" "none" "ghcr.io/rust-lang/crates-build-env/linux@sha256:5ff2268d62e97bff2cde7d5815dd6ed5b47097566f13b8d0ca110b04b60e07ed" "/opt/rustwide/cargo-home/bin/cargo" "+1.69.0" "metadata" "--no-deps" "--format-version=1", kill_on_drop: false }`
[INFO] [stdout] a79bbcd2181762c80e6de6109e25b31005be059c83f980a0d2b8aa653c47d01e
[INFO] running `Command { std: "docker" "start" "-a" "a79bbcd2181762c80e6de6109e25b31005be059c83f980a0d2b8aa653c47d01e", kill_on_drop: false }`
[INFO] running `Command { std: "docker" "inspect" "a79bbcd2181762c80e6de6109e25b31005be059c83f980a0d2b8aa653c47d01e", kill_on_drop: false }`
[INFO] running `Command { std: "docker" "rm" "-f" "a79bbcd2181762c80e6de6109e25b31005be059c83f980a0d2b8aa653c47d01e", kill_on_drop: false }`
[INFO] [stdout] a79bbcd2181762c80e6de6109e25b31005be059c83f980a0d2b8aa653c47d01e
[INFO] running `Command { std: "docker" "create" "-v" "/var/lib/crater-agent-workspace/builds/worker-0-tc1/target:/opt/rustwide/target:rw,Z" "-v" "/var/lib/crater-agent-workspace/builds/worker-0-tc1/source:/opt/rustwide/workdir:ro,Z" "-v" "/var/lib/crater-agent-workspace/cargo-home:/opt/rustwide/cargo-home:ro,Z" "-v" "/var/lib/crater-agent-workspace/rustup-home:/opt/rustwide/rustup-home:ro,Z" "-e" "SOURCE_DIR=/opt/rustwide/workdir" "-e" "CARGO_TARGET_DIR=/opt/rustwide/target" "-e" "CARGO_INCREMENTAL=0" "-e" "RUST_BACKTRACE=full" "-e" "RUSTFLAGS=--cap-lints=warn" "-e" "RUSTDOCFLAGS=--cap-lints=warn" "-e" "CARGO_HOME=/opt/rustwide/cargo-home" "-e" "RUSTUP_HOME=/opt/rustwide/rustup-home" "-w" "/opt/rustwide/workdir" "-m" "1610612736" "--user" "0:0" "--network" "none" "ghcr.io/rust-lang/crates-build-env/linux@sha256:5ff2268d62e97bff2cde7d5815dd6ed5b47097566f13b8d0ca110b04b60e07ed" "/opt/rustwide/cargo-home/bin/cargo" "+1.69.0" "doc" "--frozen" "--no-deps" "--document-private-items" "--message-format=json", kill_on_drop: false }`
[INFO] [stdout] bed2f352de94c591d95597c0d0bcbe2afdb3845d97458fb5b41d78689b70bfaa
[INFO] running `Command { std: "docker" "start" "-a" "bed2f352de94c591d95597c0d0bcbe2afdb3845d97458fb5b41d78689b70bfaa", kill_on_drop: false }`
[INFO] [stderr]    Compiling syn v1.0.109
[INFO] [stderr]    Compiling wasm-bindgen-shared v0.2.84
[INFO] [stderr]    Compiling bumpalo v3.12.1
[INFO] [stderr]    Compiling wasm-bindgen v0.2.84
[INFO] [stderr]    Compiling syn v2.0.15
[INFO] [stderr]    Compiling jobserver v0.1.26
[INFO] [stderr]     Checking getrandom v0.2.9
[INFO] [stderr]    Compiling io-lifetimes v1.0.10
[INFO] [stderr]    Compiling rustix v0.37.18
[INFO] [stderr]     Checking linux-raw-sys v0.3.6
[INFO] [stderr]    Compiling ahash v0.7.6
[INFO] [stderr]     Checking futures-lite v1.13.0
[INFO] [stderr]     Checking futures-sink v0.3.28
[INFO] [stderr]    Compiling proc-macro-error v1.0.4
[INFO] [stderr]    Compiling tokio v1.28.0
[INFO] [stderr]    Compiling convert_case v0.6.0
[INFO] [stderr]     Checking futures-channel v0.3.28
[INFO] [stderr]     Checking rand_core v0.6.4
[INFO] [stderr]    Compiling cc v1.0.79
[INFO] [stderr]    Compiling getrandom v0.1.16
[INFO] [stderr]     Checking termcolor v0.3.6
[INFO] [stderr]    Compiling workflow-async-trait v0.1.68
[INFO] [stderr]     Checking rand_chacha v0.3.1
[INFO] [stderr]    Compiling sha2 v0.10.6
[INFO] [stderr]     Checking console v0.15.5
[INFO] [stderr]     Checking hexplay v0.2.1
[INFO] [stderr]     Checking rand v0.8.5
[INFO] [stderr]     Checking hashbrown v0.11.2
[INFO] [stderr]     Checking faster-hex v0.6.1
[INFO] [stderr]     Checking triggered v0.1.2
[INFO] [stderr]     Checking downcast v0.11.0
[INFO] [stderr]     Checking rand_core v0.5.1
[INFO] [stderr]     Checking instant v0.1.12
[INFO] [stderr]     Checking block-padding v0.2.1
[INFO] [stderr]     Checking async-executor v1.5.1
[INFO] [stderr]     Checking itertools v0.9.0
[INFO] [stderr]    Compiling base64 v0.13.1
[INFO] [stderr]    Compiling glob v0.3.1
[INFO] [stderr]     Checking aho-corasick v1.0.1
[INFO] [stderr]     Checking rand_chacha v0.2.2
[INFO] [stderr]     Checking regex-syntax v0.7.1
[INFO] [stderr]     Checking block-buffer v0.9.0
[INFO] [stderr]     Checking nix v0.26.2
[INFO] [stderr]     Checking humantime v2.1.0
[INFO] [stderr]     Checking sha3 v0.9.1
[INFO] [stderr]     Checking rand v0.7.3
[INFO] [stderr]    Compiling uuid v0.8.2
[INFO] [stderr]    Compiling nom v7.1.3
[INFO] [stderr]    Compiling libloading v0.7.4
[INFO] [stderr]    Compiling bindgen v0.64.0
[INFO] [stderr]    Compiling shlex v1.1.0
[INFO] [stderr]    Compiling clang-sys v1.6.1
[INFO] [stderr]    Compiling lazycell v1.3.0
[INFO] [stderr]    Compiling rustc-hash v1.1.0
[INFO] [stderr]    Compiling peeking_take_while v0.1.2
[INFO] [stderr]     Checking kaspa-utils v0.0.3
[INFO] [stderr]     Checking crossbeam-channel v0.5.8
[INFO] [stderr]     Checking duration-string v0.2.0
[INFO] [stderr]    Compiling kaspa-hashes v0.0.3
[INFO] [stderr]    Compiling secp256k1-sys v0.6.1
[INFO] [stderr]    Compiling libz-sys v1.1.9
[INFO] [stderr]    Compiling bzip2-sys v0.1.11+1.0.8
[INFO] [stderr]    Compiling zstd-sys v2.0.8+zstd.1.5.5
[INFO] [stderr]     Checking malachite-base v0.3.2
[INFO] [stderr]     Checking ctrlc v3.2.5
[INFO] [stderr]     Checking rayon-core v1.11.0
[INFO] [stderr]     Checking rayon v1.7.0
[INFO] [stderr]     Checking regex v1.8.1
[INFO] [stderr]     Checking is-terminal v0.4.7
[INFO] [stderr]     Checking tempfile v3.5.0
[INFO] [stderr]    Compiling cexpr v0.6.0
[INFO] [stderr]    Compiling serde_derive v1.0.160
[INFO] [stderr]    Compiling thiserror-impl v1.0.40
[INFO] [stderr]    Compiling futures-macro v0.3.28
[INFO] [stderr]    Compiling tokio-macros v2.1.0
[INFO] [stderr]    Compiling async-trait v0.1.68
[INFO] [stderr]    Compiling borsh-schema-derive-internal v0.9.3
[INFO] [stderr]    Compiling borsh-derive-internal v0.9.3
[INFO] [stderr]     Checking futures-util v0.3.28
[INFO] [stderr]     Checking thiserror v1.0.40
[INFO] [stderr]    Compiling ctor v0.1.26
[INFO] [stderr]    Compiling parse-variants-derive v0.1.0
[INFO] [stderr]    Compiling async-attributes v1.1.2
[INFO] [stderr]    Compiling embed-doc-image v0.1.4
[INFO] [stderr]    Compiling linkme-impl v0.2.10
[INFO] [stderr]    Compiling intertrait-macros v0.2.2
[INFO] [stderr]    Compiling derive_more v0.99.17
[INFO] [stderr]    Compiling parse-variants v0.1.1
[INFO] [stderr]    Compiling value-bag v1.0.0-alpha.9
[INFO] [stderr]    Compiling workflow-macro-tools v0.3.14
[INFO] [stderr]    Compiling log v0.4.17
[INFO] [stderr]     Checking linkme v0.2.10
[INFO] [stderr]    Compiling workflow-core-macros v0.3.14
[INFO] [stderr]     Checking intertrait v0.2.2
[INFO] [stderr]     Checking polling v2.8.0
[INFO] [stderr]     Checking blocking v1.3.1
[INFO] [stderr]     Checking kv-log-macro v1.0.7
[INFO] [stderr]     Checking env_logger v0.10.0
[INFO] [stderr]    Compiling wasm-bindgen-backend v0.2.84
[INFO] [stderr]     Checking async-io v1.13.0
[INFO] [stderr]     Checking serde v1.0.160
[INFO] [stderr]     Checking async-global-executor v2.3.1
[INFO] [stderr]     Checking async-std v1.12.0
[INFO] [stderr]     Checking futures-executor v0.3.28
[INFO] [stderr]     Checking futures v0.3.28
[INFO] [stderr]    Compiling wasm-bindgen-macro-support v0.2.84
[INFO] [stderr]    Compiling wasm-bindgen-macro v0.2.84
[INFO] [stderr]    Compiling librocksdb-sys v0.8.3+7.4.4
[INFO] [stderr]     Checking serde_json v1.0.96
[INFO] [stderr]     Checking smallvec v1.10.0
[INFO] [stderr]     Checking secp256k1 v0.24.3
[INFO] [stderr]     Checking bincode v1.3.3
[INFO] [stderr]     Checking parking_lot_core v0.9.7
[INFO] [stderr]     Checking parking_lot v0.12.1
[INFO] [stderr]     Checking kaspa-txscript-errors v0.0.3
[INFO] [stderr]    Compiling toml v0.5.11
[INFO] [stderr]     Checking malachite-nz v0.3.2
[INFO] [stderr]     Checking js-sys v0.3.61
[INFO] [stderr]     Checking workflow-log v0.3.14
[INFO] [stderr]     Checking kaspa-core v0.0.3
[INFO] [stderr]    Compiling proc-macro-crate v0.1.5
[INFO] [stderr]    Compiling borsh-derive v0.9.3
[INFO] [stderr]     Checking borsh v0.9.3
[INFO] [stderr]     Checking web-sys v0.3.61
[INFO] [stderr]     Checking serde-wasm-bindgen v0.4.5
[INFO] [stderr]     Checking wasm-bindgen-futures v0.4.34
[INFO] [stderr]     Checking workflow-core v0.3.14
[INFO] [stderr]     Checking kaspa-addresses v0.0.3
[INFO] [stderr] error: could not compile `malachite-nz`
[INFO] [stderr] 
[INFO] [stderr] Caused by:
[INFO] [stderr]   process didn't exit successfully: `rustc --crate-name malachite_nz --edition=2021 /opt/rustwide/cargo-home/registry/src/github.com-1ecc6299db9ec823/malachite-nz-0.3.2/src/lib.rs --error-format=json --json=diagnostic-rendered-ansi,artifacts,future-incompat --crate-type lib --emit=dep-info,metadata -C embed-bitcode=no -C debuginfo=2 -C metadata=678b6eb0a1031e5e -C extra-filename=-678b6eb0a1031e5e --out-dir /opt/rustwide/target/debug/deps -L dependency=/opt/rustwide/target/debug/deps --extern embed_doc_image=/opt/rustwide/target/debug/deps/libembed_doc_image-2742f908ca93ce40.so --extern itertools=/opt/rustwide/target/debug/deps/libitertools-98b8d63e2296e2e3.rmeta --extern malachite_base=/opt/rustwide/target/debug/deps/libmalachite_base-e62f5dbbd76cc718.rmeta --cap-lints allow --cap-lints=warn` (signal: 9, SIGKILL: kill)
[INFO] [stderr] warning: build failed, waiting for other jobs to finish...
[INFO] [stderr] error: could not compile `web-sys`
[INFO] [stderr] 
[INFO] [stderr] Caused by:
[INFO] [stderr]   process didn't exit successfully: `rustc --crate-name web_sys --edition=2018 /opt/rustwide/cargo-home/registry/src/github.com-1ecc6299db9ec823/web-sys-0.3.61/src/lib.rs --error-format=json --json=diagnostic-rendered-ansi,artifacts,future-incompat --crate-type lib --emit=dep-info,metadata -C embed-bitcode=no -C debuginfo=2 --cfg 'feature="Document"' --cfg 'feature="Element"' --cfg 'feature="Event"' --cfg 'feature="EventTarget"' --cfg 'feature="HtmlElement"' --cfg 'feature="MessageEvent"' --cfg 'feature="Node"' --cfg 'feature="Performance"' --cfg 'feature="PerformanceTiming"' --cfg 'feature="Window"' --cfg 'feature="Worker"' --cfg 'feature="console"' -C metadata=36ccd6d7779a5bd9 -C extra-filename=-36ccd6d7779a5bd9 --out-dir /opt/rustwide/target/debug/deps -L dependency=/opt/rustwide/target/debug/deps --extern js_sys=/opt/rustwide/target/debug/deps/libjs_sys-5c065355c1218f71.rmeta --extern wasm_bindgen=/opt/rustwide/target/debug/deps/libwasm_bindgen-3c0dad5232cbfa78.rmeta --cap-lints allow --cap-lints=warn` (signal: 9, SIGKILL: kill)
[INFO] [stderr] The following warnings were emitted during compilation:
[INFO] [stderr] 
[INFO] [stderr] warning: c++: fatal error: Killed signal terminated program cc1plus
[INFO] [stderr] warning: compilation terminated.
[INFO] [stderr] warning: c++: fatal error: Killed signal terminated program cc1plus
[INFO] [stderr] warning: compilation terminated.
[INFO] [stderr] warning: c++: fatal error: Killed signal terminated program cc1plus
[INFO] [stderr] warning: compilation terminated.
[INFO] [stderr] warning: c++: fatal error: Killed signal terminated program cc1plus
[INFO] [stderr] warning: compilation terminated.
[INFO] [stderr] 
[INFO] [stderr] error: failed to run custom build command for `librocksdb-sys v0.8.3+7.4.4`
[INFO] [stderr] note: To improve backtraces for build dependencies, set the CARGO_PROFILE_DEV_BUILD_OVERRIDE_DEBUG=true environment variable to enable debug information generation.
[INFO] [stderr] 
[INFO] [stderr] Caused by:
[INFO] [stderr]   process didn't exit successfully: `/opt/rustwide/target/debug/build/librocksdb-sys-bb6ac9ceba042561/build-script-build` (exit status: 1)
[INFO] [stderr]   --- stdout
[INFO] [stderr]   cargo:rerun-if-changed=rocksdb/
[INFO] [stderr]   TARGET = Some("x86_64-unknown-linux-gnu")
[INFO] [stderr]   OPT_LEVEL = Some("0")
[INFO] [stderr]   HOST = Some("x86_64-unknown-linux-gnu")
[INFO] [stderr]   cargo:rerun-if-env-changed=CXX_x86_64-unknown-linux-gnu
[INFO] [stderr]   CXX_x86_64-unknown-linux-gnu = None
[INFO] [stderr]   cargo:rerun-if-env-changed=CXX_x86_64_unknown_linux_gnu
[INFO] [stderr]   CXX_x86_64_unknown_linux_gnu = None
[INFO] [stderr]   cargo:rerun-if-env-changed=HOST_CXX
[INFO] [stderr]   HOST_CXX = None
[INFO] [stderr]   cargo:rerun-if-env-changed=CXX
[INFO] [stderr]   CXX = None
[INFO] [stderr]   cargo:rerun-if-env-changed=CXXFLAGS_x86_64-unknown-linux-gnu
[INFO] [stderr]   CXXFLAGS_x86_64-unknown-linux-gnu = None
[INFO] [stderr]   cargo:rerun-if-env-changed=CXXFLAGS_x86_64_unknown_linux_gnu
[INFO] [stderr]   CXXFLAGS_x86_64_unknown_linux_gnu = None
[INFO] [stderr]   cargo:rerun-if-env-changed=HOST_CXXFLAGS
[INFO] [stderr]   HOST_CXXFLAGS = None
[INFO] [stderr]   cargo:rerun-if-env-changed=CXXFLAGS
[INFO] [stderr]   CXXFLAGS = None
[INFO] [stderr]   cargo:rerun-if-env-changed=CRATE_CC_NO_DEFAULTS
[INFO] [stderr]   CRATE_CC_NO_DEFAULTS = None
[INFO] [stderr]   DEBUG = Some("true")
[INFO] [stderr]   CARGO_CFG_TARGET_FEATURE = Some("fxsr,sse,sse2")
[INFO] [stderr]   cargo:rerun-if-env-changed=CXX_x86_64-unknown-linux-gnu
[INFO] [stderr]   CXX_x86_64-unknown-linux-gnu = None
[INFO] [stderr]   cargo:rerun-if-env-changed=CXX_x86_64_unknown_linux_gnu
[INFO] [stderr]   CXX_x86_64_unknown_linux_gnu = None
[INFO] [stderr]   cargo:rerun-if-env-changed=HOST_CXX
[INFO] [stderr]   HOST_CXX = None
[INFO] [stderr]   cargo:rerun-if-env-changed=CXX
[INFO] [stderr]   CXX = None
[INFO] [stderr]   cargo:rerun-if-env-changed=CXXFLAGS_x86_64-unknown-linux-gnu
[INFO] [stderr]   CXXFLAGS_x86_64-unknown-linux-gnu = None
[INFO] [stderr]   cargo:rerun-if-env-changed=CXXFLAGS_x86_64_unknown_linux_gnu
[INFO] [stderr]   CXXFLAGS_x86_64_unknown_linux_gnu = None
[INFO] [stderr]   cargo:rerun-if-env-changed=HOST_CXXFLAGS
[INFO] [stderr]   HOST_CXXFLAGS = None
[INFO] [stderr]   cargo:rerun-if-env-changed=CXXFLAGS
[INFO] [stderr]   CXXFLAGS = None
[INFO] [stderr]   cargo:rerun-if-env-changed=CRATE_CC_NO_DEFAULTS
[INFO] [stderr]   CRATE_CC_NO_DEFAULTS = None
[INFO] [stderr]   CARGO_CFG_TARGET_FEATURE = Some("fxsr,sse,sse2")
[INFO] [stderr]   cargo:rerun-if-env-changed=CXX_x86_64-unknown-linux-gnu
[INFO] [stderr]   CXX_x86_64-unknown-linux-gnu = None
[INFO] [stderr]   cargo:rerun-if-env-changed=CXX_x86_64_unknown_linux_gnu
[INFO] [stderr]   CXX_x86_64_unknown_linux_gnu = None
[INFO] [stderr]   cargo:rerun-if-env-changed=HOST_CXX
[INFO] [stderr]   HOST_CXX = None
[INFO] [stderr]   cargo:rerun-if-env-changed=CXX
[INFO] [stderr]   CXX = None
[INFO] [stderr]   cargo:rerun-if-env-changed=CXXFLAGS_x86_64-unknown-linux-gnu
[INFO] [stderr]   CXXFLAGS_x86_64-unknown-linux-gnu = None
[INFO] [stderr]   cargo:rerun-if-env-changed=CXXFLAGS_x86_64_unknown_linux_gnu
[INFO] [stderr]   CXXFLAGS_x86_64_unknown_linux_gnu = None
[INFO] [stderr]   cargo:rerun-if-env-changed=HOST_CXXFLAGS
[INFO] [stderr]   HOST_CXXFLAGS = None
[INFO] [stderr]   cargo:rerun-if-env-changed=CXXFLAGS
[INFO] [stderr]   CXXFLAGS = None
[INFO] [stderr]   cargo:rerun-if-env-changed=CRATE_CC_NO_DEFAULTS
[INFO] [stderr]   CRATE_CC_NO_DEFAULTS = None
[INFO] [stderr]   CARGO_CFG_TARGET_FEATURE = Some("fxsr,sse,sse2")
[INFO] [stderr]   running: "c++" "-O0" "-ffunction-sections" "-fdata-sections" "-fPIC" "-gdwarf-4" "-fno-omit-frame-pointer" "-m64" "-I" "rocksdb/include/" "-I" "rocksdb/" "-I" "rocksdb/third-party/gtest-1.8.1/fused-src/" "-I" "snappy/" "-I" "lz4/lib/" "-I" "/opt/rustwide/cargo-home/registry/src/github.com-1ecc6299db9ec823/zstd-sys-2.0.8+zstd.1.5.5/zstd/lib" "-I" "/opt/rustwide/target/debug/build/libz-sys-ee257d0e96e6bd1c/out/include" "-I" "/opt/rustwide/target/debug/build/bzip2-sys-f862a9c21a93e4c8/out/include" "-I" "." "-Wall" "-Wextra" "-std=c++17" "-Wsign-compare" "-Wshadow" "-Wno-unused-parameter" "-Wno-unused-variable" "-Woverloaded-virtual" "-Wnon-virtual-dtor" "-Wno-missing-field-initializers" "-Wno-strict-aliasing" "-Wno-invalid-offsetof" "-msse2" "-std=c++17" "-DSNAPPY=1" "-DLZ4=1" "-DZSTD=1" "-DZLIB=1" "-DBZIP2=1" "-DNDEBUG=1" "-DOS_LINUX" "-DROCKSDB_PLATFORM_POSIX" "-DROCKSDB_LIB_IO_POSIX" "-DROCKSDB_SUPPORT_THREAD_LOCAL" "-DHAVE_UINT128_EXTENSION=1" "-DHAVE_UINT128_EXTENSION=1" "-o" "/opt/rustwide/target/debug/build/librocksdb-sys-c814adaf3232d73c/out/rocksdb/cache/lru_cache.o" "-c" "rocksdb/cache/lru_cache.cc"
[INFO] [stderr]   running: "c++" "-O0" "-ffunction-sections" "-fdata-sections" "-fPIC" "-gdwarf-4" "-fno-omit-frame-pointer" "-m64" "-I" "rocksdb/include/" "-I" "rocksdb/" "-I" "rocksdb/third-party/gtest-1.8.1/fused-src/" "-I" "snappy/" "-I" "lz4/lib/" "-I" "/opt/rustwide/cargo-home/registry/src/github.com-1ecc6299db9ec823/zstd-sys-2.0.8+zstd.1.5.5/zstd/lib" "-I" "/opt/rustwide/target/debug/build/libz-sys-ee257d0e96e6bd1c/out/include" "-I" "/opt/rustwide/target/debug/build/bzip2-sys-f862a9c21a93e4c8/out/include" "-I" "." "-Wall" "-Wextra" "-std=c++17" "-Wsign-compare" "-Wshadow" "-Wno-unused-parameter" "-Wno-unused-variable" "-Woverloaded-virtual" "-Wnon-virtual-dtor" "-Wno-missing-field-initializers" "-Wno-strict-aliasing" "-Wno-invalid-offsetof" "-msse2" "-std=c++17" "-DSNAPPY=1" "-DLZ4=1" "-DZSTD=1" "-DZLIB=1" "-DBZIP2=1" "-DNDEBUG=1" "-DOS_LINUX" "-DROCKSDB_PLATFORM_POSIX" "-DROCKSDB_LIB_IO_POSIX" "-DROCKSDB_SUPPORT_THREAD_LOCAL" "-DHAVE_UINT128_EXTENSION=1" "-DHAVE_UINT128_EXTENSION=1" "-o" "/opt/rustwide/target/debug/build/librocksdb-sys-c814adaf3232d73c/out/rocksdb/db/arena_wrapped_db_iter.o" "-c" "rocksdb/db/arena_wrapped_db_iter.cc"
[INFO] [stderr]   running: "c++" "-O0" "-ffunction-sections" "-fdata-sections" "-fPIC" "-gdwarf-4" "-fno-omit-frame-pointer" "-m64" "-I" "rocksdb/include/" "-I" "rocksdb/" "-I" "rocksdb/third-party/gtest-1.8.1/fused-src/" "-I" "snappy/" "-I" "lz4/lib/" "-I" "/opt/rustwide/cargo-home/registry/src/github.com-1ecc6299db9ec823/zstd-sys-2.0.8+zstd.1.5.5/zstd/lib" "-I" "/opt/rustwide/target/debug/build/libz-sys-ee257d0e96e6bd1c/out/include" "-I" "/opt/rustwide/target/debug/build/bzip2-sys-f862a9c21a93e4c8/out/include" "-I" "." "-Wall" "-Wextra" "-std=c++17" "-Wsign-compare" "-Wshadow" "-Wno-unused-parameter" "-Wno-unused-variable" "-Woverloaded-virtual" "-Wnon-virtual-dtor" "-Wno-missing-field-initializers" "-Wno-strict-aliasing" "-Wno-invalid-offsetof" "-msse2" "-std=c++17" "-DSNAPPY=1" "-DLZ4=1" "-DZSTD=1" "-DZLIB=1" "-DBZIP2=1" "-DNDEBUG=1" "-DOS_LINUX" "-DROCKSDB_PLATFORM_POSIX" "-DROCKSDB_LIB_IO_POSIX" "-DROCKSDB_SUPPORT_THREAD_LOCAL" "-DHAVE_UINT128_EXTENSION=1" "-DHAVE_UINT128_EXTENSION=1" "-o" "/opt/rustwide/target/debug/build/librocksdb-sys-c814adaf3232d73c/out/rocksdb/cache/sharded_cache.o" "-c" "rocksdb/cache/sharded_cache.cc"
[INFO] [stderr]   running: "c++" "-O0" "-ffunction-sections" "-fdata-sections" "-fPIC" "-gdwarf-4" "-fno-omit-frame-pointer" "-m64" "-I" "rocksdb/include/" "-I" "rocksdb/" "-I" "rocksdb/third-party/gtest-1.8.1/fused-src/" "-I" "snappy/" "-I" "lz4/lib/" "-I" "/opt/rustwide/cargo-home/registry/src/github.com-1ecc6299db9ec823/zstd-sys-2.0.8+zstd.1.5.5/zstd/lib" "-I" "/opt/rustwide/target/debug/build/libz-sys-ee257d0e96e6bd1c/out/include" "-I" "/opt/rustwide/target/debug/build/bzip2-sys-f862a9c21a93e4c8/out/include" "-I" "." "-Wall" "-Wextra" "-std=c++17" "-Wsign-compare" "-Wshadow" "-Wno-unused-parameter" "-Wno-unused-variable" "-Woverloaded-virtual" "-Wnon-virtual-dtor" "-Wno-missing-field-initializers" "-Wno-strict-aliasing" "-Wno-invalid-offsetof" "-msse2" "-std=c++17" "-DSNAPPY=1" "-DLZ4=1" "-DZSTD=1" "-DZLIB=1" "-DBZIP2=1" "-DNDEBUG=1" "-DOS_LINUX" "-DROCKSDB_PLATFORM_POSIX" "-DROCKSDB_LIB_IO_POSIX" "-DROCKSDB_SUPPORT_THREAD_LOCAL" "-DHAVE_UINT128_EXTENSION=1" "-DHAVE_UINT128_EXTENSION=1" "-o" "/opt/rustwide/target/debug/build/librocksdb-sys-c814adaf3232d73c/out/rocksdb/db/blob/blob_fetcher.o" "-c" "rocksdb/db/blob/blob_fetcher.cc"
[INFO] [stderr]   running: "c++" "-O0" "-ffunction-sections" "-fdata-sections" "-fPIC" "-gdwarf-4" "-fno-omit-frame-pointer" "-m64" "-I" "rocksdb/include/" "-I" "rocksdb/" "-I" "rocksdb/third-party/gtest-1.8.1/fused-src/" "-I" "snappy/" "-I" "lz4/lib/" "-I" "/opt/rustwide/cargo-home/registry/src/github.com-1ecc6299db9ec823/zstd-sys-2.0.8+zstd.1.5.5/zstd/lib" "-I" "/opt/rustwide/target/debug/build/libz-sys-ee257d0e96e6bd1c/out/include" "-I" "/opt/rustwide/target/debug/build/bzip2-sys-f862a9c21a93e4c8/out/include" "-I" "." "-Wall" "-Wextra" "-std=c++17" "-Wsign-compare" "-Wshadow" "-Wno-unused-parameter" "-Wno-unused-variable" "-Woverloaded-virtual" "-Wnon-virtual-dtor" "-Wno-missing-field-initializers" "-Wno-strict-aliasing" "-Wno-invalid-offsetof" "-msse2" "-std=c++17" "-DSNAPPY=1" "-DLZ4=1" "-DZSTD=1" "-DZLIB=1" "-DBZIP2=1" "-DNDEBUG=1" "-DOS_LINUX" "-DROCKSDB_PLATFORM_POSIX" "-DROCKSDB_LIB_IO_POSIX" "-DROCKSDB_SUPPORT_THREAD_LOCAL" "-DHAVE_UINT128_EXTENSION=1" "-DHAVE_UINT128_EXTENSION=1" "-o" "/opt/rustwide/target/debug/build/librocksdb-sys-c814adaf3232d73c/out/rocksdb/cache/cache.o" "-c" "rocksdb/cache/cache.cc"
[INFO] [stderr]   running: "c++" "-O0" "-ffunction-sections" "-fdata-sections" "-fPIC" "-gdwarf-4" "-fno-omit-frame-pointer" "-m64" "-I" "rocksdb/include/" "-I" "rocksdb/" "-I" "rocksdb/third-party/gtest-1.8.1/fused-src/" "-I" "snappy/" "-I" "lz4/lib/" "-I" "/opt/rustwide/cargo-home/registry/src/github.com-1ecc6299db9ec823/zstd-sys-2.0.8+zstd.1.5.5/zstd/lib" "-I" "/opt/rustwide/target/debug/build/libz-sys-ee257d0e96e6bd1c/out/include" "-I" "/opt/rustwide/target/debug/build/bzip2-sys-f862a9c21a93e4c8/out/include" "-I" "." "-Wall" "-Wextra" "-std=c++17" "-Wsign-compare" "-Wshadow" "-Wno-unused-parameter" "-Wno-unused-variable" "-Woverloaded-virtual" "-Wnon-virtual-dtor" "-Wno-missing-field-initializers" "-Wno-strict-aliasing" "-Wno-invalid-offsetof" "-msse2" "-std=c++17" "-DSNAPPY=1" "-DLZ4=1" "-DZSTD=1" "-DZLIB=1" "-DBZIP2=1" "-DNDEBUG=1" "-DOS_LINUX" "-DROCKSDB_PLATFORM_POSIX" "-DROCKSDB_LIB_IO_POSIX" "-DROCKSDB_SUPPORT_THREAD_LOCAL" "-DHAVE_UINT128_EXTENSION=1" "-DHAVE_UINT128_EXTENSION=1" "-o" "/opt/rustwide/target/debug/build/librocksdb-sys-c814adaf3232d73c/out/rocksdb/cache/compressed_secondary_cache.o" "-c" "rocksdb/cache/compressed_secondary_cache.cc"
[INFO] [stderr]   running: "c++" "-O0" "-ffunction-sections" "-fdata-sections" "-fPIC" "-gdwarf-4" "-fno-omit-frame-pointer" "-m64" "-I" "rocksdb/include/" "-I" "rocksdb/" "-I" "rocksdb/third-party/gtest-1.8.1/fused-src/" "-I" "snappy/" "-I" "lz4/lib/" "-I" "/opt/rustwide/cargo-home/registry/src/github.com-1ecc6299db9ec823/zstd-sys-2.0.8+zstd.1.5.5/zstd/lib" "-I" "/opt/rustwide/target/debug/build/libz-sys-ee257d0e96e6bd1c/out/include" "-I" "/opt/rustwide/target/debug/build/bzip2-sys-f862a9c21a93e4c8/out/include" "-I" "." "-Wall" "-Wextra" "-std=c++17" "-Wsign-compare" "-Wshadow" "-Wno-unused-parameter" "-Wno-unused-variable" "-Woverloaded-virtual" "-Wnon-virtual-dtor" "-Wno-missing-field-initializers" "-Wno-strict-aliasing" "-Wno-invalid-offsetof" "-msse2" "-std=c++17" "-DSNAPPY=1" "-DLZ4=1" "-DZSTD=1" "-DZLIB=1" "-DBZIP2=1" "-DNDEBUG=1" "-DOS_LINUX" "-DROCKSDB_PLATFORM_POSIX" "-DROCKSDB_LIB_IO_POSIX" "-DROCKSDB_SUPPORT_THREAD_LOCAL" "-DHAVE_UINT128_EXTENSION=1" "-DHAVE_UINT128_EXTENSION=1" "-o" "/opt/rustwide/target/debug/build/librocksdb-sys-c814adaf3232d73c/out/rocksdb/cache/cache_key.o" "-c" "rocksdb/cache/cache_key.cc"
[INFO] [stderr]   running: "c++" "-O0" "-ffunction-sections" "-fdata-sections" "-fPIC" "-gdwarf-4" "-fno-omit-frame-pointer" "-m64" "-I" "rocksdb/include/" "-I" "rocksdb/" "-I" "rocksdb/third-party/gtest-1.8.1/fused-src/" "-I" "snappy/" "-I" "lz4/lib/" "-I" "/opt/rustwide/cargo-home/registry/src/github.com-1ecc6299db9ec823/zstd-sys-2.0.8+zstd.1.5.5/zstd/lib" "-I" "/opt/rustwide/target/debug/build/libz-sys-ee257d0e96e6bd1c/out/include" "-I" "/opt/rustwide/target/debug/build/bzip2-sys-f862a9c21a93e4c8/out/include" "-I" "." "-Wall" "-Wextra" "-std=c++17" "-Wsign-compare" "-Wshadow" "-Wno-unused-parameter" "-Wno-unused-variable" "-Woverloaded-virtual" "-Wnon-virtual-dtor" "-Wno-missing-field-initializers" "-Wno-strict-aliasing" "-Wno-invalid-offsetof" "-msse2" "-std=c++17" "-DSNAPPY=1" "-DLZ4=1" "-DZSTD=1" "-DZLIB=1" "-DBZIP2=1" "-DNDEBUG=1" "-DOS_LINUX" "-DROCKSDB_PLATFORM_POSIX" "-DROCKSDB_LIB_IO_POSIX" "-DROCKSDB_SUPPORT_THREAD_LOCAL" "-DHAVE_UINT128_EXTENSION=1" "-DHAVE_UINT128_EXTENSION=1" "-o" "/opt/rustwide/target/debug/build/librocksdb-sys-c814adaf3232d73c/out/rocksdb/cache/clock_cache.o" "-c" "rocksdb/cache/clock_cache.cc"
[INFO] [stderr]   running: "c++" "-O0" "-ffunction-sections" "-fdata-sections" "-fPIC" "-gdwarf-4" "-fno-omit-frame-pointer" "-m64" "-I" "rocksdb/include/" "-I" "rocksdb/" "-I" "rocksdb/third-party/gtest-1.8.1/fused-src/" "-I" "snappy/" "-I" "lz4/lib/" "-I" "/opt/rustwide/cargo-home/registry/src/github.com-1ecc6299db9ec823/zstd-sys-2.0.8+zstd.1.5.5/zstd/lib" "-I" "/opt/rustwide/target/debug/build/libz-sys-ee257d0e96e6bd1c/out/include" "-I" "/opt/rustwide/target/debug/build/bzip2-sys-f862a9c21a93e4c8/out/include" "-I" "." "-Wall" "-Wextra" "-std=c++17" "-Wsign-compare" "-Wshadow" "-Wno-unused-parameter" "-Wno-unused-variable" "-Woverloaded-virtual" "-Wnon-virtual-dtor" "-Wno-missing-field-initializers" "-Wno-strict-aliasing" "-Wno-invalid-offsetof" "-msse2" "-std=c++17" "-DSNAPPY=1" "-DLZ4=1" "-DZSTD=1" "-DZLIB=1" "-DBZIP2=1" "-DNDEBUG=1" "-DOS_LINUX" "-DROCKSDB_PLATFORM_POSIX" "-DROCKSDB_LIB_IO_POSIX" "-DROCKSDB_SUPPORT_THREAD_LOCAL" "-DHAVE_UINT128_EXTENSION=1" "-DHAVE_UINT128_EXTENSION=1" "-o" "/opt/rustwide/target/debug/build/librocksdb-sys-c814adaf3232d73c/out/rocksdb/cache/cache_entry_roles.o" "-c" "rocksdb/cache/cache_entry_roles.cc"
[INFO] [stderr]   running: "c++" "-O0" "-ffunction-sections" "-fdata-sections" "-fPIC" "-gdwarf-4" "-fno-omit-frame-pointer" "-m64" "-I" "rocksdb/include/" "-I" "rocksdb/" "-I" "rocksdb/third-party/gtest-1.8.1/fused-src/" "-I" "snappy/" "-I" "lz4/lib/" "-I" "/opt/rustwide/cargo-home/registry/src/github.com-1ecc6299db9ec823/zstd-sys-2.0.8+zstd.1.5.5/zstd/lib" "-I" "/opt/rustwide/target/debug/build/libz-sys-ee257d0e96e6bd1c/out/include" "-I" "/opt/rustwide/target/debug/build/bzip2-sys-f862a9c21a93e4c8/out/include" "-I" "." "-Wall" "-Wextra" "-std=c++17" "-Wsign-compare" "-Wshadow" "-Wno-unused-parameter" "-Wno-unused-variable" "-Woverloaded-virtual" "-Wnon-virtual-dtor" "-Wno-missing-field-initializers" "-Wno-strict-aliasing" "-Wno-invalid-offsetof" "-msse2" "-std=c++17" "-DSNAPPY=1" "-DLZ4=1" "-DZSTD=1" "-DZLIB=1" "-DBZIP2=1" "-DNDEBUG=1" "-DOS_LINUX" "-DROCKSDB_PLATFORM_POSIX" "-DROCKSDB_LIB_IO_POSIX" "-DROCKSDB_SUPPORT_THREAD_LOCAL" "-DHAVE_UINT128_EXTENSION=1" "-DHAVE_UINT128_EXTENSION=1" "-o" "/opt/rustwide/target/debug/build/librocksdb-sys-c814adaf3232d73c/out/rocksdb/cache/fast_lru_cache.o" "-c" "rocksdb/cache/fast_lru_cache.cc"
[INFO] [stderr]   running: "c++" "-O0" "-ffunction-sections" "-fdata-sections" "-fPIC" "-gdwarf-4" "-fno-omit-frame-pointer" "-m64" "-I" "rocksdb/include/" "-I" "rocksdb/" "-I" "rocksdb/third-party/gtest-1.8.1/fused-src/" "-I" "snappy/" "-I" "lz4/lib/" "-I" "/opt/rustwide/cargo-home/registry/src/github.com-1ecc6299db9ec823/zstd-sys-2.0.8+zstd.1.5.5/zstd/lib" "-I" "/opt/rustwide/target/debug/build/libz-sys-ee257d0e96e6bd1c/out/include" "-I" "/opt/rustwide/target/debug/build/bzip2-sys-f862a9c21a93e4c8/out/include" "-I" "." "-Wall" "-Wextra" "-std=c++17" "-Wsign-compare" "-Wshadow" "-Wno-unused-parameter" "-Wno-unused-variable" "-Woverloaded-virtual" "-Wnon-virtual-dtor" "-Wno-missing-field-initializers" "-Wno-strict-aliasing" "-Wno-invalid-offsetof" "-msse2" "-std=c++17" "-DSNAPPY=1" "-DLZ4=1" "-DZSTD=1" "-DZLIB=1" "-DBZIP2=1" "-DNDEBUG=1" "-DOS_LINUX" "-DROCKSDB_PLATFORM_POSIX" "-DROCKSDB_LIB_IO_POSIX" "-DROCKSDB_SUPPORT_THREAD_LOCAL" "-DHAVE_UINT128_EXTENSION=1" "-DHAVE_UINT128_EXTENSION=1" "-o" "/opt/rustwide/target/debug/build/librocksdb-sys-c814adaf3232d73c/out/rocksdb/db/blob/blob_file_addition.o" "-c" "rocksdb/db/blob/blob_file_addition.cc"
[INFO] [stderr]   running: "c++" "-O0" "-ffunction-sections" "-fdata-sections" "-fPIC" "-gdwarf-4" "-fno-omit-frame-pointer" "-m64" "-I" "rocksdb/include/" "-I" "rocksdb/" "-I" "rocksdb/third-party/gtest-1.8.1/fused-src/" "-I" "snappy/" "-I" "lz4/lib/" "-I" "/opt/rustwide/cargo-home/registry/src/github.com-1ecc6299db9ec823/zstd-sys-2.0.8+zstd.1.5.5/zstd/lib" "-I" "/opt/rustwide/target/debug/build/libz-sys-ee257d0e96e6bd1c/out/include" "-I" "/opt/rustwide/target/debug/build/bzip2-sys-f862a9c21a93e4c8/out/include" "-I" "." "-Wall" "-Wextra" "-std=c++17" "-Wsign-compare" "-Wshadow" "-Wno-unused-parameter" "-Wno-unused-variable" "-Woverloaded-virtual" "-Wnon-virtual-dtor" "-Wno-missing-field-initializers" "-Wno-strict-aliasing" "-Wno-invalid-offsetof" "-msse2" "-std=c++17" "-DSNAPPY=1" "-DLZ4=1" "-DZSTD=1" "-DZLIB=1" "-DBZIP2=1" "-DNDEBUG=1" "-DOS_LINUX" "-DROCKSDB_PLATFORM_POSIX" "-DROCKSDB_LIB_IO_POSIX" "-DROCKSDB_SUPPORT_THREAD_LOCAL" "-DHAVE_UINT128_EXTENSION=1" "-DHAVE_UINT128_EXTENSION=1" "-o" "/opt/rustwide/target/debug/build/librocksdb-sys-c814adaf3232d73c/out/rocksdb/cache/cache_reservation_manager.o" "-c" "rocksdb/cache/cache_reservation_manager.cc"
[INFO] [stderr]   running: "c++" "-O0" "-ffunction-sections" "-fdata-sections" "-fPIC" "-gdwarf-4" "-fno-omit-frame-pointer" "-m64" "-I" "rocksdb/include/" "-I" "rocksdb/" "-I" "rocksdb/third-party/gtest-1.8.1/fused-src/" "-I" "snappy/" "-I" "lz4/lib/" "-I" "/opt/rustwide/cargo-home/registry/src/github.com-1ecc6299db9ec823/zstd-sys-2.0.8+zstd.1.5.5/zstd/lib" "-I" "/opt/rustwide/target/debug/build/libz-sys-ee257d0e96e6bd1c/out/include" "-I" "/opt/rustwide/target/debug/build/bzip2-sys-f862a9c21a93e4c8/out/include" "-I" "." "-Wall" "-Wextra" "-std=c++17" "-Wsign-compare" "-Wshadow" "-Wno-unused-parameter" "-Wno-unused-variable" "-Woverloaded-virtual" "-Wnon-virtual-dtor" "-Wno-missing-field-initializers" "-Wno-strict-aliasing" "-Wno-invalid-offsetof" "-msse2" "-std=c++17" "-DSNAPPY=1" "-DLZ4=1" "-DZSTD=1" "-DZLIB=1" "-DBZIP2=1" "-DNDEBUG=1" "-DOS_LINUX" "-DROCKSDB_PLATFORM_POSIX" "-DROCKSDB_LIB_IO_POSIX" "-DROCKSDB_SUPPORT_THREAD_LOCAL" "-DHAVE_UINT128_EXTENSION=1" "-DHAVE_UINT128_EXTENSION=1" "-o" "/opt/rustwide/target/debug/build/librocksdb-sys-c814adaf3232d73c/out/rocksdb/db/blob/blob_file_builder.o" "-c" "rocksdb/db/blob/blob_file_builder.cc"
[INFO] [stderr]   exit status: 0
[INFO] [stderr]   running: "c++" "-O0" "-ffunction-sections" "-fdata-sections" "-fPIC" "-gdwarf-4" "-fno-omit-frame-pointer" "-m64" "-I" "rocksdb/include/" "-I" "rocksdb/" "-I" "rocksdb/third-party/gtest-1.8.1/fused-src/" "-I" "snappy/" "-I" "lz4/lib/" "-I" "/opt/rustwide/cargo-home/registry/src/github.com-1ecc6299db9ec823/zstd-sys-2.0.8+zstd.1.5.5/zstd/lib" "-I" "/opt/rustwide/target/debug/build/libz-sys-ee257d0e96e6bd1c/out/include" "-I" "/opt/rustwide/target/debug/build/bzip2-sys-f862a9c21a93e4c8/out/include" "-I" "." "-Wall" "-Wextra" "-std=c++17" "-Wsign-compare" "-Wshadow" "-Wno-unused-parameter" "-Wno-unused-variable" "-Woverloaded-virtual" "-Wnon-virtual-dtor" "-Wno-missing-field-initializers" "-Wno-strict-aliasing" "-Wno-invalid-offsetof" "-msse2" "-std=c++17" "-DSNAPPY=1" "-DLZ4=1" "-DZSTD=1" "-DZLIB=1" "-DBZIP2=1" "-DNDEBUG=1" "-DOS_LINUX" "-DROCKSDB_PLATFORM_POSIX" "-DROCKSDB_LIB_IO_POSIX" "-DROCKSDB_SUPPORT_THREAD_LOCAL" "-DHAVE_UINT128_EXTENSION=1" "-DHAVE_UINT128_EXTENSION=1" "-o" "/opt/rustwide/target/debug/build/librocksdb-sys-c814adaf3232d73c/out/rocksdb/db/blob/blob_file_cache.o" "-c" "rocksdb/db/blob/blob_file_cache.cc"
[INFO] [stderr]   running: "c++" "-O0" "-ffunction-sections" "-fdata-sections" "-fPIC" "-gdwarf-4" "-fno-omit-frame-pointer" "-m64" "-I" "rocksdb/include/" "-I" "rocksdb/" "-I" "rocksdb/third-party/gtest-1.8.1/fused-src/" "-I" "snappy/" "-I" "lz4/lib/" "-I" "/opt/rustwide/cargo-home/registry/src/github.com-1ecc6299db9ec823/zstd-sys-2.0.8+zstd.1.5.5/zstd/lib" "-I" "/opt/rustwide/target/debug/build/libz-sys-ee257d0e96e6bd1c/out/include" "-I" "/opt/rustwide/target/debug/build/bzip2-sys-f862a9c21a93e4c8/out/include" "-I" "." "-Wall" "-Wextra" "-std=c++17" "-Wsign-compare" "-Wshadow" "-Wno-unused-parameter" "-Wno-unused-variable" "-Woverloaded-virtual" "-Wnon-virtual-dtor" "-Wno-missing-field-initializers" "-Wno-strict-aliasing" "-Wno-invalid-offsetof" "-msse2" "-std=c++17" "-DSNAPPY=1" "-DLZ4=1" "-DZSTD=1" "-DZLIB=1" "-DBZIP2=1" "-DNDEBUG=1" "-DOS_LINUX" "-DROCKSDB_PLATFORM_POSIX" "-DROCKSDB_LIB_IO_POSIX" "-DROCKSDB_SUPPORT_THREAD_LOCAL" "-DHAVE_UINT128_EXTENSION=1" "-DHAVE_UINT128_EXTENSION=1" "-o" "/opt/rustwide/target/debug/build/librocksdb-sys-c814adaf3232d73c/out/rocksdb/db/blob/blob_file_garbage.o" "-c" "rocksdb/db/blob/blob_file_garbage.cc"
[INFO] [stderr]   running: "c++" "-O0" "-ffunction-sections" "-fdata-sections" "-fPIC" "-gdwarf-4" "-fno-omit-frame-pointer" "-m64" "-I" "rocksdb/include/" "-I" "rocksdb/" "-I" "rocksdb/third-party/gtest-1.8.1/fused-src/" "-I" "snappy/" "-I" "lz4/lib/" "-I" "/opt/rustwide/cargo-home/registry/src/github.com-1ecc6299db9ec823/zstd-sys-2.0.8+zstd.1.5.5/zstd/lib" "-I" "/opt/rustwide/target/debug/build/libz-sys-ee257d0e96e6bd1c/out/include" "-I" "/opt/rustwide/target/debug/build/bzip2-sys-f862a9c21a93e4c8/out/include" "-I" "." "-Wall" "-Wextra" "-std=c++17" "-Wsign-compare" "-Wshadow" "-Wno-unused-parameter" "-Wno-unused-variable" "-Woverloaded-virtual" "-Wnon-virtual-dtor" "-Wno-missing-field-initializers" "-Wno-strict-aliasing" "-Wno-invalid-offsetof" "-msse2" "-std=c++17" "-DSNAPPY=1" "-DLZ4=1" "-DZSTD=1" "-DZLIB=1" "-DBZIP2=1" "-DNDEBUG=1" "-DOS_LINUX" "-DROCKSDB_PLATFORM_POSIX" "-DROCKSDB_LIB_IO_POSIX" "-DROCKSDB_SUPPORT_THREAD_LOCAL" "-DHAVE_UINT128_EXTENSION=1" "-DHAVE_UINT128_EXTENSION=1" "-o" "/opt/rustwide/target/debug/build/librocksdb-sys-c814adaf3232d73c/out/rocksdb/db/blob/blob_file_meta.o" "-c" "rocksdb/db/blob/blob_file_meta.cc"
[INFO] [stderr]   running: "c++" "-O0" "-ffunction-sections" "-fdata-sections" "-fPIC" "-gdwarf-4" "-fno-omit-frame-pointer" "-m64" "-I" "rocksdb/include/" "-I" "rocksdb/" "-I" "rocksdb/third-party/gtest-1.8.1/fused-src/" "-I" "snappy/" "-I" "lz4/lib/" "-I" "/opt/rustwide/cargo-home/registry/src/github.com-1ecc6299db9ec823/zstd-sys-2.0.8+zstd.1.5.5/zstd/lib" "-I" "/opt/rustwide/target/debug/build/libz-sys-ee257d0e96e6bd1c/out/include" "-I" "/opt/rustwide/target/debug/build/bzip2-sys-f862a9c21a93e4c8/out/include" "-I" "." "-Wall" "-Wextra" "-std=c++17" "-Wsign-compare" "-Wshadow" "-Wno-unused-parameter" "-Wno-unused-variable" "-Woverloaded-virtual" "-Wnon-virtual-dtor" "-Wno-missing-field-initializers" "-Wno-strict-aliasing" "-Wno-invalid-offsetof" "-msse2" "-std=c++17" "-DSNAPPY=1" "-DLZ4=1" "-DZSTD=1" "-DZLIB=1" "-DBZIP2=1" "-DNDEBUG=1" "-DOS_LINUX" "-DROCKSDB_PLATFORM_POSIX" "-DROCKSDB_LIB_IO_POSIX" "-DROCKSDB_SUPPORT_THREAD_LOCAL" "-DHAVE_UINT128_EXTENSION=1" "-DHAVE_UINT128_EXTENSION=1" "-o" "/opt/rustwide/target/debug/build/librocksdb-sys-c814adaf3232d73c/out/rocksdb/db/blob/blob_file_reader.o" "-c" "rocksdb/db/blob/blob_file_reader.cc"
[INFO] [stderr]   cargo:warning=c++: fatal error: Killed signal terminated program cc1plus
[INFO] [stderr]   cargo:warning=compilation terminated.
[INFO] [stderr]   exit status: 1
[INFO] [stderr]   running: "c++" "-O0" "-ffunction-sections" "-fdata-sections" "-fPIC" "-gdwarf-4" "-fno-omit-frame-pointer" "-m64" "-I" "rocksdb/include/" "-I" "rocksdb/" "-I" "rocksdb/third-party/gtest-1.8.1/fused-src/" "-I" "snappy/" "-I" "lz4/lib/" "-I" "/opt/rustwide/cargo-home/registry/src/github.com-1ecc6299db9ec823/zstd-sys-2.0.8+zstd.1.5.5/zstd/lib" "-I" "/opt/rustwide/target/debug/build/libz-sys-ee257d0e96e6bd1c/out/include" "-I" "/opt/rustwide/target/debug/build/bzip2-sys-f862a9c21a93e4c8/out/include" "-I" "." "-Wall" "-Wextra" "-std=c++17" "-Wsign-compare" "-Wshadow" "-Wno-unused-parameter" "-Wno-unused-variable" "-Woverloaded-virtual" "-Wnon-virtual-dtor" "-Wno-missing-field-initializers" "-Wno-strict-aliasing" "-Wno-invalid-offsetof" "-msse2" "-std=c++17" "-DSNAPPY=1" "-DLZ4=1" "-DZSTD=1" "-DZLIB=1" "-DBZIP2=1" "-DNDEBUG=1" "-DOS_LINUX" "-DROCKSDB_PLATFORM_POSIX" "-DROCKSDB_LIB_IO_POSIX" "-DROCKSDB_SUPPORT_THREAD_LOCAL" "-DHAVE_UINT128_EXTENSION=1" "-DHAVE_UINT128_EXTENSION=1" "-o" "/opt/rustwide/target/debug/build/librocksdb-sys-c814adaf3232d73c/out/rocksdb/db/blob/blob_garbage_meter.o" "-c" "rocksdb/db/blob/blob_garbage_meter.cc"
[INFO] [stderr]   exit status: 0
[INFO] [stderr]   exit status: 0
[INFO] [stderr]   cargo:warning=c++: fatal error: Killed signal terminated program cc1plus
[INFO] [stderr]   cargo:warning=compilation terminated.
[INFO] [stderr]   exit status: 1
[INFO] [stderr]   exit status: 0
[INFO] [stderr]   exit status: 0
[INFO] [stderr]   cargo:warning=c++: fatal error: Killed signal terminated program cc1plus
[INFO] [stderr]   cargo:warning=compilation terminated.
[INFO] [stderr]   exit status: 1
[INFO] [stderr]   exit status: 0
[INFO] [stderr]   cargo:warning=c++: fatal error: Killed signal terminated program cc1plus
[INFO] [stderr]   cargo:warning=compilation terminated.
[INFO] [stderr]   exit status: 1
[INFO] [stderr]   exit status: 0
[INFO] [stderr]   exit status: 0
[INFO] [stderr]   exit status: 0
[INFO] [stderr]   exit status: 0
[INFO] [stderr]   exit status: 0
[INFO] [stderr]   exit status: 0
[INFO] [stderr]   exit status: 0
[INFO] [stderr]   exit status: 0
[INFO] [stderr] 
[INFO] [stderr]   --- stderr
[INFO] [stderr]   error: 'rustfmt' is not installed for the toolchain '1.69.0-x86_64-unknown-linux-gnu'
[INFO] [stderr]   To install, run `rustup component add rustfmt --toolchain 1.69.0-x86_64-unknown-linux-gnu`
[INFO] [stderr]   Failed to run rustfmt: Internal rustfmt error (non-fatal, continuing)
[INFO] [stderr] 
[INFO] [stderr] 
[INFO] [stderr]   error occurred: Command "c++" "-O0" "-ffunction-sections" "-fdata-sections" "-fPIC" "-gdwarf-4" "-fno-omit-frame-pointer" "-m64" "-I" "rocksdb/include/" "-I" "rocksdb/" "-I" "rocksdb/third-party/gtest-1.8.1/fused-src/" "-I" "snappy/" "-I" "lz4/lib/" "-I" "/opt/rustwide/cargo-home/registry/src/github.com-1ecc6299db9ec823/zstd-sys-2.0.8+zstd.1.5.5/zstd/lib" "-I" "/opt/rustwide/target/debug/build/libz-sys-ee257d0e96e6bd1c/out/include" "-I" "/opt/rustwide/target/debug/build/bzip2-sys-f862a9c21a93e4c8/out/include" "-I" "." "-Wall" "-Wextra" "-std=c++17" "-Wsign-compare" "-Wshadow" "-Wno-unused-parameter" "-Wno-unused-variable" "-Woverloaded-virtual" "-Wnon-virtual-dtor" "-Wno-missing-field-initializers" "-Wno-strict-aliasing" "-Wno-invalid-offsetof" "-msse2" "-std=c++17" "-DSNAPPY=1" "-DLZ4=1" "-DZSTD=1" "-DZLIB=1" "-DBZIP2=1" "-DNDEBUG=1" "-DOS_LINUX" "-DROCKSDB_PLATFORM_POSIX" "-DROCKSDB_LIB_IO_POSIX" "-DROCKSDB_SUPPORT_THREAD_LOCAL" "-DHAVE_UINT128_EXTENSION=1" "-DHAVE_UINT128_EXTENSION=1" "-o" "/opt/rustwide/target/debug/build/librocksdb-sys-c814adaf3232d73c/out/rocksdb/cache/lru_cache.o" "-c" "rocksdb/cache/lru_cache.cc" with args "c++" did not execute successfully (status code exit status: 1).
[INFO] [stderr] 
[INFO] [stderr] 
[INFO] running `Command { std: "docker" "inspect" "bed2f352de94c591d95597c0d0bcbe2afdb3845d97458fb5b41d78689b70bfaa", kill_on_drop: false }`
[INFO] running `Command { std: "docker" "rm" "-f" "bed2f352de94c591d95597c0d0bcbe2afdb3845d97458fb5b41d78689b70bfaa", kill_on_drop: false }`
[INFO] [stdout] bed2f352de94c591d95597c0d0bcbe2afdb3845d97458fb5b41d78689b70bfaa
