[INFO] fetching crate ink_e2e 4.2.0...
[INFO] documenting ink_e2e-4.2.0 against 1.69.0 for beta-1.70-rustdoc-1
[INFO] extracting crate ink_e2e 4.2.0 into /workspace/builds/worker-7-tc1/source
[INFO] validating manifest of crates.io crate ink_e2e 4.2.0 on toolchain 1.69.0
[INFO] running `Command { std: CARGO_HOME="/workspace/cargo-home" RUSTUP_HOME="/workspace/rustup-home" "/workspace/cargo-home/bin/cargo" "+1.69.0" "metadata" "--manifest-path" "Cargo.toml" "--no-deps", kill_on_drop: false }`
[INFO] started tweaking crates.io crate ink_e2e 4.2.0
[INFO] finished tweaking crates.io crate ink_e2e 4.2.0
[INFO] tweaked toml for crates.io crate ink_e2e 4.2.0 written to /workspace/builds/worker-7-tc1/source/Cargo.toml
[INFO] running `Command { std: CARGO_HOME="/workspace/cargo-home" RUSTUP_HOME="/workspace/rustup-home" __CARGO_TEST_CHANNEL_OVERRIDE_DO_NOT_USE_THIS="nightly" "/workspace/cargo-home/bin/cargo" "+1.69.0" "generate-lockfile" "--manifest-path" "Cargo.toml" "-Zno-index-update", kill_on_drop: false }`
[INFO] running `Command { std: CARGO_HOME="/workspace/cargo-home" RUSTUP_HOME="/workspace/rustup-home" "/workspace/cargo-home/bin/cargo" "+1.69.0" "fetch" "--manifest-path" "Cargo.toml", kill_on_drop: false }`
[INFO] [stderr]  Downloading crates ...
[INFO] [stderr]   Downloaded jsonrpsee-client-transport v0.16.2
[INFO] [stderr]   Downloaded jsonrpsee-core v0.16.2
[INFO] [stderr]   Downloaded sp-core v20.0.0
[INFO] [stderr]   Downloaded sp-core-hashing v8.0.0
[INFO] [stderr]   Downloaded sp-runtime v23.0.0
[INFO] [stderr]   Downloaded ink_storage_traits v4.2.0
[INFO] [stderr]   Downloaded integer-sqrt v0.1.5
[INFO] [stderr]   Downloaded jsonrpsee v0.17.1
[INFO] [stderr]   Downloaded scale-decode-derive v0.5.0
[INFO] [stderr]   Downloaded scale-encode-derive v0.1.2
[INFO] [stderr]   Downloaded jsonrpsee-ws-client v0.17.1
[INFO] [stderr]   Downloaded subxt-metadata v0.28.0
[INFO] [stderr]   Downloaded wasm-opt-cxx-sys v0.112.0
[INFO] [stderr]   Downloaded sp-arithmetic v15.0.0
[INFO] [stderr]   Downloaded sp-panic-handler v7.0.0
[INFO] [stderr]   Downloaded pallet-contracts-primitives v23.0.0
[INFO] [stderr]   Downloaded sp-keyring v23.0.0
[INFO] [stderr]   Downloaded ink_prelude v4.2.0
[INFO] [stderr]   Downloaded jsonrpsee v0.16.2
[INFO] [stderr]   Downloaded sp-weights v19.0.0
[INFO] [stderr]   Downloaded ink_e2e_macro v4.2.0
[INFO] [stderr]   Downloaded sp-keystore v0.26.0
[INFO] [stderr]   Downloaded rlibc v1.0.0
[INFO] [stderr]   Downloaded contract-metadata v2.2.1
[INFO] [stderr]   Downloaded sp-wasm-interface v13.0.0
[INFO] [stderr]   Downloaded ink_primitives v4.2.0
[INFO] [stderr]   Downloaded sp-runtime-interface v16.0.0
[INFO] [stderr]   Downloaded memory-db v0.32.0
[INFO] [stderr]   Downloaded ink_allocator v4.2.0
[INFO] [stderr]   Downloaded yap v0.10.0
[INFO] [stderr]   Downloaded jsonrpsee-http-client v0.16.2
[INFO] [stderr]   Downloaded jsonrpsee-types v0.16.2
[INFO] [stderr]   Downloaded ink_storage v4.2.0
[INFO] [stderr]   Downloaded subxt-macro v0.28.0
[INFO] [stderr]   Downloaded synstructure v0.13.0
[INFO] [stderr]   Downloaded sp-application-crypto v22.0.0
[INFO] [stderr]   Downloaded jsonrpsee-types v0.17.1
[INFO] [stderr]   Downloaded subxt-codegen v0.28.0
[INFO] [stderr]   Downloaded ink_macro v4.2.0
[INFO] [stderr]   Downloaded jsonrpsee-client-transport v0.17.1
[INFO] [stderr]   Downloaded ink_metadata v4.2.0
[INFO] [stderr]   Downloaded scale-encode v0.1.2
[INFO] [stderr]   Downloaded scale-bits v0.3.0
[INFO] [stderr]   Downloaded ink v4.2.0
[INFO] [stderr]   Downloaded sp-io v22.0.0
[INFO] [stderr]   Downloaded tokio-rustls v0.24.0
[INFO] [stderr]   Downloaded scale-decode v0.5.0
[INFO] [stderr]   Downloaded jsonrpsee-core v0.17.1
[INFO] [stderr]   Downloaded sp-trie v21.0.0
[INFO] [stderr]   Downloaded ink_engine v4.2.0
[INFO] [stderr]   Downloaded scale-value v0.7.0
[INFO] [stderr]   Downloaded contract-build v2.2.1
[INFO] [stderr]   Downloaded ink_codegen v4.2.0
[INFO] [stderr]   Downloaded sp-state-machine v0.27.0
[INFO] [stderr]   Downloaded secp256k1 v0.27.0
[INFO] [stderr]   Downloaded ink_env v4.2.0
[INFO] [stderr]   Downloaded ink_ir v4.2.0
[INFO] [stderr]   Downloaded rustls-webpki v0.100.1
[INFO] [stderr]   Downloaded subxt v0.28.0
[INFO] [stderr]   Downloaded frame-metadata v15.1.0
[INFO] [stderr]   Downloaded rustls v0.21.0
[INFO] [stderr]   Downloaded wasm-opt v0.112.0
[INFO] [stderr]   Downloaded wasm-opt-sys v0.112.0
[INFO] [stderr]   Downloaded secp256k1-sys v0.8.1
[INFO] running `Command { std: "docker" "create" "-v" "/var/lib/crater-agent-workspace/builds/worker-7-tc1/target:/opt/rustwide/target:rw,Z" "-v" "/var/lib/crater-agent-workspace/builds/worker-7-tc1/source:/opt/rustwide/workdir:ro,Z" "-v" "/var/lib/crater-agent-workspace/cargo-home:/opt/rustwide/cargo-home:ro,Z" "-v" "/var/lib/crater-agent-workspace/rustup-home:/opt/rustwide/rustup-home:ro,Z" "-e" "SOURCE_DIR=/opt/rustwide/workdir" "-e" "CARGO_TARGET_DIR=/opt/rustwide/target" "-e" "CARGO_HOME=/opt/rustwide/cargo-home" "-e" "RUSTUP_HOME=/opt/rustwide/rustup-home" "-w" "/opt/rustwide/workdir" "-m" "1610612736" "--user" "0:0" "--network" "none" "ghcr.io/rust-lang/crates-build-env/linux@sha256:5ff2268d62e97bff2cde7d5815dd6ed5b47097566f13b8d0ca110b04b60e07ed" "/opt/rustwide/cargo-home/bin/cargo" "+1.69.0" "metadata" "--no-deps" "--format-version=1", kill_on_drop: false }`
[INFO] [stdout] 19140dd48ab0083031f6c2ef76de737d88e148c365cf0dbe96adf38838490a61
[INFO] running `Command { std: "docker" "start" "-a" "19140dd48ab0083031f6c2ef76de737d88e148c365cf0dbe96adf38838490a61", kill_on_drop: false }`
[INFO] running `Command { std: "docker" "inspect" "19140dd48ab0083031f6c2ef76de737d88e148c365cf0dbe96adf38838490a61", kill_on_drop: false }`
[INFO] running `Command { std: "docker" "rm" "-f" "19140dd48ab0083031f6c2ef76de737d88e148c365cf0dbe96adf38838490a61", kill_on_drop: false }`
[INFO] [stdout] 19140dd48ab0083031f6c2ef76de737d88e148c365cf0dbe96adf38838490a61
[INFO] running `Command { std: "docker" "create" "-v" "/var/lib/crater-agent-workspace/builds/worker-7-tc1/target:/opt/rustwide/target:rw,Z" "-v" "/var/lib/crater-agent-workspace/builds/worker-7-tc1/source:/opt/rustwide/workdir:ro,Z" "-v" "/var/lib/crater-agent-workspace/cargo-home:/opt/rustwide/cargo-home:ro,Z" "-v" "/var/lib/crater-agent-workspace/rustup-home:/opt/rustwide/rustup-home:ro,Z" "-e" "SOURCE_DIR=/opt/rustwide/workdir" "-e" "CARGO_TARGET_DIR=/opt/rustwide/target" "-e" "CARGO_INCREMENTAL=0" "-e" "RUST_BACKTRACE=full" "-e" "RUSTFLAGS=--cap-lints=warn" "-e" "RUSTDOCFLAGS=--cap-lints=warn" "-e" "CARGO_HOME=/opt/rustwide/cargo-home" "-e" "RUSTUP_HOME=/opt/rustwide/rustup-home" "-w" "/opt/rustwide/workdir" "-m" "1610612736" "--user" "0:0" "--network" "none" "ghcr.io/rust-lang/crates-build-env/linux@sha256:5ff2268d62e97bff2cde7d5815dd6ed5b47097566f13b8d0ca110b04b60e07ed" "/opt/rustwide/cargo-home/bin/cargo" "+1.69.0" "doc" "--frozen" "--no-deps" "--document-private-items" "--message-format=json", kill_on_drop: false }`
[INFO] [stdout] 6fcc4e9ee6b438c25996d99a0ceb2e4e191766b9a8e5a29920517997368d56df
[INFO] running `Command { std: "docker" "start" "-a" "6fcc4e9ee6b438c25996d99a0ceb2e4e191766b9a8e5a29920517997368d56df", kill_on_drop: false }`
[INFO] [stderr]    Compiling once_cell v1.17.1
[INFO] [stderr]    Compiling libc v0.2.142
[INFO] [stderr]    Compiling syn v1.0.109
[INFO] [stderr]    Compiling indexmap v1.9.3
[INFO] [stderr]    Compiling hashbrown v0.12.3
[INFO] [stderr]    Compiling serde v1.0.160
[INFO] [stderr]    Compiling winnow v0.4.4
[INFO] [stderr]     Checking getrandom v0.2.9
[INFO] [stderr]     Checking rand_core v0.6.4
[INFO] [stderr]    Compiling convert_case v0.4.0
[INFO] [stderr]    Compiling futures-core v0.3.28
[INFO] [stderr]    Compiling typenum v1.16.0
[INFO] [stderr]     Checking rand_chacha v0.3.1
[INFO] [stderr]    Compiling futures-channel v0.3.28
[INFO] [stderr]     Checking rand v0.8.5
[INFO] [stderr]    Compiling futures-task v0.3.28
[INFO] [stderr]    Compiling memchr v2.5.0
[INFO] [stderr]    Compiling generic-array v0.14.7
[INFO] [stderr]     Checking byteorder v1.4.3
[INFO] [stderr]    Compiling jobserver v0.1.26
[INFO] [stderr]     Checking byte-slice-cast v1.2.2
[INFO] [stderr]    Compiling itoa v1.0.6
[INFO] [stderr]    Compiling cc v1.0.79
[INFO] [stderr]    Compiling rustix v0.37.18
[INFO] [stderr]    Compiling subtle v2.4.1
[INFO] [stderr]    Compiling fnv v1.0.7
[INFO] [stderr]     Checking funty v2.0.0
[INFO] [stderr]    Compiling serde_json v1.0.96
[INFO] [stderr]    Compiling crunchy v0.2.2
[INFO] [stderr]    Compiling ryu v1.0.13
[INFO] [stderr]    Compiling num-traits v0.2.15
[INFO] [stderr]    Compiling strsim v0.10.0
[INFO] [stderr]     Checking tracing-core v0.1.30
[INFO] [stderr]     Checking bitvec v1.0.1
[INFO] [stderr]     Checking impl-serde v0.4.0
[INFO] [stderr]    Compiling tokio-macros v2.1.0
[INFO] [stderr]    Compiling ahash v0.7.6
[INFO] [stderr]     Checking rustc-hex v2.1.0
[INFO] [stderr]    Compiling ring v0.16.20
[INFO] [stderr]    Compiling serde_spanned v0.6.1
[INFO] [stderr]    Compiling toml_datetime v0.6.1
[INFO] [stderr]    Compiling toml_edit v0.19.8
[INFO] [stderr]     Checking fixed-hash v0.8.0
[INFO] [stderr]     Checking uint v0.9.5
[INFO] [stderr]     Checking tracing v0.1.37
[INFO] [stderr]    Compiling digest v0.9.0
[INFO] [stderr]    Compiling aho-corasick v1.0.1
[INFO] [stderr]    Compiling ident_case v1.0.1
[INFO] [stderr]    Compiling futures-util v0.3.28
[INFO] [stderr]     Checking futures-io v0.3.28
[INFO] [stderr]    Compiling regex-syntax v0.7.1
[INFO] [stderr]    Compiling darling_core v0.14.4
[INFO] [stderr]    Compiling log v0.4.17
[INFO] [stderr]    Compiling proc-macro-crate v1.3.1
[INFO] [stderr]     Checking getrandom v0.1.16
[INFO] [stderr]    Compiling pin-project-lite v0.2.9
[INFO] [stderr]     Checking rand_core v0.5.1
[INFO] [stderr]     Checking num-integer v0.1.45
[INFO] [stderr]    Compiling anyhow v1.0.71
[INFO] [stderr]    Compiling regex v1.8.1
[INFO] [stderr]    Compiling crc32fast v1.3.2
[INFO] [stderr]     Checking url v2.3.1
[INFO] [stderr]     Checking stable_deref_trait v1.2.0
[INFO] [stderr]    Compiling target-lexicon v0.12.7
[INFO] [stderr]     Checking sp-std v7.0.0
[INFO] [stderr]    Compiling impl-trait-for-tuples v0.2.2
[INFO] [stderr]    Compiling parity-scale-codec-derive v3.1.4
[INFO] [stderr]    Compiling derive_more v0.99.17
[INFO] [stderr]    Compiling scale-info-derive v2.6.0
[INFO] [stderr]    Compiling darling_macro v0.14.4
[INFO] [stderr]     Checking fallible-iterator v0.2.0
[INFO] [stderr]    Compiling darling v0.14.4
[INFO] [stderr]     Checking gimli v0.26.2
[INFO] [stderr]     Checking futures-executor v0.3.28
[INFO] [stderr]     Checking wasmparser v0.100.0
[INFO] [stderr]     Checking cranelift-entity v0.93.2
[INFO] [stderr]    Compiling arrayvec v0.7.2
[INFO] [stderr]     Checking base64 v0.13.1
[INFO] [stderr]    Compiling rustix v0.36.13
[INFO] [stderr]     Checking object v0.29.0
[INFO] [stderr]     Checking futures v0.3.28
[INFO] [stderr]     Checking sha3 v0.10.7
[INFO] [stderr]    Compiling wasmtime-runtime v6.0.2
[INFO] [stderr]     Checking generic-array v0.12.4
[INFO] [stderr]     Checking smallvec v1.10.0
[INFO] [stderr]    Compiling libm v0.2.6
[INFO] [stderr]    Compiling cpp_demangle v0.3.5
[INFO] [stderr]    Compiling libsecp256k1-core v0.3.0
[INFO] [stderr]     Checking num-bigint v0.4.3
[INFO] [stderr]     Checking memfd v0.6.3
[INFO] [stderr]    Compiling Inflector v0.11.4
[INFO] [stderr]    Compiling psm v0.1.21
[INFO] [stderr]    Compiling block-buffer v0.10.4
[INFO] [stderr]    Compiling crypto-common v0.1.6
[INFO] [stderr]     Checking wasmtime-jit-debug v6.0.2
[INFO] [stderr]     Checking wasmtime-asm-macros v6.0.2
[INFO] [stderr]    Compiling ref-cast v1.0.16
[INFO] [stderr]     Checking regex-syntax v0.6.29
[INFO] [stderr]    Compiling bytes v1.4.0
[INFO] [stderr]     Checking byte-tools v0.3.1
[INFO] [stderr]     Checking wasmtime-types v6.0.2
[INFO] [stderr]    Compiling digest v0.10.6
[INFO] [stderr]     Checking block-padding v0.1.5
[INFO] [stderr]     Checking num-rational v0.4.1
[INFO] [stderr]     Checking digest v0.8.1
[INFO] [stderr]     Checking wasmtime-environ v6.0.2
[INFO] [stderr]     Checking addr2line v0.17.0
[INFO] [stderr]     Checking sha2 v0.9.9
[INFO] [stderr]     Checking parity-scale-codec v3.4.0
[INFO] [stderr]    Compiling ref-cast-impl v1.0.16
[INFO] [stderr]     Checking wasmtime-jit-icache-coherence v6.0.2
[INFO] [stderr]    Compiling futures-sink v0.3.28
[INFO] [stderr]    Compiling wasmtime v6.0.2
[INFO] [stderr]    Compiling termcolor v1.2.0
[INFO] [stderr]     Checking memory_units v0.4.0
[INFO] [stderr]     Checking regex-automata v0.1.10
[INFO] [stderr]     Checking iana-time-zone v0.1.56
[INFO] [stderr]    Compiling rustversion v1.0.12
[INFO] [stderr]     Checking parity-wasm v0.45.0
[INFO] [stderr]     Checking scale-info v2.6.0
[INFO] [stderr]     Checking impl-codec v0.6.0
[INFO] [stderr]    Compiling tap v1.0.1
[INFO] [stderr]     Checking downcast-rs v1.2.0
[INFO] [stderr]    Compiling wyz v0.5.1
[INFO] [stderr]     Checking wasmi_core v0.2.1
[INFO] [stderr]     Checking chrono v0.4.24
[INFO] [stderr]     Checking matchers v0.0.1
[INFO] [stderr]     Checking block-buffer v0.7.3
[INFO] [stderr]    Compiling libsecp256k1-gen-genmult v0.3.0
[INFO] [stderr]    Compiling libsecp256k1-gen-ecmult v0.3.0
[INFO] [stderr]     Checking tracing-log v0.1.3
[INFO] [stderr]     Checking wasmi-validation v0.5.0
[INFO] [stderr]    Compiling scale-decode-derive v0.5.0
[INFO] [stderr]    Compiling scale-encode-derive v0.1.2
[INFO] [stderr]    Compiling sp-debug-derive v7.0.0
[INFO] [stderr]     Checking rand_chacha v0.2.2
[INFO] [stderr]     Checking primitive-types v0.12.1
[INFO] [stderr]    Compiling secp256k1-sys v0.6.1
[INFO] [stderr]     Checking tracing-serde v0.1.3
[INFO] [stderr]     Checking crypto-mac v0.8.0
[INFO] [stderr]     Checking crypto-mac v0.11.1
[INFO] [stderr]     Checking thread_local v1.1.7
[INFO] [stderr]    Compiling radium v0.7.0
[INFO] [stderr]    Compiling tokio v1.28.0
[INFO] [stderr]     Checking ansi_term v0.12.1
[INFO] [stderr]     Checking hash-db v0.16.0
[INFO] [stderr]     Checking opaque-debug v0.2.3
[INFO] [stderr]    Compiling rustls v0.20.8
[INFO] [stderr]     Checking fake-simd v0.1.2
[INFO] [stderr]     Checking blake2b_simd v1.0.1
[INFO] [stderr]     Checking sha2 v0.8.2
[INFO] [stderr]     Checking sp-storage v12.0.0
[INFO] [stderr]     Checking tracing-subscriber v0.2.25
[INFO] [stderr]     Checking hmac v0.8.1
[INFO] [stderr]     Checking rand v0.7.3
[INFO] [stderr]     Checking wasmi v0.13.2
[INFO] [stderr]    Compiling libsecp256k1 v0.7.1
[INFO] [stderr]     Checking curve25519-dalek v2.1.3
[INFO] [stderr]    Compiling ss58-registry v1.40.0
[INFO] [stderr]     Checking merlin v2.0.1
[INFO] [stderr]     Checking curve25519-dalek v3.2.0
[INFO] [stderr]    Compiling mio v0.8.6
[INFO] [stderr]     Checking twox-hash v1.6.3
[INFO] [stderr]    Compiling socket2 v0.4.9
[INFO] [stderr]    Compiling io-lifetimes v1.0.10
[INFO] [stderr]    Compiling num_cpus v1.15.0
[INFO] [stderr]    Compiling slab v0.4.8
[INFO] [stderr]    Compiling ahash v0.8.3
[INFO] [stderr]     Checking environmental v1.1.4
[INFO] [stderr]    Compiling untrusted v0.7.1
[INFO] [stderr]    Compiling pin-utils v0.1.0
[INFO] [stderr]     Checking arrayvec v0.5.2
[INFO] [stderr]    Compiling spin v0.5.2
[INFO] [stderr]    Compiling linux-raw-sys v0.3.6
[INFO] [stderr]     Checking sp-externalities v0.18.0
[INFO] [stderr]     Checking schnorrkel v0.9.1
[INFO] [stderr]     Checking sp-core-hashing v8.0.0
[INFO] [stderr]     Checking sp-tracing v9.0.0
[INFO] [stderr]     Checking hmac-drbg v0.3.0
[INFO] [stderr]     Checking parking_lot_core v0.9.7
[INFO] [stderr]     Checking hmac v0.11.0
[INFO] [stderr]     Checking pbkdf2 v0.8.0
[INFO] [stderr]    Compiling sp-runtime-interface-proc-macro v10.0.0
[INFO] [stderr]    Compiling pin-project-internal v1.0.12
[INFO] [stderr]    Compiling dyn-clonable-impl v0.9.0
[INFO] [stderr]     Checking pbkdf2 v0.11.0
[INFO] [stderr]     Checking hmac v0.12.1
[INFO] [stderr]     Checking num-format v0.4.4
[INFO] [stderr]     Checking dyn-clone v1.0.11
[INFO] [stderr]    Compiling scratch v1.0.5
[INFO] [stderr]    Compiling httparse v1.8.0
[INFO] [stderr]     Checking dyn-clonable v0.9.0
[INFO] [stderr]     Checking tiny-bip39 v1.0.0
[INFO] [stderr]     Checking substrate-bip39 v0.4.4
[INFO] [stderr]     Checking parking_lot v0.12.1
[INFO] [stderr]     Checking ed25519-zebra v3.1.0
[INFO] [stderr]     Checking scale-bits v0.3.0
[INFO] [stderr]     Checking bounded-collections v0.1.6
[INFO] [stderr]    Compiling http v0.2.9
[INFO] [stderr]     Checking secrecy v0.8.0
[INFO] [stderr]    Compiling link-cplusplus v1.0.8
[INFO] [stderr]     Checking hash256-std-hasher v0.15.2
[INFO] [stderr]    Compiling unicode-width v0.1.10
[INFO] [stderr]     Checking array-bytes v4.2.0
[INFO] [stderr]     Checking bs58 v0.4.0
[INFO] [stderr]    Compiling ppv-lite86 v0.2.17
[INFO] [stderr]    Compiling codespan-reporting v0.11.1
[INFO] [stderr]    Compiling tokio-util v0.7.8
[INFO] [stderr]     Checking hashbrown v0.13.2
[INFO] [stderr]    Compiling webpki v0.22.0
[INFO] [stderr]     Checking sct v0.7.0
[INFO] [stderr]    Compiling backtrace v0.3.67
[INFO] [stderr]     Checking beef v0.5.2
[INFO] [stderr]    Compiling try-lock v0.2.4
[INFO] [stderr]    Compiling cpufeatures v0.2.7
[INFO] [stderr]    Compiling cxxbridge-flags v1.0.94
[INFO] [stderr]    Compiling want v0.3.0
[INFO] [stderr]    Compiling cxx-build v1.0.94
[INFO] [stderr]    Compiling cxx v1.0.94
[INFO] [stderr]    Compiling h2 v0.3.18
[INFO] [stderr]    Compiling http-body v0.4.5
[INFO] [stderr]     Checking scale-encode v0.1.2
[INFO] [stderr]     Checking scale-decode v0.5.0
[INFO] [stderr]    Compiling is-terminal v0.4.7
[INFO] [stderr]     Checking object v0.30.3
[INFO] [stderr]    Compiling httpdate v1.0.2
[INFO] [stderr]    Compiling base64 v0.21.0
[INFO] [stderr]    Compiling tower-service v0.3.2
[INFO] [stderr]    Compiling rustls-pemfile v1.0.2
[INFO] [stderr]     Checking trie-db v0.27.1
[INFO] [stderr]     Checking schnellru v0.2.1
[INFO] [stderr]     Checking trie-root v0.18.0
[INFO] [stderr]     Checking memory-db v0.32.0
[INFO] [stderr]    Compiling event-listener v2.5.3
[INFO] [stderr]     Checking nohash-hasher v0.2.0
[INFO] [stderr]     Checking futures-timer v3.0.2
[INFO] [stderr]    Compiling openssl-probe v0.1.5
[INFO] [stderr]     Checking ed25519 v1.5.3
[INFO] [stderr]    Compiling async-lock v2.7.0
[INFO] [stderr]    Compiling rustls-native-certs v0.6.2
[INFO] [stderr]    Compiling jsonrpsee-types v0.16.2
[INFO] [stderr]    Compiling hyper v0.14.26
[INFO] [stderr]    Compiling webpki-roots v0.22.6
[INFO] [stderr]    Compiling sp-io v22.0.0
[INFO] [stderr]     Checking sha-1 v0.9.8
[INFO] [stderr]    Compiling secp256k1-sys v0.8.1
[INFO] [stderr]    Compiling block-buffer v0.9.0
[INFO] [stderr]     Checking ink_prelude v4.2.0
[INFO] [stderr]     Checking xxhash-rust v0.8.6
[INFO] [stderr]    Compiling semver v1.0.17
[INFO] [stderr]    Compiling tinyvec_macros v0.1.1
[INFO] [stderr]    Compiling wasm-opt-sys v0.112.0
[INFO] [stderr]    Compiling tokio-rustls v0.23.4
[INFO] [stderr]    Compiling opaque-debug v0.3.0
[INFO] [stderr]     Checking sp-panic-handler v7.0.0
[INFO] [stderr]    Compiling tinyvec v1.6.0
[INFO] [stderr]     Checking ink_primitives v4.2.0
[INFO] [stderr]     Checking soketto v0.7.1
[INFO] [stderr]     Checking ed25519-dalek v1.0.1
[INFO] [stderr]     Checking pin-project v1.0.12
[INFO] [stderr]    Compiling blake2 v0.10.6
[INFO] [stderr]     Checking integer-sqrt v0.1.5
[INFO] [stderr]    Compiling cxxbridge-macro v1.0.94
[INFO] [stderr]    Compiling constant_time_eq v0.2.5
[INFO] [stderr]    Compiling rustls v0.21.0
[INFO] [stderr]    Compiling utf8parse v0.2.1
[INFO] [stderr]    Compiling arrayref v0.3.7
[INFO] [stderr]    Compiling static_assertions v1.1.0
[INFO] [stderr]    Compiling keccak v0.1.3
[INFO] [stderr]    Compiling anstyle-parse v0.2.0
[INFO] [stderr]    Compiling unicode-normalization v0.1.22
[INFO] [stderr]    Compiling jsonrpsee-core v0.16.2
[INFO] [stderr]    Compiling hyper-rustls v0.23.2
[INFO] [stderr]     Checking sp-arithmetic v15.0.0
[INFO] [stderr]    Compiling wasm-opt-cxx-sys v0.112.0
[INFO] [stderr]    Compiling itertools v0.10.5
[INFO] [stderr]    Compiling sha2 v0.10.6
[INFO] [stderr]    Compiling strum_macros v0.24.3
[INFO] [stderr]     Checking rustls-webpki v0.100.1
[INFO] [stderr]    Compiling camino v1.1.4
[INFO] [stderr]    Compiling humantime v2.1.0
[INFO] [stderr]    Compiling hex v0.4.3
[INFO] [stderr]    Compiling percent-encoding v2.2.0
[INFO] [stderr]    Compiling colorchoice v1.0.0
[INFO] [stderr]    Compiling unicode-bidi v0.3.13
[INFO] [stderr]     Checking either v1.8.1
[INFO] [stderr]    Compiling anstyle v1.0.0
[INFO] [stderr]    Compiling same-file v1.0.6
[INFO] [stderr]    Compiling anstyle-query v1.0.0
[INFO] [stderr]    Compiling walkdir v2.3.3
[INFO] [stderr]    Compiling anstream v0.3.1
[INFO] [stderr]    Compiling idna v0.3.0
[INFO] [stderr]    Compiling form_urlencoded v1.1.0
[INFO] [stderr]    Compiling env_logger v0.10.0
[INFO] [stderr]    Compiling ink_ir v4.2.0
[INFO] [stderr]    Compiling jsonrpsee-client-transport v0.16.2
[INFO] [stderr]    Compiling jsonrpsee-http-client v0.16.2
[INFO] [stderr]    Compiling zip v0.6.4
[INFO] [stderr]     Checking ink_metadata v4.2.0
[INFO] [stderr]     Checking jsonrpsee-types v0.17.1
[INFO] [stderr]     Checking tokio-stream v0.1.14
[INFO] [stderr]    Compiling frame-metadata v15.1.0
[INFO] [stderr]    Compiling fastrand v1.9.0
[INFO] [stderr]    Compiling clap_lex v0.4.1
[INFO] [stderr]    Compiling tempfile v3.5.0
[INFO] [stderr]    Compiling subxt-metadata v0.28.0
[INFO] [stderr]    Compiling clap_builder v4.2.5
[INFO] [stderr]     Checking jsonrpsee-core v0.17.1
[INFO] [stderr]     Checking tokio-rustls v0.24.0
[INFO] [stderr]     Checking ink_storage_traits v4.2.0
[INFO] [stderr]    Compiling jsonrpsee v0.16.2
[INFO] [stderr]    Compiling contract-build v2.2.1
[INFO] [stderr]    Compiling clap_derive v4.2.0
[INFO] [stderr]    Compiling cargo-platform v0.1.2
[INFO] [stderr]    Compiling atty v0.2.14
[INFO] [stderr]     Checking ink_allocator v4.2.0
[INFO] [stderr]    Compiling strum v0.24.1
[INFO] [stderr]    Compiling colored v2.0.0
[INFO] [stderr]     Checking jsonrpsee-client-transport v0.17.1
[INFO] [stderr]    Compiling cargo_metadata v0.15.4
[INFO] [stderr]    Compiling contract-metadata v2.2.1
[INFO] [stderr]    Compiling proc-macro-error v1.0.4
[INFO] [stderr]    Compiling subxt-codegen v0.28.0
[INFO] [stderr]    Compiling ink_codegen v4.2.0
[INFO] [stderr]    Compiling rustc_version v0.4.0
[INFO] [stderr]    Compiling which v4.4.0
[INFO] [stderr]    Compiling synstructure v0.13.0
[INFO] [stderr]    Compiling toml v0.7.3
[INFO] [stderr]     Checking yap v0.10.0
[INFO] [stderr]     Checking jsonrpsee-ws-client v0.17.1
[INFO] [stderr]     Checking scale-value v0.7.0
[INFO] [stderr]    Compiling derivative v2.2.0
[INFO] [stderr]     Checking base58 v0.2.0
[INFO] [stderr]    Compiling clap v4.2.5
[INFO] [stderr]     Checking jsonrpsee v0.17.1
[INFO] [stderr]     Checking impl-serde v0.3.2
[INFO] [stderr]     Checking wasmtime-jit v6.0.2
[INFO] [stderr]    Compiling ink_macro v4.2.0
[INFO] [stderr]    Compiling subxt-macro v0.28.0
[INFO] [stderr]     Checking secp256k1 v0.27.0
[INFO] [stderr]     Checking sp-wasm-interface v13.0.0
[INFO] [stderr]     Checking ink_engine v4.2.0
[INFO] [stderr]     Checking ink_env v4.2.0
[INFO] [stdout] error: linking with `cc` failed: exit status: 1
[INFO] [stdout]   |
[INFO] [stdout]   = note: LC_ALL="C" PATH="/opt/rustwide/rustup-home/toolchains/1.69.0-x86_64-unknown-linux-gnu/lib/rustlib/x86_64-unknown-linux-gnu/bin:/opt/rustwide/cargo-home/bin:/usr/local/sbin:/usr/local/bin:/usr/sbin:/usr/bin:/sbin:/bin" VSLANG="1033" "cc" "-Wl,--version-script=/tmp/rustca9EFlg/list" "-m64" "/tmp/rustca9EFlg/symbols.o" "/opt/rustwide/target/debug/deps/subxt_macro-86a0a2d741b894e7.subxt_macro.f8800650-cgu.0.rcgu.o" "/opt/rustwide/target/debug/deps/subxt_macro-86a0a2d741b894e7.subxt_macro.f8800650-cgu.1.rcgu.o" "/opt/rustwide/target/debug/deps/subxt_macro-86a0a2d741b894e7.subxt_macro.f8800650-cgu.10.rcgu.o" "/opt/rustwide/target/debug/deps/subxt_macro-86a0a2d741b894e7.subxt_macro.f8800650-cgu.11.rcgu.o" "/opt/rustwide/target/debug/deps/subxt_macro-86a0a2d741b894e7.subxt_macro.f8800650-cgu.12.rcgu.o" "/opt/rustwide/target/debug/deps/subxt_macro-86a0a2d741b894e7.subxt_macro.f8800650-cgu.13.rcgu.o" "/opt/rustwide/target/debug/deps/subxt_macro-86a0a2d741b894e7.subxt_macro.f8800650-cgu.14.rcgu.o" "/opt/rustwide/target/debug/deps/subxt_macro-86a0a2d741b894e7.subxt_macro.f8800650-cgu.15.rcgu.o" "/opt/rustwide/target/debug/deps/subxt_macro-86a0a2d741b894e7.subxt_macro.f8800650-cgu.2.rcgu.o" "/opt/rustwide/target/debug/deps/subxt_macro-86a0a2d741b894e7.subxt_macro.f8800650-cgu.3.rcgu.o" "/opt/rustwide/target/debug/deps/subxt_macro-86a0a2d741b894e7.subxt_macro.f8800650-cgu.4.rcgu.o" "/opt/rustwide/target/debug/deps/subxt_macro-86a0a2d741b894e7.subxt_macro.f8800650-cgu.5.rcgu.o" "/opt/rustwide/target/debug/deps/subxt_macro-86a0a2d741b894e7.subxt_macro.f8800650-cgu.6.rcgu.o" "/opt/rustwide/target/debug/deps/subxt_macro-86a0a2d741b894e7.subxt_macro.f8800650-cgu.7.rcgu.o" "/opt/rustwide/target/debug/deps/subxt_macro-86a0a2d741b894e7.subxt_macro.f8800650-cgu.8.rcgu.o" "/opt/rustwide/target/debug/deps/subxt_macro-86a0a2d741b894e7.subxt_macro.f8800650-cgu.9.rcgu.o" "/opt/rustwide/target/debug/deps/subxt_macro-86a0a2d741b894e7.v8ypi50wyw7rxo8.rcgu.rmeta" "/opt/rustwide/target/debug/deps/subxt_macro-86a0a2d741b894e7.2cb7f6qmr6z8f2my.rcgu.o" "-Wl,--as-needed" "-L" "/opt/rustwide/target/debug/deps" "-L" "/opt/rustwide/target/debug/build/ring-78194e2a2489f4de/out" "-L" "/opt/rustwide/rustup-home/toolchains/1.69.0-x86_64-unknown-linux-gnu/lib/rustlib/x86_64-unknown-linux-gnu/lib" "-Wl,-Bstatic" "/opt/rustwide/target/debug/deps/libsubxt_codegen-fbcc9fb648fb9f51.rlib" "/opt/rustwide/target/debug/deps/libhex-93380947ded2832e.rlib" "/opt/rustwide/target/debug/deps/libjsonrpsee-63d0b27c8a9b219b.rlib" "/opt/rustwide/target/debug/deps/libjsonrpsee_client_transport-59ccd52a17c1fd2b.rlib" "/opt/rustwide/target/debug/deps/libsoketto-1983b3460cdf0ad3.rlib" "/opt/rustwide/target/debug/deps/libbase64-b6761eab64845204.rlib" "/opt/rustwide/target/debug/deps/libsha1-d8d2f252b3a1a81f.rlib" "/opt/rustwide/target/debug/deps/libopaque_debug-920d67dd7cfbde50.rlib" "/opt/rustwide/target/debug/deps/libblock_buffer-6fb69c74f623e9ad.rlib" "/opt/rustwide/target/debug/deps/libdigest-796ae2de6b36951a.rlib" "/opt/rustwide/target/debug/deps/libfutures-9c22d45ffb73dd7a.rlib" "/opt/rustwide/target/debug/deps/libpin_project-21204a212eaf7fab.rlib" "/opt/rustwide/target/debug/deps/libjsonrpsee_http_client-94532e6dbd884445.rlib" "/opt/rustwide/target/debug/deps/libhyper_rustls-09a64fcbeb3ddf29.rlib" "/opt/rustwide/target/debug/deps/libwebpki_roots-eac6353c9534e2ff.rlib" "/opt/rustwide/target/debug/deps/librustls_native_certs-453a5ed40397c6b1.rlib" "/opt/rustwide/target/debug/deps/librustls_pemfile-9070941de40297a4.rlib" "/opt/rustwide/target/debug/deps/libbase64-6b6e3d2b38f94c0a.rlib" "/opt/rustwide/target/debug/deps/libopenssl_probe-06213f3f18798f2a.rlib" "/opt/rustwide/target/debug/deps/libtokio_rustls-d2e4d320ef5ca24c.rlib" "/opt/rustwide/target/debug/deps/librustls-c0f2cd7c98e0b293.rlib" "/opt/rustwide/target/debug/deps/libsct-5d1592bc38dc6b81.rlib" "/opt/rustwide/target/debug/deps/libwebpki-e7a176af6c25c881.rlib" "/opt/rustwide/target/debug/deps/libring-52528e51dd437628.rlib" "/opt/rustwide/target/debug/deps/libspin-387600f003b87152.rlib" "/opt/rustwide/target/debug/deps/libuntrusted-73d09b192c728220.rlib" "/opt/rustwide/target/debug/deps/libjsonrpsee_core-f8fa46fb56803ed0.rlib" "/opt/rustwide/target/debug/deps/libasync_lock-ce1955ee211de05b.rlib" "/opt/rustwide/target/debug/deps/libevent_listener-f5aec5ea5c7d25f7.rlib" "/opt/rustwide/target/debug/deps/librustc_hash-6f4995b07864623a.rlib" "/opt/rustwide/target/debug/deps/libfutures_timer-6bd9d9d26ab559ca.rlib" "/opt/rustwide/target/debug/deps/libjsonrpsee_types-2a6ace03b6f59037.rlib" "/opt/rustwide/target/debug/deps/libthiserror-d61fb118e3dc193d.rlib" "/opt/rustwide/target/debug/deps/libserde_json-7b99cbcf4fa56c74.rlib" "/opt/rustwide/target/debug/deps/libryu-597eea74c09d4154.rlib" "/opt/rustwide/target/debug/deps/libbeef-501a884f49928717.rlib" "/opt/rustwide/target/debug/deps/libanyhow-d7479adf4efb307b.rlib" "/opt/rustwide/target/debug/deps/libhyper-a0b92bfc3c583733.rlib" "/opt/rustwide/target/debug/deps/libwant-574caa0ad5624147.rlib" "/opt/rustwide/target/debug/deps/libtry_lock-90572a64e175b7a3.rlib" "/opt/rustwide/target/debug/deps/libhttparse-4565ca30c6bf6cb5.rlib" "/opt/rustwide/target/debug/deps/libh2-0b39f70dba4713c9.rlib" "/opt/rustwide/target/debug/deps/libindexmap-5f265b536e0b2f67.rlib" "/opt/rustwide/target/debug/deps/libhashbrown-2245b521a99815a7.rlib" "/opt/rustwide/target/debug/deps/libtokio_util-5be16612177cff17.rlib" "/opt/rustwide/target/debug/deps/libtower_service-c21ae61d39a68bcb.rlib" "/opt/rustwide/target/debug/deps/libtracing-911d7059fbd22b91.rlib" "/opt/rustwide/target/debug/deps/libtracing_core-09b69afe197b3f9b.rlib" "/opt/rustwide/target/debug/deps/libonce_cell-8caa6a938c7b7f13.rlib" "/opt/rustwide/target/debug/deps/libhttp_body-0b098fa6347ccd89.rlib" "/opt/rustwide/target/debug/deps/libfutures_util-ed7edda8edfb33db.rlib" "/opt/rustwide/target/debug/deps/libmemchr-05e2d3cf17aa7036.rlib" "/opt/rustwide/target/debug/deps/libfutures_io-bcdfea6dbf90fd72.rlib" "/opt/rustwide/target/debug/deps/libslab-32c4bdbb2b5136f4.rlib" "/opt/rustwide/target/debug/deps/libfutures_channel-b6a7486fd5d8727b.rlib" "/opt/rustwide/target/debug/deps/libfutures_sink-d03cbb31e122649a.rlib" "/opt/rustwide/target/debug/deps/libfutures_task-11c00b1fb38fd234.rlib" "/opt/rustwide/target/debug/deps/libpin_utils-3262af40b379dc0c.rlib" "/opt/rustwide/target/debug/deps/libfutures_core-0c6f6018f256cd6b.rlib" "/opt/rustwide/target/debug/deps/libtokio-cc57b66306e23f71.rlib" "/opt/rustwide/target/debug/deps/libnum_cpus-f5e47b914e9844ce.rlib" "/opt/rustwide/target/debug/deps/libsocket2-a1adf5643d278529.rlib" "/opt/rustwide/target/debug/deps/libpin_project_lite-7846d70473d9f670.rlib" "/opt/rustwide/target/debug/deps/libmio-90732fc26c030f82.rlib" "/opt/rustwide/target/debug/deps/liblog-3288f2ba510aaab7.rlib" "/opt/rustwide/target/debug/deps/libhttp-252a4c2f8393e5f7.rlib" "/opt/rustwide/target/debug/deps/libitoa-9f6785dfd571c9fa.rlib" "/opt/rustwide/target/debug/deps/libbytes-36b84e2525fb75fc.rlib" "/opt/rustwide/target/debug/deps/libsubxt_metadata-1f35831daf6b4be7.rlib" "/opt/rustwide/target/debug/deps/libsp_core_hashing-fc21e05620086dc4.rlib" "/opt/rustwide/target/debug/deps/libsha2-d194819923d4b4d2.rlib" "/opt/rustwide/target/debug/deps/libcpufeatures-aec5c078e7d8e50c.rlib" "/opt/rustwide/target/debug/deps/libsha3-ef26524f2295610d.rlib" "/opt/rustwide/target/debug/deps/libkeccak-578f0bc3583b79a7.rlib" "/opt/rustwide/target/debug/deps/libtwox_hash-2793301fd38854d3.rlib" "/opt/rustwide/target/debug/deps/librand-728bbab7437cbc48.rlib" "/opt/rustwide/target/debug/deps/librand_chacha-412e5ba534eb77d9.rlib" "/opt/rustwide/target/debug/deps/libppv_lite86-653f3a1e70b13edb.rlib" "/opt/rustwide/target/debug/deps/librand_core-3a300cb7b5fbada1.rlib" "/opt/rustwide/target/debug/deps/libgetrandom-cad2b83e9e36baa4.rlib" "/opt/rustwide/target/debug/deps/liblibc-ddc8a5421617b305.rlib" "/opt/rustwide/target/debug/deps/libstatic_assertions-b05191f6d388b880.rlib" "/opt/rustwide/target/debug/deps/libblake2b_simd-d234d8b1a0042b20.rlib" "/opt/rustwide/target/debug/deps/libconstant_time_eq-76674ab4f1a0aa08.rlib" "/opt/rustwide/target/debug/deps/libarrayref-070ad79c8ab50132.rlib" "/opt/rustwide/target/debug/deps/libdigest-a95dc64da8b89854.rlib" "/opt/rustwide/target/debug/deps/libsubtle-e1f1ec5e31815fb2.rlib" "/opt/rustwide/target/debug/deps/libblock_buffer-c63035c88713886f.rlib" "/opt/rustwide/target/debug/deps/libcrypto_common-3ae0a4190e375d03.rlib" "/opt/rustwide/target/debug/deps/libgeneric_array-e8bd6e1c126763a0.rlib" "/opt/rustwide/target/debug/deps/libtypenum-620ac174452133e7.rlib" "/opt/rustwide/target/debug/deps/libbyteorder-20bc851861c98aec.rlib" "/opt/rustwide/target/debug/deps/libheck-e2e8ff9318000875.rlib" "/opt/rustwide/target/debug/deps/libframe_metadata-7d358af975675843.rlib" "/opt/rustwide/target/debug/deps/libscale_info-a0b008548aa42138.rlib" "/opt/rustwide/target/debug/deps/libbitvec-2ece28cf351074f8.rlib" "/opt/rustwide/target/debug/deps/libwyz-52638ff90bb0f1bf.rlib" "/opt/rustwide/target/debug/deps/libtap-e9983273d719c8f0.rlib" "/opt/rustwide/target/debug/deps/libradium-42cc72c22b235fda.rlib" "/opt/rustwide/target/debug/deps/libfunty-4b7039c2446e6132.rlib" "/opt/rustwide/target/debug/deps/libcfg_if-cf8dcbef34369ddd.rlib" "/opt/rustwide/target/debug/deps/libparity_scale_codec-032f563c92f8464d.rlib" "/opt/rustwide/target/debug/deps/libarrayvec-b4bc9722f90b5b42.rlib" "/opt/rustwide/target/debug/deps/libbyte_slice_cast-2389a9e58d3eda2f.rlib" "/opt/rustwide/target/debug/deps/libserde-b7d0ccd4921cef5b.rlib" "/opt/rustwide/target/debug/deps/libproc_macro_error-cbb1165649198fc5.rlib" "/opt/rustwide/target/debug/deps/libdarling-b8ec3085a0365074.rlib" "/opt/rustwide/target/debug/deps/libdarling_core-1d3502bcce450488.rlib" "/opt/rustwide/target/debug/deps/libstrsim-0cb4c15ce526f7a5.rlib" "/opt/rustwide/target/debug/deps/libfnv-04cb5003badb0101.rlib" "/opt/rustwide/target/debug/deps/libident_case-d884ae8784ebd51a.rlib" "/opt/rustwide/target/debug/deps/libsyn-389bd4fa0de07591.rlib" "/opt/rustwide/target/debug/deps/libquote-feb4935b8abbbb43.rlib" "/opt/rustwide/target/debug/deps/libproc_macro2-175e52016190dd21.rlib" "/opt/rustwide/target/debug/deps/libunicode_ident-b80adc97778cd786.rlib" "/opt/rustwide/rustup-home/toolchains/1.69.0-x86_64-unknown-linux-gnu/lib/rustlib/x86_64-unknown-linux-gnu/lib/libproc_macro-3627dfecd49b0535.rlib" "/opt/rustwide/rustup-home/toolchains/1.69.0-x86_64-unknown-linux-gnu/lib/rustlib/x86_64-unknown-linux-gnu/lib/libstd-89bc084783fdc439.rlib" "/opt/rustwide/rustup-home/toolchains/1.69.0-x86_64-unknown-linux-gnu/lib/rustlib/x86_64-unknown-linux-gnu/lib/libpanic_unwind-8bee4b287d4367c1.rlib" "/opt/rustwide/rustup-home/toolchains/1.69.0-x86_64-unknown-linux-gnu/lib/rustlib/x86_64-unknown-linux-gnu/lib/libobject-d61707aed80694c0.rlib" "/opt/rustwide/rustup-home/toolchains/1.69.0-x86_64-unknown-linux-gnu/lib/rustlib/x86_64-unknown-linux-gnu/lib/libmemchr-d85366256f22345b.rlib" "/opt/rustwide/rustup-home/toolchains/1.69.0-x86_64-unknown-linux-gnu/lib/rustlib/x86_64-unknown-linux-gnu/lib/libaddr2line-96069b86b8a8cae9.rlib" "/opt/rustwide/rustup-home/toolchains/1.69.0-x86_64-unknown-linux-gnu/lib/rustlib/x86_64-unknown-linux-gnu/lib/libgimli-d19d53abf68dfa6c.rlib" "/opt/rustwide/rustup-home/toolchains/1.69.0-x86_64-unknown-linux-gnu/lib/rustlib/x86_64-unknown-linux-gnu/lib/librustc_demangle-787cbccd19d64ac6.rlib" "/opt/rustwide/rustup-home/toolchains/1.69.0-x86_64-unknown-linux-gnu/lib/rustlib/x86_64-unknown-linux-gnu/lib/libstd_detect-b3837a36b830e0d0.rlib" "/opt/rustwide/rustup-home/toolchains/1.69.0-x86_64-unknown-linux-gnu/lib/rustlib/x86_64-unknown-linux-gnu/lib/libhashbrown-e3deb0e7e3f04966.rlib" "/opt/rustwide/rustup-home/toolchains/1.69.0-x86_64-unknown-linux-gnu/lib/rustlib/x86_64-unknown-linux-gnu/lib/libminiz_oxide-dabbb79c9815def4.rlib" "/opt/rustwide/rustup-home/toolchains/1.69.0-x86_64-unknown-linux-gnu/lib/rustlib/x86_64-unknown-linux-gnu/lib/libadler-305b01f34c9409f2.rlib" "/opt/rustwide/rustup-home/toolchains/1.69.0-x86_64-unknown-linux-gnu/lib/rustlib/x86_64-unknown-linux-gnu/lib/librustc_std_workspace_alloc-f833521df6074e73.rlib" "/opt/rustwide/rustup-home/toolchains/1.69.0-x86_64-unknown-linux-gnu/lib/rustlib/x86_64-unknown-linux-gnu/lib/libunwind-9ac333113350d171.rlib" "/opt/rustwide/rustup-home/toolchains/1.69.0-x86_64-unknown-linux-gnu/lib/rustlib/x86_64-unknown-linux-gnu/lib/libcfg_if-1c126114322d0eee.rlib" "/opt/rustwide/rustup-home/toolchains/1.69.0-x86_64-unknown-linux-gnu/lib/rustlib/x86_64-unknown-linux-gnu/lib/liblibc-bad9164fdeeecf92.rlib" "/opt/rustwide/rustup-home/toolchains/1.69.0-x86_64-unknown-linux-gnu/lib/rustlib/x86_64-unknown-linux-gnu/lib/liballoc-f9374b1e480fa681.rlib" "/opt/rustwide/rustup-home/toolchains/1.69.0-x86_64-unknown-linux-gnu/lib/rustlib/x86_64-unknown-linux-gnu/lib/librustc_std_workspace_core-207f06e41d9603af.rlib" "/opt/rustwide/rustup-home/toolchains/1.69.0-x86_64-unknown-linux-gnu/lib/rustlib/x86_64-unknown-linux-gnu/lib/libcore-7e2768e66e984e85.rlib" "/opt/rustwide/rustup-home/toolchains/1.69.0-x86_64-unknown-linux-gnu/lib/rustlib/x86_64-unknown-linux-gnu/lib/libcompiler_builtins-957b4aff41f8cd46.rlib" "-Wl,-Bdynamic" "-lgcc_s" "-lutil" "-lrt" "-lpthread" "-lm" "-ldl" "-lc" "-Wl,--eh-frame-hdr" "-Wl,-z,noexecstack" "-L" "/opt/rustwide/rustup-home/toolchains/1.69.0-x86_64-unknown-linux-gnu/lib/rustlib/x86_64-unknown-linux-gnu/lib" "-o" "/opt/rustwide/target/debug/deps/libsubxt_macro-86a0a2d741b894e7.so" "-Wl,--gc-sections" "-shared" "-Wl,-z,relro,-z,now" "-nodefaultlibs"
[INFO] [stdout]   = note: collect2: fatal error: ld terminated with signal 9 [Killed]
[INFO] [stdout]           compilation terminated.
[INFO] [stdout]           
[INFO] [stdout] 
[INFO] [stdout] 
[INFO] [stdout] error: aborting due to previous error
[INFO] [stdout] 
[INFO] [stdout] 
[INFO] [stderr] error: could not compile `subxt-macro` due to 2 previous errors
[INFO] [stderr] warning: build failed, waiting for other jobs to finish...
[INFO] [stderr] The following warnings were emitted during compilation:
[INFO] [stderr] 
[INFO] [stderr] warning: c++: fatal error: Killed signal terminated program cc1plus
[INFO] [stderr] warning: compilation terminated.
[INFO] [stderr] warning: c++: fatal error: Killed signal terminated program cc1plus
[INFO] [stderr] warning: compilation terminated.
[INFO] [stderr] warning: c++: fatal error: Killed signal terminated program cc1plus
[INFO] [stderr] warning: compilation terminated.
[INFO] [stderr] warning: c++: fatal error: Killed signal terminated program cc1plus
[INFO] [stderr] warning: compilation terminated.
[INFO] [stderr] 
[INFO] [stderr] error: failed to run custom build command for `wasm-opt-sys v0.112.0`
[INFO] [stderr] note: To improve backtraces for build dependencies, set the CARGO_PROFILE_DEV_BUILD_OVERRIDE_DEBUG=true environment variable to enable debug information generation.
[INFO] [stderr] 
[INFO] [stderr] Caused by:
[INFO] [stderr]   process didn't exit successfully: `/opt/rustwide/target/debug/build/wasm-opt-sys-432f9b622c129d12/build-script-build` (exit status: 1)
[INFO] [stderr]   --- stdout
[INFO] [stderr]   TARGET = Some("x86_64-unknown-linux-gnu")
[INFO] [stderr]   HOST = Some("x86_64-unknown-linux-gnu")
[INFO] [stderr]   cargo:rerun-if-env-changed=CXX_x86_64-unknown-linux-gnu
[INFO] [stderr]   CXX_x86_64-unknown-linux-gnu = None
[INFO] [stderr]   cargo:rerun-if-env-changed=CXX_x86_64_unknown_linux_gnu
[INFO] [stderr]   CXX_x86_64_unknown_linux_gnu = None
[INFO] [stderr]   cargo:rerun-if-env-changed=HOST_CXX
[INFO] [stderr]   HOST_CXX = None
[INFO] [stderr]   cargo:rerun-if-env-changed=CXX
[INFO] [stderr]   CXX = None
[INFO] [stderr]   cargo:rerun-if-env-changed=CXXFLAGS_x86_64-unknown-linux-gnu
[INFO] [stderr]   CXXFLAGS_x86_64-unknown-linux-gnu = None
[INFO] [stderr]   cargo:rerun-if-env-changed=CXXFLAGS_x86_64_unknown_linux_gnu
[INFO] [stderr]   CXXFLAGS_x86_64_unknown_linux_gnu = None
[INFO] [stderr]   cargo:rerun-if-env-changed=HOST_CXXFLAGS
[INFO] [stderr]   HOST_CXXFLAGS = None
[INFO] [stderr]   cargo:rerun-if-env-changed=CXXFLAGS
[INFO] [stderr]   CXXFLAGS = None
[INFO] [stderr]   cargo:rerun-if-env-changed=CRATE_CC_NO_DEFAULTS
[INFO] [stderr]   CRATE_CC_NO_DEFAULTS = None
[INFO] [stderr]   CARGO_CFG_TARGET_FEATURE = Some("fxsr,sse,sse2")
[INFO] [stderr]   cargo:CXXBRIDGE_PREFIX=wasm-opt-sys
[INFO] [stderr]   cargo:CXXBRIDGE_LINKS=binaryen
[INFO] [stderr]   cargo:CXXBRIDGE_DIR0=/opt/rustwide/target/debug/build/wasm-opt-sys-74c550fb4518141f/out/cxxbridge/include
[INFO] [stderr]   cargo:CXXBRIDGE_DIR1=/opt/rustwide/target/debug/build/wasm-opt-sys-74c550fb4518141f/out/cxxbridge/crate
[INFO] [stderr]   cargo:CXXBRIDGE_DIR2=/opt/rustwide/cargo-home/registry/src/github.com-1ecc6299db9ec823/wasm-opt-sys-0.112.0/binaryen/src
[INFO] [stderr]   cargo:CXXBRIDGE_DIR3=/opt/rustwide/cargo-home/registry/src/github.com-1ecc6299db9ec823/wasm-opt-sys-0.112.0/binaryen/src/tools
[INFO] [stderr]   cargo:CXXBRIDGE_DIR4=/opt/rustwide/target/debug/build/wasm-opt-sys-74c550fb4518141f/out
[INFO] [stderr]   TARGET = Some("x86_64-unknown-linux-gnu")
[INFO] [stderr]   OPT_LEVEL = Some("0")
[INFO] [stderr]   HOST = Some("x86_64-unknown-linux-gnu")
[INFO] [stderr]   cargo:rerun-if-env-changed=CXX_x86_64-unknown-linux-gnu
[INFO] [stderr]   CXX_x86_64-unknown-linux-gnu = None
[INFO] [stderr]   cargo:rerun-if-env-changed=CXX_x86_64_unknown_linux_gnu
[INFO] [stderr]   CXX_x86_64_unknown_linux_gnu = None
[INFO] [stderr]   cargo:rerun-if-env-changed=HOST_CXX
[INFO] [stderr]   HOST_CXX = None
[INFO] [stderr]   cargo:rerun-if-env-changed=CXX
[INFO] [stderr]   CXX = None
[INFO] [stderr]   cargo:rerun-if-env-changed=CXXFLAGS_x86_64-unknown-linux-gnu
[INFO] [stderr]   CXXFLAGS_x86_64-unknown-linux-gnu = None
[INFO] [stderr]   cargo:rerun-if-env-changed=CXXFLAGS_x86_64_unknown_linux_gnu
[INFO] [stderr]   CXXFLAGS_x86_64_unknown_linux_gnu = None
[INFO] [stderr]   cargo:rerun-if-env-changed=HOST_CXXFLAGS
[INFO] [stderr]   HOST_CXXFLAGS = None
[INFO] [stderr]   cargo:rerun-if-env-changed=CXXFLAGS
[INFO] [stderr]   CXXFLAGS = None
[INFO] [stderr]   cargo:rerun-if-env-changed=CRATE_CC_NO_DEFAULTS
[INFO] [stderr]   CRATE_CC_NO_DEFAULTS = None
[INFO] [stderr]   DEBUG = Some("false")
[INFO] [stderr]   CARGO_CFG_TARGET_FEATURE = Some("fxsr,sse,sse2")
[INFO] [stderr]   running: "c++" "-O0" "-ffunction-sections" "-fdata-sections" "-fPIC" "-m64" "-I" "/opt/rustwide/target/debug/build/wasm-opt-sys-74c550fb4518141f/out/cxxbridge/include" "-I" "/opt/rustwide/target/debug/build/wasm-opt-sys-74c550fb4518141f/out/cxxbridge/crate" "-I" "/opt/rustwide/cargo-home/registry/src/github.com-1ecc6299db9ec823/wasm-opt-sys-0.112.0/binaryen/src" "-I" "/opt/rustwide/cargo-home/registry/src/github.com-1ecc6299db9ec823/wasm-opt-sys-0.112.0/binaryen/src/tools" "-I" "/opt/rustwide/target/debug/build/wasm-opt-sys-74c550fb4518141f/out" "-Wall" "-Wextra" "-std=c++17" "-Wno-unused-parameter" "-DTHROW_ON_FATAL" "-o" "/opt/rustwide/target/debug/build/wasm-opt-sys-74c550fb4518141f/out/d5a0132a0f96c099-lib.rs.o" "-c" "/opt/rustwide/target/debug/build/wasm-opt-sys-74c550fb4518141f/out/cxxbridge/sources/wasm-opt-sys/src/lib.rs.cc"
[INFO] [stderr]   exit status: 0
[INFO] [stderr]   running: "c++" "-O0" "-ffunction-sections" "-fdata-sections" "-fPIC" "-m64" "-I" "/opt/rustwide/target/debug/build/wasm-opt-sys-74c550fb4518141f/out/cxxbridge/include" "-I" "/opt/rustwide/target/debug/build/wasm-opt-sys-74c550fb4518141f/out/cxxbridge/crate" "-I" "/opt/rustwide/cargo-home/registry/src/github.com-1ecc6299db9ec823/wasm-opt-sys-0.112.0/binaryen/src" "-I" "/opt/rustwide/cargo-home/registry/src/github.com-1ecc6299db9ec823/wasm-opt-sys-0.112.0/binaryen/src/tools" "-I" "/opt/rustwide/target/debug/build/wasm-opt-sys-74c550fb4518141f/out" "-Wall" "-Wextra" "-std=c++17" "-Wno-unused-parameter" "-DTHROW_ON_FATAL" "-o" "/opt/rustwide/target/debug/build/wasm-opt-sys-74c550fb4518141f/out/0927737ee629299f-wasm-opt-main-shim.o" "-c" "/opt/rustwide/cargo-home/registry/src/github.com-1ecc6299db9ec823/wasm-opt-sys-0.112.0/src/wasm-opt-main-shim.cpp"
[INFO] [stderr]   running: "c++" "-O0" "-ffunction-sections" "-fdata-sections" "-fPIC" "-m64" "-I" "/opt/rustwide/target/debug/build/wasm-opt-sys-74c550fb4518141f/out/cxxbridge/include" "-I" "/opt/rustwide/target/debug/build/wasm-opt-sys-74c550fb4518141f/out/cxxbridge/crate" "-I" "/opt/rustwide/cargo-home/registry/src/github.com-1ecc6299db9ec823/wasm-opt-sys-0.112.0/binaryen/src" "-I" "/opt/rustwide/cargo-home/registry/src/github.com-1ecc6299db9ec823/wasm-opt-sys-0.112.0/binaryen/src/tools" "-I" "/opt/rustwide/target/debug/build/wasm-opt-sys-74c550fb4518141f/out" "-Wall" "-Wextra" "-std=c++17" "-Wno-unused-parameter" "-DTHROW_ON_FATAL" "-o" "/opt/rustwide/target/debug/build/wasm-opt-sys-74c550fb4518141f/out/7c6dfcbe5f0361db-literal.o" "-c" "/opt/rustwide/cargo-home/registry/src/github.com-1ecc6299db9ec823/wasm-opt-sys-0.112.0/binaryen/src/wasm/literal.cpp"
[INFO] [stderr]   exit status: 0
[INFO] [stderr]   running: "c++" "-O0" "-ffunction-sections" "-fdata-sections" "-fPIC" "-m64" "-I" "/opt/rustwide/target/debug/build/wasm-opt-sys-74c550fb4518141f/out/cxxbridge/include" "-I" "/opt/rustwide/target/debug/build/wasm-opt-sys-74c550fb4518141f/out/cxxbridge/crate" "-I" "/opt/rustwide/cargo-home/registry/src/github.com-1ecc6299db9ec823/wasm-opt-sys-0.112.0/binaryen/src" "-I" "/opt/rustwide/cargo-home/registry/src/github.com-1ecc6299db9ec823/wasm-opt-sys-0.112.0/binaryen/src/tools" "-I" "/opt/rustwide/target/debug/build/wasm-opt-sys-74c550fb4518141f/out" "-Wall" "-Wextra" "-std=c++17" "-Wno-unused-parameter" "-DTHROW_ON_FATAL" "-o" "/opt/rustwide/target/debug/build/wasm-opt-sys-74c550fb4518141f/out/7c6dfcbe5f0361db-parsing.o" "-c" "/opt/rustwide/cargo-home/registry/src/github.com-1ecc6299db9ec823/wasm-opt-sys-0.112.0/binaryen/src/wasm/parsing.cpp"
[INFO] [stderr]   running: "c++" "-O0" "-ffunction-sections" "-fdata-sections" "-fPIC" "-m64" "-I" "/opt/rustwide/target/debug/build/wasm-opt-sys-74c550fb4518141f/out/cxxbridge/include" "-I" "/opt/rustwide/target/debug/build/wasm-opt-sys-74c550fb4518141f/out/cxxbridge/crate" "-I" "/opt/rustwide/cargo-home/registry/src/github.com-1ecc6299db9ec823/wasm-opt-sys-0.112.0/binaryen/src" "-I" "/opt/rustwide/cargo-home/registry/src/github.com-1ecc6299db9ec823/wasm-opt-sys-0.112.0/binaryen/src/tools" "-I" "/opt/rustwide/target/debug/build/wasm-opt-sys-74c550fb4518141f/out" "-Wall" "-Wextra" "-std=c++17" "-Wno-unused-parameter" "-DTHROW_ON_FATAL" "-o" "/opt/rustwide/target/debug/build/wasm-opt-sys-74c550fb4518141f/out/7c6dfcbe5f0361db-wasm-binary.o" "-c" "/opt/rustwide/cargo-home/registry/src/github.com-1ecc6299db9ec823/wasm-opt-sys-0.112.0/binaryen/src/wasm/wasm-binary.cpp"
[INFO] [stderr]   running: "c++" "-O0" "-ffunction-sections" "-fdata-sections" "-fPIC" "-m64" "-I" "/opt/rustwide/target/debug/build/wasm-opt-sys-74c550fb4518141f/out/cxxbridge/include" "-I" "/opt/rustwide/target/debug/build/wasm-opt-sys-74c550fb4518141f/out/cxxbridge/crate" "-I" "/opt/rustwide/cargo-home/registry/src/github.com-1ecc6299db9ec823/wasm-opt-sys-0.112.0/binaryen/src" "-I" "/opt/rustwide/cargo-home/registry/src/github.com-1ecc6299db9ec823/wasm-opt-sys-0.112.0/binaryen/src/tools" "-I" "/opt/rustwide/target/debug/build/wasm-opt-sys-74c550fb4518141f/out" "-Wall" "-Wextra" "-std=c++17" "-Wno-unused-parameter" "-DTHROW_ON_FATAL" "-o" "/opt/rustwide/target/debug/build/wasm-opt-sys-74c550fb4518141f/out/7c6dfcbe5f0361db-wasm-debug.o" "-c" "/opt/rustwide/cargo-home/registry/src/github.com-1ecc6299db9ec823/wasm-opt-sys-0.112.0/binaryen/src/wasm/wasm-debug.cpp"
[INFO] [stderr]   running: "c++" "-O0" "-ffunction-sections" "-fdata-sections" "-fPIC" "-m64" "-I" "/opt/rustwide/target/debug/build/wasm-opt-sys-74c550fb4518141f/out/cxxbridge/include" "-I" "/opt/rustwide/target/debug/build/wasm-opt-sys-74c550fb4518141f/out/cxxbridge/crate" "-I" "/opt/rustwide/cargo-home/registry/src/github.com-1ecc6299db9ec823/wasm-opt-sys-0.112.0/binaryen/src" "-I" "/opt/rustwide/cargo-home/registry/src/github.com-1ecc6299db9ec823/wasm-opt-sys-0.112.0/binaryen/src/tools" "-I" "/opt/rustwide/target/debug/build/wasm-opt-sys-74c550fb4518141f/out" "-Wall" "-Wextra" "-std=c++17" "-Wno-unused-parameter" "-DTHROW_ON_FATAL" "-o" "/opt/rustwide/target/debug/build/wasm-opt-sys-74c550fb4518141f/out/7c6dfcbe5f0361db-wasm-emscripten.o" "-c" "/opt/rustwide/cargo-home/registry/src/github.com-1ecc6299db9ec823/wasm-opt-sys-0.112.0/binaryen/src/wasm/wasm-emscripten.cpp"
[INFO] [stderr]   running: "c++" "-O0" "-ffunction-sections" "-fdata-sections" "-fPIC" "-m64" "-I" "/opt/rustwide/target/debug/build/wasm-opt-sys-74c550fb4518141f/out/cxxbridge/include" "-I" "/opt/rustwide/target/debug/build/wasm-opt-sys-74c550fb4518141f/out/cxxbridge/crate" "-I" "/opt/rustwide/cargo-home/registry/src/github.com-1ecc6299db9ec823/wasm-opt-sys-0.112.0/binaryen/src" "-I" "/opt/rustwide/cargo-home/registry/src/github.com-1ecc6299db9ec823/wasm-opt-sys-0.112.0/binaryen/src/tools" "-I" "/opt/rustwide/target/debug/build/wasm-opt-sys-74c550fb4518141f/out" "-Wall" "-Wextra" "-std=c++17" "-Wno-unused-parameter" "-DTHROW_ON_FATAL" "-o" "/opt/rustwide/target/debug/build/wasm-opt-sys-74c550fb4518141f/out/7c6dfcbe5f0361db-wasm-interpreter.o" "-c" "/opt/rustwide/cargo-home/registry/src/github.com-1ecc6299db9ec823/wasm-opt-sys-0.112.0/binaryen/src/wasm/wasm-interpreter.cpp"
[INFO] [stderr]   running: "c++" "-O0" "-ffunction-sections" "-fdata-sections" "-fPIC" "-m64" "-I" "/opt/rustwide/target/debug/build/wasm-opt-sys-74c550fb4518141f/out/cxxbridge/include" "-I" "/opt/rustwide/target/debug/build/wasm-opt-sys-74c550fb4518141f/out/cxxbridge/crate" "-I" "/opt/rustwide/cargo-home/registry/src/github.com-1ecc6299db9ec823/wasm-opt-sys-0.112.0/binaryen/src" "-I" "/opt/rustwide/cargo-home/registry/src/github.com-1ecc6299db9ec823/wasm-opt-sys-0.112.0/binaryen/src/tools" "-I" "/opt/rustwide/target/debug/build/wasm-opt-sys-74c550fb4518141f/out" "-Wall" "-Wextra" "-std=c++17" "-Wno-unused-parameter" "-DTHROW_ON_FATAL" "-o" "/opt/rustwide/target/debug/build/wasm-opt-sys-74c550fb4518141f/out/7c6dfcbe5f0361db-wasm-io.o" "-c" "/opt/rustwide/cargo-home/registry/src/github.com-1ecc6299db9ec823/wasm-opt-sys-0.112.0/binaryen/src/wasm/wasm-io.cpp"
[INFO] [stderr]   exit status: 0
[INFO] [stderr]   running: "c++" "-O0" "-ffunction-sections" "-fdata-sections" "-fPIC" "-m64" "-I" "/opt/rustwide/target/debug/build/wasm-opt-sys-74c550fb4518141f/out/cxxbridge/include" "-I" "/opt/rustwide/target/debug/build/wasm-opt-sys-74c550fb4518141f/out/cxxbridge/crate" "-I" "/opt/rustwide/cargo-home/registry/src/github.com-1ecc6299db9ec823/wasm-opt-sys-0.112.0/binaryen/src" "-I" "/opt/rustwide/cargo-home/registry/src/github.com-1ecc6299db9ec823/wasm-opt-sys-0.112.0/binaryen/src/tools" "-I" "/opt/rustwide/target/debug/build/wasm-opt-sys-74c550fb4518141f/out" "-Wall" "-Wextra" "-std=c++17" "-Wno-unused-parameter" "-DTHROW_ON_FATAL" "-o" "/opt/rustwide/target/debug/build/wasm-opt-sys-74c550fb4518141f/out/7c6dfcbe5f0361db-wasm-stack.o" "-c" "/opt/rustwide/cargo-home/registry/src/github.com-1ecc6299db9ec823/wasm-opt-sys-0.112.0/binaryen/src/wasm/wasm-stack.cpp"
[INFO] [stderr]   running: "c++" "-O0" "-ffunction-sections" "-fdata-sections" "-fPIC" "-m64" "-I" "/opt/rustwide/target/debug/build/wasm-opt-sys-74c550fb4518141f/out/cxxbridge/include" "-I" "/opt/rustwide/target/debug/build/wasm-opt-sys-74c550fb4518141f/out/cxxbridge/crate" "-I" "/opt/rustwide/cargo-home/registry/src/github.com-1ecc6299db9ec823/wasm-opt-sys-0.112.0/binaryen/src" "-I" "/opt/rustwide/cargo-home/registry/src/github.com-1ecc6299db9ec823/wasm-opt-sys-0.112.0/binaryen/src/tools" "-I" "/opt/rustwide/target/debug/build/wasm-opt-sys-74c550fb4518141f/out" "-Wall" "-Wextra" "-std=c++17" "-Wno-unused-parameter" "-DTHROW_ON_FATAL" "-o" "/opt/rustwide/target/debug/build/wasm-opt-sys-74c550fb4518141f/out/7c6dfcbe5f0361db-wasm-s-parser.o" "-c" "/opt/rustwide/cargo-home/registry/src/github.com-1ecc6299db9ec823/wasm-opt-sys-0.112.0/binaryen/src/wasm/wasm-s-parser.cpp"
[INFO] [stderr]   exit status: 0
[INFO] [stderr]   exit status: 0
[INFO] [stderr]   running: "c++" "-O0" "-ffunction-sections" "-fdata-sections" "-fPIC" "-m64" "-I" "/opt/rustwide/target/debug/build/wasm-opt-sys-74c550fb4518141f/out/cxxbridge/include" "-I" "/opt/rustwide/target/debug/build/wasm-opt-sys-74c550fb4518141f/out/cxxbridge/crate" "-I" "/opt/rustwide/cargo-home/registry/src/github.com-1ecc6299db9ec823/wasm-opt-sys-0.112.0/binaryen/src" "-I" "/opt/rustwide/cargo-home/registry/src/github.com-1ecc6299db9ec823/wasm-opt-sys-0.112.0/binaryen/src/tools" "-I" "/opt/rustwide/target/debug/build/wasm-opt-sys-74c550fb4518141f/out" "-Wall" "-Wextra" "-std=c++17" "-Wno-unused-parameter" "-DTHROW_ON_FATAL" "-o" "/opt/rustwide/target/debug/build/wasm-opt-sys-74c550fb4518141f/out/7c6dfcbe5f0361db-wasm-validator.o" "-c" "/opt/rustwide/cargo-home/registry/src/github.com-1ecc6299db9ec823/wasm-opt-sys-0.112.0/binaryen/src/wasm/wasm-validator.cpp"
[INFO] [stderr]   running: "c++" "-O0" "-ffunction-sections" "-fdata-sections" "-fPIC" "-m64" "-I" "/opt/rustwide/target/debug/build/wasm-opt-sys-74c550fb4518141f/out/cxxbridge/include" "-I" "/opt/rustwide/target/debug/build/wasm-opt-sys-74c550fb4518141f/out/cxxbridge/crate" "-I" "/opt/rustwide/cargo-home/registry/src/github.com-1ecc6299db9ec823/wasm-opt-sys-0.112.0/binaryen/src" "-I" "/opt/rustwide/cargo-home/registry/src/github.com-1ecc6299db9ec823/wasm-opt-sys-0.112.0/binaryen/src/tools" "-I" "/opt/rustwide/target/debug/build/wasm-opt-sys-74c550fb4518141f/out" "-Wall" "-Wextra" "-std=c++17" "-Wno-unused-parameter" "-DTHROW_ON_FATAL" "-o" "/opt/rustwide/target/debug/build/wasm-opt-sys-74c550fb4518141f/out/7c6dfcbe5f0361db-wasm-type.o" "-c" "/opt/rustwide/cargo-home/registry/src/github.com-1ecc6299db9ec823/wasm-opt-sys-0.112.0/binaryen/src/wasm/wasm-type.cpp"
[INFO] [stderr]   exit status: 0
[INFO] [stderr]   running: "c++" "-O0" "-ffunction-sections" "-fdata-sections" "-fPIC" "-m64" "-I" "/opt/rustwide/target/debug/build/wasm-opt-sys-74c550fb4518141f/out/cxxbridge/include" "-I" "/opt/rustwide/target/debug/build/wasm-opt-sys-74c550fb4518141f/out/cxxbridge/crate" "-I" "/opt/rustwide/cargo-home/registry/src/github.com-1ecc6299db9ec823/wasm-opt-sys-0.112.0/binaryen/src" "-I" "/opt/rustwide/cargo-home/registry/src/github.com-1ecc6299db9ec823/wasm-opt-sys-0.112.0/binaryen/src/tools" "-I" "/opt/rustwide/target/debug/build/wasm-opt-sys-74c550fb4518141f/out" "-Wall" "-Wextra" "-std=c++17" "-Wno-unused-parameter" "-DTHROW_ON_FATAL" "-o" "/opt/rustwide/target/debug/build/wasm-opt-sys-74c550fb4518141f/out/7c6dfcbe5f0361db-wasm.o" "-c" "/opt/rustwide/cargo-home/registry/src/github.com-1ecc6299db9ec823/wasm-opt-sys-0.112.0/binaryen/src/wasm/wasm.cpp"
[INFO] [stderr]   cargo:warning=c++: fatal error: Killed signal terminated program cc1plus
[INFO] [stderr]   cargo:warning=compilation terminated.
[INFO] [stderr]   exit status: 1
[INFO] [stderr]   running: "c++" "-O0" "-ffunction-sections" "-fdata-sections" "-fPIC" "-m64" "-I" "/opt/rustwide/target/debug/build/wasm-opt-sys-74c550fb4518141f/out/cxxbridge/include" "-I" "/opt/rustwide/target/debug/build/wasm-opt-sys-74c550fb4518141f/out/cxxbridge/crate" "-I" "/opt/rustwide/cargo-home/registry/src/github.com-1ecc6299db9ec823/wasm-opt-sys-0.112.0/binaryen/src" "-I" "/opt/rustwide/cargo-home/registry/src/github.com-1ecc6299db9ec823/wasm-opt-sys-0.112.0/binaryen/src/tools" "-I" "/opt/rustwide/target/debug/build/wasm-opt-sys-74c550fb4518141f/out" "-Wall" "-Wextra" "-std=c++17" "-Wno-unused-parameter" "-DTHROW_ON_FATAL" "-o" "/opt/rustwide/target/debug/build/wasm-opt-sys-74c550fb4518141f/out/7c6dfcbe5f0361db-wat-lexer.o" "-c" "/opt/rustwide/cargo-home/registry/src/github.com-1ecc6299db9ec823/wasm-opt-sys-0.112.0/binaryen/src/wasm/wat-lexer.cpp"
[INFO] [stderr]   cargo:warning=c++: fatal error: Killed signal terminated program cc1plus
[INFO] [stderr]   cargo:warning=compilation terminated.
[INFO] [stderr]   exit status: 1
[INFO] [stderr]   cargo:warning=c++: fatal error: Killed signal terminated program cc1plus
[INFO] [stderr]   cargo:warning=compilation terminated.
[INFO] [stderr]   exit status: 1
[INFO] [stderr]   cargo:warning=c++: fatal error: Killed signal terminated program cc1plus
[INFO] [stderr]   cargo:warning=compilation terminated.
[INFO] [stderr]   exit status: 1
[INFO] [stderr]   exit status: 0
[INFO] [stderr]   exit status: 0
[INFO] [stderr]   exit status: 0
[INFO] [stderr]   exit status: 0
[INFO] [stderr]   exit status: 0
[INFO] [stderr] 
[INFO] [stderr]   --- stderr
[INFO] [stderr] 
[INFO] [stderr]   CXX include path:
[INFO] [stderr]     /opt/rustwide/target/debug/build/wasm-opt-sys-74c550fb4518141f/out/cxxbridge/include
[INFO] [stderr]     /opt/rustwide/target/debug/build/wasm-opt-sys-74c550fb4518141f/out/cxxbridge/crate
[INFO] [stderr]     /opt/rustwide/cargo-home/registry/src/github.com-1ecc6299db9ec823/wasm-opt-sys-0.112.0/binaryen/src
[INFO] [stderr]     /opt/rustwide/cargo-home/registry/src/github.com-1ecc6299db9ec823/wasm-opt-sys-0.112.0/binaryen/src/tools
[INFO] [stderr]     /opt/rustwide/target/debug/build/wasm-opt-sys-74c550fb4518141f/out
[INFO] [stderr] 
[INFO] [stderr] 
[INFO] [stderr]   error occurred: Command "c++" "-O0" "-ffunction-sections" "-fdata-sections" "-fPIC" "-m64" "-I" "/opt/rustwide/target/debug/build/wasm-opt-sys-74c550fb4518141f/out/cxxbridge/include" "-I" "/opt/rustwide/target/debug/build/wasm-opt-sys-74c550fb4518141f/out/cxxbridge/crate" "-I" "/opt/rustwide/cargo-home/registry/src/github.com-1ecc6299db9ec823/wasm-opt-sys-0.112.0/binaryen/src" "-I" "/opt/rustwide/cargo-home/registry/src/github.com-1ecc6299db9ec823/wasm-opt-sys-0.112.0/binaryen/src/tools" "-I" "/opt/rustwide/target/debug/build/wasm-opt-sys-74c550fb4518141f/out" "-Wall" "-Wextra" "-std=c++17" "-Wno-unused-parameter" "-DTHROW_ON_FATAL" "-o" "/opt/rustwide/target/debug/build/wasm-opt-sys-74c550fb4518141f/out/7c6dfcbe5f0361db-wasm-binary.o" "-c" "/opt/rustwide/cargo-home/registry/src/github.com-1ecc6299db9ec823/wasm-opt-sys-0.112.0/binaryen/src/wasm/wasm-binary.cpp" with args "c++" did not execute successfully (status code exit status: 1).
[INFO] [stderr] 
[INFO] [stderr] 
[INFO] running `Command { std: "docker" "inspect" "6fcc4e9ee6b438c25996d99a0ceb2e4e191766b9a8e5a29920517997368d56df", kill_on_drop: false }`
[INFO] running `Command { std: "docker" "rm" "-f" "6fcc4e9ee6b438c25996d99a0ceb2e4e191766b9a8e5a29920517997368d56df", kill_on_drop: false }`
[INFO] [stdout] 6fcc4e9ee6b438c25996d99a0ceb2e4e191766b9a8e5a29920517997368d56df
