[INFO] fetching crate icu4x_ecma402 0.8.0...
[INFO] documenting icu4x_ecma402-0.8.0 against 1.69.0 for beta-1.70-rustdoc-1
[INFO] extracting crate icu4x_ecma402 0.8.0 into /workspace/builds/worker-5-tc1/source
[INFO] validating manifest of crates.io crate icu4x_ecma402 0.8.0 on toolchain 1.69.0
[INFO] running `Command { std: CARGO_HOME="/workspace/cargo-home" RUSTUP_HOME="/workspace/rustup-home" "/workspace/cargo-home/bin/cargo" "+1.69.0" "metadata" "--manifest-path" "Cargo.toml" "--no-deps", kill_on_drop: false }`
[INFO] started tweaking crates.io crate icu4x_ecma402 0.8.0
[INFO] finished tweaking crates.io crate icu4x_ecma402 0.8.0
[INFO] tweaked toml for crates.io crate icu4x_ecma402 0.8.0 written to /workspace/builds/worker-5-tc1/source/Cargo.toml
[INFO] running `Command { std: CARGO_HOME="/workspace/cargo-home" RUSTUP_HOME="/workspace/rustup-home" __CARGO_TEST_CHANNEL_OVERRIDE_DO_NOT_USE_THIS="nightly" "/workspace/cargo-home/bin/cargo" "+1.69.0" "generate-lockfile" "--manifest-path" "Cargo.toml" "-Zno-index-update", kill_on_drop: false }`
[INFO] running `Command { std: CARGO_HOME="/workspace/cargo-home" RUSTUP_HOME="/workspace/rustup-home" "/workspace/cargo-home/bin/cargo" "+1.69.0" "fetch" "--manifest-path" "Cargo.toml", kill_on_drop: false }`
[INFO] [stderr]  Downloading crates ...
[INFO] [stderr]   Downloaded zerovec-derive v0.9.4
[INFO] [stderr]   Downloaded icu_collections v1.2.0
[INFO] [stderr]   Downloaded icu_relativetime v0.1.1
[INFO] [stderr]   Downloaded icu_plurals v1.2.0
[INFO] [stderr]   Downloaded utf8_iter v1.0.3
[INFO] [stderr]   Downloaded fixed_decimal v0.5.3
[INFO] [stderr]   Downloaded icu_decimal v1.2.0
[INFO] [stderr]   Downloaded icu_provider_fs v1.2.1
[INFO] [stderr]   Downloaded icu_properties v1.2.0
[INFO] [stderr]   Downloaded icu_normalizer v1.2.0
[INFO] [stderr]   Downloaded deduplicating_array v0.1.4
[INFO] [stderr]   Downloaded icu_list v1.2.0
[INFO] [stderr]   Downloaded icu_provider_blob v1.2.0
[INFO] [stderr]   Downloaded icu_locid_transform v1.2.1
[INFO] [stderr]   Downloaded icu_compactdecimal v0.2.0
[INFO] [stderr]   Downloaded icu_casemapping v0.7.2
[INFO] [stderr]   Downloaded crlify v1.0.2
[INFO] [stderr]   Downloaded zerofrom-derive v0.1.2
[INFO] [stderr]   Downloaded zerofrom v0.1.2
[INFO] [stderr]   Downloaded icu_codepointtrie_builder v0.3.5
[INFO] [stderr]   Downloaded writeable v0.5.2
[INFO] [stderr]   Downloaded icu_provider v1.2.0
[INFO] [stderr]   Downloaded databake v0.1.5
[INFO] [stderr]   Downloaded yoke-derive v0.7.1
[INFO] [stderr]   Downloaded yoke v0.7.1
[INFO] [stderr]   Downloaded icu_locid v1.2.0
[INFO] [stderr]   Downloaded icu_provider_macros v1.2.0
[INFO] [stderr]   Downloaded databake-derive v0.1.5
[INFO] [stderr]   Downloaded serde-aux v4.2.0
[INFO] [stderr]   Downloaded icu_provider_adapters v1.2.0
[INFO] [stderr]   Downloaded icu_datetime v1.2.1
[INFO] [stderr]   Downloaded icu v1.2.0
[INFO] [stderr]   Downloaded utf16_iter v1.0.4
[INFO] [stderr]   Downloaded write16 v1.0.0
[INFO] [stderr]   Downloaded icu_calendar v1.2.0
[INFO] [stderr]   Downloaded serde-json-core v0.4.0
[INFO] [stderr]   Downloaded icu_timezone v1.2.0
[INFO] [stderr]   Downloaded regex-automata v0.2.0
[INFO] [stderr]   Downloaded ecma402_traits v0.2.0
[INFO] [stderr]   Downloaded icu_displaynames v0.10.0
[INFO] [stderr]   Downloaded elsa v1.8.1
[INFO] [stderr]   Downloaded litemap v0.7.0
[INFO] [stderr]   Downloaded icu_collator v1.2.0
[INFO] [stderr]   Downloaded icu_segmenter v1.2.1
[INFO] [stderr]   Downloaded zerovec v0.9.4
[INFO] [stderr]   Downloaded icu_datagen v1.2.5
[INFO] running `Command { std: "docker" "create" "-v" "/var/lib/crater-agent-workspace/builds/worker-5-tc1/target:/opt/rustwide/target:rw,Z" "-v" "/var/lib/crater-agent-workspace/builds/worker-5-tc1/source:/opt/rustwide/workdir:ro,Z" "-v" "/var/lib/crater-agent-workspace/cargo-home:/opt/rustwide/cargo-home:ro,Z" "-v" "/var/lib/crater-agent-workspace/rustup-home:/opt/rustwide/rustup-home:ro,Z" "-e" "SOURCE_DIR=/opt/rustwide/workdir" "-e" "CARGO_TARGET_DIR=/opt/rustwide/target" "-e" "CARGO_HOME=/opt/rustwide/cargo-home" "-e" "RUSTUP_HOME=/opt/rustwide/rustup-home" "-w" "/opt/rustwide/workdir" "-m" "1610612736" "--user" "0:0" "--network" "none" "ghcr.io/rust-lang/crates-build-env/linux@sha256:5ff2268d62e97bff2cde7d5815dd6ed5b47097566f13b8d0ca110b04b60e07ed" "/opt/rustwide/cargo-home/bin/cargo" "+1.69.0" "metadata" "--no-deps" "--format-version=1", kill_on_drop: false }`
[INFO] [stdout] c29e94d3d10c41606b7dedc11f5ee769f5865d5bd08602c1d822a91ec86752ba
[INFO] running `Command { std: "docker" "start" "-a" "c29e94d3d10c41606b7dedc11f5ee769f5865d5bd08602c1d822a91ec86752ba", kill_on_drop: false }`
[INFO] running `Command { std: "docker" "inspect" "c29e94d3d10c41606b7dedc11f5ee769f5865d5bd08602c1d822a91ec86752ba", kill_on_drop: false }`
[INFO] running `Command { std: "docker" "rm" "-f" "c29e94d3d10c41606b7dedc11f5ee769f5865d5bd08602c1d822a91ec86752ba", kill_on_drop: false }`
[INFO] [stdout] c29e94d3d10c41606b7dedc11f5ee769f5865d5bd08602c1d822a91ec86752ba
[INFO] running `Command { std: "docker" "create" "-v" "/var/lib/crater-agent-workspace/builds/worker-5-tc1/target:/opt/rustwide/target:rw,Z" "-v" "/var/lib/crater-agent-workspace/builds/worker-5-tc1/source:/opt/rustwide/workdir:ro,Z" "-v" "/var/lib/crater-agent-workspace/cargo-home:/opt/rustwide/cargo-home:ro,Z" "-v" "/var/lib/crater-agent-workspace/rustup-home:/opt/rustwide/rustup-home:ro,Z" "-e" "SOURCE_DIR=/opt/rustwide/workdir" "-e" "CARGO_TARGET_DIR=/opt/rustwide/target" "-e" "CARGO_INCREMENTAL=0" "-e" "RUST_BACKTRACE=full" "-e" "RUSTFLAGS=--cap-lints=warn" "-e" "RUSTDOCFLAGS=--cap-lints=warn" "-e" "CARGO_HOME=/opt/rustwide/cargo-home" "-e" "RUSTUP_HOME=/opt/rustwide/rustup-home" "-w" "/opt/rustwide/workdir" "-m" "1610612736" "--user" "0:0" "--network" "none" "ghcr.io/rust-lang/crates-build-env/linux@sha256:5ff2268d62e97bff2cde7d5815dd6ed5b47097566f13b8d0ca110b04b60e07ed" "/opt/rustwide/cargo-home/bin/cargo" "+1.69.0" "doc" "--frozen" "--no-deps" "--document-private-items" "--message-format=json", kill_on_drop: false }`
[INFO] [stdout] 7db76ae9d0848ca45ed6e7e4474971771f691b2c2baf948b98f12034e33f6720
[INFO] running `Command { std: "docker" "start" "-a" "7db76ae9d0848ca45ed6e7e4474971771f691b2c2baf948b98f12034e33f6720", kill_on_drop: false }`
[INFO] [stderr]    Compiling proc-macro2 v1.0.56
[INFO] [stderr]    Compiling quote v1.0.26
[INFO] [stderr]    Compiling unicode-ident v1.0.8
[INFO] [stderr]    Compiling serde_derive v1.0.160
[INFO] [stderr]    Compiling serde v1.0.160
[INFO] [stderr]    Compiling syn v1.0.109
[INFO] [stderr]    Compiling unicode-xid v0.2.4
[INFO] [stderr]    Compiling serde_json v1.0.96
[INFO] [stderr]    Compiling erased-serde v0.3.25
[INFO] [stderr]    Compiling log v0.4.17
[INFO] [stderr]    Compiling stable_deref_trait v1.2.0
[INFO] [stderr]    Compiling autocfg v1.1.0
[INFO] [stderr]    Compiling ryu v1.0.13
[INFO] [stderr]    Compiling itoa v1.0.6
[INFO] [stderr]    Compiling writeable v0.5.2
[INFO] [stderr]    Compiling cobs v0.2.3
[INFO] [stderr]    Compiling libm v0.2.6
[INFO] [stderr]    Compiling memchr v2.5.0
[INFO] [stderr]    Compiling num-traits v0.2.15
[INFO] [stderr]    Compiling crossbeam-utils v0.8.15
[INFO] [stderr]    Compiling memoffset v0.8.0
[INFO] [stderr]    Compiling crossbeam-epoch v0.9.14
[INFO] [stderr]    Compiling syn v2.0.15
[INFO] [stderr]    Compiling libc v0.2.142
[INFO] [stderr]    Compiling crc32fast v1.3.2
[INFO] [stderr]    Compiling either v1.8.1
[INFO] [stderr]    Compiling utf8_iter v1.0.3
[INFO] [stderr]    Compiling scopeguard v1.1.0
[INFO] [stderr]    Compiling matrixmultiply v0.3.5
[INFO] [stderr]    Compiling num-integer v0.1.45
[INFO] [stderr]    Compiling rayon-core v1.11.0
[INFO] [stderr]    Compiling adler v1.0.2
[INFO] [stderr]    Compiling write16 v1.0.0
[INFO] [stderr]    Compiling utf16_iter v1.0.4
[INFO] [stderr]    Compiling regex-syntax v0.6.29
[INFO] [stderr]    Compiling num_cpus v1.15.0
[INFO] [stderr]    Compiling miniz_oxide v0.7.1
[INFO] [stderr]    Compiling crossbeam-deque v0.8.3
[INFO] [stderr]    Compiling crossbeam-channel v0.5.8
[INFO] [stderr]    Compiling rawpointer v0.2.1
[INFO] [stderr]    Compiling flate2 v1.0.26
[INFO] [stdout] error[E0433]: failed to resolve: use of undeclared crate or module `std`
[INFO] [stdout]   --> /opt/rustwide/cargo-home/registry/src/github.com-1ecc6299db9ec823/matrixmultiply-0.3.5/src/cgemm_common.rs:10:5
[INFO] [stdout]    |
[INFO] [stdout] 10 | use std::ptr::copy_nonoverlapping;
[INFO] [stdout]    |     ^^^ use of undeclared crate or module `std`
[INFO] [stdout] 
[INFO] [stdout] 
[INFO] [stdout] error[E0432]: unresolved import `std`
[INFO] [stdout]  --> /opt/rustwide/cargo-home/registry/src/github.com-1ecc6299db9ec823/matrixmultiply-0.3.5/src/cgemm_common.rs:9:5
[INFO] [stdout]   |
[INFO] [stdout] 9 | use std::mem;
[INFO] [stdout]   |     ^^^ use of undeclared crate or module `std`
[INFO] [stdout] 
[INFO] [stdout] 
[INFO] [stdout] error[E0599]: no method named `mul_add` found for type `f32` in the current scope
[INFO] [stdout]    --> /opt/rustwide/cargo-home/registry/src/github.com-1ecc6299db9ec823/matrixmultiply-0.3.5/src/cgemm_common.rs:21:23
[INFO] [stdout]     |
[INFO] [stdout] 21  |               $dst = $a.mul_add($b, $dst);
[INFO] [stdout]     |                         ^^^^^^^ method not found in `f32`
[INFO] [stdout]     |
[INFO] [stdout]    ::: /opt/rustwide/cargo-home/registry/src/github.com-1ecc6299db9ec823/matrixmultiply-0.3.5/src/cgemm_kernel.rs:199:1
[INFO] [stdout]     |
[INFO] [stdout] 199 | / kernel_fallback_impl_complex! {
[INFO] [stdout] 200 | |     // instantiate separately
[INFO] [stdout] 201 | |     [inline target_feature(enable="avx2") target_feature(enable="fma")] [fma_yes]
[INFO] [stdout] 202 | |     kernel_target_avx2, T, TReal, KernelAvx2::MR, KernelAvx2::NR, 4
[INFO] [stdout] 203 | | }
[INFO] [stdout]     | |_- in this macro invocation
[INFO] [stdout]     |
[INFO] [stdout]     = note: this error originates in the macro `fmuladd` which comes from the expansion of the macro `kernel_fallback_impl_complex` (in Nightly builds, run with -Z macro-backtrace for more info)
[INFO] [stdout] 
[INFO] [stdout] 
[INFO] [stdout] error[E0599]: no method named `mul_add` found for type `f32` in the current scope
[INFO] [stdout]    --> /opt/rustwide/cargo-home/registry/src/github.com-1ecc6299db9ec823/matrixmultiply-0.3.5/src/cgemm_common.rs:21:23
[INFO] [stdout]     |
[INFO] [stdout] 21  |               $dst = $a.mul_add($b, $dst);
[INFO] [stdout]     |                         ^^^^^^^ method not found in `f32`
[INFO] [stdout]     |
[INFO] [stdout]    ::: /opt/rustwide/cargo-home/registry/src/github.com-1ecc6299db9ec823/matrixmultiply-0.3.5/src/cgemm_kernel.rs:199:1
[INFO] [stdout]     |
[INFO] [stdout] 199 | / kernel_fallback_impl_complex! {
[INFO] [stdout] 200 | |     // instantiate separately
[INFO] [stdout] 201 | |     [inline target_feature(enable="avx2") target_feature(enable="fma")] [fma_yes]
[INFO] [stdout] 202 | |     kernel_target_avx2, T, TReal, KernelAvx2::MR, KernelAvx2::NR, 4
[INFO] [stdout] 203 | | }
[INFO] [stdout]     | |_- in this macro invocation
[INFO] [stdout]     |
[INFO] [stdout]     = note: this error originates in the macro `fmuladd` which comes from the expansion of the macro `kernel_fallback_impl_complex` (in Nightly builds, run with -Z macro-backtrace for more info)
[INFO] [stdout] 
[INFO] [stdout] 
[INFO] [stdout] error[E0599]: no method named `mul_add` found for type `f32` in the current scope
[INFO] [stdout]    --> /opt/rustwide/cargo-home/registry/src/github.com-1ecc6299db9ec823/matrixmultiply-0.3.5/src/cgemm_common.rs:21:23
[INFO] [stdout]     |
[INFO] [stdout] 21  |               $dst = $a.mul_add($b, $dst);
[INFO] [stdout]     |                         ^^^^^^^ method not found in `f32`
[INFO] [stdout]     |
[INFO] [stdout]    ::: /opt/rustwide/cargo-home/registry/src/github.com-1ecc6299db9ec823/matrixmultiply-0.3.5/src/cgemm_kernel.rs:199:1
[INFO] [stdout]     |
[INFO] [stdout] 199 | / kernel_fallback_impl_complex! {
[INFO] [stdout] 200 | |     // instantiate separately
[INFO] [stdout] 201 | |     [inline target_feature(enable="avx2") target_feature(enable="fma")] [fma_yes]
[INFO] [stdout] 202 | |     kernel_target_avx2, T, TReal, KernelAvx2::MR, KernelAvx2::NR, 4
[INFO] [stdout] 203 | | }
[INFO] [stdout]     | |_- in this macro invocation
[INFO] [stdout]     |
[INFO] [stdout]     = note: this error originates in the macro `fmuladd` which comes from the expansion of the macro `kernel_fallback_impl_complex` (in Nightly builds, run with -Z macro-backtrace for more info)
[INFO] [stdout] 
[INFO] [stdout] 
[INFO] [stdout] error[E0599]: no method named `mul_add` found for type `f32` in the current scope
[INFO] [stdout]    --> /opt/rustwide/cargo-home/registry/src/github.com-1ecc6299db9ec823/matrixmultiply-0.3.5/src/cgemm_common.rs:21:23
[INFO] [stdout]     |
[INFO] [stdout] 21  |               $dst = $a.mul_add($b, $dst);
[INFO] [stdout]     |                         ^^^^^^^ method not found in `f32`
[INFO] [stdout]     |
[INFO] [stdout]    ::: /opt/rustwide/cargo-home/registry/src/github.com-1ecc6299db9ec823/matrixmultiply-0.3.5/src/cgemm_kernel.rs:199:1
[INFO] [stdout]     |
[INFO] [stdout] 199 | / kernel_fallback_impl_complex! {
[INFO] [stdout] 200 | |     // instantiate separately
[INFO] [stdout] 201 | |     [inline target_feature(enable="avx2") target_feature(enable="fma")] [fma_yes]
[INFO] [stdout] 202 | |     kernel_target_avx2, T, TReal, KernelAvx2::MR, KernelAvx2::NR, 4
[INFO] [stdout] 203 | | }
[INFO] [stdout]     | |_- in this macro invocation
[INFO] [stdout]     |
[INFO] [stdout]     = note: this error originates in the macro `fmuladd` which comes from the expansion of the macro `kernel_fallback_impl_complex` (in Nightly builds, run with -Z macro-backtrace for more info)
[INFO] [stdout] 
[INFO] [stdout] 
[INFO] [stdout] error[E0599]: no method named `mul_add` found for type `f64` in the current scope
[INFO] [stdout]    --> /opt/rustwide/cargo-home/registry/src/github.com-1ecc6299db9ec823/matrixmultiply-0.3.5/src/cgemm_common.rs:21:23
[INFO] [stdout]     |
[INFO] [stdout] 21  |               $dst = $a.mul_add($b, $dst);
[INFO] [stdout]     |                         ^^^^^^^ method not found in `f64`
[INFO] [stdout]     |
[INFO] [stdout]    ::: /opt/rustwide/cargo-home/registry/src/github.com-1ecc6299db9ec823/matrixmultiply-0.3.5/src/zgemm_kernel.rs:196:1
[INFO] [stdout]     |
[INFO] [stdout] 196 | / kernel_fallback_impl_complex! {
[INFO] [stdout] 197 | |     // instantiate fma separately
[INFO] [stdout] 198 | |     [inline target_feature(enable="fma") target_feature(enable="avx2")] [fma_yes]
[INFO] [stdout] 199 | |     kernel_target_avx2, T, TReal, KernelAvx2::MR, KernelAvx2::NR, 4
[INFO] [stdout] 200 | | }
[INFO] [stdout]     | |_- in this macro invocation
[INFO] [stdout]     |
[INFO] [stdout]     = note: this error originates in the macro `fmuladd` which comes from the expansion of the macro `kernel_fallback_impl_complex` (in Nightly builds, run with -Z macro-backtrace for more info)
[INFO] [stdout] 
[INFO] [stdout] 
[INFO] [stdout] error[E0599]: no method named `mul_add` found for type `f64` in the current scope
[INFO] [stdout]    --> /opt/rustwide/cargo-home/registry/src/github.com-1ecc6299db9ec823/matrixmultiply-0.3.5/src/cgemm_common.rs:21:23
[INFO] [stdout]     |
[INFO] [stdout] 21  |               $dst = $a.mul_add($b, $dst);
[INFO] [stdout]     |                         ^^^^^^^ method not found in `f64`
[INFO] [stdout]     |
[INFO] [stdout]    ::: /opt/rustwide/cargo-home/registry/src/github.com-1ecc6299db9ec823/matrixmultiply-0.3.5/src/zgemm_kernel.rs:196:1
[INFO] [stdout]     |
[INFO] [stdout] 196 | / kernel_fallback_impl_complex! {
[INFO] [stdout] 197 | |     // instantiate fma separately
[INFO] [stdout] 198 | |     [inline target_feature(enable="fma") target_feature(enable="avx2")] [fma_yes]
[INFO] [stdout] 199 | |     kernel_target_avx2, T, TReal, KernelAvx2::MR, KernelAvx2::NR, 4
[INFO] [stdout] 200 | | }
[INFO] [stdout]     | |_- in this macro invocation
[INFO] [stdout]     |
[INFO] [stdout]     = note: this error originates in the macro `fmuladd` which comes from the expansion of the macro `kernel_fallback_impl_complex` (in Nightly builds, run with -Z macro-backtrace for more info)
[INFO] [stdout] 
[INFO] [stdout] 
[INFO] [stdout] error[E0599]: no method named `mul_add` found for type `f64` in the current scope
[INFO] [stdout]    --> /opt/rustwide/cargo-home/registry/src/github.com-1ecc6299db9ec823/matrixmultiply-0.3.5/src/cgemm_common.rs:21:23
[INFO] [stdout]     |
[INFO] [stdout] 21  |               $dst = $a.mul_add($b, $dst);
[INFO] [stdout]     |                         ^^^^^^^ method not found in `f64`
[INFO] [stdout]     |
[INFO] [stdout]    ::: /opt/rustwide/cargo-home/registry/src/github.com-1ecc6299db9ec823/matrixmultiply-0.3.5/src/zgemm_kernel.rs:196:1
[INFO] [stdout]     |
[INFO] [stdout] 196 | / kernel_fallback_impl_complex! {
[INFO] [stdout] 197 | |     // instantiate fma separately
[INFO] [stdout] 198 | |     [inline target_feature(enable="fma") target_feature(enable="avx2")] [fma_yes]
[INFO] [stdout] 199 | |     kernel_target_avx2, T, TReal, KernelAvx2::MR, KernelAvx2::NR, 4
[INFO] [stdout] 200 | | }
[INFO] [stdout]     | |_- in this macro invocation
[INFO] [stdout]     |
[INFO] [stdout]     = note: this error originates in the macro `fmuladd` which comes from the expansion of the macro `kernel_fallback_impl_complex` (in Nightly builds, run with -Z macro-backtrace for more info)
[INFO] [stdout] 
[INFO] [stdout] 
[INFO] [stdout] error[E0599]: no method named `mul_add` found for type `f64` in the current scope
[INFO] [stdout]    --> /opt/rustwide/cargo-home/registry/src/github.com-1ecc6299db9ec823/matrixmultiply-0.3.5/src/cgemm_common.rs:21:23
[INFO] [stdout]     |
[INFO] [stdout] 21  |               $dst = $a.mul_add($b, $dst);
[INFO] [stdout]     |                         ^^^^^^^ method not found in `f64`
[INFO] [stdout]     |
[INFO] [stdout]    ::: /opt/rustwide/cargo-home/registry/src/github.com-1ecc6299db9ec823/matrixmultiply-0.3.5/src/zgemm_kernel.rs:196:1
[INFO] [stdout]     |
[INFO] [stdout] 196 | / kernel_fallback_impl_complex! {
[INFO] [stdout] 197 | |     // instantiate fma separately
[INFO] [stdout] 198 | |     [inline target_feature(enable="fma") target_feature(enable="avx2")] [fma_yes]
[INFO] [stdout] 199 | |     kernel_target_avx2, T, TReal, KernelAvx2::MR, KernelAvx2::NR, 4
[INFO] [stdout] 200 | | }
[INFO] [stdout]     | |_- in this macro invocation
[INFO] [stdout]     |
[INFO] [stdout]     = note: this error originates in the macro `fmuladd` which comes from the expansion of the macro `kernel_fallback_impl_complex` (in Nightly builds, run with -Z macro-backtrace for more info)
[INFO] [stdout] 
[INFO] [stdout] 
[INFO] [stdout] error[E0599]: no method named `mul_add` found for type `f64` in the current scope
[INFO] [stdout]    --> /opt/rustwide/cargo-home/registry/src/github.com-1ecc6299db9ec823/matrixmultiply-0.3.5/src/cgemm_common.rs:21:23
[INFO] [stdout]     |
[INFO] [stdout] 21  |               $dst = $a.mul_add($b, $dst);
[INFO] [stdout]     |                         ^^^^^^^ method not found in `f64`
[INFO] [stdout]     |
[INFO] [stdout]    ::: /opt/rustwide/cargo-home/registry/src/github.com-1ecc6299db9ec823/matrixmultiply-0.3.5/src/zgemm_kernel.rs:196:1
[INFO] [stdout]     |
[INFO] [stdout] 196 | / kernel_fallback_impl_complex! {
[INFO] [stdout] 197 | |     // instantiate fma separately
[INFO] [stdout] 198 | |     [inline target_feature(enable="fma") target_feature(enable="avx2")] [fma_yes]
[INFO] [stdout] 199 | |     kernel_target_avx2, T, TReal, KernelAvx2::MR, KernelAvx2::NR, 4
[INFO] [stdout] 200 | | }
[INFO] [stdout]     | |_- in this macro invocation
[INFO] [stdout]     |
[INFO] [stdout]     = note: this error originates in the macro `fmuladd` which comes from the expansion of the macro `kernel_fallback_impl_complex` (in Nightly builds, run with -Z macro-backtrace for more info)
[INFO] [stdout] 
[INFO] [stdout] 
[INFO] [stdout] error[E0599]: no method named `mul_add` found for type `f64` in the current scope
[INFO] [stdout]    --> /opt/rustwide/cargo-home/registry/src/github.com-1ecc6299db9ec823/matrixmultiply-0.3.5/src/cgemm_common.rs:21:23
[INFO] [stdout]     |
[INFO] [stdout] 21  |               $dst = $a.mul_add($b, $dst);
[INFO] [stdout]     |                         ^^^^^^^ method not found in `f64`
[INFO] [stdout]     |
[INFO] [stdout]    ::: /opt/rustwide/cargo-home/registry/src/github.com-1ecc6299db9ec823/matrixmultiply-0.3.5/src/zgemm_kernel.rs:196:1
[INFO] [stdout]     |
[INFO] [stdout] 196 | / kernel_fallback_impl_complex! {
[INFO] [stdout] 197 | |     // instantiate fma separately
[INFO] [stdout] 198 | |     [inline target_feature(enable="fma") target_feature(enable="avx2")] [fma_yes]
[INFO] [stdout] 199 | |     kernel_target_avx2, T, TReal, KernelAvx2::MR, KernelAvx2::NR, 4
[INFO] [stdout] 200 | | }
[INFO] [stdout]     | |_- in this macro invocation
[INFO] [stdout]     |
[INFO] [stdout]     = note: this error originates in the macro `fmuladd` which comes from the expansion of the macro `kernel_fallback_impl_complex` (in Nightly builds, run with -Z macro-backtrace for more info)
[INFO] [stdout] 
[INFO] [stdout] 
[INFO] [stdout] error[E0599]: no method named `mul_add` found for type `f64` in the current scope
[INFO] [stdout]    --> /opt/rustwide/cargo-home/registry/src/github.com-1ecc6299db9ec823/matrixmultiply-0.3.5/src/cgemm_common.rs:21:23
[INFO] [stdout]     |
[INFO] [stdout] 21  |               $dst = $a.mul_add($b, $dst);
[INFO] [stdout]     |                         ^^^^^^^ method not found in `f64`
[INFO] [stdout]     |
[INFO] [stdout]    ::: /opt/rustwide/cargo-home/registry/src/github.com-1ecc6299db9ec823/matrixmultiply-0.3.5/src/zgemm_kernel.rs:196:1
[INFO] [stdout]     |
[INFO] [stdout] 196 | / kernel_fallback_impl_complex! {
[INFO] [stdout] 197 | |     // instantiate fma separately
[INFO] [stdout] 198 | |     [inline target_feature(enable="fma") target_feature(enable="avx2")] [fma_yes]
[INFO] [stdout] 199 | |     kernel_target_avx2, T, TReal, KernelAvx2::MR, KernelAvx2::NR, 4
[INFO] [stdout] 200 | | }
[INFO] [stdout]     | |_- in this macro invocation
[INFO] [stdout]     |
[INFO] [stdout]     = note: this error originates in the macro `fmuladd` which comes from the expansion of the macro `kernel_fallback_impl_complex` (in Nightly builds, run with -Z macro-backtrace for more info)
[INFO] [stdout] 
[INFO] [stdout] 
[INFO] [stdout] error[E0599]: no method named `mul_add` found for type `f64` in the current scope
[INFO] [stdout]    --> /opt/rustwide/cargo-home/registry/src/github.com-1ecc6299db9ec823/matrixmultiply-0.3.5/src/cgemm_common.rs:21:23
[INFO] [stdout]     |
[INFO] [stdout] 21  |               $dst = $a.mul_add($b, $dst);
[INFO] [stdout]     |                         ^^^^^^^ method not found in `f64`
[INFO] [stdout]     |
[INFO] [stdout]    ::: /opt/rustwide/cargo-home/registry/src/github.com-1ecc6299db9ec823/matrixmultiply-0.3.5/src/zgemm_kernel.rs:196:1
[INFO] [stdout]     |
[INFO] [stdout] 196 | / kernel_fallback_impl_complex! {
[INFO] [stdout] 197 | |     // instantiate fma separately
[INFO] [stdout] 198 | |     [inline target_feature(enable="fma") target_feature(enable="avx2")] [fma_yes]
[INFO] [stdout] 199 | |     kernel_target_avx2, T, TReal, KernelAvx2::MR, KernelAvx2::NR, 4
[INFO] [stdout] 200 | | }
[INFO] [stdout]     | |_- in this macro invocation
[INFO] [stdout]     |
[INFO] [stdout]     = note: this error originates in the macro `fmuladd` which comes from the expansion of the macro `kernel_fallback_impl_complex` (in Nightly builds, run with -Z macro-backtrace for more info)
[INFO] [stdout] 
[INFO] [stdout] 
[INFO] [stdout] error: aborting due to 14 previous errors
[INFO] [stdout] 
[INFO] [stdout] 
[INFO] [stdout] Some errors have detailed explanations: E0432, E0433, E0599.
[INFO] [stdout] 
[INFO] [stdout] For more information about an error, try `rustc --explain E0432`.
[INFO] [stdout] 
[INFO] [stderr] error: could not compile `matrixmultiply` due to 15 previous errors
[INFO] [stderr] warning: build failed, waiting for other jobs to finish...
[INFO] running `Command { std: "docker" "inspect" "7db76ae9d0848ca45ed6e7e4474971771f691b2c2baf948b98f12034e33f6720", kill_on_drop: false }`
[INFO] running `Command { std: "docker" "rm" "-f" "7db76ae9d0848ca45ed6e7e4474971771f691b2c2baf948b98f12034e33f6720", kill_on_drop: false }`
[INFO] [stdout] 7db76ae9d0848ca45ed6e7e4474971771f691b2c2baf948b98f12034e33f6720
