[INFO] fetching crate hotham 0.2.0...
[INFO] documenting hotham-0.2.0 against 1.69.0 for beta-1.70-rustdoc-1
[INFO] extracting crate hotham 0.2.0 into /workspace/builds/worker-1-tc1/source
[INFO] validating manifest of crates.io crate hotham 0.2.0 on toolchain 1.69.0
[INFO] running `Command { std: CARGO_HOME="/workspace/cargo-home" RUSTUP_HOME="/workspace/rustup-home" "/workspace/cargo-home/bin/cargo" "+1.69.0" "metadata" "--manifest-path" "Cargo.toml" "--no-deps", kill_on_drop: false }`
[INFO] started tweaking crates.io crate hotham 0.2.0
[INFO] finished tweaking crates.io crate hotham 0.2.0
[INFO] tweaked toml for crates.io crate hotham 0.2.0 written to /workspace/builds/worker-1-tc1/source/Cargo.toml
[INFO] running `Command { std: CARGO_HOME="/workspace/cargo-home" RUSTUP_HOME="/workspace/rustup-home" __CARGO_TEST_CHANNEL_OVERRIDE_DO_NOT_USE_THIS="nightly" "/workspace/cargo-home/bin/cargo" "+1.69.0" "generate-lockfile" "--manifest-path" "Cargo.toml" "-Zno-index-update", kill_on_drop: false }`
[INFO] running `Command { std: CARGO_HOME="/workspace/cargo-home" RUSTUP_HOME="/workspace/rustup-home" "/workspace/cargo-home/bin/cargo" "+1.69.0" "fetch" "--manifest-path" "Cargo.toml", kill_on_drop: false }`
[INFO] [stderr]  Downloading crates ...
[INFO] [stderr]   Downloaded symphonia-core v0.4.0
[INFO] [stderr]   Downloaded symphonia-format-ogg v0.4.0
[INFO] [stderr]   Downloaded symphonia-codec-vorbis v0.4.0
[INFO] [stderr]   Downloaded symphonia-codec-pcm v0.4.0
[INFO] [stderr]   Downloaded symphonia v0.4.0
[INFO] [stderr]   Downloaded renderdoc v0.10.1
[INFO] [stderr]   Downloaded symphonia-utils-xiph v0.4.0
[INFO] [stderr]   Downloaded parry3d v0.7.1
[INFO] [stderr]   Downloaded jni v0.18.0
[INFO] [stderr]   Downloaded egui v0.15.0
[INFO] [stderr]   Downloaded emath v0.15.0
[INFO] [stderr]   Downloaded hecs v0.7.7
[INFO] [stderr]   Downloaded shaderc v0.7.4
[INFO] [stderr]   Downloaded openxr-sys v0.9.3
[INFO] [stderr]   Downloaded console v0.14.1
[INFO] [stderr]   Downloaded hotham-debug-server v0.2.0
[INFO] [stderr]   Downloaded rapier3d v0.11.3
[INFO] [stderr]   Downloaded symphonia-bundle-flac v0.4.0
[INFO] [stderr]   Downloaded symphonia-bundle-mp3 v0.4.0
[INFO] [stderr]   Downloaded symphonia-format-wav v0.4.1
[INFO] [stderr]   Downloaded symphonia-metadata v0.4.0
[INFO] [stderr]   Downloaded ash v0.33.3+1.2.191
[INFO] [stderr]   Downloaded epaint v0.15.0
[INFO] [stderr]   Downloaded libktx-rs v0.2.4
[INFO] [stderr]   Downloaded openxr v0.16.0
[INFO] [stderr]   Downloaded shaderc-sys v0.7.4
[INFO] [stderr]   Downloaded oddio v0.5.0
[INFO] [stderr]   Downloaded libktx-rs-sys v0.2.44
[INFO] running `Command { std: "docker" "create" "-v" "/var/lib/crater-agent-workspace/builds/worker-1-tc1/target:/opt/rustwide/target:rw,Z" "-v" "/var/lib/crater-agent-workspace/builds/worker-1-tc1/source:/opt/rustwide/workdir:ro,Z" "-v" "/var/lib/crater-agent-workspace/cargo-home:/opt/rustwide/cargo-home:ro,Z" "-v" "/var/lib/crater-agent-workspace/rustup-home:/opt/rustwide/rustup-home:ro,Z" "-e" "SOURCE_DIR=/opt/rustwide/workdir" "-e" "CARGO_TARGET_DIR=/opt/rustwide/target" "-e" "CARGO_HOME=/opt/rustwide/cargo-home" "-e" "RUSTUP_HOME=/opt/rustwide/rustup-home" "-w" "/opt/rustwide/workdir" "-m" "1610612736" "--user" "0:0" "--network" "none" "ghcr.io/rust-lang/crates-build-env/linux@sha256:5ff2268d62e97bff2cde7d5815dd6ed5b47097566f13b8d0ca110b04b60e07ed" "/opt/rustwide/cargo-home/bin/cargo" "+1.69.0" "metadata" "--no-deps" "--format-version=1", kill_on_drop: false }`
[INFO] [stdout] e45ae112ed68affaf59ea3993838ff2f4ceadd63aa58396d8ef69e06cb079a63
[INFO] running `Command { std: "docker" "start" "-a" "e45ae112ed68affaf59ea3993838ff2f4ceadd63aa58396d8ef69e06cb079a63", kill_on_drop: false }`
[INFO] running `Command { std: "docker" "inspect" "e45ae112ed68affaf59ea3993838ff2f4ceadd63aa58396d8ef69e06cb079a63", kill_on_drop: false }`
[INFO] running `Command { std: "docker" "rm" "-f" "e45ae112ed68affaf59ea3993838ff2f4ceadd63aa58396d8ef69e06cb079a63", kill_on_drop: false }`
[INFO] [stdout] e45ae112ed68affaf59ea3993838ff2f4ceadd63aa58396d8ef69e06cb079a63
[INFO] running `Command { std: "docker" "create" "-v" "/var/lib/crater-agent-workspace/builds/worker-1-tc1/target:/opt/rustwide/target:rw,Z" "-v" "/var/lib/crater-agent-workspace/builds/worker-1-tc1/source:/opt/rustwide/workdir:ro,Z" "-v" "/var/lib/crater-agent-workspace/cargo-home:/opt/rustwide/cargo-home:ro,Z" "-v" "/var/lib/crater-agent-workspace/rustup-home:/opt/rustwide/rustup-home:ro,Z" "-e" "SOURCE_DIR=/opt/rustwide/workdir" "-e" "CARGO_TARGET_DIR=/opt/rustwide/target" "-e" "CARGO_INCREMENTAL=0" "-e" "RUST_BACKTRACE=full" "-e" "RUSTFLAGS=--cap-lints=warn" "-e" "RUSTDOCFLAGS=--cap-lints=warn" "-e" "CARGO_HOME=/opt/rustwide/cargo-home" "-e" "RUSTUP_HOME=/opt/rustwide/rustup-home" "-w" "/opt/rustwide/workdir" "-m" "1610612736" "--user" "0:0" "--network" "none" "ghcr.io/rust-lang/crates-build-env/linux@sha256:5ff2268d62e97bff2cde7d5815dd6ed5b47097566f13b8d0ca110b04b60e07ed" "/opt/rustwide/cargo-home/bin/cargo" "+1.69.0" "doc" "--frozen" "--no-deps" "--document-private-items" "--message-format=json", kill_on_drop: false }`
[INFO] [stdout] 4671ba95235858e6dfc643e3d4f8a91e6aabd631ddc53b59fddd4cc281f2661d
[INFO] running `Command { std: "docker" "start" "-a" "4671ba95235858e6dfc643e3d4f8a91e6aabd631ddc53b59fddd4cc281f2661d", kill_on_drop: false }`
[INFO] [stderr]     Checking bytemuck v1.13.1
[INFO] [stderr]    Compiling num-traits v0.2.15
[INFO] [stderr]    Compiling syn v1.0.109
[INFO] [stderr]    Compiling crossbeam-utils v0.8.15
[INFO] [stderr]    Compiling memoffset v0.8.0
[INFO] [stderr]    Compiling serde v1.0.160
[INFO] [stderr]    Compiling typenum v1.16.0
[INFO] [stderr]    Compiling crossbeam-epoch v0.9.14
[INFO] [stderr]     Checking arrayvec v0.7.2
[INFO] [stderr]    Compiling libc v0.2.142
[INFO] [stderr]     Checking num_cpus v1.15.0
[INFO] [stderr]     Checking getrandom v0.2.9
[INFO] [stderr]    Compiling syn v2.0.15
[INFO] [stderr]    Compiling generic-array v0.14.7
[INFO] [stderr]     Checking encoding_rs v0.8.32
[INFO] [stderr]     Checking either v1.8.1
[INFO] [stderr]    Compiling tokio v1.28.0
[INFO] [stderr]    Compiling rayon-core v1.11.0
[INFO] [stderr]     Checking byteorder v1.4.3
[INFO] [stderr]     Checking socket2 v0.4.9
[INFO] [stderr]     Checking symphonia-core v0.4.0
[INFO] [stderr]     Checking mio v0.8.6
[INFO] [stderr]    Compiling ahash v0.7.6
[INFO] [stderr]    Compiling paste v1.0.12
[INFO] [stderr]     Checking mint v0.5.9
[INFO] [stderr]     Checking safe_arch v0.6.0
[INFO] [stderr]     Checking rand_core v0.6.4
[INFO] [stderr]    Compiling miniz_oxide v0.4.4
[INFO] [stderr]    Compiling num-rational v0.4.1
[INFO] [stderr]    Compiling memoffset v0.6.5
[INFO] [stderr]     Checking crossbeam-channel v0.5.8
[INFO] [stderr]    Compiling matrixmultiply v0.3.5
[INFO] [stderr]    Compiling crc32fast v1.3.2
[INFO] [stderr]     Checking adler32 v1.2.0
[INFO] [stderr]     Checking ppv-lite86 v0.2.17
[INFO] [stderr]    Compiling serde_json v1.0.96
[INFO] [stderr]     Checking wide v0.7.8
[INFO] [stderr]     Checking crossbeam-deque v0.8.3
[INFO] [stderr]    Compiling alsa-sys v0.3.1
[INFO] [stderr]     Checking rand_chacha v0.3.1
[INFO] [stderr]     Checking instant v0.1.12
[INFO] [stderr]    Compiling num-iter v0.1.43
[INFO] [stderr]     Checking symphonia-metadata v0.4.0
[INFO] [stderr]    Compiling num-rational v0.3.2
[INFO] [stderr]    Compiling crossbeam-queue v0.3.8
[INFO] [stderr]     Checking ttf-parser v0.19.0
[INFO] [stderr]    Compiling jobserver v0.1.26
[INFO] [stderr]     Checking weezl v0.1.7
[INFO] [stderr]    Compiling parking_lot_core v0.8.6
[INFO] [stderr]     Checking cpufeatures v0.2.7
[INFO] [stderr]     Checking rawpointer v0.2.1
[INFO] [stderr]    Compiling cc v1.0.79
[INFO] [stderr]     Checking symphonia-utils-xiph v0.4.0
[INFO] [stderr]     Checking opaque-debug v0.3.0
[INFO] [stderr]     Checking rand v0.8.5
[INFO] [stderr]     Checking num-integer v0.1.45
[INFO] [stderr]     Checking approx v0.5.1
[INFO] [stderr]     Checking rayon v1.7.0
[INFO] [stderr]     Checking digest v0.9.0
[INFO] [stderr]     Checking block-buffer v0.9.0
[INFO] [stderr]     Checking deflate v0.8.6
[INFO] [stderr]     Checking miniz_oxide v0.3.7
[INFO] [stderr]     Checking libloading v0.7.4
[INFO] [stderr]     Checking sha-1 v0.9.8
[INFO] [stderr]    Compiling openxr-sys v0.9.3
[INFO] [stderr]    Compiling inflections v1.1.1
[INFO] [stderr]     Checking ab_glyph_rasterizer v0.1.8
[INFO] [stderr]    Compiling cmake v0.1.50
[INFO] [stderr]     Checking utf-8 v0.7.6
[INFO] [stderr]     Checking color_quant v1.1.0
[INFO] [stderr]     Checking nix v0.23.2
[INFO] [stderr]     Checking gif v0.11.4
[INFO] [stderr]     Checking png v0.16.8
[INFO] [stderr]    Compiling memoffset v0.5.6
[INFO] [stderr]    Compiling cpal v0.13.5
[INFO] [stderr]     Checking regex-syntax v0.7.1
[INFO] [stderr]     Checking downcast-rs v1.2.0
[INFO] [stderr]     Checking nohash-hasher v0.2.0
[INFO] [stderr]     Checking static_assertions v1.1.0
[INFO] [stderr]     Checking emath v0.15.0
[INFO] [stderr]     Checking atomic_refcell v0.1.10
[INFO] [stderr]     Checking scoped_threadpool v0.1.9
[INFO] [stderr]     Checking rustc-hash v1.1.0
[INFO] [stderr]     Checking crossbeam v0.8.2
[INFO] [stderr]     Checking parking_lot v0.11.2
[INFO] [stderr]     Checking nix v0.26.2
[INFO] [stderr]     Checking symphonia-format-ogg v0.4.0
[INFO] [stderr]     Checking symphonia-bundle-flac v0.4.0
[INFO] [stderr]     Checking symphonia-codec-vorbis v0.4.0
[INFO] [stderr]     Checking float-cmp v0.8.0
[INFO] [stderr]     Checking symphonia-format-wav v0.4.1
[INFO] [stderr]     Checking symphonia-bundle-mp3 v0.4.0
[INFO] [stderr]     Checking hashbrown v0.12.3
[INFO] [stderr]    Compiling shaderc-sys v0.7.4
[INFO] [stderr]    Compiling libktx-rs-sys v0.2.44
[INFO] [stderr]     Checking symphonia-codec-pcm v0.4.0
[INFO] [stderr]     Checking terminal_size v0.1.17
[INFO] [stderr]     Checking spin v0.9.8
[INFO] [stderr]     Checking renderdoc-sys v0.7.1
[INFO] [stderr]     Checking base64 v0.12.3
[INFO] [stderr]     Checking cfg-if v0.1.10
[INFO] [stderr]     Checking bit-vec v0.6.3
[INFO] [stderr]     Checking owned_ttf_parser v0.19.0
[INFO] [stderr]     Checking renderdoc v0.10.1
[INFO] [stderr]     Checking generational-arena v0.2.8
[INFO] [stderr]     Checking ab_glyph v0.2.21
[INFO] [stderr]     Checking ash v0.33.3+1.2.191
[INFO] [stderr]     Checking hecs v0.7.7
[INFO] [stderr]     Checking symphonia v0.4.0
[INFO] [stderr]     Checking oddio v0.5.0
[INFO] [stderr]     Checking itertools v0.10.5
[INFO] [stderr]     Checking epaint v0.15.0
[INFO] [stderr]     Checking ctrlc v3.2.5
[INFO] [stderr]     Checking openxr v0.16.0
[INFO] [stderr]     Checking jpeg-decoder v0.1.22
[INFO] [stderr]    Compiling serde_derive v1.0.160
[INFO] [stderr]    Compiling tokio-macros v2.1.0
[INFO] [stderr]    Compiling thiserror-impl v1.0.40
[INFO] [stderr]    Compiling futures-macro v0.3.28
[INFO] [stderr]     Checking regex v1.8.1
[INFO] [stderr]    Compiling serde_repr v0.1.12
[INFO] [stderr]     Checking tiff v0.6.1
[INFO] [stderr]     Checking egui v0.15.0
[INFO] [stderr]     Checking console v0.14.1
[INFO] [stderr]     Checking image v0.23.14
[INFO] [stderr]     Checking alsa v0.6.0
[INFO] [stderr] error: could not compile `syn`
[INFO] [stderr] 
[INFO] [stderr] Caused by:
[INFO] [stderr]   process didn't exit successfully: `rustc --crate-name syn --edition=2018 /opt/rustwide/cargo-home/registry/src/github.com-1ecc6299db9ec823/syn-1.0.109/src/lib.rs --error-format=json --json=diagnostic-rendered-ansi,artifacts,future-incompat --crate-type lib --emit=dep-info,metadata,link -C embed-bitcode=no --cfg 'feature="clone-impls"' --cfg 'feature="default"' --cfg 'feature="derive"' --cfg 'feature="extra-traits"' --cfg 'feature="full"' --cfg 'feature="parsing"' --cfg 'feature="printing"' --cfg 'feature="proc-macro"' --cfg 'feature="quote"' --cfg 'feature="visit"' --cfg 'feature="visit-mut"' -C metadata=0d4ed276d1f6d519 -C extra-filename=-0d4ed276d1f6d519 --out-dir /opt/rustwide/target/debug/deps -L dependency=/opt/rustwide/target/debug/deps --extern proc_macro2=/opt/rustwide/target/debug/deps/libproc_macro2-28c79a6b7e0f474e.rmeta --extern quote=/opt/rustwide/target/debug/deps/libquote-ad78e25cc9e71d7e.rmeta --extern unicode_ident=/opt/rustwide/target/debug/deps/libunicode_ident-b80adc97778cd786.rmeta --cap-lints allow --cap-lints=warn --cfg syn_disable_nightly_tests` (signal: 9, SIGKILL: kill)
[INFO] [stderr] warning: build failed, waiting for other jobs to finish...
[INFO] [stderr] error: could not compile `ash`
[INFO] [stderr] 
[INFO] [stderr] Caused by:
[INFO] [stderr]   process didn't exit successfully: `rustc --crate-name ash --edition=2018 /opt/rustwide/cargo-home/registry/src/github.com-1ecc6299db9ec823/ash-0.33.3+1.2.191/src/lib.rs --error-format=json --json=diagnostic-rendered-ansi,artifacts,future-incompat --crate-type lib --emit=dep-info,metadata -C embed-bitcode=no -C debuginfo=2 --cfg 'feature="default"' --cfg 'feature="libloading"' -C metadata=1708bef9b206532f -C extra-filename=-1708bef9b206532f --out-dir /opt/rustwide/target/debug/deps -L dependency=/opt/rustwide/target/debug/deps --extern libloading=/opt/rustwide/target/debug/deps/liblibloading-69769ae369fc0542.rmeta --cap-lints allow --cap-lints=warn` (signal: 9, SIGKILL: kill)
[INFO] [stderr] error: could not compile `tokio`
[INFO] [stderr] 
[INFO] [stderr] Caused by:
[INFO] [stderr]   process didn't exit successfully: `rustc --crate-name tokio --edition=2021 /opt/rustwide/cargo-home/registry/src/github.com-1ecc6299db9ec823/tokio-1.28.0/src/lib.rs --error-format=json --json=diagnostic-rendered-ansi,artifacts,future-incompat --crate-type lib --emit=dep-info,metadata -C embed-bitcode=no -C debuginfo=2 --cfg 'feature="bytes"' --cfg 'feature="default"' --cfg 'feature="io-std"' --cfg 'feature="io-util"' --cfg 'feature="libc"' --cfg 'feature="macros"' --cfg 'feature="mio"' --cfg 'feature="net"' --cfg 'feature="num_cpus"' --cfg 'feature="rt"' --cfg 'feature="rt-multi-thread"' --cfg 'feature="socket2"' --cfg 'feature="sync"' --cfg 'feature="time"' --cfg 'feature="tokio-macros"' --cfg 'feature="windows-sys"' -C metadata=5adda3b3c269f132 -C extra-filename=-5adda3b3c269f132 --out-dir /opt/rustwide/target/debug/deps -L dependency=/opt/rustwide/target/debug/deps --extern bytes=/opt/rustwide/target/debug/deps/libbytes-cdba088f09c8631e.rmeta --extern libc=/opt/rustwide/target/debug/deps/liblibc-6f3f707741fc0a21.rmeta --extern mio=/opt/rustwide/target/debug/deps/libmio-2cf773be458f7760.rmeta --extern num_cpus=/opt/rustwide/target/debug/deps/libnum_cpus-2aab1391e3a1604b.rmeta --extern pin_project_lite=/opt/rustwide/target/debug/deps/libpin_project_lite-1bf3a2ea87bd405a.rmeta --extern socket2=/opt/rustwide/target/debug/deps/libsocket2-43ddc3ff39e29850.rmeta --extern tokio_macros=/opt/rustwide/target/debug/deps/libtokio_macros-92e3d742ce4b082e.so --cap-lints allow --cap-lints=warn` (signal: 9, SIGKILL: kill)
[INFO] [stderr] error: could not compile `serde_derive`
[INFO] [stderr] 
[INFO] [stderr] Caused by:
[INFO] [stderr]   process didn't exit successfully: `rustc --crate-name serde_derive /opt/rustwide/cargo-home/registry/src/github.com-1ecc6299db9ec823/serde_derive-1.0.160/src/lib.rs --error-format=json --json=diagnostic-rendered-ansi,artifacts,future-incompat --crate-type proc-macro --emit=dep-info,link -C prefer-dynamic -C embed-bitcode=no --cfg 'feature="default"' -C metadata=bc5bab6726cb7369 -C extra-filename=-bc5bab6726cb7369 --out-dir /opt/rustwide/target/debug/deps -L dependency=/opt/rustwide/target/debug/deps --extern proc_macro2=/opt/rustwide/target/debug/deps/libproc_macro2-28c79a6b7e0f474e.rlib --extern quote=/opt/rustwide/target/debug/deps/libquote-ad78e25cc9e71d7e.rlib --extern syn=/opt/rustwide/target/debug/deps/libsyn-abad9cdb0ffde7b0.rlib --extern proc_macro --cap-lints allow --cap-lints=warn` (signal: 9, SIGKILL: kill)
[INFO] [stderr] The following warnings were emitted during compilation:
[INFO] [stderr] 
[INFO] [stderr] warning: cc: fatal error: Killed signal terminated program cc1
[INFO] [stderr] warning: compilation terminated.
[INFO] [stderr] 
[INFO] [stderr] error: failed to run custom build command for `libktx-rs-sys v0.2.44`
[INFO] [stderr] note: To improve backtraces for build dependencies, set the CARGO_PROFILE_DEV_BUILD_OVERRIDE_DEBUG=true environment variable to enable debug information generation.
[INFO] [stderr] 
[INFO] [stderr] Caused by:
[INFO] [stderr]   process didn't exit successfully: `/opt/rustwide/target/debug/build/libktx-rs-sys-19f115f4fe886a11/build-script-build` (exit status: 1)
[INFO] [stderr]   --- stdout
[INFO] [stderr]   -- Build the native libKTX
[INFO] [stderr]   TARGET = Some("x86_64-unknown-linux-gnu")
[INFO] [stderr]   OPT_LEVEL = Some("0")
[INFO] [stderr]   HOST = Some("x86_64-unknown-linux-gnu")
[INFO] [stderr]   cargo:rerun-if-env-changed=CC_x86_64-unknown-linux-gnu
[INFO] [stderr]   CC_x86_64-unknown-linux-gnu = None
[INFO] [stderr]   cargo:rerun-if-env-changed=CC_x86_64_unknown_linux_gnu
[INFO] [stderr]   CC_x86_64_unknown_linux_gnu = None
[INFO] [stderr]   cargo:rerun-if-env-changed=HOST_CC
[INFO] [stderr]   HOST_CC = None
[INFO] [stderr]   cargo:rerun-if-env-changed=CC
[INFO] [stderr]   CC = None
[INFO] [stderr]   cargo:rerun-if-env-changed=CFLAGS_x86_64-unknown-linux-gnu
[INFO] [stderr]   CFLAGS_x86_64-unknown-linux-gnu = None
[INFO] [stderr]   cargo:rerun-if-env-changed=CFLAGS_x86_64_unknown_linux_gnu
[INFO] [stderr]   CFLAGS_x86_64_unknown_linux_gnu = None
[INFO] [stderr]   cargo:rerun-if-env-changed=HOST_CFLAGS
[INFO] [stderr]   HOST_CFLAGS = None
[INFO] [stderr]   cargo:rerun-if-env-changed=CFLAGS
[INFO] [stderr]   CFLAGS = None
[INFO] [stderr]   cargo:rerun-if-env-changed=CRATE_CC_NO_DEFAULTS
[INFO] [stderr]   CRATE_CC_NO_DEFAULTS = None
[INFO] [stderr]   DEBUG = Some("true")
[INFO] [stderr]   CARGO_CFG_TARGET_FEATURE = Some("fxsr,sse,sse2")
[INFO] [stderr]   running: "cc" "-O0" "-ffunction-sections" "-fdata-sections" "-fPIC" "-gdwarf-4" "-fno-omit-frame-pointer" "-m64" "-I" "build/" "-I" "build/KTX-Software/include" "-I" "build/KTX-Software/lib" "-I" "build/KTX-Software/lib/basisu/transcoder" "-I" "build/KTX-Software/lib/basisu/zstd" "-I" "build/KTX-Software/other_include" "-I" "build/KTX-Software/utils" "-pthread" "-ldl" "-DLIBKTX=1" "-DBASISD_SUPPORT_FXT1=0" "-DBASISD_SUPPORT_KTX2_ZSTD=0" "-DKTX_FEATURE_KTX1=1" "-DKTX_FEATURE_KTX2=1" "-DKTX_FEATURE_WRITE=1" "-DKTX_FEATURE_GL_UPLOAD=0" "-DKTX_FEATURE_VULKAN=0" "-DKTX_OMIT_VULKAN=1" "-DSUPPORT_SOFTWARE_ETC_UNPACK=0" "-o" "/opt/rustwide/target/debug/build/libktx-rs-sys-8fa5a0bb0a65b1db/out/build/KTX-Software/lib/basisu/zstd/zstd.o" "-c" "build/KTX-Software/lib/basisu/zstd/zstd.c"
[INFO] [stderr]   running: "cc" "-O0" "-ffunction-sections" "-fdata-sections" "-fPIC" "-gdwarf-4" "-fno-omit-frame-pointer" "-m64" "-I" "build/" "-I" "build/KTX-Software/include" "-I" "build/KTX-Software/lib" "-I" "build/KTX-Software/lib/basisu/transcoder" "-I" "build/KTX-Software/lib/basisu/zstd" "-I" "build/KTX-Software/other_include" "-I" "build/KTX-Software/utils" "-pthread" "-ldl" "-DLIBKTX=1" "-DBASISD_SUPPORT_FXT1=0" "-DBASISD_SUPPORT_KTX2_ZSTD=0" "-DKTX_FEATURE_KTX1=1" "-DKTX_FEATURE_KTX2=1" "-DKTX_FEATURE_WRITE=1" "-DKTX_FEATURE_GL_UPLOAD=0" "-DKTX_FEATURE_VULKAN=0" "-DKTX_OMIT_VULKAN=1" "-DSUPPORT_SOFTWARE_ETC_UNPACK=0" "-o" "/opt/rustwide/target/debug/build/libktx-rs-sys-8fa5a0bb0a65b1db/out/build/KTX-Software/lib/checkheader.o" "-c" "build/KTX-Software/lib/checkheader.c"
[INFO] [stderr]   exit status: 0
[INFO] [stderr]   running: "cc" "-O0" "-ffunction-sections" "-fdata-sections" "-fPIC" "-gdwarf-4" "-fno-omit-frame-pointer" "-m64" "-I" "build/" "-I" "build/KTX-Software/include" "-I" "build/KTX-Software/lib" "-I" "build/KTX-Software/lib/basisu/transcoder" "-I" "build/KTX-Software/lib/basisu/zstd" "-I" "build/KTX-Software/other_include" "-I" "build/KTX-Software/utils" "-pthread" "-ldl" "-DLIBKTX=1" "-DBASISD_SUPPORT_FXT1=0" "-DBASISD_SUPPORT_KTX2_ZSTD=0" "-DKTX_FEATURE_KTX1=1" "-DKTX_FEATURE_KTX2=1" "-DKTX_FEATURE_WRITE=1" "-DKTX_FEATURE_GL_UPLOAD=0" "-DKTX_FEATURE_VULKAN=0" "-DKTX_OMIT_VULKAN=1" "-DSUPPORT_SOFTWARE_ETC_UNPACK=0" "-o" "/opt/rustwide/target/debug/build/libktx-rs-sys-8fa5a0bb0a65b1db/out/build/KTX-Software/lib/dfdutils/createdfd.o" "-c" "build/KTX-Software/lib/dfdutils/createdfd.c"
[INFO] [stderr]   exit status: 0
[INFO] [stderr]   running: "cc" "-O0" "-ffunction-sections" "-fdata-sections" "-fPIC" "-gdwarf-4" "-fno-omit-frame-pointer" "-m64" "-I" "build/" "-I" "build/KTX-Software/include" "-I" "build/KTX-Software/lib" "-I" "build/KTX-Software/lib/basisu/transcoder" "-I" "build/KTX-Software/lib/basisu/zstd" "-I" "build/KTX-Software/other_include" "-I" "build/KTX-Software/utils" "-pthread" "-ldl" "-DLIBKTX=1" "-DBASISD_SUPPORT_FXT1=0" "-DBASISD_SUPPORT_KTX2_ZSTD=0" "-DKTX_FEATURE_KTX1=1" "-DKTX_FEATURE_KTX2=1" "-DKTX_FEATURE_WRITE=1" "-DKTX_FEATURE_GL_UPLOAD=0" "-DKTX_FEATURE_VULKAN=0" "-DKTX_OMIT_VULKAN=1" "-DSUPPORT_SOFTWARE_ETC_UNPACK=0" "-o" "/opt/rustwide/target/debug/build/libktx-rs-sys-8fa5a0bb0a65b1db/out/build/KTX-Software/lib/dfdutils/colourspaces.o" "-c" "build/KTX-Software/lib/dfdutils/colourspaces.c"
[INFO] [stderr]   running: "cc" "-O0" "-ffunction-sections" "-fdata-sections" "-fPIC" "-gdwarf-4" "-fno-omit-frame-pointer" "-m64" "-I" "build/" "-I" "build/KTX-Software/include" "-I" "build/KTX-Software/lib" "-I" "build/KTX-Software/lib/basisu/transcoder" "-I" "build/KTX-Software/lib/basisu/zstd" "-I" "build/KTX-Software/other_include" "-I" "build/KTX-Software/utils" "-pthread" "-ldl" "-DLIBKTX=1" "-DBASISD_SUPPORT_FXT1=0" "-DBASISD_SUPPORT_KTX2_ZSTD=0" "-DKTX_FEATURE_KTX1=1" "-DKTX_FEATURE_KTX2=1" "-DKTX_FEATURE_WRITE=1" "-DKTX_FEATURE_GL_UPLOAD=0" "-DKTX_FEATURE_VULKAN=0" "-DKTX_OMIT_VULKAN=1" "-DSUPPORT_SOFTWARE_ETC_UNPACK=0" "-o" "/opt/rustwide/target/debug/build/libktx-rs-sys-8fa5a0bb0a65b1db/out/build/KTX-Software/lib/dfdutils/interpretdfd.o" "-c" "build/KTX-Software/lib/dfdutils/interpretdfd.c"
[INFO] [stderr]   exit status: 0
[INFO] [stderr]   running: "cc" "-O0" "-ffunction-sections" "-fdata-sections" "-fPIC" "-gdwarf-4" "-fno-omit-frame-pointer" "-m64" "-I" "build/" "-I" "build/KTX-Software/include" "-I" "build/KTX-Software/lib" "-I" "build/KTX-Software/lib/basisu/transcoder" "-I" "build/KTX-Software/lib/basisu/zstd" "-I" "build/KTX-Software/other_include" "-I" "build/KTX-Software/utils" "-pthread" "-ldl" "-DLIBKTX=1" "-DBASISD_SUPPORT_FXT1=0" "-DBASISD_SUPPORT_KTX2_ZSTD=0" "-DKTX_FEATURE_KTX1=1" "-DKTX_FEATURE_KTX2=1" "-DKTX_FEATURE_WRITE=1" "-DKTX_FEATURE_GL_UPLOAD=0" "-DKTX_FEATURE_VULKAN=0" "-DKTX_OMIT_VULKAN=1" "-DSUPPORT_SOFTWARE_ETC_UNPACK=0" "-o" "/opt/rustwide/target/debug/build/libktx-rs-sys-8fa5a0bb0a65b1db/out/build/KTX-Software/lib/dfdutils/printdfd.o" "-c" "build/KTX-Software/lib/dfdutils/printdfd.c"
[INFO] [stderr]   exit status: 0
[INFO] [stderr]   exit status: 0
[INFO] [stderr]   running: "cc" "-O0" "-ffunction-sections" "-fdata-sections" "-fPIC" "-gdwarf-4" "-fno-omit-frame-pointer" "-m64" "-I" "build/" "-I" "build/KTX-Software/include" "-I" "build/KTX-Software/lib" "-I" "build/KTX-Software/lib/basisu/transcoder" "-I" "build/KTX-Software/lib/basisu/zstd" "-I" "build/KTX-Software/other_include" "-I" "build/KTX-Software/utils" "-pthread" "-ldl" "-DLIBKTX=1" "-DBASISD_SUPPORT_FXT1=0" "-DBASISD_SUPPORT_KTX2_ZSTD=0" "-DKTX_FEATURE_KTX1=1" "-DKTX_FEATURE_KTX2=1" "-DKTX_FEATURE_WRITE=1" "-DKTX_FEATURE_GL_UPLOAD=0" "-DKTX_FEATURE_VULKAN=0" "-DKTX_OMIT_VULKAN=1" "-DSUPPORT_SOFTWARE_ETC_UNPACK=0" "-o" "/opt/rustwide/target/debug/build/libktx-rs-sys-8fa5a0bb0a65b1db/out/build/KTX-Software/lib/dfdutils/queries.o" "-c" "build/KTX-Software/lib/dfdutils/queries.c"
[INFO] [stderr]   running: "cc" "-O0" "-ffunction-sections" "-fdata-sections" "-fPIC" "-gdwarf-4" "-fno-omit-frame-pointer" "-m64" "-I" "build/" "-I" "build/KTX-Software/include" "-I" "build/KTX-Software/lib" "-I" "build/KTX-Software/lib/basisu/transcoder" "-I" "build/KTX-Software/lib/basisu/zstd" "-I" "build/KTX-Software/other_include" "-I" "build/KTX-Software/utils" "-pthread" "-ldl" "-DLIBKTX=1" "-DBASISD_SUPPORT_FXT1=0" "-DBASISD_SUPPORT_KTX2_ZSTD=0" "-DKTX_FEATURE_KTX1=1" "-DKTX_FEATURE_KTX2=1" "-DKTX_FEATURE_WRITE=1" "-DKTX_FEATURE_GL_UPLOAD=0" "-DKTX_FEATURE_VULKAN=0" "-DKTX_OMIT_VULKAN=1" "-DSUPPORT_SOFTWARE_ETC_UNPACK=0" "-o" "/opt/rustwide/target/debug/build/libktx-rs-sys-8fa5a0bb0a65b1db/out/build/KTX-Software/lib/dfdutils/dfd2vk.o" "-c" "build/KTX-Software/lib/dfdutils/dfd2vk.c"
[INFO] [stderr]   exit status: 0
[INFO] [stderr]   running: "cc" "-O0" "-ffunction-sections" "-fdata-sections" "-fPIC" "-gdwarf-4" "-fno-omit-frame-pointer" "-m64" "-I" "build/" "-I" "build/KTX-Software/include" "-I" "build/KTX-Software/lib" "-I" "build/KTX-Software/lib/basisu/transcoder" "-I" "build/KTX-Software/lib/basisu/zstd" "-I" "build/KTX-Software/other_include" "-I" "build/KTX-Software/utils" "-pthread" "-ldl" "-DLIBKTX=1" "-DBASISD_SUPPORT_FXT1=0" "-DBASISD_SUPPORT_KTX2_ZSTD=0" "-DKTX_FEATURE_KTX1=1" "-DKTX_FEATURE_KTX2=1" "-DKTX_FEATURE_WRITE=1" "-DKTX_FEATURE_GL_UPLOAD=0" "-DKTX_FEATURE_VULKAN=0" "-DKTX_OMIT_VULKAN=1" "-DSUPPORT_SOFTWARE_ETC_UNPACK=0" "-o" "/opt/rustwide/target/debug/build/libktx-rs-sys-8fa5a0bb0a65b1db/out/build/KTX-Software/lib/dfdutils/vk2dfd.o" "-c" "build/KTX-Software/lib/dfdutils/vk2dfd.c"
[INFO] [stderr]   exit status: 0
[INFO] [stderr]   running: "cc" "-O0" "-ffunction-sections" "-fdata-sections" "-fPIC" "-gdwarf-4" "-fno-omit-frame-pointer" "-m64" "-I" "build/" "-I" "build/KTX-Software/include" "-I" "build/KTX-Software/lib" "-I" "build/KTX-Software/lib/basisu/transcoder" "-I" "build/KTX-Software/lib/basisu/zstd" "-I" "build/KTX-Software/other_include" "-I" "build/KTX-Software/utils" "-pthread" "-ldl" "-DLIBKTX=1" "-DBASISD_SUPPORT_FXT1=0" "-DBASISD_SUPPORT_KTX2_ZSTD=0" "-DKTX_FEATURE_KTX1=1" "-DKTX_FEATURE_KTX2=1" "-DKTX_FEATURE_WRITE=1" "-DKTX_FEATURE_GL_UPLOAD=0" "-DKTX_FEATURE_VULKAN=0" "-DKTX_OMIT_VULKAN=1" "-DSUPPORT_SOFTWARE_ETC_UNPACK=0" "-o" "/opt/rustwide/target/debug/build/libktx-rs-sys-8fa5a0bb0a65b1db/out/build/KTX-Software/lib/filestream.o" "-c" "build/KTX-Software/lib/filestream.c"
[INFO] [stderr]   exit status: 0
[INFO] [stderr]   running: "cc" "-O0" "-ffunction-sections" "-fdata-sections" "-fPIC" "-gdwarf-4" "-fno-omit-frame-pointer" "-m64" "-I" "build/" "-I" "build/KTX-Software/include" "-I" "build/KTX-Software/lib" "-I" "build/KTX-Software/lib/basisu/transcoder" "-I" "build/KTX-Software/lib/basisu/zstd" "-I" "build/KTX-Software/other_include" "-I" "build/KTX-Software/utils" "-pthread" "-ldl" "-DLIBKTX=1" "-DBASISD_SUPPORT_FXT1=0" "-DBASISD_SUPPORT_KTX2_ZSTD=0" "-DKTX_FEATURE_KTX1=1" "-DKTX_FEATURE_KTX2=1" "-DKTX_FEATURE_WRITE=1" "-DKTX_FEATURE_GL_UPLOAD=0" "-DKTX_FEATURE_VULKAN=0" "-DKTX_OMIT_VULKAN=1" "-DSUPPORT_SOFTWARE_ETC_UNPACK=0" "-o" "/opt/rustwide/target/debug/build/libktx-rs-sys-8fa5a0bb0a65b1db/out/build/KTX-Software/lib/hashlist.o" "-c" "build/KTX-Software/lib/hashlist.c"
[INFO] [stderr]   exit status: 0
[INFO] [stderr]   running: "cc" "-O0" "-ffunction-sections" "-fdata-sections" "-fPIC" "-gdwarf-4" "-fno-omit-frame-pointer" "-m64" "-I" "build/" "-I" "build/KTX-Software/include" "-I" "build/KTX-Software/lib" "-I" "build/KTX-Software/lib/basisu/transcoder" "-I" "build/KTX-Software/lib/basisu/zstd" "-I" "build/KTX-Software/other_include" "-I" "build/KTX-Software/utils" "-pthread" "-ldl" "-DLIBKTX=1" "-DBASISD_SUPPORT_FXT1=0" "-DBASISD_SUPPORT_KTX2_ZSTD=0" "-DKTX_FEATURE_KTX1=1" "-DKTX_FEATURE_KTX2=1" "-DKTX_FEATURE_WRITE=1" "-DKTX_FEATURE_GL_UPLOAD=0" "-DKTX_FEATURE_VULKAN=0" "-DKTX_OMIT_VULKAN=1" "-DSUPPORT_SOFTWARE_ETC_UNPACK=0" "-o" "/opt/rustwide/target/debug/build/libktx-rs-sys-8fa5a0bb0a65b1db/out/build/KTX-Software/lib/info.o" "-c" "build/KTX-Software/lib/info.c"
[INFO] [stderr]   running: "cc" "-O0" "-ffunction-sections" "-fdata-sections" "-fPIC" "-gdwarf-4" "-fno-omit-frame-pointer" "-m64" "-I" "build/" "-I" "build/KTX-Software/include" "-I" "build/KTX-Software/lib" "-I" "build/KTX-Software/lib/basisu/transcoder" "-I" "build/KTX-Software/lib/basisu/zstd" "-I" "build/KTX-Software/other_include" "-I" "build/KTX-Software/utils" "-pthread" "-ldl" "-DLIBKTX=1" "-DBASISD_SUPPORT_FXT1=0" "-DBASISD_SUPPORT_KTX2_ZSTD=0" "-DKTX_FEATURE_KTX1=1" "-DKTX_FEATURE_KTX2=1" "-DKTX_FEATURE_WRITE=1" "-DKTX_FEATURE_GL_UPLOAD=0" "-DKTX_FEATURE_VULKAN=0" "-DKTX_OMIT_VULKAN=1" "-DSUPPORT_SOFTWARE_ETC_UNPACK=0" "-o" "/opt/rustwide/target/debug/build/libktx-rs-sys-8fa5a0bb0a65b1db/out/build/KTX-Software/lib/memstream.o" "-c" "build/KTX-Software/lib/memstream.c"
[INFO] [stderr]   exit status: 0
[INFO] [stderr]   running: "cc" "-O0" "-ffunction-sections" "-fdata-sections" "-fPIC" "-gdwarf-4" "-fno-omit-frame-pointer" "-m64" "-I" "build/" "-I" "build/KTX-Software/include" "-I" "build/KTX-Software/lib" "-I" "build/KTX-Software/lib/basisu/transcoder" "-I" "build/KTX-Software/lib/basisu/zstd" "-I" "build/KTX-Software/other_include" "-I" "build/KTX-Software/utils" "-pthread" "-ldl" "-DLIBKTX=1" "-DBASISD_SUPPORT_FXT1=0" "-DBASISD_SUPPORT_KTX2_ZSTD=0" "-DKTX_FEATURE_KTX1=1" "-DKTX_FEATURE_KTX2=1" "-DKTX_FEATURE_WRITE=1" "-DKTX_FEATURE_GL_UPLOAD=0" "-DKTX_FEATURE_VULKAN=0" "-DKTX_OMIT_VULKAN=1" "-DSUPPORT_SOFTWARE_ETC_UNPACK=0" "-o" "/opt/rustwide/target/debug/build/libktx-rs-sys-8fa5a0bb0a65b1db/out/build/KTX-Software/lib/strings.o" "-c" "build/KTX-Software/lib/strings.c"
[INFO] [stderr]   exit status: 0
[INFO] [stderr]   exit status: 0
[INFO] [stderr]   running: "cc" "-O0" "-ffunction-sections" "-fdata-sections" "-fPIC" "-gdwarf-4" "-fno-omit-frame-pointer" "-m64" "-I" "build/" "-I" "build/KTX-Software/include" "-I" "build/KTX-Software/lib" "-I" "build/KTX-Software/lib/basisu/transcoder" "-I" "build/KTX-Software/lib/basisu/zstd" "-I" "build/KTX-Software/other_include" "-I" "build/KTX-Software/utils" "-pthread" "-ldl" "-DLIBKTX=1" "-DBASISD_SUPPORT_FXT1=0" "-DBASISD_SUPPORT_KTX2_ZSTD=0" "-DKTX_FEATURE_KTX1=1" "-DKTX_FEATURE_KTX2=1" "-DKTX_FEATURE_WRITE=1" "-DKTX_FEATURE_GL_UPLOAD=0" "-DKTX_FEATURE_VULKAN=0" "-DKTX_OMIT_VULKAN=1" "-DSUPPORT_SOFTWARE_ETC_UNPACK=0" "-o" "/opt/rustwide/target/debug/build/libktx-rs-sys-8fa5a0bb0a65b1db/out/build/KTX-Software/lib/swap.o" "-c" "build/KTX-Software/lib/swap.c"
[INFO] [stderr]   running: "cc" "-O0" "-ffunction-sections" "-fdata-sections" "-fPIC" "-gdwarf-4" "-fno-omit-frame-pointer" "-m64" "-I" "build/" "-I" "build/KTX-Software/include" "-I" "build/KTX-Software/lib" "-I" "build/KTX-Software/lib/basisu/transcoder" "-I" "build/KTX-Software/lib/basisu/zstd" "-I" "build/KTX-Software/other_include" "-I" "build/KTX-Software/utils" "-pthread" "-ldl" "-DLIBKTX=1" "-DBASISD_SUPPORT_FXT1=0" "-DBASISD_SUPPORT_KTX2_ZSTD=0" "-DKTX_FEATURE_KTX1=1" "-DKTX_FEATURE_KTX2=1" "-DKTX_FEATURE_WRITE=1" "-DKTX_FEATURE_GL_UPLOAD=0" "-DKTX_FEATURE_VULKAN=0" "-DKTX_OMIT_VULKAN=1" "-DSUPPORT_SOFTWARE_ETC_UNPACK=0" "-o" "/opt/rustwide/target/debug/build/libktx-rs-sys-8fa5a0bb0a65b1db/out/build/KTX-Software/lib/texture.o" "-c" "build/KTX-Software/lib/texture.c"
[INFO] [stderr]   running: "cc" "-O0" "-ffunction-sections" "-fdata-sections" "-fPIC" "-gdwarf-4" "-fno-omit-frame-pointer" "-m64" "-I" "build/" "-I" "build/KTX-Software/include" "-I" "build/KTX-Software/lib" "-I" "build/KTX-Software/lib/basisu/transcoder" "-I" "build/KTX-Software/lib/basisu/zstd" "-I" "build/KTX-Software/other_include" "-I" "build/KTX-Software/utils" "-pthread" "-ldl" "-DLIBKTX=1" "-DBASISD_SUPPORT_FXT1=0" "-DBASISD_SUPPORT_KTX2_ZSTD=0" "-DKTX_FEATURE_KTX1=1" "-DKTX_FEATURE_KTX2=1" "-DKTX_FEATURE_WRITE=1" "-DKTX_FEATURE_GL_UPLOAD=0" "-DKTX_FEATURE_VULKAN=0" "-DKTX_OMIT_VULKAN=1" "-DSUPPORT_SOFTWARE_ETC_UNPACK=0" "-o" "/opt/rustwide/target/debug/build/libktx-rs-sys-8fa5a0bb0a65b1db/out/build/KTX-Software/lib/texture2.o" "-c" "build/KTX-Software/lib/texture2.c"
[INFO] [stderr]   exit status: 0
[INFO] [stderr]   running: "cc" "-O0" "-ffunction-sections" "-fdata-sections" "-fPIC" "-gdwarf-4" "-fno-omit-frame-pointer" "-m64" "-I" "build/" "-I" "build/KTX-Software/include" "-I" "build/KTX-Software/lib" "-I" "build/KTX-Software/lib/basisu/transcoder" "-I" "build/KTX-Software/lib/basisu/zstd" "-I" "build/KTX-Software/other_include" "-I" "build/KTX-Software/utils" "-pthread" "-ldl" "-DLIBKTX=1" "-DBASISD_SUPPORT_FXT1=0" "-DBASISD_SUPPORT_KTX2_ZSTD=0" "-DKTX_FEATURE_KTX1=1" "-DKTX_FEATURE_KTX2=1" "-DKTX_FEATURE_WRITE=1" "-DKTX_FEATURE_GL_UPLOAD=0" "-DKTX_FEATURE_VULKAN=0" "-DKTX_OMIT_VULKAN=1" "-DSUPPORT_SOFTWARE_ETC_UNPACK=0" "-o" "/opt/rustwide/target/debug/build/libktx-rs-sys-8fa5a0bb0a65b1db/out/build/KTX-Software/lib/vkformat_check.o" "-c" "build/KTX-Software/lib/vkformat_check.c"
[INFO] [stderr]   exit status: 0
[INFO] [stderr]   running: "cc" "-O0" "-ffunction-sections" "-fdata-sections" "-fPIC" "-gdwarf-4" "-fno-omit-frame-pointer" "-m64" "-I" "build/" "-I" "build/KTX-Software/include" "-I" "build/KTX-Software/lib" "-I" "build/KTX-Software/lib/basisu/transcoder" "-I" "build/KTX-Software/lib/basisu/zstd" "-I" "build/KTX-Software/other_include" "-I" "build/KTX-Software/utils" "-pthread" "-ldl" "-DLIBKTX=1" "-DBASISD_SUPPORT_FXT1=0" "-DBASISD_SUPPORT_KTX2_ZSTD=0" "-DKTX_FEATURE_KTX1=1" "-DKTX_FEATURE_KTX2=1" "-DKTX_FEATURE_WRITE=1" "-DKTX_FEATURE_GL_UPLOAD=0" "-DKTX_FEATURE_VULKAN=0" "-DKTX_OMIT_VULKAN=1" "-DSUPPORT_SOFTWARE_ETC_UNPACK=0" "-o" "/opt/rustwide/target/debug/build/libktx-rs-sys-8fa5a0bb0a65b1db/out/build/KTX-Software/lib/vkformat_str.o" "-c" "build/KTX-Software/lib/vkformat_str.c"
[INFO] [stderr]   exit status: 0
[INFO] [stderr]   running: "cc" "-O0" "-ffunction-sections" "-fdata-sections" "-fPIC" "-gdwarf-4" "-fno-omit-frame-pointer" "-m64" "-I" "build/" "-I" "build/KTX-Software/include" "-I" "build/KTX-Software/lib" "-I" "build/KTX-Software/lib/basisu/transcoder" "-I" "build/KTX-Software/lib/basisu/zstd" "-I" "build/KTX-Software/other_include" "-I" "build/KTX-Software/utils" "-pthread" "-ldl" "-DLIBKTX=1" "-DBASISD_SUPPORT_FXT1=0" "-DBASISD_SUPPORT_KTX2_ZSTD=0" "-DKTX_FEATURE_KTX1=1" "-DKTX_FEATURE_KTX2=1" "-DKTX_FEATURE_WRITE=1" "-DKTX_FEATURE_GL_UPLOAD=0" "-DKTX_FEATURE_VULKAN=0" "-DKTX_OMIT_VULKAN=1" "-DSUPPORT_SOFTWARE_ETC_UNPACK=0" "-o" "/opt/rustwide/target/debug/build/libktx-rs-sys-8fa5a0bb0a65b1db/out/build/KTX-Software/lib/texture1.o" "-c" "build/KTX-Software/lib/texture1.c"
[INFO] [stderr]   exit status: 0
[INFO] [stderr]   running: "cc" "-O0" "-ffunction-sections" "-fdata-sections" "-fPIC" "-gdwarf-4" "-fno-omit-frame-pointer" "-m64" "-I" "build/" "-I" "build/KTX-Software/include" "-I" "build/KTX-Software/lib" "-I" "build/KTX-Software/lib/basisu/transcoder" "-I" "build/KTX-Software/lib/basisu/zstd" "-I" "build/KTX-Software/other_include" "-I" "build/KTX-Software/utils" "-pthread" "-ldl" "-DLIBKTX=1" "-DBASISD_SUPPORT_FXT1=0" "-DBASISD_SUPPORT_KTX2_ZSTD=0" "-DKTX_FEATURE_KTX1=1" "-DKTX_FEATURE_KTX2=1" "-DKTX_FEATURE_WRITE=1" "-DKTX_FEATURE_GL_UPLOAD=0" "-DKTX_FEATURE_VULKAN=0" "-DKTX_OMIT_VULKAN=1" "-DSUPPORT_SOFTWARE_ETC_UNPACK=0" "-o" "/opt/rustwide/target/debug/build/libktx-rs-sys-8fa5a0bb0a65b1db/out/build/wrapper.o" "-c" "build/wrapper.c"
[INFO] [stderr]   exit status: 0
[INFO] [stderr]   exit status: 0
[INFO] [stderr]   running: "cc" "-O0" "-ffunction-sections" "-fdata-sections" "-fPIC" "-gdwarf-4" "-fno-omit-frame-pointer" "-m64" "-I" "build/" "-I" "build/KTX-Software/include" "-I" "build/KTX-Software/lib" "-I" "build/KTX-Software/lib/basisu/transcoder" "-I" "build/KTX-Software/lib/basisu/zstd" "-I" "build/KTX-Software/other_include" "-I" "build/KTX-Software/utils" "-pthread" "-ldl" "-DLIBKTX=1" "-DBASISD_SUPPORT_FXT1=0" "-DBASISD_SUPPORT_KTX2_ZSTD=0" "-DKTX_FEATURE_KTX1=1" "-DKTX_FEATURE_KTX2=1" "-DKTX_FEATURE_WRITE=1" "-DKTX_FEATURE_GL_UPLOAD=0" "-DKTX_FEATURE_VULKAN=0" "-DKTX_OMIT_VULKAN=1" "-DSUPPORT_SOFTWARE_ETC_UNPACK=0" "-o" "/opt/rustwide/target/debug/build/libktx-rs-sys-8fa5a0bb0a65b1db/out/build/KTX-Software/lib/writer1.o" "-c" "build/KTX-Software/lib/writer1.c"
[INFO] [stderr]   exit status: 0
[INFO] [stderr]   exit status: 0
[INFO] [stderr]   running: "cc" "-O0" "-ffunction-sections" "-fdata-sections" "-fPIC" "-gdwarf-4" "-fno-omit-frame-pointer" "-m64" "-I" "build/" "-I" "build/KTX-Software/include" "-I" "build/KTX-Software/lib" "-I" "build/KTX-Software/lib/basisu/transcoder" "-I" "build/KTX-Software/lib/basisu/zstd" "-I" "build/KTX-Software/other_include" "-I" "build/KTX-Software/utils" "-pthread" "-ldl" "-DLIBKTX=1" "-DBASISD_SUPPORT_FXT1=0" "-DBASISD_SUPPORT_KTX2_ZSTD=0" "-DKTX_FEATURE_KTX1=1" "-DKTX_FEATURE_KTX2=1" "-DKTX_FEATURE_WRITE=1" "-DKTX_FEATURE_GL_UPLOAD=0" "-DKTX_FEATURE_VULKAN=0" "-DKTX_OMIT_VULKAN=1" "-DSUPPORT_SOFTWARE_ETC_UNPACK=0" "-o" "/opt/rustwide/target/debug/build/libktx-rs-sys-8fa5a0bb0a65b1db/out/build/KTX-Software/lib/writer2.o" "-c" "build/KTX-Software/lib/writer2.c"
[INFO] [stderr]   exit status: 0
[INFO] [stderr]   exit status: 0
[INFO] [stderr]   running: "cc" "-O0" "-ffunction-sections" "-fdata-sections" "-fPIC" "-gdwarf-4" "-fno-omit-frame-pointer" "-m64" "-I" "build/" "-I" "build/KTX-Software/include" "-I" "build/KTX-Software/lib" "-I" "build/KTX-Software/lib/basisu/transcoder" "-I" "build/KTX-Software/lib/basisu/zstd" "-I" "build/KTX-Software/other_include" "-I" "build/KTX-Software/utils" "-pthread" "-ldl" "-DLIBKTX=1" "-DBASISD_SUPPORT_FXT1=0" "-DBASISD_SUPPORT_KTX2_ZSTD=0" "-DKTX_FEATURE_KTX1=1" "-DKTX_FEATURE_KTX2=1" "-DKTX_FEATURE_WRITE=1" "-DKTX_FEATURE_GL_UPLOAD=0" "-DKTX_FEATURE_VULKAN=0" "-DKTX_OMIT_VULKAN=1" "-DSUPPORT_SOFTWARE_ETC_UNPACK=0" "-o" "/opt/rustwide/target/debug/build/libktx-rs-sys-8fa5a0bb0a65b1db/out/build/KTX-Software/lib/basisu/encoder/apg_bmp.o" "-c" "build/KTX-Software/lib/basisu/encoder/apg_bmp.c"
[INFO] [stderr]   exit status: 0
[INFO] [stderr]   cargo:warning=cc: fatal error: Killed signal terminated program cc1
[INFO] [stderr]   cargo:warning=compilation terminated.
[INFO] [stderr]   exit status: 1
[INFO] [stderr] 
[INFO] [stderr]   --- stderr
[INFO] [stderr] 
[INFO] [stderr] 
[INFO] [stderr]   error occurred: Command "cc" "-O0" "-ffunction-sections" "-fdata-sections" "-fPIC" "-gdwarf-4" "-fno-omit-frame-pointer" "-m64" "-I" "build/" "-I" "build/KTX-Software/include" "-I" "build/KTX-Software/lib" "-I" "build/KTX-Software/lib/basisu/transcoder" "-I" "build/KTX-Software/lib/basisu/zstd" "-I" "build/KTX-Software/other_include" "-I" "build/KTX-Software/utils" "-pthread" "-ldl" "-DLIBKTX=1" "-DBASISD_SUPPORT_FXT1=0" "-DBASISD_SUPPORT_KTX2_ZSTD=0" "-DKTX_FEATURE_KTX1=1" "-DKTX_FEATURE_KTX2=1" "-DKTX_FEATURE_WRITE=1" "-DKTX_FEATURE_GL_UPLOAD=0" "-DKTX_FEATURE_VULKAN=0" "-DKTX_OMIT_VULKAN=1" "-DSUPPORT_SOFTWARE_ETC_UNPACK=0" "-o" "/opt/rustwide/target/debug/build/libktx-rs-sys-8fa5a0bb0a65b1db/out/build/KTX-Software/lib/basisu/zstd/zstd.o" "-c" "build/KTX-Software/lib/basisu/zstd/zstd.c" with args "cc" did not execute successfully (status code exit status: 1).
[INFO] [stderr] 
[INFO] [stderr] 
[INFO] [stderr] error: could not compile `image`
[INFO] [stderr] 
[INFO] [stderr] Caused by:
[INFO] [stderr]   process didn't exit successfully: `rustc --crate-name image --edition=2018 /opt/rustwide/cargo-home/registry/src/github.com-1ecc6299db9ec823/image-0.23.14/./src/lib.rs --error-format=json --json=diagnostic-rendered-ansi,artifacts,future-incompat --crate-type lib --emit=dep-info,metadata -C embed-bitcode=no -C debuginfo=2 --cfg 'feature="bmp"' --cfg 'feature="dds"' --cfg 'feature="default"' --cfg 'feature="dxt"' --cfg 'feature="farbfeld"' --cfg 'feature="gif"' --cfg 'feature="hdr"' --cfg 'feature="ico"' --cfg 'feature="jpeg"' --cfg 'feature="jpeg_rayon"' --cfg 'feature="png"' --cfg 'feature="pnm"' --cfg 'feature="scoped_threadpool"' --cfg 'feature="tga"' --cfg 'feature="tiff"' --cfg 'feature="webp"' -C metadata=951f7a74beb6cf09 -C extra-filename=-951f7a74beb6cf09 --out-dir /opt/rustwide/target/debug/deps -L dependency=/opt/rustwide/target/debug/deps --extern bytemuck=/opt/rustwide/target/debug/deps/libbytemuck-6eca98ff7ceae8db.rmeta --extern byteorder=/opt/rustwide/target/debug/deps/libbyteorder-f66b59f6631a5df0.rmeta --extern color_quant=/opt/rustwide/target/debug/deps/libcolor_quant-a5a7aed6c80f13de.rmeta --extern gif=/opt/rustwide/target/debug/deps/libgif-2d21f9fd68909812.rmeta --extern jpeg=/opt/rustwide/target/debug/deps/libjpeg_decoder-885db28594e8f680.rmeta --extern num_iter=/opt/rustwide/target/debug/deps/libnum_iter-c64be0c1294fb52a.rmeta --extern num_rational=/opt/rustwide/target/debug/deps/libnum_rational-1628a015025b5fcc.rmeta --extern num_traits=/opt/rustwide/target/debug/deps/libnum_traits-2b8a33666dc3ba8e.rmeta --extern png=/opt/rustwide/target/debug/deps/libpng-3012d96a8b2474ed.rmeta --extern scoped_threadpool=/opt/rustwide/target/debug/deps/libscoped_threadpool-4ac61ca9e7fa020f.rmeta --extern tiff=/opt/rustwide/target/debug/deps/libtiff-c3377ceafcee1f73.rmeta --cap-lints allow --cap-lints=warn` (signal: 9, SIGKILL: kill)
[INFO] [stderr] The following warnings were emitted during compilation:
[INFO] [stderr] 
[INFO] [stderr] warning: shaderc: searching for native shaderc libraries on system;  use '--features build-from-source' to force building from source code
[INFO] [stderr] warning: shaderc: cannot find native shaderc library on system; falling back to build from source
[INFO] [stderr] 
[INFO] [stderr] error: failed to run custom build command for `shaderc-sys v0.7.4`
[INFO] [stderr] note: To improve backtraces for build dependencies, set the CARGO_PROFILE_DEV_BUILD_OVERRIDE_DEBUG=true environment variable to enable debug information generation.
[INFO] [stderr] 
[INFO] [stderr] Caused by:
[INFO] [stderr]   process didn't exit successfully: `/opt/rustwide/target/debug/build/shaderc-sys-2fb7986d227e3557/build-script-build` (exit status: 101)
[INFO] [stderr]   --- stdout
[INFO] [stderr]   cargo:warning=shaderc: searching for native shaderc libraries on system;  use '--features build-from-source' to force building from source code
[INFO] [stderr]   cargo:warning=shaderc: cannot find native shaderc library on system; falling back to build from source
[INFO] [stderr]   CMAKE_TOOLCHAIN_FILE_x86_64-unknown-linux-gnu = None
[INFO] [stderr]   CMAKE_TOOLCHAIN_FILE_x86_64_unknown_linux_gnu = None
[INFO] [stderr]   HOST_CMAKE_TOOLCHAIN_FILE = None
[INFO] [stderr]   CMAKE_TOOLCHAIN_FILE = None
[INFO] [stderr]   CMAKE_PREFIX_PATH_x86_64-unknown-linux-gnu = None
[INFO] [stderr]   CMAKE_PREFIX_PATH_x86_64_unknown_linux_gnu = None
[INFO] [stderr]   HOST_CMAKE_PREFIX_PATH = None
[INFO] [stderr]   CMAKE_PREFIX_PATH = None
[INFO] [stderr]   CMAKE_x86_64-unknown-linux-gnu = None
[INFO] [stderr]   CMAKE_x86_64_unknown_linux_gnu = None
[INFO] [stderr]   HOST_CMAKE = None
[INFO] [stderr]   CMAKE = None
[INFO] [stderr]   running: cd "/opt/rustwide/target/debug/build/shaderc-sys-228c8b566008ff35/out/build" && CMAKE_PREFIX_PATH="" "cmake" "/opt/rustwide/cargo-home/registry/src/github.com-1ecc6299db9ec823/shaderc-sys-0.7.4/build" "-G" "Ninja" "-DCMAKE_INSTALL_LIBDIR=lib" "-DCMAKE_POSITION_INDEPENDENT_CODE=ON" "-DENABLE_SPVREMAPPER=OFF" "-DENABLE_GLSLANG_BINARIES=OFF" "-DSHADERC_SKIP_TESTS=ON" "-DSPIRV_SKIP_EXECUTABLES=ON" "-DSPIRV_WERROR=OFF" "-DCMAKE_INSTALL_PREFIX=/opt/rustwide/target/debug/build/shaderc-sys-228c8b566008ff35/out" "-DCMAKE_C_FLAGS= -ffunction-sections -fdata-sections -fPIC -m64" "-DCMAKE_C_COMPILER=/usr/bin/cc" "-DCMAKE_CXX_FLAGS= -ffunction-sections -fdata-sections -fPIC -m64" "-DCMAKE_CXX_COMPILER=/usr/bin/c++" "-DCMAKE_ASM_FLAGS= -ffunction-sections -fdata-sections -fPIC -m64" "-DCMAKE_ASM_COMPILER=/usr/bin/cc" "-DCMAKE_BUILD_TYPE=Release"
[INFO] [stderr]   -- The C compiler identification is GNU 11.3.0
[INFO] [stderr]   -- The CXX compiler identification is GNU 11.3.0
[INFO] [stderr]   -- Detecting C compiler ABI info
[INFO] [stderr]   -- Detecting C compiler ABI info - done
[INFO] [stderr]   -- Check for working C compiler: /usr/bin/cc - skipped
[INFO] [stderr]   -- Detecting C compile features
[INFO] [stderr]   -- Detecting C compile features - done
[INFO] [stderr]   -- Detecting CXX compiler ABI info
[INFO] [stderr]   -- Detecting CXX compiler ABI info - done
[INFO] [stderr]   -- Check for working CXX compiler: /usr/bin/c++ - skipped
[INFO] [stderr]   -- Detecting CXX compile features
[INFO] [stderr]   -- Detecting CXX compile features - done
[INFO] [stderr]   -- Building SPIRV-Header examples
[INFO] [stderr]   -- Installing SPIRV-Header
[INFO] [stderr]   -- Found PythonInterp: /usr/bin/python3 (found suitable version "3.10.6", minimum required is "3") 
[INFO] [stderr]   -- Google Mock was not found - tests based on that will not build
[INFO] [stderr]   -- optimizer enabled
[INFO] [stderr]   -- Looking for pthread.h
[INFO] [stderr]   -- Looking for pthread.h - found
[INFO] [stderr]   -- Performing Test CMAKE_HAVE_LIBC_PTHREAD
[INFO] [stderr]   -- Performing Test CMAKE_HAVE_LIBC_PTHREAD - Success
[INFO] [stderr]   -- Found Threads: TRUE  
[INFO] [stderr]   -- Shaderc: build type is "Release".
[INFO] [stderr]   -- Configuring Shaderc to avoid building tests.
[INFO] [stderr]   -- Configuring Shaderc to build examples.
[INFO] [stderr]   -- Configuring Shaderc to check copyrights.
[INFO] [stderr]   -- asciidoctor was not found - no documentation will be generated
[INFO] [stderr]   -- Performing Test COMPILER_SUPPORTS_FALLTHROUGH_WARNING
[INFO] [stderr]   -- Performing Test COMPILER_SUPPORTS_FALLTHROUGH_WARNING - Success
[INFO] [stderr]   -- Performing Test COMPILER_SUPPORTS_EXTRA_SEMI_WARNING
[INFO] [stderr]   -- Performing Test COMPILER_SUPPORTS_EXTRA_SEMI_WARNING - Success
[INFO] [stderr]   -- Performing Test COMPILER_SUPPORTS_PIC
[INFO] [stderr]   -- Performing Test COMPILER_SUPPORTS_PIC - Success
[INFO] [stderr]   -- Configuring done
[INFO] [stderr]   -- Generating done
[INFO] [stderr]   -- Build files have been written to: /opt/rustwide/target/debug/build/shaderc-sys-228c8b566008ff35/out/build
[INFO] [stderr]   running: cd "/opt/rustwide/target/debug/build/shaderc-sys-228c8b566008ff35/out/build" && "cmake" "--build" "." "--target" "install" "--config" "Release" "--parallel" "16"
[INFO] [stderr]   [1/391] Building CXX object spirv-headers/example/CMakeFiles/SPIRV-Headers-example.dir/example.cpp.o
[INFO] [stderr]   [2/391] cd /opt/rustwide/target/debug/build/shaderc-sys-228c8b566008ff35/out/build/spirv-tools && /usr/bin/cmake -DCHANGES_FILE=/opt/rustwide/cargo-home/registry/src/github.com-1ecc6299db9ec823/shaderc-sys-0.7.4/build/spirv-tools/CHANGES -DTEMPLATE_FILE=/opt/rustwide/cargo-home/registry/src/github.com-1ecc6299db9ec823/shaderc-sys-0.7.4/build/spirv-tools/cmake/SPIRV-Tools.pc.in -DOUT_FILE=/opt/rustwide/target/debug/build/shaderc-sys-228c8b566008ff35/out/build/spirv-tools/SPIRV-Tools.pc -DCMAKE_INSTALL_PREFIX=/opt/rustwide/target/debug/build/shaderc-sys-228c8b566008ff35/out -DCMAKE_INSTALL_LIBDIR=lib -DCMAKE_INSTALL_INCLUDEDIR=include -DSPIRV_LIBRARIES=-lSPIRV-Tools-opt\ -lSPIRV-Tools\ -lSPIRV-Tools-link -P /opt/rustwide/cargo-home/registry/src/github.com-1ecc6299db9ec823/shaderc-sys-0.7.4/build/spirv-tools/cmake/write_pkg_config.cmake
[INFO] [stderr]   [3/391] cd /opt/rustwide/target/debug/build/shaderc-sys-228c8b566008ff35/out/build/spirv-tools && /usr/bin/cmake -DCHANGES_FILE=/opt/rustwide/cargo-home/registry/src/github.com-1ecc6299db9ec823/shaderc-sys-0.7.4/build/spirv-tools/CHANGES -DTEMPLATE_FILE=/opt/rustwide/cargo-home/registry/src/github.com-1ecc6299db9ec823/shaderc-sys-0.7.4/build/spirv-tools/cmake/SPIRV-Tools-shared.pc.in -DOUT_FILE=/opt/rustwide/target/debug/build/shaderc-sys-228c8b566008ff35/out/build/spirv-tools/SPIRV-Tools-shared.pc -DCMAKE_INSTALL_PREFIX=/opt/rustwide/target/debug/build/shaderc-sys-228c8b566008ff35/out -DCMAKE_INSTALL_LIBDIR=lib -DCMAKE_INSTALL_INCLUDEDIR=include -DSPIRV_SHARED_LIBRARIES=-lSPIRV-Tools-shared -P /opt/rustwide/cargo-home/registry/src/github.com-1ecc6299db9ec823/shaderc-sys-0.7.4/build/spirv-tools/cmake/write_pkg_config.cmake
[INFO] [stderr]   [4/391] Generate extended instruction tables for spv-amd-shader-explicit-vertex-parameter.
[INFO] [stderr]   [5/391] Generate extended instruction tables for spv-amd-gcn-shader.
[INFO] [stderr]   [6/391] Generate extended instruction tables for spv-amd-shader-ballot.
[INFO] [stderr]   [7/391] Generate extended instruction tables for debuginfo.
[INFO] [stderr]   [8/391] Generate enum-string mapping for SPIR-V vunified1.
[INFO] [stderr]   [9/391] Generate extended instruction tables for spv-amd-shader-trinary-minmax.
[INFO] [stderr]   [10/391] Generate extended instruction tables for opencl.debuginfo.100.
[INFO] [stderr]   [11/391] Generate extended instruction tables for nonsemantic.shader.debuginfo.100.
[INFO] [stderr]   [12/391] Generate extended instruction tables for nonsemantic.clspvreflection.
[INFO] [stderr]   [13/391] Generate language specific header for DebugInfo.
[INFO] [stderr]   [14/391] Generate language specific header for OpenCLDebugInfo100.
[INFO] [stderr]   [15/391] Generate language specific header for NonSemanticShaderDebugInfo100.
[INFO] [stderr]   [16/391] Generate info tables for SPIR-V vunified1 core instructions and operands.
[INFO] [stderr]   [17/391] Generate tables based on the SPIR-V XML registry.
[INFO] [stderr]   [18/391] Building CXX object glslang/hlsl/CMakeFiles/HLSL.dir/stub.cpp.o
[INFO] [stderr]   [19/391] Linking CXX static library spirv-headers/example/libSPIRV-Headers-example.a
[INFO] [stderr]   [20/391] Update build-version.inc in the SPIRV-Tools build directory (if necessary).
[INFO] [stderr]   [21/391] cd /opt/rustwide/target/debug/build/shaderc-sys-228c8b566008ff35/out/build/shaderc && /usr/bin/cmake -DCHANGES_FILE=/opt/rustwide/cargo-home/registry/src/github.com-1ecc6299db9ec823/shaderc-sys-0.7.4/build/shaderc/CHANGES -DTEMPLATE_FILE=/opt/rustwide/cargo-home/registry/src/github.com-1ecc6299db9ec823/shaderc-sys-0.7.4/build/shaderc/cmake/shaderc.pc.in -DOUT_FILE=/opt/rustwide/target/debug/build/shaderc-sys-228c8b566008ff35/out/build/shaderc/shaderc.pc -DCMAKE_INSTALL_PREFIX=/opt/rustwide/target/debug/build/shaderc-sys-228c8b566008ff35/out -DCMAKE_INSTALL_LIBDIR=lib -DCMAKE_INSTALL_INCLUDEDIR=include -DLIBS=-lshaderc_shared -P /opt/rustwide/cargo-home/registry/src/github.com-1ecc6299db9ec823/shaderc-sys-0.7.4/build/shaderc/cmake/write_pkg_config.cmake
[INFO] [stderr]   [22/391] cd /opt/rustwide/target/debug/build/shaderc-sys-228c8b566008ff35/out/build/shaderc && /usr/bin/cmake -DCHANGES_FILE=/opt/rustwide/cargo-home/registry/src/github.com-1ecc6299db9ec823/shaderc-sys-0.7.4/build/shaderc/CHANGES -DTEMPLATE_FILE=/opt/rustwide/cargo-home/registry/src/github.com-1ecc6299db9ec823/shaderc-sys-0.7.4/build/shaderc/cmake/shaderc_static.pc.in -DOUT_FILE=/opt/rustwide/target/debug/build/shaderc-sys-228c8b566008ff35/out/build/shaderc/shaderc_static.pc -DCMAKE_INSTALL_PREFIX=/opt/rustwide/target/debug/build/shaderc-sys-228c8b566008ff35/out -DCMAKE_INSTALL_LIBDIR=lib -DCMAKE_INSTALL_INCLUDEDIR=include -DLIBS=-lshaderc\ \ -lshaderc_util -P /opt/rustwide/cargo-home/registry/src/github.com-1ecc6299db9ec823/shaderc-sys-0.7.4/build/shaderc/cmake/write_pkg_config.cmake
[INFO] [stderr]   [23/391] cd /opt/rustwide/target/debug/build/shaderc-sys-228c8b566008ff35/out/build/shaderc && /usr/bin/cmake -DCHANGES_FILE=/opt/rustwide/cargo-home/registry/src/github.com-1ecc6299db9ec823/shaderc-sys-0.7.4/build/shaderc/CHANGES -DTEMPLATE_FILE=/opt/rustwide/cargo-home/registry/src/github.com-1ecc6299db9ec823/shaderc-sys-0.7.4/build/shaderc/cmake/shaderc_combined.pc.in -DOUT_FILE=/opt/rustwide/target/debug/build/shaderc-sys-228c8b566008ff35/out/build/shaderc/shaderc_combined.pc -DCMAKE_INSTALL_PREFIX=/opt/rustwide/target/debug/build/shaderc-sys-228c8b566008ff35/out -DCMAKE_INSTALL_LIBDIR=lib -DCMAKE_INSTALL_INCLUDEDIR=include -DLIBS=-lshaderc_combined -P /opt/rustwide/cargo-home/registry/src/github.com-1ecc6299db9ec823/shaderc-sys-0.7.4/build/shaderc/cmake/write_pkg_config.cmake
[INFO] [stderr]   [24/391] Check copyright
[INFO] [stderr]   [25/391] Generate info tables for GLSL extended instructions and operands vunified1.
[INFO] [stderr]   [26/391] Update build-version.inc in the Shaderc build directory (if necessary).
[INFO] [stderr]   [27/391] Generate info tables for OpenCL extended instructions and operands vunified1.
[INFO] [stderr]   [28/391] Linking CXX static library glslang/hlsl/libHLSL.a
[INFO] [stderr]   [29/391] Building CXX object glslang/glslang/OSDependent/Unix/CMakeFiles/OSDependent.dir/ossource.cpp.o
[INFO] [stderr]   [30/391] Building CXX object glslang/OGLCompilersDLL/CMakeFiles/OGLCompiler.dir/InitializeDll.cpp.o
[INFO] [stderr]   [31/391] Building CXX object glslang/glslang/CMakeFiles/GenericCodeGen.dir/GenericCodeGen/Link.cpp.o
[INFO] [stderr]   [32/391] Building CXX object spirv-tools/source/CMakeFiles/SPIRV-Tools-shared.dir/ext_inst.cpp.o
[INFO] [stderr]   [33/391] Building CXX object spirv-tools/source/CMakeFiles/SPIRV-Tools-shared.dir/util/bit_vector.cpp.o
[INFO] [stderr]   [34/391] Building CXX object glslang/glslang/CMakeFiles/GenericCodeGen.dir/GenericCodeGen/CodeGen.cpp.o
[INFO] [stderr]   [35/391] Building CXX object spirv-tools/source/CMakeFiles/SPIRV-Tools-shared.dir/extensions.cpp.o
[INFO] [stderr]   [36/391] Building CXX object spirv-tools/source/CMakeFiles/SPIRV-Tools-shared.dir/software_version.cpp.o
[INFO] [stderr]   [37/391] Building CXX object spirv-tools/source/CMakeFiles/SPIRV-Tools-shared.dir/util/string_utils.cpp.o
[INFO] [stderr]   [38/391] Building CXX object spirv-tools/source/CMakeFiles/SPIRV-Tools-shared.dir/enum_string_mapping.cpp.o
[INFO] [stderr]   [39/391] Building CXX object spirv-tools/source/CMakeFiles/SPIRV-Tools-shared.dir/spirv_endian.cpp.o
[INFO] [stderr]   [40/391] Building CXX object spirv-tools/source/CMakeFiles/SPIRV-Tools-shared.dir/assembly_grammar.cpp.o
[INFO] [stderr]   [41/391] Building CXX object spirv-tools/source/CMakeFiles/SPIRV-Tools-shared.dir/libspirv.cpp.o
[INFO] [stderr]   [42/391] Building CXX object spirv-tools/source/CMakeFiles/SPIRV-Tools-shared.dir/spirv_optimizer_options.cpp.o
[INFO] [stderr]   [43/391] Building CXX object spirv-tools/source/CMakeFiles/SPIRV-Tools-shared.dir/diagnostic.cpp.o
[INFO] [stderr]   [44/391] Building CXX object spirv-tools/source/CMakeFiles/SPIRV-Tools-shared.dir/spirv_validator_options.cpp.o
[INFO] [stderr]   [45/391] Building CXX object spirv-tools/source/CMakeFiles/SPIRV-Tools-shared.dir/print.cpp.o
[INFO] [stderr]   [46/391] Building CXX object spirv-tools/source/CMakeFiles/SPIRV-Tools-shared.dir/spirv_fuzzer_options.cpp.o
[INFO] [stderr]   [47/391] Building CXX object spirv-tools/source/CMakeFiles/SPIRV-Tools-shared.dir/spirv_reducer_options.cpp.o
[INFO] [stderr]   [48/391] Building CXX object spirv-tools/source/CMakeFiles/SPIRV-Tools-shared.dir/spirv_target_env.cpp.o
[INFO] [stderr]   [49/391] Building CXX object glslang/glslang/CMakeFiles/glslang.dir/CInterface/glslang_c_interface.cpp.o
[INFO] [stderr]   [50/391] Building CXX object spirv-tools/source/CMakeFiles/SPIRV-Tools-shared.dir/opcode.cpp.o
[INFO] [stderr]   [51/391] Building CXX object spirv-tools/source/CMakeFiles/SPIRV-Tools-shared.dir/table.cpp.o
[INFO] [stderr]   [52/391] Building CXX object spirv-tools/source/CMakeFiles/SPIRV-Tools-shared.dir/parsed_operand.cpp.o
[INFO] [stderr]   [53/391] Building CXX object spirv-tools/source/CMakeFiles/SPIRV-Tools-shared.dir/disassemble.cpp.o
[INFO] [stderr]   [54/391] Building CXX object spirv-tools/source/CMakeFiles/SPIRV-Tools-shared.dir/operand.cpp.o
[INFO] [stderr]   [55/391] Building CXX object glslang/glslang/CMakeFiles/MachineIndependent.dir/cmake_pch.hxx.gch
[INFO] [stderr]   FAILED: glslang/glslang/CMakeFiles/MachineIndependent.dir/cmake_pch.hxx.gch 
[INFO] [stderr]   /usr/bin/c++ -DENABLE_HLSL -DENABLE_OPT=1 -DGLSLANG_OSINCLUDE_UNIX -I/opt/rustwide/target/debug/build/shaderc-sys-228c8b566008ff35/out/build/include -ffunction-sections -fdata-sections -fPIC -m64 -O3 -DNDEBUG -fPIC -Wall -Wmaybe-uninitialized -Wuninitialized -Wunused -Wunused-local-typedefs -Wunused-parameter -Wunused-value -Wunused-variable -Wunused-but-set-parameter -Wunused-but-set-variable -fno-exceptions -Wno-reorder -fno-rtti -Werror=deprecated-copy -std=c++11 -Winvalid-pch -x c++-header -include /opt/rustwide/target/debug/build/shaderc-sys-228c8b566008ff35/out/build/glslang/glslang/CMakeFiles/MachineIndependent.dir/cmake_pch.hxx -MD -MT glslang/glslang/CMakeFiles/MachineIndependent.dir/cmake_pch.hxx.gch -MF glslang/glslang/CMakeFiles/MachineIndependent.dir/cmake_pch.hxx.gch.d -o glslang/glslang/CMakeFiles/MachineIndependent.dir/cmake_pch.hxx.gch -c /opt/rustwide/target/debug/build/shaderc-sys-228c8b566008ff35/out/build/glslang/glslang/CMakeFiles/MachineIndependent.dir/cmake_pch.hxx.cxx
[INFO] [stderr]   c++: fatal error: Killed signal terminated program cc1plus
[INFO] [stderr]   compilation terminated.
[INFO] [stderr]   [56/391] Building CXX object spirv-tools/source/CMakeFiles/SPIRV-Tools-shared.dir/util/parse_number.cpp.o
[INFO] [stderr]   [57/391] Building CXX object spirv-tools/source/CMakeFiles/SPIRV-Tools-shared.dir/val/validate.cpp.o
[INFO] [stderr]   FAILED: spirv-tools/source/CMakeFiles/SPIRV-Tools-shared.dir/val/validate.cpp.o 
[INFO] [stderr]   /usr/bin/c++ -DSPIRV_COLOR_TERMINAL -DSPIRV_LINUX -DSPIRV_TIMER_ENABLED -DSPIRV_TOOLS_IMPLEMENTATION -DSPIRV_TOOLS_SHAREDLIB -DSPIRV_Tools_shared_EXPORTS -I/opt/rustwide/cargo-home/registry/src/github.com-1ecc6299db9ec823/shaderc-sys-0.7.4/build/spirv-tools -I/opt/rustwide/cargo-home/registry/src/github.com-1ecc6299db9ec823/shaderc-sys-0.7.4/build/spirv-tools/include -I/opt/rustwide/target/debug/build/shaderc-sys-228c8b566008ff35/out/build/spirv-tools -I/opt/rustwide/cargo-home/registry/src/github.com-1ecc6299db9ec823/shaderc-sys-0.7.4/build/spirv-headers/include -ffunction-sections -fdata-sections -fPIC -m64 -O3 -DNDEBUG -fPIC -fvisibility=hidden -Wall -Wextra -Wnon-virtual-dtor -Wno-missing-field-initializers -std=c++11 -fno-exceptions -Wno-long-long -Wshadow -Wundef -Wconversion -Wno-sign-conversion -std=gnu++11 -MD -MT spirv-tools/source/CMakeFiles/SPIRV-Tools-shared.dir/val/validate.cpp.o -MF spirv-tools/source/CMakeFiles/SPIRV-Tools-shared.dir/val/validate.cpp.o.d -o spirv-tools/source/CMakeFiles/SPIRV-Tools-shared.dir/val/validate.cpp.o -c /opt/rustwide/cargo-home/registry/src/github.com-1ecc6299db9ec823/shaderc-sys-0.7.4/build/spirv-tools/source/val/validate.cpp
[INFO] [stderr]   c++: fatal error: Killed signal terminated program cc1plus
[INFO] [stderr]   compilation terminated.
[INFO] [stderr]   [58/391] Building CXX object spirv-tools/source/CMakeFiles/SPIRV-Tools-shared.dir/name_mapper.cpp.o
[INFO] [stderr]   [59/391] Building CXX object spirv-tools/source/CMakeFiles/SPIRV-Tools-shared.dir/val/validate_adjacency.cpp.o
[INFO] [stderr]   [60/391] Building CXX object spirv-tools/source/CMakeFiles/SPIRV-Tools-shared.dir/binary.cpp.o
[INFO] [stderr]   [61/391] Building CXX object spirv-tools/source/CMakeFiles/SPIRV-Tools-shared.dir/val/validate_barriers.cpp.o
[INFO] [stderr]   [62/391] Building CXX object spirv-tools/source/CMakeFiles/SPIRV-Tools-shared.dir/text_handler.cpp.o
[INFO] [stderr]   [63/391] Building CXX object spirv-tools/source/CMakeFiles/SPIRV-Tools-shared.dir/val/validate_bitwise.cpp.o
[INFO] [stderr]   [64/391] Building CXX object spirv-tools/source/CMakeFiles/SPIRV-Tools-shared.dir/val/validate_atomics.cpp.o
[INFO] [stderr]   [65/391] Building CXX object spirv-tools/source/CMakeFiles/SPIRV-Tools-shared.dir/val/validate_arithmetics.cpp.o
[INFO] [stderr]   [66/391] Building CXX object spirv-tools/source/CMakeFiles/SPIRV-Tools-shared.dir/val/validate_capability.cpp.o
[INFO] [stderr]   [67/391] Building CXX object spirv-tools/source/CMakeFiles/SPIRV-Tools-shared.dir/text.cpp.o
[INFO] [stderr]   [68/391] Building CXX object spirv-tools/source/CMakeFiles/SPIRV-Tools-shared.dir/val/validate_annotation.cpp.o
[INFO] [stderr]   [69/391] Building CXX object spirv-tools/source/CMakeFiles/SPIRV-Tools-shared.dir/val/validate_cfg.cpp.o
[INFO] [stderr]   [70/391] Building CXX object spirv-tools/source/CMakeFiles/SPIRV-Tools-shared.dir/val/validate_builtins.cpp.o
[INFO] [stderr]   ninja: build stopped: subcommand failed.
[INFO] [stderr] 
[INFO] [stderr]   --- stderr
[INFO] [stderr]   CMake Warning:
[INFO] [stderr]     Manually-specified variables were not used by the project:
[INFO] [stderr] 
[INFO] [stderr]       CMAKE_ASM_COMPILER
[INFO] [stderr]       CMAKE_ASM_FLAGS
[INFO] [stderr] 
[INFO] [stderr] 
[INFO] [stderr]   thread 'main' panicked at '
[INFO] [stderr]   command did not execute successfully, got: exit status: 1
[INFO] [stderr] 
[INFO] [stderr]   build script failed, must exit now', /opt/rustwide/cargo-home/registry/src/github.com-1ecc6299db9ec823/cmake-0.1.50/src/lib.rs:1098:5
[INFO] [stderr]   stack backtrace:
[INFO] [stderr]      0:     0x559899ba502a - std::backtrace_rs::backtrace::libunwind::trace::ha9053a9a07ca49cb
[INFO] [stderr]                                  at /rustc/84c898d65adf2f39a5a98507f1fe0ce10a2b8dbc/library/std/src/../../backtrace/src/backtrace/libunwind.rs:93:5
[INFO] [stderr]      1:     0x559899ba502a - std::backtrace_rs::backtrace::trace_unsynchronized::h9c2852a457ad564e
[INFO] [stderr]                                  at /rustc/84c898d65adf2f39a5a98507f1fe0ce10a2b8dbc/library/std/src/../../backtrace/src/backtrace/mod.rs:66:5
[INFO] [stderr]      2:     0x559899ba502a - std::sys_common::backtrace::_print_fmt::h457936fbfaa0070f
[INFO] [stderr]                                  at /rustc/84c898d65adf2f39a5a98507f1fe0ce10a2b8dbc/library/std/src/sys_common/backtrace.rs:65:5
[INFO] [stderr]      3:     0x559899ba502a - <std::sys_common::backtrace::_print::DisplayBacktrace as core::fmt::Display>::fmt::h5779d7bf7f70cb0c
[INFO] [stderr]                                  at /rustc/84c898d65adf2f39a5a98507f1fe0ce10a2b8dbc/library/std/src/sys_common/backtrace.rs:44:22
[INFO] [stderr]      4:     0x559899bc538e - core::fmt::write::h5a4baaff1bcd3eb5
[INFO] [stderr]                                  at /rustc/84c898d65adf2f39a5a98507f1fe0ce10a2b8dbc/library/core/src/fmt/mod.rs:1232:17
[INFO] [stderr]      5:     0x559899ba1f25 - std::io::Write::write_fmt::h4bc1f301cb9e9cce
[INFO] [stderr]                                  at /rustc/84c898d65adf2f39a5a98507f1fe0ce10a2b8dbc/library/std/src/io/mod.rs:1684:15
[INFO] [stderr]      6:     0x559899ba4df5 - std::sys_common::backtrace::_print::h5fcdc36060f177e8
[INFO] [stderr]                                  at /rustc/84c898d65adf2f39a5a98507f1fe0ce10a2b8dbc/library/std/src/sys_common/backtrace.rs:47:5
[INFO] [stderr]      7:     0x559899ba4df5 - std::sys_common::backtrace::print::h54ca9458b876c8bf
[INFO] [stderr]                                  at /rustc/84c898d65adf2f39a5a98507f1fe0ce10a2b8dbc/library/std/src/sys_common/backtrace.rs:34:9
[INFO] [stderr]      8:     0x559899ba67cf - std::panicking::default_hook::{{closure}}::hbe471161c7664ed6
[INFO] [stderr]                                  at /rustc/84c898d65adf2f39a5a98507f1fe0ce10a2b8dbc/library/std/src/panicking.rs:271:22
[INFO] [stderr]      9:     0x559899ba650b - std::panicking::default_hook::ha3500da57aa4ac4f
[INFO] [stderr]                                  at /rustc/84c898d65adf2f39a5a98507f1fe0ce10a2b8dbc/library/std/src/panicking.rs:290:9
[INFO] [stderr]     10:     0x559899ba6d78 - std::panicking::rust_panic_with_hook::h50c09d000dc561d2
[INFO] [stderr]                                  at /rustc/84c898d65adf2f39a5a98507f1fe0ce10a2b8dbc/library/std/src/panicking.rs:692:13
[INFO] [stderr]     11:     0x559899ba6c79 - std::panicking::begin_panic_handler::{{closure}}::h9e2b2176e00e0d9c
[INFO] [stderr]                                  at /rustc/84c898d65adf2f39a5a98507f1fe0ce10a2b8dbc/library/std/src/panicking.rs:583:13
[INFO] [stderr]     12:     0x559899ba5496 - std::sys_common::backtrace::__rust_end_short_backtrace::h5739b8e512c09d02
[INFO] [stderr]                                  at /rustc/84c898d65adf2f39a5a98507f1fe0ce10a2b8dbc/library/std/src/sys_common/backtrace.rs:150:18
[INFO] [stderr]     13:     0x559899ba6982 - rust_begin_unwind
[INFO] [stderr]                                  at /rustc/84c898d65adf2f39a5a98507f1fe0ce10a2b8dbc/library/std/src/panicking.rs:579:5
[INFO] [stderr]     14:     0x559899b1f7a3 - core::panicking::panic_fmt::hf33a1475b4dc5c3e
[INFO] [stderr]                                  at /rustc/84c898d65adf2f39a5a98507f1fe0ce10a2b8dbc/library/core/src/panicking.rs:64:14
[INFO] [stderr]     15:     0x559899b3299f - cmake::fail::h1d6d72b9d215b57e
[INFO] [stderr]     16:     0x559899b32493 - cmake::run::h82b3dc3fab7b44e4
[INFO] [stderr]     17:     0x559899b2efc3 - cmake::Config::build::hde1732b9e3b5d44d
[INFO] [stderr]     18:     0x559899b21b41 - build_script_build::build_shaderc_unix::h08d1cae2dbb2a445
[INFO] [stderr]     19:     0x559899b24d36 - build_script_build::main::h698b137e4736d538
[INFO] [stderr]     20:     0x559899b25d63 - core::ops::function::FnOnce::call_once::ha5cf32080f529d45
[INFO] [stderr]     21:     0x559899b25769 - std::sys_common::backtrace::__rust_begin_short_backtrace::h7e2678426e8b0a1b
[INFO] [stderr]     22:     0x559899b25489 - std::rt::lang_start::{{closure}}::had32daa27ee39187
[INFO] [stderr]     23:     0x559899b9dfcc - core::ops::function::impls::<impl core::ops::function::FnOnce<A> for &F>::call_once::hd6efcd3bec896f2c
[INFO] [stderr]                                  at /rustc/84c898d65adf2f39a5a98507f1fe0ce10a2b8dbc/library/core/src/ops/function.rs:287:13
[INFO] [stderr]     24:     0x559899b9dfcc - std::panicking::try::do_call::hce04e543bb1f4cbb
[INFO] [stderr]                                  at /rustc/84c898d65adf2f39a5a98507f1fe0ce10a2b8dbc/library/std/src/panicking.rs:487:40
[INFO] [stderr]     25:     0x559899b9dfcc - std::panicking::try::h3342dd4e1f680968
[INFO] [stderr]                                  at /rustc/84c898d65adf2f39a5a98507f1fe0ce10a2b8dbc/library/std/src/panicking.rs:451:19
[INFO] [stderr]     26:     0x559899b9dfcc - std::panic::catch_unwind::h148ce1e59ac0cee7
[INFO] [stderr]                                  at /rustc/84c898d65adf2f39a5a98507f1fe0ce10a2b8dbc/library/std/src/panic.rs:140:14
[INFO] [stderr]     27:     0x559899b9dfcc - std::rt::lang_start_internal::{{closure}}::h25f9dda2057a67fe
[INFO] [stderr]                                  at /rustc/84c898d65adf2f39a5a98507f1fe0ce10a2b8dbc/library/std/src/rt.rs:148:48
[INFO] [stderr]     28:     0x559899b9dfcc - std::panicking::try::do_call::h7caaaeaf9401650b
[INFO] [stderr]                                  at /rustc/84c898d65adf2f39a5a98507f1fe0ce10a2b8dbc/library/std/src/panicking.rs:487:40
[INFO] [stderr]     29:     0x559899b9dfcc - std::panicking::try::he7d15285746cbbc2
[INFO] [stderr]                                  at /rustc/84c898d65adf2f39a5a98507f1fe0ce10a2b8dbc/library/std/src/panicking.rs:451:19
[INFO] [stderr]     30:     0x559899b9dfcc - std::panic::catch_unwind::h89fb4f50c0301fe0
[INFO] [stderr]                                  at /rustc/84c898d65adf2f39a5a98507f1fe0ce10a2b8dbc/library/std/src/panic.rs:140:14
[INFO] [stderr]     31:     0x559899b9dfcc - std::rt::lang_start_internal::h078acd489417d3c1
[INFO] [stderr]                                  at /rustc/84c898d65adf2f39a5a98507f1fe0ce10a2b8dbc/library/std/src/rt.rs:148:20
[INFO] [stderr]     32:     0x559899b25467 - std::rt::lang_start::h8425dbc88ece1762
[INFO] [stderr]     33:     0x559899b25325 - main
[INFO] [stderr]     34:     0x7fd15541cd90 - <unknown>
[INFO] [stderr]     35:     0x7fd15541ce40 - __libc_start_main
[INFO] [stderr]     36:     0x559899b1fd25 - _start
[INFO] [stderr]     37:                0x0 - <unknown>
[INFO] running `Command { std: "docker" "inspect" "4671ba95235858e6dfc643e3d4f8a91e6aabd631ddc53b59fddd4cc281f2661d", kill_on_drop: false }`
[INFO] running `Command { std: "docker" "rm" "-f" "4671ba95235858e6dfc643e3d4f8a91e6aabd631ddc53b59fddd4cc281f2661d", kill_on_drop: false }`
[INFO] [stdout] 4671ba95235858e6dfc643e3d4f8a91e6aabd631ddc53b59fddd4cc281f2661d
