[INFO] fetching crate grpc_etcd 0.1.4...
[INFO] documenting grpc_etcd-0.1.4 against 1.69.0 for beta-1.70-rustdoc-1
[INFO] extracting crate grpc_etcd 0.1.4 into /workspace/builds/worker-1-tc1/source
[INFO] validating manifest of crates.io crate grpc_etcd 0.1.4 on toolchain 1.69.0
[INFO] running `Command { std: CARGO_HOME="/workspace/cargo-home" RUSTUP_HOME="/workspace/rustup-home" "/workspace/cargo-home/bin/cargo" "+1.69.0" "metadata" "--manifest-path" "Cargo.toml" "--no-deps", kill_on_drop: false }`
[INFO] started tweaking crates.io crate grpc_etcd 0.1.4
[INFO] finished tweaking crates.io crate grpc_etcd 0.1.4
[INFO] tweaked toml for crates.io crate grpc_etcd 0.1.4 written to /workspace/builds/worker-1-tc1/source/Cargo.toml
[INFO] running `Command { std: CARGO_HOME="/workspace/cargo-home" RUSTUP_HOME="/workspace/rustup-home" __CARGO_TEST_CHANNEL_OVERRIDE_DO_NOT_USE_THIS="nightly" "/workspace/cargo-home/bin/cargo" "+1.69.0" "generate-lockfile" "--manifest-path" "Cargo.toml" "-Zno-index-update", kill_on_drop: false }`
[INFO] running `Command { std: CARGO_HOME="/workspace/cargo-home" RUSTUP_HOME="/workspace/rustup-home" "/workspace/cargo-home/bin/cargo" "+1.69.0" "fetch" "--manifest-path" "Cargo.toml", kill_on_drop: false }`
[INFO] [stderr] warning: profile `doc` is deprecated and has no effect
[INFO] [stderr]  Downloading crates ...
[INFO] [stderr]   Downloaded test-cert-gen v0.9.0
[INFO] [stderr]   Downloaded protoc-rust v1.7.5
[INFO] [stderr]   Downloaded tls-api-test v0.9.0
[INFO] [stderr]   Downloaded tls-api-stub v0.9.0
[INFO] [stderr]   Downloaded protoc-rust-grpc v0.1.11
[INFO] [stderr]   Downloaded protoc v1.7.5
[INFO] [stderr]   Downloaded tls-api v0.9.0
[INFO] [stderr]   Downloaded httpbis v0.2.0
[INFO] [stderr]   Downloaded tls-api v0.2.1
[INFO] [stderr]   Downloaded grpc v0.1.11
[INFO] [stderr]   Downloaded tokio-tls-api v0.2.1
[INFO] [stderr]   Downloaded grpc-compiler v0.1.11
[INFO] running `Command { std: "docker" "create" "-v" "/var/lib/crater-agent-workspace/builds/worker-1-tc1/target:/opt/rustwide/target:rw,Z" "-v" "/var/lib/crater-agent-workspace/builds/worker-1-tc1/source:/opt/rustwide/workdir:ro,Z" "-v" "/var/lib/crater-agent-workspace/cargo-home:/opt/rustwide/cargo-home:ro,Z" "-v" "/var/lib/crater-agent-workspace/rustup-home:/opt/rustwide/rustup-home:ro,Z" "-e" "SOURCE_DIR=/opt/rustwide/workdir" "-e" "CARGO_TARGET_DIR=/opt/rustwide/target" "-e" "CARGO_HOME=/opt/rustwide/cargo-home" "-e" "RUSTUP_HOME=/opt/rustwide/rustup-home" "-w" "/opt/rustwide/workdir" "-m" "1610612736" "--user" "0:0" "--network" "none" "ghcr.io/rust-lang/crates-build-env/linux@sha256:5ff2268d62e97bff2cde7d5815dd6ed5b47097566f13b8d0ca110b04b60e07ed" "/opt/rustwide/cargo-home/bin/cargo" "+1.69.0" "metadata" "--no-deps" "--format-version=1", kill_on_drop: false }`
[INFO] [stdout] 906bf5523c6f206e46d462fc35de12638da48dd614c4e2dbbe13edd1f2a6a1d7
[INFO] running `Command { std: "docker" "start" "-a" "906bf5523c6f206e46d462fc35de12638da48dd614c4e2dbbe13edd1f2a6a1d7", kill_on_drop: false }`
[INFO] running `Command { std: "docker" "inspect" "906bf5523c6f206e46d462fc35de12638da48dd614c4e2dbbe13edd1f2a6a1d7", kill_on_drop: false }`
[INFO] running `Command { std: "docker" "rm" "-f" "906bf5523c6f206e46d462fc35de12638da48dd614c4e2dbbe13edd1f2a6a1d7", kill_on_drop: false }`
[INFO] [stdout] 906bf5523c6f206e46d462fc35de12638da48dd614c4e2dbbe13edd1f2a6a1d7
[INFO] running `Command { std: "docker" "create" "-v" "/var/lib/crater-agent-workspace/builds/worker-1-tc1/target:/opt/rustwide/target:rw,Z" "-v" "/var/lib/crater-agent-workspace/builds/worker-1-tc1/source:/opt/rustwide/workdir:ro,Z" "-v" "/var/lib/crater-agent-workspace/cargo-home:/opt/rustwide/cargo-home:ro,Z" "-v" "/var/lib/crater-agent-workspace/rustup-home:/opt/rustwide/rustup-home:ro,Z" "-e" "SOURCE_DIR=/opt/rustwide/workdir" "-e" "CARGO_TARGET_DIR=/opt/rustwide/target" "-e" "CARGO_INCREMENTAL=0" "-e" "RUST_BACKTRACE=full" "-e" "RUSTFLAGS=--cap-lints=warn" "-e" "RUSTDOCFLAGS=--cap-lints=warn" "-e" "CARGO_HOME=/opt/rustwide/cargo-home" "-e" "RUSTUP_HOME=/opt/rustwide/rustup-home" "-w" "/opt/rustwide/workdir" "-m" "1610612736" "--user" "0:0" "--network" "none" "ghcr.io/rust-lang/crates-build-env/linux@sha256:5ff2268d62e97bff2cde7d5815dd6ed5b47097566f13b8d0ca110b04b60e07ed" "/opt/rustwide/cargo-home/bin/cargo" "+1.69.0" "doc" "--frozen" "--no-deps" "--document-private-items" "--message-format=json", kill_on_drop: false }`
[INFO] [stdout] c4f013d25d2c1c9ef219473cc276826cae1ce0faf60c8754079d004b907801d3
[INFO] running `Command { std: "docker" "start" "-a" "c4f013d25d2c1c9ef219473cc276826cae1ce0faf60c8754079d004b907801d3", kill_on_drop: false }`
[INFO] [stderr] warning: profile `doc` is deprecated and has no effect
[INFO] [stderr]    Compiling syn v1.0.109
[INFO] [stderr]     Checking iovec v0.1.4
[INFO] [stderr]     Checking io-lifetimes v1.0.10
[INFO] [stderr]    Compiling syn v2.0.15
[INFO] [stderr]     Checking net2 v0.2.38
[INFO] [stderr]     Checking parking_lot_core v0.6.3
[INFO] [stderr]     Checking socket2 v0.4.9
[INFO] [stderr]    Compiling ring v0.16.20
[INFO] [stderr]     Checking bytes v0.4.12
[INFO] [stderr]     Checking rustix v0.37.18
[INFO] [stderr]    Compiling tokio v1.28.0
[INFO] [stderr]     Checking parking_lot v0.9.0
[INFO] [stderr]     Checking async-task v4.4.0
[INFO] [stderr]     Checking pem v0.8.3
[INFO] [stderr]     Checking async-channel v1.8.0
[INFO] [stderr]     Checking atomic-waker v1.1.1
[INFO] [stderr]     Checking async-executor v1.5.1
[INFO] [stderr]     Checking atty v0.2.14
[INFO] [stderr]    Compiling tls-api-test v0.9.0
[INFO] [stderr]     Checking untrusted v0.6.2
[INFO] [stderr]     Checking scoped-tls v0.1.2
[INFO] [stderr]    Compiling protobuf v1.7.5
[INFO] [stderr]     Checking bytes v0.6.0
[INFO] [stderr]     Checking futures-cpupool v0.1.8
[INFO] [stderr]     Checking tempfile v3.5.0
[INFO] [stderr]     Checking test-cert-gen v0.9.0
[INFO] [stderr]     Checking webpki v0.22.0
[INFO] [stdout] error[E0277]: the trait bound `usize: RangeBounds<usize>` is not satisfied
[INFO] [stdout]    --> /opt/rustwide/cargo-home/registry/src/github.com-1ecc6299db9ec823/protobuf-1.7.5/src/buf_read_iter.rs:230:33
[INFO] [stdout]     |
[INFO] [stdout] 230 |             let r = bytes.slice(self.pos_within_buf, self.pos_within_buf + len);
[INFO] [stdout]     |                           ----- ^^^^^^^^^^^^^^^^^^^ the trait `RangeBounds<usize>` is not implemented for `usize`
[INFO] [stdout]     |                           |
[INFO] [stdout]     |                           required by a bound introduced by this call
[INFO] [stdout]     |
[INFO] [stdout]     = help: the following other types implement trait `RangeBounds<T>`:
[INFO] [stdout]               (Bound<&'a T>, Bound<&'a T>)
[INFO] [stdout]               (Bound<T>, Bound<T>)
[INFO] [stdout]               RangeFrom<&T>
[INFO] [stdout]               RangeFrom<T>
[INFO] [stdout]               RangeFull
[INFO] [stdout]               RangeInclusive<&T>
[INFO] [stdout]               RangeInclusive<T>
[INFO] [stdout]               RangeTo<&T>
[INFO] [stdout]             and 5 others
[INFO] [stdout] note: required by a bound in `bytes::Bytes::slice`
[INFO] [stdout]    --> /opt/rustwide/cargo-home/registry/src/github.com-1ecc6299db9ec823/bytes-0.6.0/src/bytes.rs:228:37
[INFO] [stdout]     |
[INFO] [stdout] 228 |     pub fn slice(&self, range: impl RangeBounds<usize>) -> Bytes {
[INFO] [stdout]     |                                     ^^^^^^^^^^^^^^^^^^ required by this bound in `Bytes::slice`
[INFO] [stdout] 
[INFO] [stdout] 
[INFO] [stdout] error[E0061]: this method takes 1 argument but 2 arguments were supplied
[INFO] [stdout]    --> /opt/rustwide/cargo-home/registry/src/github.com-1ecc6299db9ec823/protobuf-1.7.5/src/buf_read_iter.rs:230:27
[INFO] [stdout]     |
[INFO] [stdout] 230 |             let r = bytes.slice(self.pos_within_buf, self.pos_within_buf + len);
[INFO] [stdout]     |                           ^^^^^                    ---------------------------
[INFO] [stdout]     |                                                    | |
[INFO] [stdout]     |                                                    | unexpected argument of type `usize`
[INFO] [stdout]     |                                                    help: remove the extra argument
[INFO] [stdout]     |
[INFO] [stdout] note: method defined here
[INFO] [stdout]    --> /opt/rustwide/cargo-home/registry/src/github.com-1ecc6299db9ec823/bytes-0.6.0/src/bytes.rs:228:12
[INFO] [stdout]     |
[INFO] [stdout] 228 |     pub fn slice(&self, range: impl RangeBounds<usize>) -> Bytes {
[INFO] [stdout]     |            ^^^^^
[INFO] [stdout] 
[INFO] [stdout] 
[INFO] [stdout] error[E0308]: mismatched types
[INFO] [stdout]    --> /opt/rustwide/cargo-home/registry/src/github.com-1ecc6299db9ec823/protobuf-1.7.5/src/buf_read_iter.rs:238:37
[INFO] [stdout]     |
[INFO] [stdout] 238 |                     self.read_exact(buf)?;
[INFO] [stdout]     |                          ---------- ^^^ expected `&mut [u8]`, found `&mut UninitSlice`
[INFO] [stdout]     |                          |
[INFO] [stdout]     |                          arguments to this method are incorrect
[INFO] [stdout]     |
[INFO] [stdout]     = note: expected mutable reference `&mut [u8]`
[INFO] [stdout]                found mutable reference `&mut UninitSlice`
[INFO] [stdout] note: method defined here
[INFO] [stdout]    --> /opt/rustwide/cargo-home/registry/src/github.com-1ecc6299db9ec823/protobuf-1.7.5/src/buf_read_iter.rs:257:12
[INFO] [stdout]     |
[INFO] [stdout] 257 |     pub fn read_exact(&mut self, mut buf: &mut [u8]) -> ProtobufResult<()> {
[INFO] [stdout]     |            ^^^^^^^^^^            ------------------
[INFO] [stdout] 
[INFO] [stdout] 
[INFO] [stdout] error: aborting due to 3 previous errors
[INFO] [stdout] 
[INFO] [stdout] 
[INFO] [stdout] Some errors have detailed explanations: E0061, E0277, E0308.
[INFO] [stdout] 
[INFO] [stdout] For more information about an error, try `rustc --explain E0061`.
[INFO] [stdout] 
[INFO] [stderr] error: could not compile `protobuf` due to 4 previous errors
[INFO] [stderr] warning: build failed, waiting for other jobs to finish...
[INFO] running `Command { std: "docker" "inspect" "c4f013d25d2c1c9ef219473cc276826cae1ce0faf60c8754079d004b907801d3", kill_on_drop: false }`
[INFO] running `Command { std: "docker" "rm" "-f" "c4f013d25d2c1c9ef219473cc276826cae1ce0faf60c8754079d004b907801d3", kill_on_drop: false }`
[INFO] [stdout] c4f013d25d2c1c9ef219473cc276826cae1ce0faf60c8754079d004b907801d3
