[INFO] fetching crate good_lp 1.4.0...
[INFO] documenting good_lp-1.4.0 against 1.69.0 for beta-1.70-rustdoc-1
[INFO] extracting crate good_lp 1.4.0 into /workspace/builds/worker-0-tc1/source
[INFO] validating manifest of crates.io crate good_lp 1.4.0 on toolchain 1.69.0
[INFO] running `Command { std: CARGO_HOME="/workspace/cargo-home" RUSTUP_HOME="/workspace/rustup-home" "/workspace/cargo-home/bin/cargo" "+1.69.0" "metadata" "--manifest-path" "Cargo.toml" "--no-deps", kill_on_drop: false }`
[INFO] started tweaking crates.io crate good_lp 1.4.0
[INFO] finished tweaking crates.io crate good_lp 1.4.0
[INFO] tweaked toml for crates.io crate good_lp 1.4.0 written to /workspace/builds/worker-0-tc1/source/Cargo.toml
[INFO] running `Command { std: CARGO_HOME="/workspace/cargo-home" RUSTUP_HOME="/workspace/rustup-home" __CARGO_TEST_CHANNEL_OVERRIDE_DO_NOT_USE_THIS="nightly" "/workspace/cargo-home/bin/cargo" "+1.69.0" "generate-lockfile" "--manifest-path" "Cargo.toml" "-Zno-index-update", kill_on_drop: false }`
[INFO] running `Command { std: CARGO_HOME="/workspace/cargo-home" RUSTUP_HOME="/workspace/rustup-home" "/workspace/cargo-home/bin/cargo" "+1.69.0" "fetch" "--manifest-path" "Cargo.toml", kill_on_drop: false }`
[INFO] [stderr]  Downloading crates ...
[INFO] [stderr]   Downloaded ndarray v0.13.1
[INFO] [stderr]   Downloaded coin_cbc_sys v0.1.2
[INFO] [stderr]   Downloaded float_eq v1.0.1
[INFO] [stderr]   Downloaded highs v1.5.0
[INFO] [stderr]   Downloaded lpsolve v0.1.0
[INFO] [stderr]   Downloaded coin_cbc v0.1.7
[INFO] [stderr]   Downloaded lp-solvers v0.0.4
[INFO] [stderr]   Downloaded sprs v0.7.1
[INFO] [stderr]   Downloaded bindgen v0.63.0
[INFO] [stderr]   Downloaded russcip v0.1.14
[INFO] [stderr]   Downloaded minilp v0.2.2
[INFO] [stderr]   Downloaded lpsolve-sys v5.5.0
[INFO] [stderr]   Downloaded highs-sys v1.5.0
[INFO] [stderr]   Downloaded scip-sys v0.1.4
[INFO] running `Command { std: "docker" "create" "-v" "/var/lib/crater-agent-workspace/builds/worker-0-tc1/target:/opt/rustwide/target:rw,Z" "-v" "/var/lib/crater-agent-workspace/builds/worker-0-tc1/source:/opt/rustwide/workdir:ro,Z" "-v" "/var/lib/crater-agent-workspace/cargo-home:/opt/rustwide/cargo-home:ro,Z" "-v" "/var/lib/crater-agent-workspace/rustup-home:/opt/rustwide/rustup-home:ro,Z" "-e" "SOURCE_DIR=/opt/rustwide/workdir" "-e" "CARGO_TARGET_DIR=/opt/rustwide/target" "-e" "CARGO_HOME=/opt/rustwide/cargo-home" "-e" "RUSTUP_HOME=/opt/rustwide/rustup-home" "-w" "/opt/rustwide/workdir" "-m" "1610612736" "--user" "0:0" "--network" "none" "ghcr.io/rust-lang/crates-build-env/linux@sha256:5ff2268d62e97bff2cde7d5815dd6ed5b47097566f13b8d0ca110b04b60e07ed" "/opt/rustwide/cargo-home/bin/cargo" "+1.69.0" "metadata" "--no-deps" "--format-version=1", kill_on_drop: false }`
[INFO] [stdout] b0abe46a9a5900256b3b136e742e7e627572d70a609efd72353e78e47a9a073e
[INFO] running `Command { std: "docker" "start" "-a" "b0abe46a9a5900256b3b136e742e7e627572d70a609efd72353e78e47a9a073e", kill_on_drop: false }`
[INFO] running `Command { std: "docker" "inspect" "b0abe46a9a5900256b3b136e742e7e627572d70a609efd72353e78e47a9a073e", kill_on_drop: false }`
[INFO] running `Command { std: "docker" "rm" "-f" "b0abe46a9a5900256b3b136e742e7e627572d70a609efd72353e78e47a9a073e", kill_on_drop: false }`
[INFO] [stdout] b0abe46a9a5900256b3b136e742e7e627572d70a609efd72353e78e47a9a073e
[INFO] running `Command { std: "docker" "create" "-v" "/var/lib/crater-agent-workspace/builds/worker-0-tc1/target:/opt/rustwide/target:rw,Z" "-v" "/var/lib/crater-agent-workspace/builds/worker-0-tc1/source:/opt/rustwide/workdir:ro,Z" "-v" "/var/lib/crater-agent-workspace/cargo-home:/opt/rustwide/cargo-home:ro,Z" "-v" "/var/lib/crater-agent-workspace/rustup-home:/opt/rustwide/rustup-home:ro,Z" "-e" "SOURCE_DIR=/opt/rustwide/workdir" "-e" "CARGO_TARGET_DIR=/opt/rustwide/target" "-e" "CARGO_INCREMENTAL=0" "-e" "RUST_BACKTRACE=full" "-e" "RUSTFLAGS=--cap-lints=warn" "-e" "RUSTDOCFLAGS=--cap-lints=warn" "-e" "CARGO_HOME=/opt/rustwide/cargo-home" "-e" "RUSTUP_HOME=/opt/rustwide/rustup-home" "-w" "/opt/rustwide/workdir" "-m" "1610612736" "--user" "0:0" "--network" "none" "ghcr.io/rust-lang/crates-build-env/linux@sha256:5ff2268d62e97bff2cde7d5815dd6ed5b47097566f13b8d0ca110b04b60e07ed" "/opt/rustwide/cargo-home/bin/cargo" "+1.69.0" "doc" "--frozen" "--no-deps" "--document-private-items" "--message-format=json", kill_on_drop: false }`
[INFO] [stdout] a13209ddd7ddb9fcf477ef5a06d73796f2edfbe7e1b173f30168b53996b9c096
[INFO] running `Command { std: "docker" "start" "-a" "a13209ddd7ddb9fcf477ef5a06d73796f2edfbe7e1b173f30168b53996b9c096", kill_on_drop: false }`
[INFO] [stderr]    Compiling coin_cbc_sys v0.1.2
[INFO] [stderr]     Checking coin_cbc v0.1.7
[INFO] [stderr]  Documenting good_lp v1.4.0 (/opt/rustwide/workdir)
[INFO] [stdout] warning: unresolved link to `variables`
[INFO] [stdout]    --> src/variable.rs:261:69
[INFO] [stdout]     |
[INFO] [stdout] 261 | /// Instances of this type should be created exclusively using the [variables!] macro.
[INFO] [stdout]     |                                                                     ^^^^^^^^^^ no item named `variables` in scope
[INFO] [stdout]     |
[INFO] [stdout]     = note: `macro_rules` named `variables` exists in this crate, but it is not in scope at this link's location
[INFO] [stdout]     = note: `#[warn(rustdoc::broken_intra_doc_links)]` on by default
[INFO] [stdout] 
[INFO] [stdout] 
[INFO] [stdout] warning: unresolved link to `HashMap`
[INFO] [stdout]   --> src/affine_expression_trait.rs:52:12
[INFO] [stdout]    |
[INFO] [stdout] 52 |     /// A [HashMap] is a valid [Solution]
[INFO] [stdout]    |            ^^^^^^^ no item named `HashMap` in scope
[INFO] [stdout]    |
[INFO] [stdout]    = help: to escape `[` and `]` characters, add '\' before them like `\[` or `\]`
[INFO] [stdout] 
[INFO] [stdout] 
[INFO] [stdout] warning: 2 warnings emitted
[INFO] [stdout] 
[INFO] [stdout] 
[INFO] [stderr]     Finished dev [unoptimized + debuginfo] target(s) in 0.81s
[INFO] running `Command { std: "docker" "inspect" "a13209ddd7ddb9fcf477ef5a06d73796f2edfbe7e1b173f30168b53996b9c096", kill_on_drop: false }`
[INFO] running `Command { std: "docker" "rm" "-f" "a13209ddd7ddb9fcf477ef5a06d73796f2edfbe7e1b173f30168b53996b9c096", kill_on_drop: false }`
[INFO] [stdout] a13209ddd7ddb9fcf477ef5a06d73796f2edfbe7e1b173f30168b53996b9c096
[INFO] running `Command { std: "docker" "create" "-v" "/var/lib/crater-agent-workspace/builds/worker-0-tc1/target:/opt/rustwide/target:rw,Z" "-v" "/var/lib/crater-agent-workspace/builds/worker-0-tc1/source:/opt/rustwide/workdir:ro,Z" "-v" "/var/lib/crater-agent-workspace/cargo-home:/opt/rustwide/cargo-home:ro,Z" "-v" "/var/lib/crater-agent-workspace/rustup-home:/opt/rustwide/rustup-home:ro,Z" "-e" "SOURCE_DIR=/opt/rustwide/workdir" "-e" "CARGO_TARGET_DIR=/opt/rustwide/target" "-e" "CARGO_INCREMENTAL=0" "-e" "RUST_BACKTRACE=full" "-e" "RUSTFLAGS=--cap-lints=warn" "-e" "RUSTDOCFLAGS=--cap-lints=warn" "-e" "RUSTC_BOOTSTRAP=1" "-e" "DOCS_RS=1" "-e" "CARGO_HOME=/opt/rustwide/cargo-home" "-e" "RUSTUP_HOME=/opt/rustwide/rustup-home" "-w" "/opt/rustwide/workdir" "-m" "1610612736" "--user" "0:0" "--network" "none" "ghcr.io/rust-lang/crates-build-env/linux@sha256:5ff2268d62e97bff2cde7d5815dd6ed5b47097566f13b8d0ca110b04b60e07ed" "/opt/rustwide/cargo-home/bin/cargo" "+1.69.0" "rustdoc" "--lib" "-Zrustdoc-map" "--all-features" "-Z" "unstable-options" "--config" "build.rustdocflags=[\"--cfg\", \"docsrs\", \"-Z\", \"unstable-options\", \"--document-private-items\"]" "--frozen" "--message-format=json", kill_on_drop: false }`
[INFO] [stdout] 41f080449a7709c6f7d035b0c8b42f146f8ff283f2005083628c901beb478569
[INFO] running `Command { std: "docker" "start" "-a" "41f080449a7709c6f7d035b0c8b42f146f8ff283f2005083628c901beb478569", kill_on_drop: false }`
[INFO] [stderr]    Compiling syn v1.0.109
[INFO] [stderr]    Compiling minimal-lexical v0.2.1
[INFO] [stderr]    Compiling either v1.8.1
[INFO] [stderr]    Compiling memchr v2.5.0
[INFO] [stderr]    Compiling libc v0.2.142
[INFO] [stderr]    Compiling regex v1.8.1
[INFO] [stderr]    Compiling shlex v1.1.0
[INFO] [stderr]    Compiling log v0.4.17
[INFO] [stderr]    Compiling bindgen v0.64.0
[INFO] [stderr]    Compiling bindgen v0.63.0
[INFO] [stderr]    Compiling num-complex v0.2.4
[INFO] [stderr]     Checking num-traits v0.2.15
[INFO] [stderr]    Compiling cmake v0.1.50
[INFO] [stderr]    Compiling gcc v0.3.55
[INFO] [stderr]    Compiling ndarray v0.13.1
[INFO] [stderr]     Checking matrixmultiply v0.2.4
[INFO] [stderr]    Compiling doc-comment v0.3.3
[INFO] [stderr]     Checking xml-rs v0.8.4
[INFO] [stderr]     Checking bitflags v0.5.0
[INFO] [stderr]    Compiling nom v7.1.3
[INFO] [stderr]    Compiling lpsolve-sys v5.5.0
[INFO] [stderr]     Checking lp-solvers v0.0.4
[INFO] [stderr]     Checking num-integer v0.1.45
[INFO] [stderr]     Checking num-traits v0.1.43
[INFO] [stderr]    Compiling which v4.4.0
[INFO] [stderr]    Compiling clang-sys v1.6.1
[INFO] [stderr]    Compiling cexpr v0.6.0
[INFO] [stderr]     Checking sprs v0.7.1
[INFO] [stderr]     Checking minilp v0.2.2
[INFO] [stderr]    Compiling highs-sys v1.5.0
[INFO] [stderr]    Compiling scip-sys v0.1.4
[INFO] [stderr] error: failed to run custom build command for `highs-sys v1.5.0`
[INFO] [stderr] note: To improve backtraces for build dependencies, set the CARGO_PROFILE_DEV_BUILD_OVERRIDE_DEBUG=true environment variable to enable debug information generation.
[INFO] [stderr] 
[INFO] [stderr] Caused by:
[INFO] [stderr]   process didn't exit successfully: `/opt/rustwide/target/debug/build/highs-sys-7a2f3d93cfd1800b/build-script-build` (exit status: 101)
[INFO] [stderr]   --- stdout
[INFO] [stderr]   CMAKE_TOOLCHAIN_FILE_x86_64-unknown-linux-gnu = None
[INFO] [stderr]   CMAKE_TOOLCHAIN_FILE_x86_64_unknown_linux_gnu = None
[INFO] [stderr]   HOST_CMAKE_TOOLCHAIN_FILE = None
[INFO] [stderr]   CMAKE_TOOLCHAIN_FILE = None
[INFO] [stderr]   CMAKE_GENERATOR_x86_64-unknown-linux-gnu = None
[INFO] [stderr]   CMAKE_GENERATOR_x86_64_unknown_linux_gnu = None
[INFO] [stderr]   HOST_CMAKE_GENERATOR = None
[INFO] [stderr]   CMAKE_GENERATOR = None
[INFO] [stderr]   CMAKE_PREFIX_PATH_x86_64-unknown-linux-gnu = None
[INFO] [stderr]   CMAKE_PREFIX_PATH_x86_64_unknown_linux_gnu = None
[INFO] [stderr]   HOST_CMAKE_PREFIX_PATH = None
[INFO] [stderr]   CMAKE_PREFIX_PATH = None
[INFO] [stderr]   CMAKE_x86_64-unknown-linux-gnu = None
[INFO] [stderr]   CMAKE_x86_64_unknown_linux_gnu = None
[INFO] [stderr]   HOST_CMAKE = None
[INFO] [stderr]   CMAKE = None
[INFO] [stderr]   running: cd "/opt/rustwide/target/debug/build/highs-sys-c79685bff844a461/out/build" && CMAKE_PREFIX_PATH="" "cmake" "/opt/rustwide/cargo-home/registry/src/github.com-1ecc6299db9ec823/highs-sys-1.5.0/HiGHS" "-DFAST_BUILD=ON" "-DSHARED=OFF" "-DCMAKE_MSVC_RUNTIME_LIBRARY=MultiThreadedDLL" "-DCMAKE_INTERPROCEDURAL_OPTIMIZATION=FALSE" "-DCMAKE_INSTALL_PREFIX=/opt/rustwide/target/debug/build/highs-sys-c79685bff844a461/out" "-DCMAKE_C_FLAGS= -ffunction-sections -fdata-sections -fPIC -m64" "-DCMAKE_C_COMPILER=/usr/bin/cc" "-DCMAKE_CXX_FLAGS= -ffunction-sections -fdata-sections -fPIC -m64" "-DCMAKE_CXX_COMPILER=/usr/bin/c++" "-DCMAKE_ASM_FLAGS= -ffunction-sections -fdata-sections -fPIC -m64" "-DCMAKE_ASM_COMPILER=/usr/bin/cc" "-DCMAKE_BUILD_TYPE=Debug"
[INFO] [stderr]   -- The CXX compiler identification is GNU 11.3.0
[INFO] [stderr]   -- The C compiler identification is GNU 11.3.0
[INFO] [stderr]   -- Detecting CXX compiler ABI info
[INFO] [stderr]   -- Detecting CXX compiler ABI info - done
[INFO] [stderr]   -- Check for working CXX compiler: /usr/bin/c++ - skipped
[INFO] [stderr]   -- Detecting CXX compile features
[INFO] [stderr]   -- Detecting CXX compile features - done
[INFO] [stderr]   -- Detecting C compiler ABI info
[INFO] [stderr]   -- Detecting C compiler ABI info - done
[INFO] [stderr]   -- Check for working C compiler: /usr/bin/cc - skipped
[INFO] [stderr]   -- Detecting C compile features
[INFO] [stderr]   -- Detecting C compile features - done
[INFO] [stderr]   -- IPO / LTO as requested by user: FALSE
[INFO] [stderr]   -- Performing Test HIGHS_HAVE_MM_PAUSE
[INFO] [stderr]   -- Performing Test HIGHS_HAVE_MM_PAUSE - Success
[INFO] [stderr]   -- Performing Test HIGHS_HAVE_BUILTIN_CLZ
[INFO] [stderr]   -- Performing Test HIGHS_HAVE_BUILTIN_CLZ - Success
[INFO] [stderr]   -- Performing Test NO_OMIT_FRAME_POINTER_FLAG_SUPPORTED
[INFO] [stderr]   -- Performing Test NO_OMIT_FRAME_POINTER_FLAG_SUPPORTED - Success
[INFO] [stderr]   -- Found ZLIB: /usr/lib/x86_64-linux-gnu/libz.so (found suitable version "1.2.11", minimum required is "1.2.3") 
[INFO] [stderr]   -- Git hash: n/a
[INFO] [stderr]   -- Compilation date: 2023-04-30
[INFO] [stderr]   -- FAST_BUILD set to on.
[INFO] [stderr]    Note: The HiGHS team is preparing for our first official release. If you
[INFO] [stderr]          experience any issues please let us know via email or on GitHub.
[INFO] [stderr]   -- Build type: Debug
[INFO] [stderr]   -- Build examples: ON
[INFO] [stderr]   -- Build C++: OFF
[INFO] [stderr]   -- Build C: OFF
[INFO] [stderr]   -- Build Python: OFF
[INFO] [stderr]   -- Build all dependencies: OFF
[INFO] [stderr]   -- Build ZLIB: OFF
[INFO] [stderr]   -- No CSharp support
[INFO] [stderr]   -- Looking for pthread.h
[INFO] [stderr]   -- Looking for pthread.h - found
[INFO] [stderr]   -- Performing Test CMAKE_HAVE_LIBC_PTHREAD
[INFO] [stderr]   -- Performing Test CMAKE_HAVE_LIBC_PTHREAD - Success
[INFO] [stderr]   -- Found Threads: TRUE  
[INFO] [stderr]   -- Configuring done
[INFO] [stderr]   -- Generating done
[INFO] [stderr]   -- Build files have been written to: /opt/rustwide/target/debug/build/highs-sys-c79685bff844a461/out/build
[INFO] [stderr]   running: cd "/opt/rustwide/target/debug/build/highs-sys-c79685bff844a461/out/build" && MAKEFLAGS="-j --jobserver-fds=6,7 --jobserver-auth=6,7" "cmake" "--build" "." "--target" "install" "--config" "Debug"
[INFO] [stderr]   [  2%] Building CXX object src/CMakeFiles/libhighs.dir/__/extern/filereaderlp/reader.cpp.o
[INFO] [stderr]   [  2%] Building CXX object src/CMakeFiles/libhighs.dir/io/FilereaderLp.cpp.o
[INFO] [stderr]   [  2%] Building CXX object src/CMakeFiles/libhighs.dir/io/FilereaderEms.cpp.o
[INFO] [stderr]   [  2%] Building CXX object src/CMakeFiles/libhighs.dir/io/Filereader.cpp.o
[INFO] [stderr]   [  3%] Building CXX object src/CMakeFiles/libhighs.dir/io/HMpsFF.cpp.o
[INFO] [stderr]   [  4%] Building CXX object src/CMakeFiles/libhighs.dir/io/LoadOptions.cpp.o
[INFO] [stderr]   [  4%] Building CXX object src/CMakeFiles/libhighs.dir/io/FilereaderMps.cpp.o
[INFO] [stderr]   [  4%] Building CXX object src/CMakeFiles/libhighs.dir/io/HighsIO.cpp.o
[INFO] [stderr]   [  4%] Building CXX object src/CMakeFiles/libhighs.dir/lp_data/HighsDebug.cpp.o
[INFO] [stderr]   [  6%] Building CXX object src/CMakeFiles/libhighs.dir/lp_data/Highs.cpp.o
[INFO] [stderr]   [  6%] Building CXX object src/CMakeFiles/libhighs.dir/io/HMPSIO.cpp.o
[INFO] [stderr]   [  7%] Building CXX object src/CMakeFiles/libhighs.dir/lp_data/HighsDeprecated.cpp.o
[INFO] [stderr]   [  7%] Building CXX object src/CMakeFiles/libhighs.dir/lp_data/HighsInfoDebug.cpp.o
[INFO] [stderr]   [  8%] Building CXX object src/CMakeFiles/libhighs.dir/lp_data/HighsInfo.cpp.o
[INFO] [stderr]   [  9%] Building CXX object src/CMakeFiles/libhighs.dir/lp_data/HighsInterface.cpp.o
[INFO] [stderr]   [  9%] Building CXX object src/CMakeFiles/libhighs.dir/lp_data/HighsLp.cpp.o
[INFO] [stderr]   [ 10%] Building CXX object src/CMakeFiles/libhighs.dir/lp_data/HighsLpUtils.cpp.o
[INFO] [stderr]   [ 11%] Building CXX object src/CMakeFiles/libhighs.dir/lp_data/HighsRanging.cpp.o
[INFO] [stderr]   [ 11%] Building CXX object src/CMakeFiles/libhighs.dir/lp_data/HighsModelUtils.cpp.o
[INFO] [stderr]   [ 12%] Building CXX object src/CMakeFiles/libhighs.dir/lp_data/HighsSolution.cpp.o
[INFO] [stderr]   [ 13%] Building CXX object src/CMakeFiles/libhighs.dir/lp_data/HighsSolutionDebug.cpp.o
[INFO] [stderr]   [ 13%] Building CXX object src/CMakeFiles/libhighs.dir/lp_data/HighsSolve.cpp.o
[INFO] [stderr]   [ 14%] Building CXX object src/CMakeFiles/libhighs.dir/lp_data/HighsStatus.cpp.o
[INFO] [stderr] 
[INFO] [stderr]   --- stderr
[INFO] [stderr]   CMake Warning:
[INFO] [stderr]     Manually-specified variables were not used by the project:
[INFO] [stderr] 
[INFO] [stderr]       CMAKE_ASM_COMPILER
[INFO] [stderr]       CMAKE_ASM_FLAGS
[INFO] [stderr]       SHARED
[INFO] [stderr] 
[INFO] [stderr] 
[INFO] [stderr]   c++: fatal error: Killed signal terminated program cc1plus
[INFO] [stderr]   compilation terminated.
[INFO] [stderr]   gmake[2]: *** [src/CMakeFiles/libhighs.dir/build.make:202: src/CMakeFiles/libhighs.dir/lp_data/Highs.cpp.o] Error 1
[INFO] [stderr]   gmake[2]: *** Waiting for unfinished jobs....
[INFO] [stderr]   gmake[1]: *** [CMakeFiles/Makefile2:134: src/CMakeFiles/libhighs.dir/all] Error 2
[INFO] [stderr]   gmake: *** [Makefile:166: all] Error 2
[INFO] [stderr]   thread 'main' panicked at '
[INFO] [stderr]   command did not execute successfully, got: exit status: 2
[INFO] [stderr] 
[INFO] [stderr]   build script failed, must exit now', /opt/rustwide/cargo-home/registry/src/github.com-1ecc6299db9ec823/cmake-0.1.50/src/lib.rs:1098:5
[INFO] [stderr]   stack backtrace:
[INFO] [stderr]      0:     0x56311b93394a - std::backtrace_rs::backtrace::libunwind::trace::ha9053a9a07ca49cb
[INFO] [stderr]                                  at /rustc/84c898d65adf2f39a5a98507f1fe0ce10a2b8dbc/library/std/src/../../backtrace/src/backtrace/libunwind.rs:93:5
[INFO] [stderr]      1:     0x56311b93394a - std::backtrace_rs::backtrace::trace_unsynchronized::h9c2852a457ad564e
[INFO] [stderr]                                  at /rustc/84c898d65adf2f39a5a98507f1fe0ce10a2b8dbc/library/std/src/../../backtrace/src/backtrace/mod.rs:66:5
[INFO] [stderr]      2:     0x56311b93394a - std::sys_common::backtrace::_print_fmt::h457936fbfaa0070f
[INFO] [stderr]                                  at /rustc/84c898d65adf2f39a5a98507f1fe0ce10a2b8dbc/library/std/src/sys_common/backtrace.rs:65:5
[INFO] [stderr]      3:     0x56311b93394a - <std::sys_common::backtrace::_print::DisplayBacktrace as core::fmt::Display>::fmt::h5779d7bf7f70cb0c
[INFO] [stderr]                                  at /rustc/84c898d65adf2f39a5a98507f1fe0ce10a2b8dbc/library/std/src/sys_common/backtrace.rs:44:22
[INFO] [stderr]      4:     0x56311b959bae - core::fmt::write::h5a4baaff1bcd3eb5
[INFO] [stderr]                                  at /rustc/84c898d65adf2f39a5a98507f1fe0ce10a2b8dbc/library/core/src/fmt/mod.rs:1232:17
[INFO] [stderr]      5:     0x56311b9305e5 - std::io::Write::write_fmt::h4bc1f301cb9e9cce
[INFO] [stderr]                                  at /rustc/84c898d65adf2f39a5a98507f1fe0ce10a2b8dbc/library/std/src/io/mod.rs:1684:15
[INFO] [stderr]      6:     0x56311b933715 - std::sys_common::backtrace::_print::h5fcdc36060f177e8
[INFO] [stderr]                                  at /rustc/84c898d65adf2f39a5a98507f1fe0ce10a2b8dbc/library/std/src/sys_common/backtrace.rs:47:5
[INFO] [stderr]      7:     0x56311b933715 - std::sys_common::backtrace::print::h54ca9458b876c8bf
[INFO] [stderr]                                  at /rustc/84c898d65adf2f39a5a98507f1fe0ce10a2b8dbc/library/std/src/sys_common/backtrace.rs:34:9
[INFO] [stderr]      8:     0x56311b9350ef - std::panicking::default_hook::{{closure}}::hbe471161c7664ed6
[INFO] [stderr]                                  at /rustc/84c898d65adf2f39a5a98507f1fe0ce10a2b8dbc/library/std/src/panicking.rs:271:22
[INFO] [stderr]      9:     0x56311b934e2b - std::panicking::default_hook::ha3500da57aa4ac4f
[INFO] [stderr]                                  at /rustc/84c898d65adf2f39a5a98507f1fe0ce10a2b8dbc/library/std/src/panicking.rs:290:9
[INFO] [stderr]     10:     0x56311b935698 - std::panicking::rust_panic_with_hook::h50c09d000dc561d2
[INFO] [stderr]                                  at /rustc/84c898d65adf2f39a5a98507f1fe0ce10a2b8dbc/library/std/src/panicking.rs:692:13
[INFO] [stderr]     11:     0x56311b935599 - std::panicking::begin_panic_handler::{{closure}}::h9e2b2176e00e0d9c
[INFO] [stderr]                                  at /rustc/84c898d65adf2f39a5a98507f1fe0ce10a2b8dbc/library/std/src/panicking.rs:583:13
[INFO] [stderr]     12:     0x56311b933db6 - std::sys_common::backtrace::__rust_end_short_backtrace::h5739b8e512c09d02
[INFO] [stderr]                                  at /rustc/84c898d65adf2f39a5a98507f1fe0ce10a2b8dbc/library/std/src/sys_common/backtrace.rs:150:18
[INFO] [stderr]     13:     0x56311b9352a2 - rust_begin_unwind
[INFO] [stderr]                                  at /rustc/84c898d65adf2f39a5a98507f1fe0ce10a2b8dbc/library/std/src/panicking.rs:579:5
[INFO] [stderr]     14:     0x56311b3b07d3 - core::panicking::panic_fmt::hf33a1475b4dc5c3e
[INFO] [stderr]                                  at /rustc/84c898d65adf2f39a5a98507f1fe0ce10a2b8dbc/library/core/src/panicking.rs:64:14
[INFO] [stderr]     15:     0x56311b8c1baf - cmake::fail::he523feb31d426beb
[INFO] [stderr]     16:     0x56311b8c16a3 - cmake::run::h28b9026df7e93e8d
[INFO] [stderr]     17:     0x56311b8be1d3 - cmake::Config::build::h36ec1f0187cbfcd5
[INFO] [stderr]     18:     0x56311b3b25ef - build_script_build::main::h35abdc0aae962cb8
[INFO] [stderr]     19:     0x56311b3b41b3 - core::ops::function::FnOnce::call_once::hc26535de26d84823
[INFO] [stderr]     20:     0x56311b3b1e69 - std::sys_common::backtrace::__rust_begin_short_backtrace::h04b7b31bf3aaf3ea
[INFO] [stderr]     21:     0x56311b3b4749 - std::rt::lang_start::{{closure}}::h6e717fbf746ac47a
[INFO] [stderr]     22:     0x56311b92c10c - core::ops::function::impls::<impl core::ops::function::FnOnce<A> for &F>::call_once::hd6efcd3bec896f2c
[INFO] [stderr]                                  at /rustc/84c898d65adf2f39a5a98507f1fe0ce10a2b8dbc/library/core/src/ops/function.rs:287:13
[INFO] [stderr]     23:     0x56311b92c10c - std::panicking::try::do_call::hce04e543bb1f4cbb
[INFO] [stderr]                                  at /rustc/84c898d65adf2f39a5a98507f1fe0ce10a2b8dbc/library/std/src/panicking.rs:487:40
[INFO] [stderr]     24:     0x56311b92c10c - std::panicking::try::h3342dd4e1f680968
[INFO] [stderr]                                  at /rustc/84c898d65adf2f39a5a98507f1fe0ce10a2b8dbc/library/std/src/panicking.rs:451:19
[INFO] [stderr]     25:     0x56311b92c10c - std::panic::catch_unwind::h148ce1e59ac0cee7
[INFO] [stderr]                                  at /rustc/84c898d65adf2f39a5a98507f1fe0ce10a2b8dbc/library/std/src/panic.rs:140:14
[INFO] [stderr]     26:     0x56311b92c10c - std::rt::lang_start_internal::{{closure}}::h25f9dda2057a67fe
[INFO] [stderr]                                  at /rustc/84c898d65adf2f39a5a98507f1fe0ce10a2b8dbc/library/std/src/rt.rs:148:48
[INFO] [stderr]     27:     0x56311b92c10c - std::panicking::try::do_call::h7caaaeaf9401650b
[INFO] [stderr]                                  at /rustc/84c898d65adf2f39a5a98507f1fe0ce10a2b8dbc/library/std/src/panicking.rs:487:40
[INFO] [stderr]     28:     0x56311b92c10c - std::panicking::try::he7d15285746cbbc2
[INFO] [stderr]                                  at /rustc/84c898d65adf2f39a5a98507f1fe0ce10a2b8dbc/library/std/src/panicking.rs:451:19
[INFO] [stderr]     29:     0x56311b92c10c - std::panic::catch_unwind::h89fb4f50c0301fe0
[INFO] [stderr]                                  at /rustc/84c898d65adf2f39a5a98507f1fe0ce10a2b8dbc/library/std/src/panic.rs:140:14
[INFO] [stderr]     30:     0x56311b92c10c - std::rt::lang_start_internal::h078acd489417d3c1
[INFO] [stderr]                                  at /rustc/84c898d65adf2f39a5a98507f1fe0ce10a2b8dbc/library/std/src/rt.rs:148:20
[INFO] [stderr]     31:     0x56311b3b4727 - std::rt::lang_start::h577b668a20a519a4
[INFO] [stderr]     32:     0x56311b3b3495 - main
[INFO] [stderr]     33:     0x7fa658f0fd90 - <unknown>
[INFO] [stderr]     34:     0x7fa658f0fe40 - __libc_start_main
[INFO] [stderr]     35:     0x56311b3b0e65 - _start
[INFO] [stderr]     36:                0x0 - <unknown>
[INFO] [stderr] warning: build failed, waiting for other jobs to finish...
[INFO] running `Command { std: "docker" "inspect" "41f080449a7709c6f7d035b0c8b42f146f8ff283f2005083628c901beb478569", kill_on_drop: false }`
[INFO] running `Command { std: "docker" "rm" "-f" "41f080449a7709c6f7d035b0c8b42f146f8ff283f2005083628c901beb478569", kill_on_drop: false }`
[INFO] [stdout] 41f080449a7709c6f7d035b0c8b42f146f8ff283f2005083628c901beb478569
