[INFO] fetching crate gameai 0.0.2...
[INFO] documenting gameai-0.0.2 against 1.69.0 for beta-1.70-rustdoc-1
[INFO] extracting crate gameai 0.0.2 into /workspace/builds/worker-5-tc1/source
[INFO] validating manifest of crates.io crate gameai 0.0.2 on toolchain 1.69.0
[INFO] running `Command { std: CARGO_HOME="/workspace/cargo-home" RUSTUP_HOME="/workspace/rustup-home" "/workspace/cargo-home/bin/cargo" "+1.69.0" "metadata" "--manifest-path" "Cargo.toml" "--no-deps", kill_on_drop: false }`
[INFO] started tweaking crates.io crate gameai 0.0.2
[INFO] finished tweaking crates.io crate gameai 0.0.2
[INFO] tweaked toml for crates.io crate gameai 0.0.2 written to /workspace/builds/worker-5-tc1/source/Cargo.toml
[INFO] running `Command { std: CARGO_HOME="/workspace/cargo-home" RUSTUP_HOME="/workspace/rustup-home" __CARGO_TEST_CHANNEL_OVERRIDE_DO_NOT_USE_THIS="nightly" "/workspace/cargo-home/bin/cargo" "+1.69.0" "generate-lockfile" "--manifest-path" "Cargo.toml" "-Zno-index-update", kill_on_drop: false }`
[INFO] running `Command { std: CARGO_HOME="/workspace/cargo-home" RUSTUP_HOME="/workspace/rustup-home" "/workspace/cargo-home/bin/cargo" "+1.69.0" "fetch" "--manifest-path" "Cargo.toml", kill_on_drop: false }`
[INFO] [stderr]  Downloading crates ...
[INFO] [stderr]   Downloaded cpuprofiler v0.0.4
[INFO] running `Command { std: "docker" "create" "-v" "/var/lib/crater-agent-workspace/builds/worker-5-tc1/target:/opt/rustwide/target:rw,Z" "-v" "/var/lib/crater-agent-workspace/builds/worker-5-tc1/source:/opt/rustwide/workdir:ro,Z" "-v" "/var/lib/crater-agent-workspace/cargo-home:/opt/rustwide/cargo-home:ro,Z" "-v" "/var/lib/crater-agent-workspace/rustup-home:/opt/rustwide/rustup-home:ro,Z" "-e" "SOURCE_DIR=/opt/rustwide/workdir" "-e" "CARGO_TARGET_DIR=/opt/rustwide/target" "-e" "CARGO_HOME=/opt/rustwide/cargo-home" "-e" "RUSTUP_HOME=/opt/rustwide/rustup-home" "-w" "/opt/rustwide/workdir" "-m" "1610612736" "--user" "0:0" "--network" "none" "ghcr.io/rust-lang/crates-build-env/linux@sha256:5ff2268d62e97bff2cde7d5815dd6ed5b47097566f13b8d0ca110b04b60e07ed" "/opt/rustwide/cargo-home/bin/cargo" "+1.69.0" "metadata" "--no-deps" "--format-version=1", kill_on_drop: false }`
[INFO] [stdout] 6db47a2066560aa0cd6b24148ff7321b8890a5bba98ae7d7ae33deb190d1c9a7
[INFO] running `Command { std: "docker" "start" "-a" "6db47a2066560aa0cd6b24148ff7321b8890a5bba98ae7d7ae33deb190d1c9a7", kill_on_drop: false }`
[INFO] running `Command { std: "docker" "inspect" "6db47a2066560aa0cd6b24148ff7321b8890a5bba98ae7d7ae33deb190d1c9a7", kill_on_drop: false }`
[INFO] running `Command { std: "docker" "rm" "-f" "6db47a2066560aa0cd6b24148ff7321b8890a5bba98ae7d7ae33deb190d1c9a7", kill_on_drop: false }`
[INFO] [stdout] 6db47a2066560aa0cd6b24148ff7321b8890a5bba98ae7d7ae33deb190d1c9a7
[INFO] running `Command { std: "docker" "create" "-v" "/var/lib/crater-agent-workspace/builds/worker-5-tc1/target:/opt/rustwide/target:rw,Z" "-v" "/var/lib/crater-agent-workspace/builds/worker-5-tc1/source:/opt/rustwide/workdir:ro,Z" "-v" "/var/lib/crater-agent-workspace/cargo-home:/opt/rustwide/cargo-home:ro,Z" "-v" "/var/lib/crater-agent-workspace/rustup-home:/opt/rustwide/rustup-home:ro,Z" "-e" "SOURCE_DIR=/opt/rustwide/workdir" "-e" "CARGO_TARGET_DIR=/opt/rustwide/target" "-e" "CARGO_INCREMENTAL=0" "-e" "RUST_BACKTRACE=full" "-e" "RUSTFLAGS=--cap-lints=warn" "-e" "RUSTDOCFLAGS=--cap-lints=warn" "-e" "CARGO_HOME=/opt/rustwide/cargo-home" "-e" "RUSTUP_HOME=/opt/rustwide/rustup-home" "-w" "/opt/rustwide/workdir" "-m" "1610612736" "--user" "0:0" "--network" "none" "ghcr.io/rust-lang/crates-build-env/linux@sha256:5ff2268d62e97bff2cde7d5815dd6ed5b47097566f13b8d0ca110b04b60e07ed" "/opt/rustwide/cargo-home/bin/cargo" "+1.69.0" "doc" "--frozen" "--no-deps" "--document-private-items" "--message-format=json", kill_on_drop: false }`
[INFO] [stdout] ace33fd284e5cadf0f3e745b5a9007e61075f51fe420b2e46554a40812bd70d6
[INFO] running `Command { std: "docker" "start" "-a" "ace33fd284e5cadf0f3e745b5a9007e61075f51fe420b2e46554a40812bd70d6", kill_on_drop: false }`
[INFO] [stderr]    Compiling libc v0.2.142
[INFO] [stderr]    Compiling memchr v2.5.0
[INFO] [stderr]     Checking linux-raw-sys v0.3.6
[INFO] [stderr]     Checking gimli v0.27.2
[INFO] [stderr]     Checking utf8parse v0.2.1
[INFO] [stderr]    Compiling pkg-config v0.3.26
[INFO] [stderr]    Compiling io-lifetimes v1.0.10
[INFO] [stderr]    Compiling rustix v0.37.18
[INFO] [stderr]    Compiling backtrace v0.3.67
[INFO] [stderr]     Checking miniz_oxide v0.6.2
[INFO] [stderr]    Compiling error-chain v0.12.4
[INFO] [stderr]     Checking anstyle-query v1.0.0
[INFO] [stderr]     Checking rustc-demangle v0.1.23
[INFO] [stderr]     Checking colorchoice v1.0.0
[INFO] [stderr]     Checking anstyle v1.0.0
[INFO] [stderr]     Checking ppv-lite86 v0.2.17
[INFO] [stderr]     Checking strsim v0.10.0
[INFO] [stderr]     Checking clap_lex v0.4.1
[INFO] [stderr]     Checking anstyle-parse v0.2.0
[INFO] [stderr]    Compiling cpuprofiler v0.0.4
[INFO] [stderr]     Checking object v0.30.3
[INFO] [stderr]     Checking getrandom v0.2.9
[INFO] [stderr]     Checking num_cpus v1.15.0
[INFO] [stderr]     Checking rayon-core v1.11.0
[INFO] [stderr]     Checking rand_core v0.6.4
[INFO] [stderr]     Checking rand_chacha v0.3.1
[INFO] [stderr]     Checking rand v0.8.5
[INFO] [stderr]     Checking rayon v1.7.0
[INFO] [stderr]     Checking addr2line v0.19.0
[INFO] [stderr]     Checking is-terminal v0.4.7
[INFO] [stderr]     Checking anstream v0.3.1
[INFO] [stderr]     Checking clap_builder v4.2.5
[INFO] [stderr]     Checking clap v4.2.5
[INFO] [stderr]  Documenting gameai v0.0.2 (/opt/rustwide/workdir)
[INFO] [stderr]     Checking gameai v0.0.2 (/opt/rustwide/workdir)
[INFO] [stdout] error[E0432]: unresolved import `rand::XorShiftRng`
[INFO] [stdout]  --> src/strategies/negamax.rs:4:5
[INFO] [stdout]   |
[INFO] [stdout] 4 | use rand::XorShiftRng;
[INFO] [stdout]   |     ^^^^^^^^^^^^^^^^^ no `XorShiftRng` in the root
[INFO] [stdout] 
[INFO] [stdout] 
[INFO] [stdout] error[E0432]: unresolved import `rand::XorShiftRng`
[INFO] [stdout]  --> src/strategies/negamax.rs:4:5
[INFO] [stdout]   |
[INFO] [stdout] 4 | use rand::XorShiftRng;
[INFO] [stdout]   |     ^^^^^^^^^^^^^^^^^ no `XorShiftRng` in the root
[INFO] [stdout] 
[INFO] [stdout] 
[INFO] [stdout] error[E0432]: unresolved import `rand::XorShiftRng`
[INFO] [stdout]  --> src/strategies/mcts.rs:3:17
[INFO] [stdout]   |
[INFO] [stdout] 3 | use rand::{Rng, XorShiftRng};
[INFO] [stdout]   |                 ^^^^^^^^^^^ no `XorShiftRng` in the root
[INFO] [stdout] 
[INFO] [stdout] 
[INFO] [stdout] error[E0432]: unresolved import `rand::XorShiftRng`
[INFO] [stdout]  --> src/strategies/mcts.rs:3:17
[INFO] [stdout]   |
[INFO] [stdout] 3 | use rand::{Rng, XorShiftRng};
[INFO] [stdout]   |                 ^^^^^^^^^^^ no `XorShiftRng` in the root
[INFO] [stdout] 
[INFO] [stdout] 
[INFO] [stdout] error[E0432]: unresolved import `rand::XorShiftRng`
[INFO] [stdout]  --> src/strategies/mcts_parallel.rs:4:5
[INFO] [stdout]   |
[INFO] [stdout] 4 | use rand::XorShiftRng;
[INFO] [stdout]   |     ^^^^^^^^^^^^^^^^^ no `XorShiftRng` in the root
[INFO] [stdout] 
[INFO] [stdout] 
[INFO] [stdout] error[E0432]: unresolved import `rand::XorShiftRng`
[INFO] [stdout]  --> src/strategies/mcts_parallel.rs:4:5
[INFO] [stdout]   |
[INFO] [stdout] 4 | use rand::XorShiftRng;
[INFO] [stdout]   |     ^^^^^^^^^^^^^^^^^ no `XorShiftRng` in the root
[INFO] [stdout] 
[INFO] [stdout] 
[INFO] [stdout] error[E0405]: cannot find trait `Rand` in crate `rand`
[INFO] [stdout]   --> src/game/connectfour.rs:19:12
[INFO] [stdout]    |
[INFO] [stdout] 19 | impl rand::Rand for Color {
[INFO] [stdout]    |            ^^^^ not found in `rand`
[INFO] [stdout] 
[INFO] [stdout] 
[INFO] [stdout] error[E0405]: cannot find trait `Rand` in crate `rand`
[INFO] [stdout]   --> src/game/dots.rs:30:12
[INFO] [stdout]    |
[INFO] [stdout] 30 | impl rand::Rand for DotsPlayer {
[INFO] [stdout]    |            ^^^^ not found in `rand`
[INFO] [stdout] 
[INFO] [stdout] 
[INFO] [stdout] error[E0405]: cannot find trait `Rand` in crate `rand`
[INFO] [stdout]    --> src/runner.rs:126:28
[INFO] [stdout]     |
[INFO] [stdout] 126 |     G::Agent: Send + rand::Rand + fmt::Display,
[INFO] [stdout]     |                            ^^^^ not found in `rand`
[INFO] [stdout] 
[INFO] [stdout] 
[INFO] [stdout] error[E0405]: cannot find trait `Rand` in crate `rand`
[INFO] [stdout]   --> src/game/connectfour.rs:19:12
[INFO] [stdout]    |
[INFO] [stdout] 19 | impl rand::Rand for Color {
[INFO] [stdout]    |            ^^^^ not found in `rand`
[INFO] [stdout] 
[INFO] [stdout] 
[INFO] [stdout] error[E0405]: cannot find trait `Rand` in crate `rand`
[INFO] [stdout]   --> src/game/dots.rs:30:12
[INFO] [stdout]    |
[INFO] [stdout] 30 | impl rand::Rand for DotsPlayer {
[INFO] [stdout]    |            ^^^^ not found in `rand`
[INFO] [stdout] 
[INFO] [stdout] 
[INFO] [stdout] error[E0405]: cannot find trait `Rand` in crate `rand`
[INFO] [stdout]    --> src/runner.rs:126:28
[INFO] [stdout]     |
[INFO] [stdout] 126 |     G::Agent: Send + rand::Rand + fmt::Display,
[INFO] [stdout]     |                            ^^^^ not found in `rand`
[INFO] [stdout] 
[INFO] [stdout] 
[INFO] [stdout] warning: anonymous parameters are deprecated and will be removed in the next edition
[INFO] [stdout]   --> src/game/mod.rs:40:26
[INFO] [stdout]    |
[INFO] [stdout] 40 |     fn parse_move(&self, &str) -> Option<Self::Move>;
[INFO] [stdout]    |                          ^^^^ help: try naming the parameter or explicitly ignoring it: `_: &str`
[INFO] [stdout]    |
[INFO] [stdout]    = warning: this is accepted in the current edition (Rust 2015) but is a hard error in Rust 2018!
[INFO] [stdout]    = note: for more information, see issue #41686 <https://github.com/rust-lang/rust/issues/41686>
[INFO] [stdout]    = note: `#[warn(anonymous_parameters)]` on by default
[INFO] [stdout] 
[INFO] [stdout] 
[INFO] [stdout] warning: anonymous parameters are deprecated and will be removed in the next edition
[INFO] [stdout]   --> src/game/mod.rs:85:29
[INFO] [stdout]    |
[INFO] [stdout] 85 |     fn player_weight(&self, &Self::Agent) -> Score;
[INFO] [stdout]    |                             ^^^^^^^^^^^^ help: try naming the parameter or explicitly ignoring it: `_: &Self::Agent`
[INFO] [stdout]    |
[INFO] [stdout]    = warning: this is accepted in the current edition (Rust 2015) but is a hard error in Rust 2018!
[INFO] [stdout]    = note: for more information, see issue #41686 <https://github.com/rust-lang/rust/issues/41686>
[INFO] [stdout] 
[INFO] [stdout] 
[INFO] [stdout] warning: anonymous parameters are deprecated and will be removed in the next edition
[INFO] [stdout]   --> src/game/mod.rs:87:24
[INFO] [stdout]    |
[INFO] [stdout] 87 |     fn agent_id(&self, &Self::Agent) -> u32;
[INFO] [stdout]    |                        ^^^^^^^^^^^^ help: try naming the parameter or explicitly ignoring it: `_: &Self::Agent`
[INFO] [stdout]    |
[INFO] [stdout]    = warning: this is accepted in the current edition (Rust 2015) but is a hard error in Rust 2018!
[INFO] [stdout]    = note: for more information, see issue #41686 <https://github.com/rust-lang/rust/issues/41686>
[INFO] [stdout] 
[INFO] [stdout] 
[INFO] [stdout] warning: anonymous parameters are deprecated and will be removed in the next edition
[INFO] [stdout]   --> src/game/mod.rs:90:12
[INFO] [stdout]    |
[INFO] [stdout] 90 |     fn new(&Self::Agent) -> Self;
[INFO] [stdout]    |            ^^^^^^^^^^^^ help: try naming the parameter or explicitly ignoring it: `_: &Self::Agent`
[INFO] [stdout]    |
[INFO] [stdout]    = warning: this is accepted in the current edition (Rust 2015) but is a hard error in Rust 2018!
[INFO] [stdout]    = note: for more information, see issue #41686 <https://github.com/rust-lang/rust/issues/41686>
[INFO] [stdout] 
[INFO] [stdout] 
[INFO] [stdout] warning: anonymous parameters are deprecated and will be removed in the next edition
[INFO] [stdout]   --> src/game/mod.rs:93:26
[INFO] [stdout]    |
[INFO] [stdout] 93 |     fn move_valid(&self, &Self::Move) -> bool;
[INFO] [stdout]    |                          ^^^^^^^^^^^ help: try naming the parameter or explicitly ignoring it: `_: &Self::Move`
[INFO] [stdout]    |
[INFO] [stdout]    = warning: this is accepted in the current edition (Rust 2015) but is a hard error in Rust 2018!
[INFO] [stdout]    = note: for more information, see issue #41686 <https://github.com/rust-lang/rust/issues/41686>
[INFO] [stdout] 
[INFO] [stdout] 
[INFO] [stdout] warning: anonymous parameters are deprecated and will be removed in the next edition
[INFO] [stdout]   --> src/game/mod.rs:95:25
[INFO] [stdout]    |
[INFO] [stdout] 95 |     fn apply(&mut self, Self::Move);
[INFO] [stdout]    |                         ^^^^^^^^^^ help: try naming the parameter or explicitly ignoring it: `_: Self::Move`
[INFO] [stdout]    |
[INFO] [stdout]    = warning: this is accepted in the current edition (Rust 2015) but is a hard error in Rust 2018!
[INFO] [stdout]    = note: for more information, see issue #41686 <https://github.com/rust-lang/rust/issues/41686>
[INFO] [stdout] 
[INFO] [stdout] 
[INFO] [stdout] warning: anonymous parameters are deprecated and will be removed in the next edition
[INFO] [stdout]  --> src/strategies/mod.rs:5:26
[INFO] [stdout]   |
[INFO] [stdout] 5 |     fn decide(&mut self, &G) -> G::Move;
[INFO] [stdout]   |                          ^^ help: try naming the parameter or explicitly ignoring it: `_: &G`
[INFO] [stdout]   |
[INFO] [stdout]   = warning: this is accepted in the current edition (Rust 2015) but is a hard error in Rust 2018!
[INFO] [stdout]   = note: for more information, see issue #41686 <https://github.com/rust-lang/rust/issues/41686>
[INFO] [stdout] 
[INFO] [stdout] 
[INFO] [stdout] warning: anonymous parameters are deprecated and will be removed in the next edition
[INFO] [stdout]  --> src/strategies/mod.rs:6:15
[INFO] [stdout]   |
[INFO] [stdout] 6 |     fn create(Self::Params) -> Self;
[INFO] [stdout]   |               ^^^^^^^^^^^^ help: try naming the parameter or explicitly ignoring it: `_: Self::Params`
[INFO] [stdout]   |
[INFO] [stdout]   = warning: this is accepted in the current edition (Rust 2015) but is a hard error in Rust 2018!
[INFO] [stdout]   = note: for more information, see issue #41686 <https://github.com/rust-lang/rust/issues/41686>
[INFO] [stdout] 
[INFO] [stdout] 
[INFO] [stdout] error[E0554]: `#![feature]` may not be used on the stable release channel
[INFO] [stdout]  --> src/lib.rs:1:12
[INFO] [stdout]   |
[INFO] [stdout] 1 | #![feature(test)]
[INFO] [stdout]   |            ^^^^
[INFO] [stdout] 
[INFO] [stdout] 
[INFO] [stdout] warning: trait objects without an explicit `dyn` are deprecated
[INFO] [stdout]    --> src/runner.rs:116:31
[INFO] [stdout]     |
[INFO] [stdout] 116 | pub type Plr<'a, G> = &'a mut Player<G>;
[INFO] [stdout]     |                               ^^^^^^^^^
[INFO] [stdout]     |
[INFO] [stdout]     = warning: this is accepted in the current edition (Rust 2015) but is a hard error in Rust 2021!
[INFO] [stdout]     = note: for more information, see <https://doc.rust-lang.org/nightly/edition-guide/rust-2021/warnings-promoted-to-error.html>
[INFO] [stdout]     = note: `#[warn(bare_trait_objects)]` on by default
[INFO] [stdout] help: use `dyn`
[INFO] [stdout]     |
[INFO] [stdout] 116 | pub type Plr<'a, G> = &'a mut dyn Player<G>;
[INFO] [stdout]     |                               +++
[INFO] [stdout] 
[INFO] [stdout] 
[INFO] [stdout] error: aborting due to 7 previous errors; 9 warnings emitted
[INFO] [stdout] 
[INFO] [stdout] 
[INFO] [stdout] Some errors have detailed explanations: E0405, E0432, E0554.
[INFO] [stdout] 
[INFO] [stdout] For more information about an error, try `rustc --explain E0405`.
[INFO] [stdout] 
[INFO] [stderr] error: could not compile `gameai` due to 8 previous errors; 9 warnings emitted
[INFO] [stderr] warning: build failed, waiting for other jobs to finish...
[INFO] [stdout] error: aborting due to 6 previous errors
[INFO] [stdout] 
[INFO] [stdout] 
[INFO] [stdout] Some errors have detailed explanations: E0405, E0432.
[INFO] [stdout] 
[INFO] [stdout] For more information about an error, try `rustc --explain E0405`.
[INFO] [stdout] 
[INFO] [stderr] error: could not document `gameai`
[INFO] [stderr] 
[INFO] [stderr] Caused by:
[INFO] [stderr]   process didn't exit successfully: `rustdoc --crate-type lib --crate-name gameai src/lib.rs -o /opt/rustwide/target/doc --error-format=json --json=diagnostic-rendered-ansi,artifacts,future-incompat --document-private-items -C metadata=c197db54108feaae -L dependency=/opt/rustwide/target/debug/deps --extern clap=/opt/rustwide/target/debug/deps/libclap-2476d4a1e5418a24.rmeta --extern cpuprofiler=/opt/rustwide/target/debug/deps/libcpuprofiler-76525b6c031a8b31.rmeta --extern rand=/opt/rustwide/target/debug/deps/librand-50ec82a15fa95f86.rmeta --extern rayon=/opt/rustwide/target/debug/deps/librayon-09afefd1b633d7f2.rmeta --cap-lints=warn --crate-version 0.0.2` (exit status: 1)
[INFO] running `Command { std: "docker" "inspect" "ace33fd284e5cadf0f3e745b5a9007e61075f51fe420b2e46554a40812bd70d6", kill_on_drop: false }`
[INFO] running `Command { std: "docker" "rm" "-f" "ace33fd284e5cadf0f3e745b5a9007e61075f51fe420b2e46554a40812bd70d6", kill_on_drop: false }`
[INFO] [stdout] ace33fd284e5cadf0f3e745b5a9007e61075f51fe420b2e46554a40812bd70d6
