[INFO] fetching crate fluidity 0.1.11...
[INFO] documenting fluidity-0.1.11 against 1.69.0 for beta-1.70-rustdoc-1
[INFO] extracting crate fluidity 0.1.11 into /workspace/builds/worker-7-tc1/source
[INFO] validating manifest of crates.io crate fluidity 0.1.11 on toolchain 1.69.0
[INFO] running `Command { std: CARGO_HOME="/workspace/cargo-home" RUSTUP_HOME="/workspace/rustup-home" "/workspace/cargo-home/bin/cargo" "+1.69.0" "metadata" "--manifest-path" "Cargo.toml" "--no-deps", kill_on_drop: false }`
[INFO] started tweaking crates.io crate fluidity 0.1.11
[INFO] finished tweaking crates.io crate fluidity 0.1.11
[INFO] tweaked toml for crates.io crate fluidity 0.1.11 written to /workspace/builds/worker-7-tc1/source/Cargo.toml
[INFO] running `Command { std: CARGO_HOME="/workspace/cargo-home" RUSTUP_HOME="/workspace/rustup-home" __CARGO_TEST_CHANNEL_OVERRIDE_DO_NOT_USE_THIS="nightly" "/workspace/cargo-home/bin/cargo" "+1.69.0" "generate-lockfile" "--manifest-path" "Cargo.toml" "-Zno-index-update", kill_on_drop: false }`
[INFO] [stderr]     Blocking waiting for file lock on package cache
[INFO] running `Command { std: CARGO_HOME="/workspace/cargo-home" RUSTUP_HOME="/workspace/rustup-home" "/workspace/cargo-home/bin/cargo" "+1.69.0" "fetch" "--manifest-path" "Cargo.toml", kill_on_drop: false }`
[INFO] [stderr]     Blocking waiting for file lock on package cache
[INFO] [stderr]  Downloading crates ...
[INFO] [stderr]   Downloaded scsys v0.1.42
[INFO] [stderr]   Downloaded dlv-list v0.3.0
[INFO] [stderr]   Downloaded psl-types v2.0.11
[INFO] [stderr]   Downloaded decanter-crypto v0.1.5
[INFO] [stderr]   Downloaded fluidity-core v0.1.5
[INFO] [stderr]   Downloaded publicsuffix v2.2.3
[INFO] [stderr]   Downloaded ordered-multimap v0.4.3
[INFO] [stderr]   Downloaded rust-ini v0.18.0
[INFO] [stderr]   Downloaded scsys-core v0.1.42
[INFO] [stderr]   Downloaded decanter v0.1.5
[INFO] [stderr]   Downloaded cookie_store v0.16.1
[INFO] [stderr]   Downloaded decanter-derive v0.1.5
[INFO] [stderr]   Downloaded scsys-actors v0.1.42
[INFO] [stderr]   Downloaded config v0.13.3
[INFO] [stderr]   Downloaded smart-default v0.6.0
[INFO] [stderr]   Downloaded scsys-derive v0.1.42
[INFO] [stderr]   Downloaded scsys-macros v0.1.42
[INFO] running `Command { std: "docker" "create" "-v" "/var/lib/crater-agent-workspace/builds/worker-7-tc1/target:/opt/rustwide/target:rw,Z" "-v" "/var/lib/crater-agent-workspace/builds/worker-7-tc1/source:/opt/rustwide/workdir:ro,Z" "-v" "/var/lib/crater-agent-workspace/cargo-home:/opt/rustwide/cargo-home:ro,Z" "-v" "/var/lib/crater-agent-workspace/rustup-home:/opt/rustwide/rustup-home:ro,Z" "-e" "SOURCE_DIR=/opt/rustwide/workdir" "-e" "CARGO_TARGET_DIR=/opt/rustwide/target" "-e" "CARGO_HOME=/opt/rustwide/cargo-home" "-e" "RUSTUP_HOME=/opt/rustwide/rustup-home" "-w" "/opt/rustwide/workdir" "-m" "1610612736" "--user" "0:0" "--network" "none" "ghcr.io/rust-lang/crates-build-env/linux@sha256:5ff2268d62e97bff2cde7d5815dd6ed5b47097566f13b8d0ca110b04b60e07ed" "/opt/rustwide/cargo-home/bin/cargo" "+1.69.0" "metadata" "--no-deps" "--format-version=1", kill_on_drop: false }`
[INFO] [stdout] d41fa53cad58863b382ca830a7b266b657741d4f027d543f0afc958976ac8745
[INFO] running `Command { std: "docker" "start" "-a" "d41fa53cad58863b382ca830a7b266b657741d4f027d543f0afc958976ac8745", kill_on_drop: false }`
[INFO] running `Command { std: "docker" "inspect" "d41fa53cad58863b382ca830a7b266b657741d4f027d543f0afc958976ac8745", kill_on_drop: false }`
[INFO] running `Command { std: "docker" "rm" "-f" "d41fa53cad58863b382ca830a7b266b657741d4f027d543f0afc958976ac8745", kill_on_drop: false }`
[INFO] [stdout] d41fa53cad58863b382ca830a7b266b657741d4f027d543f0afc958976ac8745
[INFO] running `Command { std: "docker" "create" "-v" "/var/lib/crater-agent-workspace/builds/worker-7-tc1/target:/opt/rustwide/target:rw,Z" "-v" "/var/lib/crater-agent-workspace/builds/worker-7-tc1/source:/opt/rustwide/workdir:ro,Z" "-v" "/var/lib/crater-agent-workspace/cargo-home:/opt/rustwide/cargo-home:ro,Z" "-v" "/var/lib/crater-agent-workspace/rustup-home:/opt/rustwide/rustup-home:ro,Z" "-e" "SOURCE_DIR=/opt/rustwide/workdir" "-e" "CARGO_TARGET_DIR=/opt/rustwide/target" "-e" "CARGO_INCREMENTAL=0" "-e" "RUST_BACKTRACE=full" "-e" "RUSTFLAGS=--cap-lints=warn" "-e" "RUSTDOCFLAGS=--cap-lints=warn" "-e" "CARGO_HOME=/opt/rustwide/cargo-home" "-e" "RUSTUP_HOME=/opt/rustwide/rustup-home" "-w" "/opt/rustwide/workdir" "-m" "1610612736" "--user" "0:0" "--network" "none" "ghcr.io/rust-lang/crates-build-env/linux@sha256:5ff2268d62e97bff2cde7d5815dd6ed5b47097566f13b8d0ca110b04b60e07ed" "/opt/rustwide/cargo-home/bin/cargo" "+1.69.0" "doc" "--frozen" "--no-deps" "--document-private-items" "--message-format=json", kill_on_drop: false }`
[INFO] [stdout] 94792dbd7bd99297d442a746d8cf8efcfb9b39d306f539315016483e50a07181
[INFO] running `Command { std: "docker" "start" "-a" "94792dbd7bd99297d442a746d8cf8efcfb9b39d306f539315016483e50a07181", kill_on_drop: false }`
[INFO] [stderr]    Compiling proc-macro2 v1.0.56
[INFO] [stderr]    Compiling syn v1.0.109
[INFO] [stderr]    Compiling quote v1.0.26
[INFO] [stderr]    Compiling ahash v0.7.6
[INFO] [stderr]    Compiling serde_json v1.0.96
[INFO] [stderr]    Compiling time-core v0.1.0
[INFO] [stderr]     Checking getrandom v0.2.9
[INFO] [stderr]     Checking num-integer v0.1.45
[INFO] [stderr]    Compiling rustversion v1.0.12
[INFO] [stderr]    Compiling time-macros v0.2.8
[INFO] [stderr]    Compiling ring v0.16.20
[INFO] [stderr]    Compiling heck v0.4.1
[INFO] [stderr]    Compiling futures-util v0.3.28
[INFO] [stderr]     Checking dlv-list v0.3.0
[INFO] [stderr]    Compiling ryu v1.0.13
[INFO] [stderr]    Compiling itoa v1.0.6
[INFO] [stderr]     Checking subtle v2.4.1
[INFO] [stderr]    Compiling blake3 v1.3.3
[INFO] [stderr]     Checking digest v0.10.6
[INFO] [stderr]     Checking chrono v0.4.24
[INFO] [stderr]    Compiling futures-channel v0.3.28
[INFO] [stderr]     Checking unicode-ident v1.0.8
[INFO] [stderr]     Checking rand_core v0.6.4
[INFO] [stderr]     Checking futures-io v0.3.28
[INFO] [stderr]     Checking minimal-lexical v0.2.1
[INFO] [stderr]    Compiling cookie v0.16.2
[INFO] [stderr]    Compiling num-bigint v0.4.3
[INFO] [stderr]     Checking pathdiff v0.2.1
[INFO] [stderr]     Checking rand_chacha v0.3.1
[INFO] [stderr]     Checking miniz_oxide v0.7.1
[INFO] [stderr]     Checking hashbrown v0.12.3
[INFO] [stderr]    Compiling syn v2.0.15
[INFO] [stderr]     Checking nom v7.1.3
[INFO] [stderr]     Checking rand v0.8.5
[INFO] [stderr]    Compiling secp256k1-sys v0.6.1
[INFO] [stderr]     Checking glob v0.3.1
[INFO] [stderr]     Checking psl-types v2.0.11
[INFO] [stderr]     Checking matches v0.1.10
[INFO] [stderr]     Checking publicsuffix v2.2.3
[INFO] [stderr]     Checking idna v0.2.3
[INFO] [stderr]     Checking indexmap v1.9.3
[INFO] [stderr]     Checking ordered-multimap v0.4.3
[INFO] [stderr]     Checking flate2 v1.0.26
[INFO] [stderr]    Compiling tiny-keccak v2.0.2
[INFO] [stderr]     Checking rust-ini v0.18.0
[INFO] [stderr]     Checking pem v1.1.1
[INFO] [stderr]     Checking sha2 v0.10.6
[INFO] [stderr]     Checking time v0.3.20
[INFO] [stderr]    Compiling darling_core v0.13.4
[INFO] [stderr]    Compiling serde_derive v1.0.160
[INFO] [stderr]    Compiling thiserror-impl v1.0.40
[INFO] [stderr]    Compiling tokio-macros v2.1.0
[INFO] [stderr]    Compiling openssl-macros v0.1.1
[INFO] [stderr]    Compiling async-trait v0.1.68
[INFO] [stderr]     Checking secp256k1 v0.24.3
[INFO] [stderr]     Checking openssl v0.10.52
[INFO] [stderr]    Compiling strum_macros v0.24.3
[INFO] [stderr]    Compiling smart-default v0.6.0
[INFO] [stderr]     Checking tokio v1.28.0
[INFO] [stderr]    Compiling thiserror v1.0.40
[INFO] [stderr]     Checking pest v2.6.0
[INFO] [stderr]     Checking simple_asn1 v0.6.2
[INFO] [stderr]    Compiling darling_macro v0.13.4
[INFO] [stderr]     Checking strum v0.24.1
[INFO] [stderr]    Compiling darling v0.13.4
[INFO] [stderr]    Compiling serde_with_macros v1.5.2
[INFO] [stderr]    Compiling pest_meta v2.6.0
[INFO] [stderr]     Checking serde v1.0.160
[INFO] [stderr]    Compiling pest_generator v2.6.0
[INFO] [stderr]     Checking native-tls v0.2.11
[INFO] [stderr]    Compiling pest_derive v2.6.0
[INFO] [stderr]     Checking tokio-util v0.7.8
[INFO] [stderr]     Checking tokio-native-tls v0.3.1
[INFO] [stderr]     Checking async-compression v0.3.15
[INFO] [stderr]     Checking h2 v0.3.18
[INFO] [stderr]     Checking uuid v1.3.2
[INFO] [stderr]     Checking serde_with v1.14.0
[INFO] [stderr]     Checking uuid v0.8.2
[INFO] [stderr]     Checking serde_bytes v0.11.9
[INFO] [stderr]     Checking toml v0.5.11
[INFO] [stderr]     Checking json5 v0.4.1
[INFO] [stderr]     Checking ron v0.7.1
[INFO] [stderr]     Checking serde_urlencoded v0.7.1
[INFO] [stderr]     Checking decanter-crypto v0.1.5
[INFO] [stderr]     Checking cookie_store v0.16.1
[INFO] [stderr]     Checking jsonwebtoken v8.3.0
[INFO] [stderr]     Checking config v0.13.3
[INFO] [stderr]    Compiling decanter-derive v0.1.5
[INFO] [stderr]    Compiling scsys-derive v0.1.42
[INFO] [stderr]     Checking bson v2.6.1
[INFO] [stderr]     Checking decanter v0.1.5
[INFO] [stderr]     Checking hyper v0.14.26
[INFO] [stderr]     Checking scsys-macros v0.1.42
[INFO] [stderr]     Checking scsys-core v0.1.42
[INFO] [stderr]     Checking scsys-actors v0.1.42
[INFO] [stdout] error[E0432]: unresolved imports `decanter::crypto::Hashable`, `decanter::Hash`
[INFO] [stdout]  --> /opt/rustwide/cargo-home/registry/src/github.com-1ecc6299db9ec823/scsys-actors-0.1.42/src/catalysts/catalyst.rs:7:16
[INFO] [stdout]   |
[INFO] [stdout] 7 | use decanter::{crypto::Hashable, Hash};
[INFO] [stdout]   |                ^^^^^^^^^^^^^^^^  ^^^^
[INFO] [stdout]   |                |                 |
[INFO] [stdout]   |                |                 no `Hash` in the root
[INFO] [stdout]   |                |                 help: a similar name exists in the module: `hash`
[INFO] [stdout]   |                no `Hashable` in the root
[INFO] [stdout]   |
[INFO] [stdout]   = help: consider importing this trait instead:
[INFO] [stdout]           decanter::prelude::Hashable
[INFO] [stdout]   = help: consider importing one of these items instead:
[INFO] [stdout]           std::hash::Hash
[INFO] [stdout]           core::hash::Hash
[INFO] [stdout] 
[INFO] [stdout] 
[INFO] [stdout] error[E0432]: unresolved imports `decanter::crypto::Hashable`, `decanter::Hash`
[INFO] [stdout]  --> /opt/rustwide/cargo-home/registry/src/github.com-1ecc6299db9ec823/scsys-actors-0.1.42/src/messages/message.rs:7:16
[INFO] [stdout]   |
[INFO] [stdout] 7 | use decanter::{crypto::Hashable, Hash};
[INFO] [stdout]   |                ^^^^^^^^^^^^^^^^  ^^^^
[INFO] [stdout]   |                |                 |
[INFO] [stdout]   |                |                 no `Hash` in the root
[INFO] [stdout]   |                |                 help: a similar name exists in the module: `hash`
[INFO] [stdout]   |                no `Hashable` in the root
[INFO] [stdout]   |
[INFO] [stdout]   = help: consider importing this trait instead:
[INFO] [stdout]           decanter::prelude::Hashable
[INFO] [stdout]   = help: consider importing one of these items instead:
[INFO] [stdout]           std::hash::Hash
[INFO] [stdout]           core::hash::Hash
[INFO] [stdout] 
[INFO] [stdout] 
[INFO] [stdout] error[E0432]: unresolved import `decanter::prelude::Hash`
[INFO] [stdout]   --> /opt/rustwide/cargo-home/registry/src/github.com-1ecc6299db9ec823/scsys-actors-0.1.42/src/states/state.rs:10:25
[INFO] [stdout]    |
[INFO] [stdout] 10 | use decanter::prelude::{Hash, Hashable, H256};
[INFO] [stdout]    |                         ^^^^
[INFO] [stdout]    |                         |
[INFO] [stdout]    |                         no `Hash` in `prelude`
[INFO] [stdout]    |                         help: a similar name exists in the module: `hash`
[INFO] [stdout]    |
[INFO] [stdout]    = help: consider importing one of these items instead:
[INFO] [stdout]            std::hash::Hash
[INFO] [stdout]            core::hash::Hash
[INFO] [stdout] 
[INFO] [stdout] 
[INFO] [stdout] error[E0432]: unresolved imports `decanter::crypto::Hashable`, `decanter::Hash`
[INFO] [stdout]  --> /opt/rustwide/cargo-home/registry/src/github.com-1ecc6299db9ec823/scsys-actors-0.1.42/src/direction.rs:6:16
[INFO] [stdout]   |
[INFO] [stdout] 6 | use decanter::{crypto::Hashable, Hash};
[INFO] [stdout]   |                ^^^^^^^^^^^^^^^^  ^^^^
[INFO] [stdout]   |                |                 |
[INFO] [stdout]   |                |                 no `Hash` in the root
[INFO] [stdout]   |                |                 help: a similar name exists in the module: `hash`
[INFO] [stdout]   |                no `Hashable` in the root
[INFO] [stdout]   |
[INFO] [stdout]   = help: consider importing this trait instead:
[INFO] [stdout]           decanter::prelude::Hashable
[INFO] [stdout]   = help: consider importing one of these items instead:
[INFO] [stdout]           std::hash::Hash
[INFO] [stdout]           core::hash::Hash
[INFO] [stdout] 
[INFO] [stdout] 
[INFO] [stdout] error[E0277]: the trait bound `context::Context<Cnf>: AsRef<[u8]>` is not satisfied
[INFO] [stdout]   --> /opt/rustwide/cargo-home/registry/src/github.com-1ecc6299db9ec823/scsys-actors-0.1.42/src/contexts/context.rs:23:16
[INFO] [stdout]    |
[INFO] [stdout] 23 |         hasher(self).into()
[INFO] [stdout]    |         ------ ^^^^ the trait `AsRef<[u8]>` is not implemented for `context::Context<Cnf>`
[INFO] [stdout]    |         |
[INFO] [stdout]    |         required by a bound introduced by this call
[INFO] [stdout]    |
[INFO] [stdout]    = note: required for `&context::Context<Cnf>` to implement `AsRef<[u8]>`
[INFO] [stdout] note: required by a bound in `hasher`
[INFO] [stdout]   --> /opt/rustwide/cargo-home/registry/src/github.com-1ecc6299db9ec823/decanter-0.1.5/src/hash/mod.rs:57:26
[INFO] [stdout]    |
[INFO] [stdout] 57 | pub fn hasher(data: impl AsRef<[u8]>) -> GenericHash {
[INFO] [stdout]    |                          ^^^^^^^^^^^ required by this bound in `hasher`
[INFO] [stdout] 
[INFO] [stdout] 
[INFO] [stderr]     Checking hyper-tls v0.5.0
[INFO] [stdout] error: aborting due to 5 previous errors
[INFO] [stdout] 
[INFO] [stdout] 
[INFO] [stdout] Some errors have detailed explanations: E0277, E0432.
[INFO] [stdout] 
[INFO] [stdout] For more information about an error, try `rustc --explain E0277`.
[INFO] [stdout] 
[INFO] [stderr] error: could not compile `scsys-actors` due to 6 previous errors
[INFO] [stderr] warning: build failed, waiting for other jobs to finish...
[INFO] running `Command { std: "docker" "inspect" "94792dbd7bd99297d442a746d8cf8efcfb9b39d306f539315016483e50a07181", kill_on_drop: false }`
[INFO] running `Command { std: "docker" "rm" "-f" "94792dbd7bd99297d442a746d8cf8efcfb9b39d306f539315016483e50a07181", kill_on_drop: false }`
[INFO] [stdout] 94792dbd7bd99297d442a746d8cf8efcfb9b39d306f539315016483e50a07181
