[INFO] fetching crate feedly-notifier 0.1.1...
[INFO] documenting feedly-notifier-0.1.1 against 1.69.0 for beta-1.70-rustdoc-1
[INFO] extracting crate feedly-notifier 0.1.1 into /workspace/builds/worker-7-tc1/source
[INFO] validating manifest of crates.io crate feedly-notifier 0.1.1 on toolchain 1.69.0
[INFO] running `Command { std: CARGO_HOME="/workspace/cargo-home" RUSTUP_HOME="/workspace/rustup-home" "/workspace/cargo-home/bin/cargo" "+1.69.0" "metadata" "--manifest-path" "Cargo.toml" "--no-deps", kill_on_drop: false }`
[INFO] started tweaking crates.io crate feedly-notifier 0.1.1
[INFO] finished tweaking crates.io crate feedly-notifier 0.1.1
[INFO] tweaked toml for crates.io crate feedly-notifier 0.1.1 written to /workspace/builds/worker-7-tc1/source/Cargo.toml
[INFO] running `Command { std: CARGO_HOME="/workspace/cargo-home" RUSTUP_HOME="/workspace/rustup-home" __CARGO_TEST_CHANNEL_OVERRIDE_DO_NOT_USE_THIS="nightly" "/workspace/cargo-home/bin/cargo" "+1.69.0" "generate-lockfile" "--manifest-path" "Cargo.toml" "-Zno-index-update", kill_on_drop: false }`
[INFO] running `Command { std: CARGO_HOME="/workspace/cargo-home" RUSTUP_HOME="/workspace/rustup-home" "/workspace/cargo-home/bin/cargo" "+1.69.0" "fetch" "--manifest-path" "Cargo.toml", kill_on_drop: false }`
[INFO] [stderr]  Downloading crates ...
[INFO] [stderr]   Downloaded same-file v0.1.3
[INFO] [stderr]   Downloaded quasi_macros v0.20.0
[INFO] [stderr]   Downloaded gobject-sys v0.3.4
[INFO] [stderr]   Downloaded glib-sys v0.3.4
[INFO] [stderr]   Downloaded cookie v0.2.5
[INFO] [stderr]   Downloaded gdk-pixbuf v0.1.3
[INFO] [stderr]   Downloaded cairo-rs v0.1.3
[INFO] [stderr]   Downloaded c_vec v1.2.1
[INFO] [stderr]   Downloaded serde_json v0.8.6
[INFO] [stderr]   Downloaded quasi v0.20.1
[INFO] [stderr]   Downloaded dtoa v0.2.2
[INFO] [stderr]   Downloaded gdi32-sys v0.2.0
[INFO] [stderr]   Downloaded walkdir v1.0.7
[INFO] [stderr]   Downloaded gtk-sys v0.3.4
[INFO] [stderr]   Downloaded cairo-sys-rs v0.3.4
[INFO] [stderr]   Downloaded gdk-pixbuf-sys v0.3.4
[INFO] [stderr]   Downloaded gdk-sys v0.3.4
[INFO] [stderr]   Downloaded gdk v0.5.3
[INFO] [stderr]   Downloaded openssl-sys v0.7.17
[INFO] [stderr]   Downloaded serde v0.8.23
[INFO] [stderr]   Downloaded bitflags v0.8.2
[INFO] [stderr]   Downloaded pango-sys v0.3.4
[INFO] [stderr]   Downloaded pnacl-build-helper v1.4.11
[INFO] [stderr]   Downloaded user32-sys v0.2.0
[INFO] [stderr]   Downloaded openssl-sys-extras v0.7.14
[INFO] [stderr]   Downloaded openssl v0.7.14
[INFO] [stderr]   Downloaded openssl-verify v0.1.0
[INFO] [stderr]   Downloaded hpack v0.2.0
[INFO] [stderr]   Downloaded solicit v0.4.4
[INFO] [stderr]   Downloaded traitobject v0.0.1
[INFO] [stderr]   Downloaded gtk v0.1.3
[INFO] [stderr]   Downloaded pango v0.1.3
[INFO] [stderr]   Downloaded hyper v0.9.18
[INFO] [stderr]   Downloaded aster v0.27.0
[INFO] [stderr]   Downloaded itoa v0.1.1
[INFO] [stderr]   Downloaded quasi_codegen v0.20.0
[INFO] [stderr]   Downloaded serde_codegen v0.8.9
[INFO] [stderr]   Downloaded serde_codegen_internals v0.8.9
[INFO] [stderr]   Downloaded glib v0.1.3
[INFO] [stderr]   Downloaded gio-sys v0.3.4
[INFO] [stderr]   Downloaded libressl-pnacl-sys v2.1.6
[INFO] [stderr]   Downloaded serde_macros v0.8.9
[INFO] [stderr]   Downloaded gio v0.1.3
[INFO] [stderr]   Downloaded atk-sys v0.3.4
[INFO] running `Command { std: "docker" "create" "-v" "/var/lib/crater-agent-workspace/builds/worker-7-tc1/target:/opt/rustwide/target:rw,Z" "-v" "/var/lib/crater-agent-workspace/builds/worker-7-tc1/source:/opt/rustwide/workdir:ro,Z" "-v" "/var/lib/crater-agent-workspace/cargo-home:/opt/rustwide/cargo-home:ro,Z" "-v" "/var/lib/crater-agent-workspace/rustup-home:/opt/rustwide/rustup-home:ro,Z" "-e" "SOURCE_DIR=/opt/rustwide/workdir" "-e" "CARGO_TARGET_DIR=/opt/rustwide/target" "-e" "CARGO_HOME=/opt/rustwide/cargo-home" "-e" "RUSTUP_HOME=/opt/rustwide/rustup-home" "-w" "/opt/rustwide/workdir" "-m" "1610612736" "--user" "0:0" "--network" "none" "ghcr.io/rust-lang/crates-build-env/linux@sha256:5ff2268d62e97bff2cde7d5815dd6ed5b47097566f13b8d0ca110b04b60e07ed" "/opt/rustwide/cargo-home/bin/cargo" "+1.69.0" "metadata" "--no-deps" "--format-version=1", kill_on_drop: false }`
[INFO] [stdout] 299eabafedff69c6a8bb7d963f688b9a67b2dd533e2e518f8bc499e217ba954a
[INFO] running `Command { std: "docker" "start" "-a" "299eabafedff69c6a8bb7d963f688b9a67b2dd533e2e518f8bc499e217ba954a", kill_on_drop: false }`
[INFO] running `Command { std: "docker" "inspect" "299eabafedff69c6a8bb7d963f688b9a67b2dd533e2e518f8bc499e217ba954a", kill_on_drop: false }`
[INFO] running `Command { std: "docker" "rm" "-f" "299eabafedff69c6a8bb7d963f688b9a67b2dd533e2e518f8bc499e217ba954a", kill_on_drop: false }`
[INFO] [stdout] 299eabafedff69c6a8bb7d963f688b9a67b2dd533e2e518f8bc499e217ba954a
[INFO] running `Command { std: "docker" "create" "-v" "/var/lib/crater-agent-workspace/builds/worker-7-tc1/target:/opt/rustwide/target:rw,Z" "-v" "/var/lib/crater-agent-workspace/builds/worker-7-tc1/source:/opt/rustwide/workdir:ro,Z" "-v" "/var/lib/crater-agent-workspace/cargo-home:/opt/rustwide/cargo-home:ro,Z" "-v" "/var/lib/crater-agent-workspace/rustup-home:/opt/rustwide/rustup-home:ro,Z" "-e" "SOURCE_DIR=/opt/rustwide/workdir" "-e" "CARGO_TARGET_DIR=/opt/rustwide/target" "-e" "CARGO_INCREMENTAL=0" "-e" "RUST_BACKTRACE=full" "-e" "RUSTFLAGS=--cap-lints=warn" "-e" "RUSTDOCFLAGS=--cap-lints=warn" "-e" "CARGO_HOME=/opt/rustwide/cargo-home" "-e" "RUSTUP_HOME=/opt/rustwide/rustup-home" "-w" "/opt/rustwide/workdir" "-m" "1610612736" "--user" "0:0" "--network" "none" "ghcr.io/rust-lang/crates-build-env/linux@sha256:5ff2268d62e97bff2cde7d5815dd6ed5b47097566f13b8d0ca110b04b60e07ed" "/opt/rustwide/cargo-home/bin/cargo" "+1.69.0" "doc" "--frozen" "--no-deps" "--document-private-items" "--message-format=json", kill_on_drop: false }`
[INFO] [stdout] f537163c46294e1a0a58728fcecae0f30fe9d1ca6af4d6320f3dfe49acbfacd4
[INFO] running `Command { std: "docker" "start" "-a" "f537163c46294e1a0a58728fcecae0f30fe9d1ca6af4d6320f3dfe49acbfacd4", kill_on_drop: false }`
[INFO] [stderr]    Compiling glib-sys v0.3.4
[INFO] [stderr]    Compiling gobject-sys v0.3.4
[INFO] [stderr]    Compiling gio-sys v0.3.4
[INFO] [stderr]     Checking bitflags v0.8.2
[INFO] [stderr]    Compiling gdk-pixbuf-sys v0.3.4
[INFO] [stderr]    Compiling cairo-sys-rs v0.3.4
[INFO] [stderr]    Compiling pango-sys v0.3.4
[INFO] [stderr]    Compiling openssl-sys v0.7.17
[INFO] [stderr]    Compiling gcc v0.3.55
[INFO] [stderr]    Compiling gdk-sys v0.3.4
[INFO] [stderr]     Checking bitflags v0.5.0
[INFO] [stderr]    Compiling atk-sys v0.3.4
[INFO] [stderr]    Compiling gtk-sys v0.3.4
[INFO] [stderr]    Compiling cairo-rs v0.1.3
[INFO] [stderr]    Compiling gio v0.1.3
[INFO] [stderr]    Compiling gdk-pixbuf v0.1.3
[INFO] [stderr]     Checking bitflags v0.7.0
[INFO] [stderr]    Compiling aster v0.27.0
[INFO] [stderr]     Checking idna v0.1.5
[INFO] [stderr]     Checking c_vec v1.2.1
[INFO] [stderr]    Compiling gdk v0.5.3
[INFO] [stdout] error[E0463]: can't find crate for `syntax`
[INFO] [stdout]   --> /opt/rustwide/cargo-home/registry/src/github.com-1ecc6299db9ec823/aster-0.27.0/src/lib.rs:10:1
[INFO] [stdout]    |
[INFO] [stdout] 10 | extern crate syntax;
[INFO] [stdout]    | ^^^^^^^^^^^^^^^^^^^^ can't find crate
[INFO] [stdout] 
[INFO] [stdout] 
[INFO] [stderr]    Compiling serde_codegen v0.8.9
[INFO] [stdout] error[E0554]: `#![feature]` may not be used on the stable release channel
[INFO] [stdout]  --> /opt/rustwide/cargo-home/registry/src/github.com-1ecc6299db9ec823/aster-0.27.0/src/lib.rs:1:43
[INFO] [stdout]   |
[INFO] [stdout] 1 | #![cfg_attr(not(feature = "with-syntex"), feature(rustc_private))]
[INFO] [stdout]   |                                           ^^^^^^^^^^^^^^^^^^^^^^
[INFO] [stdout] 
[INFO] [stdout] 
[INFO] [stderr]     Checking hpack v0.2.0
[INFO] [stderr]    Compiling serde_codegen_internals v0.8.9
[INFO] [stdout] error: aborting due to 2 previous errors
[INFO] [stdout] 
[INFO] [stdout] 
[INFO] [stdout] Some errors have detailed explanations: E0463, E0554.
[INFO] [stdout] 
[INFO] [stdout] For more information about an error, try `rustc --explain E0463`.
[INFO] [stdout] 
[INFO] [stderr] error: could not compile `aster` due to 3 previous errors
[INFO] [stderr] warning: build failed, waiting for other jobs to finish...
[INFO] [stdout] error[E0463]: can't find crate for `syntax`
[INFO] [stdout]   --> /opt/rustwide/cargo-home/registry/src/github.com-1ecc6299db9ec823/serde_codegen_internals-0.8.9/src/lib.rs:13:1
[INFO] [stdout]    |
[INFO] [stdout] 13 | extern crate syntax;
[INFO] [stdout]    | ^^^^^^^^^^^^^^^^^^^^ can't find crate
[INFO] [stdout] 
[INFO] [stdout] 
[INFO] [stdout] error[E0463]: can't find crate for `rustc_errors`
[INFO] [stdout]   --> /opt/rustwide/cargo-home/registry/src/github.com-1ecc6299db9ec823/serde_codegen_internals-0.8.9/src/lib.rs:15:1
[INFO] [stdout]    |
[INFO] [stdout] 15 | extern crate rustc_errors as errors;
[INFO] [stdout]    | ^^^^^^^^^^^^^^^^^^^^^^^^^^^^^^^^^^^^ can't find crate
[INFO] [stdout]    |
[INFO] [stdout]    = help: maybe you need to install the missing components with: `rustup component add rust-src rustc-dev llvm-tools-preview`
[INFO] [stdout] 
[INFO] [stdout] 
[INFO] [stdout] error: cannot find macro `panictry` in this scope
[INFO] [stdout]    --> /opt/rustwide/cargo-home/registry/src/github.com-1ecc6299db9ec823/serde_codegen_internals-0.8.9/src/attr.rs:609:15
[INFO] [stdout]     |
[INFO] [stdout] 609 |     let tts = panictry!(parse::parse_tts_from_source_str(
[INFO] [stdout]     |               ^^^^^^^^
[INFO] [stdout] 
[INFO] [stdout] 
[INFO] [stdout] error[E0554]: `#![feature]` may not be used on the stable release channel
[INFO] [stdout]  --> /opt/rustwide/cargo-home/registry/src/github.com-1ecc6299db9ec823/serde_codegen_internals-0.8.9/src/lib.rs:3:43
[INFO] [stdout]   |
[INFO] [stdout] 3 | #![cfg_attr(not(feature = "with-syntex"), feature(rustc_private, plugin))]
[INFO] [stdout]   |                                           ^^^^^^^^^^^^^^^^^^^^^^^^^^^^^^
[INFO] [stdout] 
[INFO] [stdout] 
[INFO] [stdout] error: aborting due to 4 previous errors
[INFO] [stdout] 
[INFO] [stdout] 
[INFO] [stdout] Some errors have detailed explanations: E0463, E0554.
[INFO] [stdout] 
[INFO] [stdout] For more information about an error, try `rustc --explain E0463`.
[INFO] [stdout] 
[INFO] [stderr] error: could not compile `serde_codegen_internals` due to 5 previous errors
[INFO] running `Command { std: "docker" "inspect" "f537163c46294e1a0a58728fcecae0f30fe9d1ca6af4d6320f3dfe49acbfacd4", kill_on_drop: false }`
[INFO] running `Command { std: "docker" "rm" "-f" "f537163c46294e1a0a58728fcecae0f30fe9d1ca6af4d6320f3dfe49acbfacd4", kill_on_drop: false }`
[INFO] [stdout] f537163c46294e1a0a58728fcecae0f30fe9d1ca6af4d6320f3dfe49acbfacd4
