[INFO] fetching crate fast-rustc-ap-rustc_ast 1.0.0...
[INFO] documenting fast-rustc-ap-rustc_ast-1.0.0 against 1.69.0 for beta-1.70-rustdoc-1
[INFO] extracting crate fast-rustc-ap-rustc_ast 1.0.0 into /workspace/builds/worker-3-tc1/source
[INFO] validating manifest of crates.io crate fast-rustc-ap-rustc_ast 1.0.0 on toolchain 1.69.0
[INFO] running `Command { std: CARGO_HOME="/workspace/cargo-home" RUSTUP_HOME="/workspace/rustup-home" "/workspace/cargo-home/bin/cargo" "+1.69.0" "metadata" "--manifest-path" "Cargo.toml" "--no-deps", kill_on_drop: false }`
[INFO] started tweaking crates.io crate fast-rustc-ap-rustc_ast 1.0.0
[INFO] finished tweaking crates.io crate fast-rustc-ap-rustc_ast 1.0.0
[INFO] tweaked toml for crates.io crate fast-rustc-ap-rustc_ast 1.0.0 written to /workspace/builds/worker-3-tc1/source/Cargo.toml
[INFO] running `Command { std: CARGO_HOME="/workspace/cargo-home" RUSTUP_HOME="/workspace/rustup-home" __CARGO_TEST_CHANNEL_OVERRIDE_DO_NOT_USE_THIS="nightly" "/workspace/cargo-home/bin/cargo" "+1.69.0" "generate-lockfile" "--manifest-path" "Cargo.toml" "-Zno-index-update", kill_on_drop: false }`
[INFO] [stderr]     Blocking waiting for file lock on package cache
[INFO] running `Command { std: CARGO_HOME="/workspace/cargo-home" RUSTUP_HOME="/workspace/rustup-home" "/workspace/cargo-home/bin/cargo" "+1.69.0" "fetch" "--manifest-path" "Cargo.toml", kill_on_drop: false }`
[INFO] [stderr]     Blocking waiting for file lock on package cache
[INFO] [stderr]     Blocking waiting for file lock on package cache
[INFO] [stderr]  Downloading crates ...
[INFO] [stderr]   Downloaded fast-rustc-ap-serialize v1.0.0
[INFO] [stderr]   Downloaded fast-rustc-ap-rustc_macros v1.0.0
[INFO] [stderr]   Downloaded fast-rustc-ap-rustc_index v1.0.0
[INFO] [stderr]   Downloaded fast-rustc-ap-graphviz v1.0.0
[INFO] [stderr]   Downloaded measureme v0.7.1
[INFO] [stderr]   Downloaded ena v0.13.1
[INFO] [stderr]   Downloaded fast-rustc-ap-rustc_lexer v1.0.0
[INFO] [stderr]   Downloaded fast-rustc-ap-rustc_data_structures v1.0.0
[INFO] [stderr]   Downloaded fast-rustc-ap-arena v1.0.0
[INFO] [stderr]   Downloaded fast-rustc-ap-rustc_span v1.0.0
[INFO] running `Command { std: "docker" "create" "-v" "/var/lib/crater-agent-workspace/builds/worker-3-tc1/target:/opt/rustwide/target:rw,Z" "-v" "/var/lib/crater-agent-workspace/builds/worker-3-tc1/source:/opt/rustwide/workdir:ro,Z" "-v" "/var/lib/crater-agent-workspace/cargo-home:/opt/rustwide/cargo-home:ro,Z" "-v" "/var/lib/crater-agent-workspace/rustup-home:/opt/rustwide/rustup-home:ro,Z" "-e" "SOURCE_DIR=/opt/rustwide/workdir" "-e" "CARGO_TARGET_DIR=/opt/rustwide/target" "-e" "CARGO_HOME=/opt/rustwide/cargo-home" "-e" "RUSTUP_HOME=/opt/rustwide/rustup-home" "-w" "/opt/rustwide/workdir" "-m" "1610612736" "--user" "0:0" "--network" "none" "ghcr.io/rust-lang/crates-build-env/linux@sha256:5ff2268d62e97bff2cde7d5815dd6ed5b47097566f13b8d0ca110b04b60e07ed" "/opt/rustwide/cargo-home/bin/cargo" "+1.69.0" "metadata" "--no-deps" "--format-version=1", kill_on_drop: false }`
[INFO] [stdout] 16ed03a621c29b6ec788ec3f8ec5fb9786e4dfdc38955464f5e729d86bbc09ee
[INFO] running `Command { std: "docker" "start" "-a" "16ed03a621c29b6ec788ec3f8ec5fb9786e4dfdc38955464f5e729d86bbc09ee", kill_on_drop: false }`
[INFO] running `Command { std: "docker" "inspect" "16ed03a621c29b6ec788ec3f8ec5fb9786e4dfdc38955464f5e729d86bbc09ee", kill_on_drop: false }`
[INFO] running `Command { std: "docker" "rm" "-f" "16ed03a621c29b6ec788ec3f8ec5fb9786e4dfdc38955464f5e729d86bbc09ee", kill_on_drop: false }`
[INFO] [stdout] 16ed03a621c29b6ec788ec3f8ec5fb9786e4dfdc38955464f5e729d86bbc09ee
[INFO] running `Command { std: "docker" "create" "-v" "/var/lib/crater-agent-workspace/builds/worker-3-tc1/target:/opt/rustwide/target:rw,Z" "-v" "/var/lib/crater-agent-workspace/builds/worker-3-tc1/source:/opt/rustwide/workdir:ro,Z" "-v" "/var/lib/crater-agent-workspace/cargo-home:/opt/rustwide/cargo-home:ro,Z" "-v" "/var/lib/crater-agent-workspace/rustup-home:/opt/rustwide/rustup-home:ro,Z" "-e" "SOURCE_DIR=/opt/rustwide/workdir" "-e" "CARGO_TARGET_DIR=/opt/rustwide/target" "-e" "CARGO_INCREMENTAL=0" "-e" "RUST_BACKTRACE=full" "-e" "RUSTFLAGS=--cap-lints=warn" "-e" "RUSTDOCFLAGS=--cap-lints=warn" "-e" "CARGO_HOME=/opt/rustwide/cargo-home" "-e" "RUSTUP_HOME=/opt/rustwide/rustup-home" "-w" "/opt/rustwide/workdir" "-m" "1610612736" "--user" "0:0" "--network" "none" "ghcr.io/rust-lang/crates-build-env/linux@sha256:5ff2268d62e97bff2cde7d5815dd6ed5b47097566f13b8d0ca110b04b60e07ed" "/opt/rustwide/cargo-home/bin/cargo" "+1.69.0" "doc" "--frozen" "--no-deps" "--document-private-items" "--message-format=json", kill_on_drop: false }`
[INFO] [stdout] 873f39045cfb44a6f0c0660e1d9743f06f99de3eef6d2e08db7a76f3c21ccb42
[INFO] running `Command { std: "docker" "start" "-a" "873f39045cfb44a6f0c0660e1d9743f06f99de3eef6d2e08db7a76f3c21ccb42", kill_on_drop: false }`
[INFO] [stderr]    Compiling maybe-uninit v2.0.0
[INFO] [stderr]    Compiling indexmap v1.9.3
[INFO] [stderr]    Compiling rustc-rayon-core v0.3.2
[INFO] [stderr]     Checking lock_api v0.3.4
[INFO] [stderr]    Compiling syn v1.0.109
[INFO] [stderr]     Checking smallvec v1.10.0
[INFO] [stderr]     Checking rustc-hash v1.1.0
[INFO] [stderr]     Checking crossbeam-utils v0.6.6
[INFO] [stderr]     Checking fast-rustc-ap-graphviz v1.0.0
[INFO] [stderr]    Compiling parking_lot_core v0.6.3
[INFO] [stderr]    Compiling parking_lot v0.9.0
[INFO] [stderr]     Checking num_cpus v1.15.0
[INFO] [stderr]     Checking memmap v0.7.0
[INFO] [stderr]     Checking ena v0.13.1
[INFO] [stderr]     Checking jobserver v0.1.26
[INFO] [stderr]    Compiling unicode-xid v0.2.4
[INFO] [stdout] error[E0557]: feature has been removed
[INFO] [stdout]   --> /opt/rustwide/cargo-home/registry/src/github.com-1ecc6299db9ec823/lock_api-0.3.4/src/lib.rs:91:42
[INFO] [stdout]    |
[INFO] [stdout] 91 | #![cfg_attr(feature = "nightly", feature(const_fn))]
[INFO] [stdout]    |                                          ^^^^^^^^ feature has been removed
[INFO] [stdout]    |
[INFO] [stdout]    = note: split into finer-grained feature gates
[INFO] [stdout] 
[INFO] [stdout] 
[INFO] [stderr]    Compiling fast-rustc-ap-rustc_ast v1.0.0 (/opt/rustwide/workdir)
[INFO] [stdout] error[E0554]: `#![feature]` may not be used on the stable release channel
[INFO] [stdout]   --> /opt/rustwide/cargo-home/registry/src/github.com-1ecc6299db9ec823/crossbeam-utils-0.6.6/src/lib.rs:32:34
[INFO] [stdout]    |
[INFO] [stdout] 32 | #![cfg_attr(feature = "nightly", feature(cfg_target_has_atomic))]
[INFO] [stdout]    |                                  ^^^^^^^^^^^^^^^^^^^^^^^^^^^^^^
[INFO] [stdout] 
[INFO] [stdout] 
[INFO] [stdout] error[E0554]: `#![feature]` may not be used on the stable release channel
[INFO] [stdout]   --> /opt/rustwide/cargo-home/registry/src/github.com-1ecc6299db9ec823/smallvec-1.10.0/src/lib.rs:83:37
[INFO] [stdout]    |
[INFO] [stdout] 83 | #![cfg_attr(feature = "may_dangle", feature(dropck_eyepatch))]
[INFO] [stdout]    |                                     ^^^^^^^^^^^^^^^^^^^^^^^^
[INFO] [stdout] 
[INFO] [stdout] 
[INFO] [stdout] error[E0554]: `#![feature]` may not be used on the stable release channel
[INFO] [stdout]    --> /opt/rustwide/cargo-home/registry/src/github.com-1ecc6299db9ec823/fast-rustc-ap-graphviz-1.0.0/lib.rs:278:1
[INFO] [stdout]     |
[INFO] [stdout] 278 | #![feature(rustc_private, nll)]
[INFO] [stdout]     | ^^^^^^^^^^^^^^^^^^^^^^^^^^^^^^^
[INFO] [stdout]     |
[INFO] [stdout]     = help: the feature `nll` has been stable since `1.63.0` and no longer requires an attribute to enable
[INFO] [stdout] 
[INFO] [stdout] 
[INFO] [stdout] error: aborting due to previous error
[INFO] [stdout] 
[INFO] [stdout] 
[INFO] [stdout] For more information about this error, try `rustc --explain E0557`.
[INFO] [stdout] 
[INFO] [stderr] error: could not compile `lock_api` due to 2 previous errors
[INFO] [stderr] warning: build failed, waiting for other jobs to finish...
[INFO] [stdout] error: aborting due to previous error
[INFO] [stdout] 
[INFO] [stdout] 
[INFO] [stdout] For more information about this error, try `rustc --explain E0554`.
[INFO] [stdout] 
[INFO] [stderr] error: could not compile `fast-rustc-ap-graphviz` due to 2 previous errors
[INFO] [stdout] error: aborting due to previous error
[INFO] [stdout] 
[INFO] [stdout] 
[INFO] [stdout] For more information about this error, try `rustc --explain E0554`.
[INFO] [stdout] 
[INFO] [stderr] error: could not compile `smallvec` due to 2 previous errors
[INFO] [stdout] error: aborting due to previous error
[INFO] [stdout] 
[INFO] [stdout] 
[INFO] [stdout] For more information about this error, try `rustc --explain E0554`.
[INFO] [stdout] 
[INFO] [stderr] error: could not compile `crossbeam-utils` due to 2 previous errors
[INFO] running `Command { std: "docker" "inspect" "873f39045cfb44a6f0c0660e1d9743f06f99de3eef6d2e08db7a76f3c21ccb42", kill_on_drop: false }`
[INFO] running `Command { std: "docker" "rm" "-f" "873f39045cfb44a6f0c0660e1d9743f06f99de3eef6d2e08db7a76f3c21ccb42", kill_on_drop: false }`
[INFO] [stdout] 873f39045cfb44a6f0c0660e1d9743f06f99de3eef6d2e08db7a76f3c21ccb42
