[INFO] fetching crate errorser 1.0.1...
[INFO] documenting errorser-1.0.1 against 1.69.0 for beta-1.70-rustdoc-1
[INFO] extracting crate errorser 1.0.1 into /workspace/builds/worker-0-tc1/source
[INFO] validating manifest of crates.io crate errorser 1.0.1 on toolchain 1.69.0
[INFO] running `Command { std: CARGO_HOME="/workspace/cargo-home" RUSTUP_HOME="/workspace/rustup-home" "/workspace/cargo-home/bin/cargo" "+1.69.0" "metadata" "--manifest-path" "Cargo.toml" "--no-deps", kill_on_drop: false }`
[INFO] started tweaking crates.io crate errorser 1.0.1
[INFO] finished tweaking crates.io crate errorser 1.0.1
[INFO] tweaked toml for crates.io crate errorser 1.0.1 written to /workspace/builds/worker-0-tc1/source/Cargo.toml
[INFO] running `Command { std: CARGO_HOME="/workspace/cargo-home" RUSTUP_HOME="/workspace/rustup-home" __CARGO_TEST_CHANNEL_OVERRIDE_DO_NOT_USE_THIS="nightly" "/workspace/cargo-home/bin/cargo" "+1.69.0" "generate-lockfile" "--manifest-path" "Cargo.toml" "-Zno-index-update", kill_on_drop: false }`
[INFO] [stderr]     Blocking waiting for file lock on package cache
[INFO] running `Command { std: CARGO_HOME="/workspace/cargo-home" RUSTUP_HOME="/workspace/rustup-home" "/workspace/cargo-home/bin/cargo" "+1.69.0" "fetch" "--manifest-path" "Cargo.toml", kill_on_drop: false }`
[INFO] [stderr]  Downloading crates ...
[INFO] [stderr]   Downloaded quasi_codegen v0.7.0
[INFO] [stderr]   Downloaded quasi v0.7.0
[INFO] [stderr]   Downloaded serde_codegen v0.6.14
[INFO] [stderr]   Downloaded serde_json v0.6.1
[INFO] [stderr]   Downloaded serde v0.6.15
[INFO] [stderr]   Downloaded clippy v0.0.37
[INFO] [stderr]   Downloaded bincode v0.4.1
[INFO] [stderr]   Downloaded quasi_macros v0.7.0
[INFO] [stderr]   Downloaded aster v0.13.1
[INFO] [stderr]   Downloaded serde_macros v0.6.14
[INFO] [stderr]   Downloaded semver v0.2.3
[INFO] running `Command { std: "docker" "create" "-v" "/var/lib/crater-agent-workspace/builds/worker-0-tc1/target:/opt/rustwide/target:rw,Z" "-v" "/var/lib/crater-agent-workspace/builds/worker-0-tc1/source:/opt/rustwide/workdir:ro,Z" "-v" "/var/lib/crater-agent-workspace/cargo-home:/opt/rustwide/cargo-home:ro,Z" "-v" "/var/lib/crater-agent-workspace/rustup-home:/opt/rustwide/rustup-home:ro,Z" "-e" "SOURCE_DIR=/opt/rustwide/workdir" "-e" "CARGO_TARGET_DIR=/opt/rustwide/target" "-e" "CARGO_HOME=/opt/rustwide/cargo-home" "-e" "RUSTUP_HOME=/opt/rustwide/rustup-home" "-w" "/opt/rustwide/workdir" "-m" "1610612736" "--user" "0:0" "--network" "none" "ghcr.io/rust-lang/crates-build-env/linux@sha256:5ff2268d62e97bff2cde7d5815dd6ed5b47097566f13b8d0ca110b04b60e07ed" "/opt/rustwide/cargo-home/bin/cargo" "+1.69.0" "metadata" "--no-deps" "--format-version=1", kill_on_drop: false }`
[INFO] [stdout] 450804d39d5cf7a728fc64c089d16157147d1a1e38dd764c9de9aeaabe4090a2
[INFO] running `Command { std: "docker" "start" "-a" "450804d39d5cf7a728fc64c089d16157147d1a1e38dd764c9de9aeaabe4090a2", kill_on_drop: false }`
[INFO] running `Command { std: "docker" "inspect" "450804d39d5cf7a728fc64c089d16157147d1a1e38dd764c9de9aeaabe4090a2", kill_on_drop: false }`
[INFO] running `Command { std: "docker" "rm" "-f" "450804d39d5cf7a728fc64c089d16157147d1a1e38dd764c9de9aeaabe4090a2", kill_on_drop: false }`
[INFO] [stdout] 450804d39d5cf7a728fc64c089d16157147d1a1e38dd764c9de9aeaabe4090a2
[INFO] running `Command { std: "docker" "create" "-v" "/var/lib/crater-agent-workspace/builds/worker-0-tc1/target:/opt/rustwide/target:rw,Z" "-v" "/var/lib/crater-agent-workspace/builds/worker-0-tc1/source:/opt/rustwide/workdir:ro,Z" "-v" "/var/lib/crater-agent-workspace/cargo-home:/opt/rustwide/cargo-home:ro,Z" "-v" "/var/lib/crater-agent-workspace/rustup-home:/opt/rustwide/rustup-home:ro,Z" "-e" "SOURCE_DIR=/opt/rustwide/workdir" "-e" "CARGO_TARGET_DIR=/opt/rustwide/target" "-e" "CARGO_INCREMENTAL=0" "-e" "RUST_BACKTRACE=full" "-e" "RUSTFLAGS=--cap-lints=warn" "-e" "RUSTDOCFLAGS=--cap-lints=warn" "-e" "CARGO_HOME=/opt/rustwide/cargo-home" "-e" "RUSTUP_HOME=/opt/rustwide/rustup-home" "-w" "/opt/rustwide/workdir" "-m" "1610612736" "--user" "0:0" "--network" "none" "ghcr.io/rust-lang/crates-build-env/linux@sha256:5ff2268d62e97bff2cde7d5815dd6ed5b47097566f13b8d0ca110b04b60e07ed" "/opt/rustwide/cargo-home/bin/cargo" "+1.69.0" "doc" "--frozen" "--no-deps" "--document-private-items" "--message-format=json", kill_on_drop: false }`
[INFO] [stdout] 503dd624c4b5e67de75649662f6bf95be9f1bd407ab6868d390fa95af39849ef
[INFO] running `Command { std: "docker" "start" "-a" "503dd624c4b5e67de75649662f6bf95be9f1bd407ab6868d390fa95af39849ef", kill_on_drop: false }`
[INFO] [stderr]    Compiling num-traits v0.2.15
[INFO] [stderr]    Compiling num-integer v0.1.45
[INFO] [stderr]    Compiling libc v0.2.142
[INFO] [stderr]     Checking rustc-serialize v0.3.24
[INFO] [stderr]    Compiling num-iter v0.1.43
[INFO] [stderr]    Compiling aster v0.13.1
[INFO] [stderr]    Compiling tinyvec_macros v0.1.1
[INFO] [stderr]    Compiling serde_codegen v0.6.14
[INFO] [stderr]    Compiling tinyvec v1.6.0
[INFO] [stdout] error[E0463]: can't find crate for `syntax`
[INFO] [stdout]   --> /opt/rustwide/cargo-home/registry/src/github.com-1ecc6299db9ec823/aster-0.13.1/src/lib.rs:10:1
[INFO] [stdout]    |
[INFO] [stdout] 10 | extern crate syntax;
[INFO] [stdout]    | ^^^^^^^^^^^^^^^^^^^^ can't find crate
[INFO] [stdout] 
[INFO] [stdout] 
[INFO] [stdout] error[E0554]: `#![feature]` may not be used on the stable release channel
[INFO] [stdout]  --> /opt/rustwide/cargo-home/registry/src/github.com-1ecc6299db9ec823/aster-0.13.1/src/lib.rs:1:43
[INFO] [stdout]   |
[INFO] [stdout] 1 | #![cfg_attr(not(feature = "with-syntex"), feature(rustc_private))]
[INFO] [stdout]   |                                           ^^^^^^^^^^^^^^^^^^^^^^
[INFO] [stdout] 
[INFO] [stdout] 
[INFO] [stderr]    Compiling quasi v0.7.0
[INFO] [stdout] error: aborting due to 2 previous errors
[INFO] [stdout] 
[INFO] [stdout] 
[INFO] [stdout] Some errors have detailed explanations: E0463, E0554.
[INFO] [stdout] 
[INFO] [stdout] For more information about an error, try `rustc --explain E0463`.
[INFO] [stdout] 
[INFO] [stderr] error: could not compile `aster` due to 3 previous errors
[INFO] [stderr] warning: build failed, waiting for other jobs to finish...
[INFO] [stdout] error[E0463]: can't find crate for `syntax`
[INFO] [stdout]   --> /opt/rustwide/cargo-home/registry/src/github.com-1ecc6299db9ec823/quasi-0.7.0/src/lib.rs:19:1
[INFO] [stdout]    |
[INFO] [stdout] 19 | extern crate syntax;
[INFO] [stdout]    | ^^^^^^^^^^^^^^^^^^^^ can't find crate
[INFO] [stdout] 
[INFO] [stdout] 
[INFO] [stdout] error: cannot find macro `panictry` in this scope
[INFO] [stdout]    --> /opt/rustwide/cargo-home/registry/src/github.com-1ecc6299db9ec823/quasi-0.7.0/src/lib.rs:340:9
[INFO] [stdout]     |
[INFO] [stdout] 340 |         panictry!(parser.parse_expr())
[INFO] [stdout]     |         ^^^^^^^^
[INFO] [stdout] 
[INFO] [stdout] 
[INFO] [stdout] error: cannot find macro `panictry` in this scope
[INFO] [stdout]    --> /opt/rustwide/cargo-home/registry/src/github.com-1ecc6299db9ec823/quasi-0.7.0/src/lib.rs:344:9
[INFO] [stdout]     |
[INFO] [stdout] 344 |         panictry!(parser.parse_item())
[INFO] [stdout]     |         ^^^^^^^^
[INFO] [stdout] 
[INFO] [stdout] 
[INFO] [stdout] error: cannot find macro `panictry` in this scope
[INFO] [stdout]    --> /opt/rustwide/cargo-home/registry/src/github.com-1ecc6299db9ec823/quasi-0.7.0/src/lib.rs:348:9
[INFO] [stdout]     |
[INFO] [stdout] 348 |         panictry!(parser.parse_pat())
[INFO] [stdout]     |         ^^^^^^^^
[INFO] [stdout] 
[INFO] [stdout] 
[INFO] [stdout] error: cannot find macro `panictry` in this scope
[INFO] [stdout]    --> /opt/rustwide/cargo-home/registry/src/github.com-1ecc6299db9ec823/quasi-0.7.0/src/lib.rs:352:9
[INFO] [stdout]     |
[INFO] [stdout] 352 |         panictry!(parser.parse_arm())
[INFO] [stdout]     |         ^^^^^^^^
[INFO] [stdout] 
[INFO] [stdout] 
[INFO] [stdout] error: cannot find macro `panictry` in this scope
[INFO] [stdout]    --> /opt/rustwide/cargo-home/registry/src/github.com-1ecc6299db9ec823/quasi-0.7.0/src/lib.rs:356:9
[INFO] [stdout]     |
[INFO] [stdout] 356 |         panictry!(parser.parse_ty())
[INFO] [stdout]     |         ^^^^^^^^
[INFO] [stdout] 
[INFO] [stdout] 
[INFO] [stdout] error: cannot find macro `panictry` in this scope
[INFO] [stdout]    --> /opt/rustwide/cargo-home/registry/src/github.com-1ecc6299db9ec823/quasi-0.7.0/src/lib.rs:360:5
[INFO] [stdout]     |
[INFO] [stdout] 360 |     panictry!(parser.parse_stmt())
[INFO] [stdout]     |     ^^^^^^^^
[INFO] [stdout] 
[INFO] [stdout] 
[INFO] [stdout] error: cannot find macro `panictry` in this scope
[INFO] [stdout]    --> /opt/rustwide/cargo-home/registry/src/github.com-1ecc6299db9ec823/quasi-0.7.0/src/lib.rs:364:9
[INFO] [stdout]     |
[INFO] [stdout] 364 |         panictry!(parser.parse_attribute(permit_inner))
[INFO] [stdout]     |         ^^^^^^^^
[INFO] [stdout] 
[INFO] [stdout] 
[INFO] [stdout] error[E0554]: `#![feature]` may not be used on the stable release channel
[INFO] [stdout]   --> /opt/rustwide/cargo-home/registry/src/github.com-1ecc6299db9ec823/quasi-0.7.0/src/lib.rs:11:43
[INFO] [stdout]    |
[INFO] [stdout] 11 | #![cfg_attr(not(feature = "with-syntex"), feature(rustc_private))]
[INFO] [stdout]    |                                           ^^^^^^^^^^^^^^^^^^^^^^
[INFO] [stdout] 
[INFO] [stdout] 
[INFO] [stdout] error: aborting due to 9 previous errors
[INFO] [stdout] 
[INFO] [stdout] 
[INFO] [stdout] Some errors have detailed explanations: E0463, E0554.
[INFO] [stdout] 
[INFO] [stdout] For more information about an error, try `rustc --explain E0463`.
[INFO] [stdout] 
[INFO] [stderr] error: could not compile `quasi` due to 10 previous errors; 18 warnings emitted
[INFO] running `Command { std: "docker" "inspect" "503dd624c4b5e67de75649662f6bf95be9f1bd407ab6868d390fa95af39849ef", kill_on_drop: false }`
[INFO] running `Command { std: "docker" "rm" "-f" "503dd624c4b5e67de75649662f6bf95be9f1bd407ab6868d390fa95af39849ef", kill_on_drop: false }`
[INFO] [stdout] 503dd624c4b5e67de75649662f6bf95be9f1bd407ab6868d390fa95af39849ef
