[INFO] fetching crate e2r 0.10.0...
[INFO] documenting e2r-0.10.0 against 1.69.0 for beta-1.70-rustdoc-1
[INFO] extracting crate e2r 0.10.0 into /workspace/builds/worker-6-tc1/source
[INFO] validating manifest of crates.io crate e2r 0.10.0 on toolchain 1.69.0
[INFO] running `Command { std: CARGO_HOME="/workspace/cargo-home" RUSTUP_HOME="/workspace/rustup-home" "/workspace/cargo-home/bin/cargo" "+1.69.0" "metadata" "--manifest-path" "Cargo.toml" "--no-deps", kill_on_drop: false }`
[INFO] started tweaking crates.io crate e2r 0.10.0
[INFO] finished tweaking crates.io crate e2r 0.10.0
[INFO] tweaked toml for crates.io crate e2r 0.10.0 written to /workspace/builds/worker-6-tc1/source/Cargo.toml
[INFO] running `Command { std: CARGO_HOME="/workspace/cargo-home" RUSTUP_HOME="/workspace/rustup-home" __CARGO_TEST_CHANNEL_OVERRIDE_DO_NOT_USE_THIS="nightly" "/workspace/cargo-home/bin/cargo" "+1.69.0" "generate-lockfile" "--manifest-path" "Cargo.toml" "-Zno-index-update", kill_on_drop: false }`
[INFO] running `Command { std: CARGO_HOME="/workspace/cargo-home" RUSTUP_HOME="/workspace/rustup-home" "/workspace/cargo-home/bin/cargo" "+1.69.0" "fetch" "--manifest-path" "Cargo.toml", kill_on_drop: false }`
[INFO] [stderr]  Downloading crates ...
[INFO] [stderr]   Downloaded nom v3.2.1
[INFO] [stderr]   Downloaded glutin v0.20.1
[INFO] [stderr]   Downloaded png v0.11.0
[INFO] [stderr]   Downloaded wayland-sys v0.21.13
[INFO] [stderr]   Downloaded wayland-client v0.21.13
[INFO] [stderr]   Downloaded winit v0.19.5
[INFO] [stderr]   Downloaded wayland-commons v0.21.13
[INFO] [stderr]   Downloaded wayland-scanner v0.21.13
[INFO] [stderr]   Downloaded wayland-protocols v0.21.13
[INFO] [stderr]   Downloaded memchr v1.0.2
[INFO] [stderr]   Downloaded pretty_env_logger v0.2.5
[INFO] [stderr]   Downloaded image v0.17.0
[INFO] [stderr]   Downloaded smithay-client-toolkit v0.4.6
[INFO] [stderr]   Downloaded mazth v0.2.1
[INFO] [stderr]   Downloaded zpatial v0.0.0
[INFO] [stderr]   Downloaded inflate v0.3.4
[INFO] running `Command { std: "docker" "create" "-v" "/var/lib/crater-agent-workspace/builds/worker-6-tc1/target:/opt/rustwide/target:rw,Z" "-v" "/var/lib/crater-agent-workspace/builds/worker-6-tc1/source:/opt/rustwide/workdir:ro,Z" "-v" "/var/lib/crater-agent-workspace/cargo-home:/opt/rustwide/cargo-home:ro,Z" "-v" "/var/lib/crater-agent-workspace/rustup-home:/opt/rustwide/rustup-home:ro,Z" "-e" "SOURCE_DIR=/opt/rustwide/workdir" "-e" "CARGO_TARGET_DIR=/opt/rustwide/target" "-e" "CARGO_HOME=/opt/rustwide/cargo-home" "-e" "RUSTUP_HOME=/opt/rustwide/rustup-home" "-w" "/opt/rustwide/workdir" "-m" "1610612736" "--user" "0:0" "--network" "none" "ghcr.io/rust-lang/crates-build-env/linux@sha256:5ff2268d62e97bff2cde7d5815dd6ed5b47097566f13b8d0ca110b04b60e07ed" "/opt/rustwide/cargo-home/bin/cargo" "+1.69.0" "metadata" "--no-deps" "--format-version=1", kill_on_drop: false }`
[INFO] [stdout] ecced0ead75f10273e440599da0fed7fde1d327b28401567bf5808f0ca7b3c2b
[INFO] running `Command { std: "docker" "start" "-a" "ecced0ead75f10273e440599da0fed7fde1d327b28401567bf5808f0ca7b3c2b", kill_on_drop: false }`
[INFO] running `Command { std: "docker" "inspect" "ecced0ead75f10273e440599da0fed7fde1d327b28401567bf5808f0ca7b3c2b", kill_on_drop: false }`
[INFO] running `Command { std: "docker" "rm" "-f" "ecced0ead75f10273e440599da0fed7fde1d327b28401567bf5808f0ca7b3c2b", kill_on_drop: false }`
[INFO] [stdout] ecced0ead75f10273e440599da0fed7fde1d327b28401567bf5808f0ca7b3c2b
[INFO] running `Command { std: "docker" "create" "-v" "/var/lib/crater-agent-workspace/builds/worker-6-tc1/target:/opt/rustwide/target:rw,Z" "-v" "/var/lib/crater-agent-workspace/builds/worker-6-tc1/source:/opt/rustwide/workdir:ro,Z" "-v" "/var/lib/crater-agent-workspace/cargo-home:/opt/rustwide/cargo-home:ro,Z" "-v" "/var/lib/crater-agent-workspace/rustup-home:/opt/rustwide/rustup-home:ro,Z" "-e" "SOURCE_DIR=/opt/rustwide/workdir" "-e" "CARGO_TARGET_DIR=/opt/rustwide/target" "-e" "CARGO_INCREMENTAL=0" "-e" "RUST_BACKTRACE=full" "-e" "RUSTFLAGS=--cap-lints=warn" "-e" "RUSTDOCFLAGS=--cap-lints=warn" "-e" "CARGO_HOME=/opt/rustwide/cargo-home" "-e" "RUSTUP_HOME=/opt/rustwide/rustup-home" "-w" "/opt/rustwide/workdir" "-m" "1610612736" "--user" "0:0" "--network" "none" "ghcr.io/rust-lang/crates-build-env/linux@sha256:5ff2268d62e97bff2cde7d5815dd6ed5b47097566f13b8d0ca110b04b60e07ed" "/opt/rustwide/cargo-home/bin/cargo" "+1.69.0" "doc" "--frozen" "--no-deps" "--document-private-items" "--message-format=json", kill_on_drop: false }`
[INFO] [stdout] cd0c48b5047b876a5f400e2b085877be54a567ae28da6cfc8f07191753cab154
[INFO] running `Command { std: "docker" "start" "-a" "cd0c48b5047b876a5f400e2b085877be54a567ae28da6cfc8f07191753cab154", kill_on_drop: false }`
[INFO] [stderr]    Compiling libc v0.2.142
[INFO] [stderr]    Compiling xml-rs v0.8.4
[INFO] [stderr]    Compiling cfg-if v1.0.0
[INFO] [stderr]    Compiling proc-macro2 v0.4.30
[INFO] [stderr]    Compiling unicode-xid v0.1.0
[INFO] [stderr]    Compiling num-integer v0.1.45
[INFO] [stderr]    Compiling khronos_api v3.1.0
[INFO] [stderr]    Compiling semver-parser v0.7.0
[INFO] [stderr]     Checking libloading v0.6.7
[INFO] [stderr]    Compiling nix v0.14.1
[INFO] [stderr]     Checking void v1.0.2
[INFO] [stderr]    Compiling maybe-uninit v2.0.0
[INFO] [stderr]     Checking approx v0.3.2
[INFO] [stderr]     Checking ordered-float v1.1.1
[INFO] [stderr]     Checking stb_truetype v0.3.1
[INFO] [stderr]    Compiling khronos_api v2.2.0
[INFO] [stderr]    Compiling log v0.4.17
[INFO] [stderr]    Compiling x11-dl v2.21.0
[INFO] [stderr]    Compiling num-iter v0.1.43
[INFO] [stderr]     Checking home v0.5.5
[INFO] [stderr]     Checking dlib v0.4.2
[INFO] [stderr]    Compiling semver v0.9.0
[INFO] [stderr]     Checking wayland-sys v0.21.13
[INFO] [stderr]     Checking rustc-serialize v0.3.24
[INFO] [stderr]     Checking downcast-rs v1.2.0
[INFO] [stderr]     Checking rusttype v0.8.3
[INFO] [stderr]    Compiling bitflags v1.3.2
[INFO] [stderr]    Compiling log v0.3.9
[INFO] [stderr]     Checking xdg v2.5.0
[INFO] [stderr]     Checking walkdir v2.3.3
[INFO] [stderr]    Compiling rustc_version v0.2.3
[INFO] [stderr]    Compiling xml-rs v0.7.0
[INFO] [stderr]     Checking smallvec v0.6.14
[INFO] [stderr]     Checking line_drawing v0.7.0
[INFO] [stderr]     Checking adler32 v1.2.0
[INFO] [stderr]     Checking cty v0.2.2
[INFO] [stderr]    Compiling libloading v0.5.2
[INFO] [stderr]     Checking aho-corasick v1.0.1
[INFO] [stderr]    Compiling gl_generator v0.14.0
[INFO] [stderr]     Checking lock_api v0.3.4
[INFO] [stderr]     Checking rusttype v0.7.9
[INFO] [stderr]     Checking raw-window-handle v0.4.3
[INFO] [stderr]     Checking regex-syntax v0.7.1
[INFO] [stderr]     Checking humantime v1.3.0
[INFO] [stderr]    Compiling parking_lot_core v0.6.3
[INFO] [stderr]    Compiling parking_lot v0.9.0
[INFO] [stderr]     Checking andrew v0.2.1
[INFO] [stderr]     Checking inflate v0.3.4
[INFO] [stderr]     Checking deflate v0.7.20
[INFO] [stderr]    Compiling quote v0.6.13
[INFO] [stderr]     Checking num-traits v0.1.43
[INFO] [stderr]     Checking iana-time-zone v0.1.56
[INFO] [stderr]    Compiling gl_generator v0.6.1
[INFO] [stderr]     Checking color_quant v1.1.0
[INFO] [stderr]     Checking termcolor v1.2.0
[INFO] [stderr]     Checking lzw v0.10.0
[INFO] [stderr]     Checking enum_primitive v0.1.1
[INFO] [stderr]    Compiling wayland-scanner v0.21.13
[INFO] [stderr]     Checking ansi_term v0.11.0
[INFO] [stderr]     Checking scoped_threadpool v0.1.9
[INFO] [stderr]     Checking zpatial v0.0.0
[INFO] [stderr]     Checking mazth v0.2.1
[INFO] [stderr]     Checking gif v0.9.2
[INFO] [stderr]     Checking png v0.11.0
[INFO] [stderr]     Checking rand v0.4.6
[INFO] [stderr]     Checking num_cpus v1.15.0
[INFO] [stderr]     Checking rayon-core v1.11.0
[INFO] [stderr]     Checking memmap v0.7.0
[INFO] [stderr]     Checking raw-window-handle v0.3.4
[INFO] [stderr]    Compiling glutin_egl_sys v0.1.6
[INFO] [stderr]    Compiling glutin_glx_sys v0.1.8
[INFO] [stderr]     Checking time v0.1.45
[INFO] [stderr]     Checking atty v0.2.14
[INFO] [stderr]     Checking shared_library v0.1.9
[INFO] [stderr]     Checking memchr v1.0.2
[INFO] [stderr]     Checking osmesa-sys v0.1.2
[INFO] [stderr]     Checking nom v3.2.1
[INFO] [stderr]    Compiling gl v0.6.5
[INFO] [stderr]     Checking num-complex v0.1.43
[INFO] [stderr]     Checking num-bigint v0.1.44
[INFO] [stderr]     Checking rand v0.3.23
[INFO] [stderr]     Checking chrono v0.4.24
[INFO] [stderr]     Checking rayon v1.7.0
[INFO] [stderr]    Compiling wayland-client v0.21.13
[INFO] [stderr]    Compiling wayland-protocols v0.21.13
[INFO] [stderr]     Checking regex v1.8.1
[INFO] [stderr]     Checking num-rational v0.1.42
[INFO] [stderr]     Checking num v0.1.42
[INFO] [stderr]     Checking env_logger v0.5.13
[INFO] [stderr]     Checking pretty_env_logger v0.2.5
[INFO] [stderr]     Checking wayland-commons v0.21.13
[INFO] [stderr]     Checking jpeg-decoder v0.1.22
[INFO] [stderr]     Checking image v0.17.0
[INFO] [stderr]     Checking smithay-client-toolkit v0.4.6
[INFO] [stderr]     Checking winit v0.19.5
[INFO] [stderr]     Checking glutin v0.20.1
[INFO] [stderr]     Checking e2r v0.10.0 (/opt/rustwide/workdir)
[INFO] [stderr]  Documenting e2r v0.10.0 (/opt/rustwide/workdir)
[INFO] [stdout] error[E0554]: `#![feature]` may not be used on the stable release channel
[INFO] [stdout]  --> core/core.rs:1:1
[INFO] [stdout]   |
[INFO] [stdout] 1 | #![feature(type_ascription)]
[INFO] [stdout]   | ^^^^^^^^^^^^^^^^^^^^^^^^^^^^
[INFO] [stdout] 
[INFO] [stdout] 
[INFO] [stdout] error[E0554]: `#![feature]` may not be used on the stable release channel
[INFO] [stdout]  --> core/core.rs:2:1
[INFO] [stdout]   |
[INFO] [stdout] 2 | #![feature(associated_type_defaults)]
[INFO] [stdout]   | ^^^^^^^^^^^^^^^^^^^^^^^^^^^^^^^^^^^^^
[INFO] [stdout] 
[INFO] [stdout] 
[INFO] [stdout] warning: anonymous parameters are deprecated and will be removed in the next edition
[INFO] [stdout]   --> core/interface/i_window.rs:13:43
[INFO] [stdout]    |
[INFO] [stdout] 13 |     fn handle_signal_request( & mut self, & [ Self::SignalRequestType ] ) -> Result< (), & 'static str >;
[INFO] [stdout]    |                                           ^^^^^^^^^^^^^^^^^^^^^^^^^^^^^ help: try naming the parameter or explicitly ignoring it: `_: & [ Self::SignalRequestType ]`
[INFO] [stdout]    |
[INFO] [stdout]    = warning: this is accepted in the current edition (Rust 2015) but is a hard error in Rust 2018!
[INFO] [stdout]    = note: for more information, see issue #41686 <https://github.com/rust-lang/rust/issues/41686>
[INFO] [stdout]    = note: `#[warn(anonymous_parameters)]` on by default
[INFO] [stdout] 
[INFO] [stdout] 
[INFO] [stdout] warning: anonymous parameters are deprecated and will be removed in the next edition
[INFO] [stdout]   --> core/interface/i_game_logic.rs:34:42
[INFO] [stdout]    |
[INFO] [stdout] 34 |     fn set_continue_compute( & mut self, bool );
[INFO] [stdout]    |                                          ^^^^ help: try naming the parameter or explicitly ignoring it: `_: bool`
[INFO] [stdout]    |
[INFO] [stdout]    = warning: this is accepted in the current edition (Rust 2015) but is a hard error in Rust 2018!
[INFO] [stdout]    = note: for more information, see issue #41686 <https://github.com/rust-lang/rust/issues/41686>
[INFO] [stdout] 
[INFO] [stdout] 
[INFO] [stdout] warning: anonymous parameters are deprecated and will be removed in the next edition
[INFO] [stdout]  --> core/interface/i_renderer.rs:7:43
[INFO] [stdout]   |
[INFO] [stdout] 7 |     fn process_render_events( & mut self, Vec< Self::EventRender > ) -> Result< (), & 'static str >;
[INFO] [stdout]   |                                           ^^^^^^^^^^^^^^^^^^^^^^^^ help: try naming the parameter or explicitly ignoring it: `_: Vec< Self::EventRender >`
[INFO] [stdout]   |
[INFO] [stdout]   = warning: this is accepted in the current edition (Rust 2015) but is a hard error in Rust 2018!
[INFO] [stdout]   = note: for more information, see issue #41686 <https://github.com/rust-lang/rust/issues/41686>
[INFO] [stdout] 
[INFO] [stdout] 
[INFO] [stdout] warning: anonymous parameters are deprecated and will be removed in the next edition
[INFO] [stdout]  --> core/interface/i_load.rs:6:26
[INFO] [stdout]   |
[INFO] [stdout] 6 |     fn load( & mut self, Self::InputType ) -> Result< (), & 'static str >;
[INFO] [stdout]   |                          ^^^^^^^^^^^^^^^ help: try naming the parameter or explicitly ignoring it: `_: Self::InputType`
[INFO] [stdout]   |
[INFO] [stdout]   = warning: this is accepted in the current edition (Rust 2015) but is a hard error in Rust 2018!
[INFO] [stdout]   = note: for more information, see issue #41686 <https://github.com/rust-lang/rust/issues/41686>
[INFO] [stdout] 
[INFO] [stdout] 
[INFO] [stdout] warning: associated type `output` should have an upper camel case name
[INFO] [stdout]  --> core/interface/i_file.rs:2:10
[INFO] [stdout]   |
[INFO] [stdout] 2 |     type output;
[INFO] [stdout]   |          ^^^^^^ help: convert the identifier to upper camel case (notice the capitalization): `Output`
[INFO] [stdout]   |
[INFO] [stdout]   = note: `#[warn(non_camel_case_types)]` on by default
[INFO] [stdout] 
[INFO] [stdout] 
[INFO] [stdout] warning: unused import: `interface::i_file::IParseStr`
[INFO] [stdout]   --> core/implement/file/wavefrontobj.rs:13:5
[INFO] [stdout]    |
[INFO] [stdout] 13 | use interface::i_file::IParseStr;
[INFO] [stdout]    |     ^^^^^^^^^^^^^^^^^^^^^^^^^^^^
[INFO] [stdout]    |
[INFO] [stdout]    = note: `#[warn(unused_imports)]` on by default
[INFO] [stdout] 
[INFO] [stdout] 
[INFO] [stdout] warning: unused import: `std::str::FromStr`
[INFO] [stdout]  --> core/implement/file/wavefrontcomp.rs:8:5
[INFO] [stdout]   |
[INFO] [stdout] 8 | use std::str::FromStr;
[INFO] [stdout]   |     ^^^^^^^^^^^^^^^^^
[INFO] [stdout] 
[INFO] [stdout] 
[INFO] [stdout] warning: unused import: `std::f32`
[INFO] [stdout]  --> core/implement/file/wavefrontcomp.rs:9:5
[INFO] [stdout]   |
[INFO] [stdout] 9 | use std::f32;
[INFO] [stdout]   |     ^^^^^^^^
[INFO] [stdout] 
[INFO] [stdout] 
[INFO] [stdout] warning: unused import: `self::nom::digit`
[INFO] [stdout]   --> core/implement/file/wavefrontcomp.rs:11:5
[INFO] [stdout]    |
[INFO] [stdout] 11 | use self::nom::digit;
[INFO] [stdout]    |     ^^^^^^^^^^^^^^^^
[INFO] [stdout] 
[INFO] [stdout] 
[INFO] [stdout] warning: unused import: `self::glutin::Context`
[INFO] [stdout]  --> core/implement/window/winglutin.rs:6:5
[INFO] [stdout]   |
[INFO] [stdout] 6 | use self::glutin::Context;
[INFO] [stdout]   |     ^^^^^^^^^^^^^^^^^^^^^
[INFO] [stdout] 
[INFO] [stdout] 
[INFO] [stdout] warning: unused imports: `PhysicalPosition`, `PhysicalSize`
[INFO] [stdout]  --> core/implement/window/winglutin.rs:7:37
[INFO] [stdout]   |
[INFO] [stdout] 7 | use self::glutin::dpi::{LogicalSize,PhysicalSize,PhysicalPosition};
[INFO] [stdout]   |                                     ^^^^^^^^^^^^ ^^^^^^^^^^^^^^^^
[INFO] [stdout] 
[INFO] [stdout] 
[INFO] [stdout] warning: unnecessary parentheses around type
[INFO] [stdout]    --> core/implement/render/renderer_gl.rs:187:96
[INFO] [stdout]     |
[INFO] [stdout] 187 |     pub fn load_shader( & mut self, sources: &[ ( String, util_gl::ShaderType ) ] ) -> Result< ( u64 ), & 'static str > {
[INFO] [stdout]     |                                                                                                ^^   ^^
[INFO] [stdout]     |
[INFO] [stdout]     = note: `#[warn(unused_parens)]` on by default
[INFO] [stdout] help: remove these parentheses
[INFO] [stdout]     |
[INFO] [stdout] 187 -     pub fn load_shader( & mut self, sources: &[ ( String, util_gl::ShaderType ) ] ) -> Result< ( u64 ), & 'static str > {
[INFO] [stdout] 187 +     pub fn load_shader( & mut self, sources: &[ ( String, util_gl::ShaderType ) ] ) -> Result< u64, & 'static str > {
[INFO] [stdout]     |
[INFO] [stdout] 
[INFO] [stdout] 
[INFO] [stdout] warning: unnecessary parentheses around type
[INFO] [stdout]    --> core/implement/render/renderer_gl.rs:219:105
[INFO] [stdout]     |
[INFO] [stdout] 219 |     pub fn load_texture( & mut self, description: String, image: &[u8], w: usize, h: usize ) -> Result< ( u64 ), & 'static str > {
[INFO] [stdout]     |                                                                                                         ^^   ^^
[INFO] [stdout]     |
[INFO] [stdout] help: remove these parentheses
[INFO] [stdout]     |
[INFO] [stdout] 219 -     pub fn load_texture( & mut self, description: String, image: &[u8], w: usize, h: usize ) -> Result< ( u64 ), & 'static str > {
[INFO] [stdout] 219 +     pub fn load_texture( & mut self, description: String, image: &[u8], w: usize, h: usize ) -> Result< u64, & 'static str > {
[INFO] [stdout]     |
[INFO] [stdout] 
[INFO] [stdout] 
[INFO] [stdout] warning: unnecessary parentheses around type
[INFO] [stdout]   --> core/implement/render/texture_collection.rs:33:113
[INFO] [stdout]    |
[INFO] [stdout] 33 |     pub fn add( & mut self, shader_type: router::ShaderType, internal_handle: i64, descrip: String ) -> Result< (u64), & 'static str > {
[INFO] [stdout]    |                                                                                                                 ^   ^
[INFO] [stdout]    |
[INFO] [stdout] help: remove these parentheses
[INFO] [stdout]    |
[INFO] [stdout] 33 -     pub fn add( & mut self, shader_type: router::ShaderType, internal_handle: i64, descrip: String ) -> Result< (u64), & 'static str > {
[INFO] [stdout] 33 +     pub fn add( & mut self, shader_type: router::ShaderType, internal_handle: i64, descrip: String ) -> Result< u64, & 'static str > {
[INFO] [stdout]    |
[INFO] [stdout] 
[INFO] [stdout] 
[INFO] [stdout] warning: unused import: `interface::i_interpolate::*`
[INFO] [stdout]  --> core/implement/cam/camguide.rs:3:5
[INFO] [stdout]   |
[INFO] [stdout] 3 | use interface::i_interpolate::*;
[INFO] [stdout]   |     ^^^^^^^^^^^^^^^^^^^^^^^^^^^
[INFO] [stdout] 
[INFO] [stdout] 
[INFO] [stdout] warning: unused import: `self::mazth::mat::*`
[INFO] [stdout]  --> core/implement/cam/camguide.rs:5:5
[INFO] [stdout]   |
[INFO] [stdout] 5 | use self::mazth::mat::*;
[INFO] [stdout]   |     ^^^^^^^^^^^^^^^^^^^
[INFO] [stdout] 
[INFO] [stdout] 
[INFO] [stdout] warning: unused import: `self::mazth::i_comparable::IComparableError`
[INFO] [stdout]   --> core/implement/cam/camguide.rs:10:5
[INFO] [stdout]    |
[INFO] [stdout] 10 | use self::mazth::i_comparable::IComparableError;
[INFO] [stdout]    |     ^^^^^^^^^^^^^^^^^^^^^^^^^^^^^^^^^^^^^^^^^^^
[INFO] [stdout] 
[INFO] [stdout] 
[INFO] [stdout] warning: unused import: `interface::i_interpolate::IInterpolate`
[INFO] [stdout]   --> core/implement/cam/camguide.rs:12:5
[INFO] [stdout]    |
[INFO] [stdout] 12 | use interface::i_interpolate::IInterpolate;
[INFO] [stdout]    |     ^^^^^^^^^^^^^^^^^^^^^^^^^^^^^^^^^^^^^^
[INFO] [stdout] 
[INFO] [stdout] 
[INFO] [stdout] warning: unused import: `interface::i_step::Step`
[INFO] [stdout]   --> core/implement/cam/camguide.rs:14:5
[INFO] [stdout]    |
[INFO] [stdout] 14 | use interface::i_step::Step;
[INFO] [stdout]    |     ^^^^^^^^^^^^^^^^^^^^^^^
[INFO] [stdout] 
[INFO] [stdout] 
[INFO] [stdout] warning: unused import: `implement::step::step_interpolate`
[INFO] [stdout]   --> core/implement/cam/camguide.rs:18:5
[INFO] [stdout]    |
[INFO] [stdout] 18 | use implement::step::step_interpolate;
[INFO] [stdout]    |     ^^^^^^^^^^^^^^^^^^^^^^^^^^^^^^^^^
[INFO] [stdout] 
[INFO] [stdout] 
[INFO] [stdout] warning: unnecessary parentheses around type
[INFO] [stdout]  --> core/implement/math/sim_anneal.rs:7:40
[INFO] [stdout]   |
[INFO] [stdout] 7 |     where F0: Fn( &[ f32 ], usize ) -> ( usize ), F1: Fn( f32 ) -> f32, F2: Fn( &[ f32 ], usize )-> f32
[INFO] [stdout]   |                                        ^^     ^^
[INFO] [stdout]   |
[INFO] [stdout] help: remove these parentheses
[INFO] [stdout]   |
[INFO] [stdout] 7 -     where F0: Fn( &[ f32 ], usize ) -> ( usize ), F1: Fn( f32 ) -> f32, F2: Fn( &[ f32 ], usize )-> f32
[INFO] [stdout] 7 +     where F0: Fn( &[ f32 ], usize ) -> usize, F1: Fn( f32 ) -> f32, F2: Fn( &[ f32 ], usize )-> f32
[INFO] [stdout]   |
[INFO] [stdout] 
[INFO] [stdout] 
[INFO] [stdout] error[E0554]: `#![feature]` may not be used on the stable release channel
[INFO] [stdout]  --> core/core.rs:1:1
[INFO] [stdout]   |
[INFO] [stdout] 1 | #![feature(type_ascription)]
[INFO] [stdout]   | ^^^^^^^^^^^^^^^^^^^^^^^^^^^^
[INFO] [stdout] 
[INFO] [stdout] 
[INFO] [stdout] error[E0554]: `#![feature]` may not be used on the stable release channel
[INFO] [stdout]  --> core/core.rs:2:1
[INFO] [stdout]   |
[INFO] [stdout] 2 | #![feature(associated_type_defaults)]
[INFO] [stdout]   | ^^^^^^^^^^^^^^^^^^^^^^^^^^^^^^^^^^^^^
[INFO] [stdout] 
[INFO] [stdout] 
[INFO] [stdout] warning: associated type `output` should have an upper camel case name
[INFO] [stdout]  --> core/interface/i_file.rs:2:10
[INFO] [stdout]   |
[INFO] [stdout] 2 |     type output;
[INFO] [stdout]   |          ^^^^^^ help: convert the identifier to upper camel case (notice the capitalization): `Output`
[INFO] [stdout]   |
[INFO] [stdout]   = note: `#[warn(non_camel_case_types)]` on by default
[INFO] [stdout] 
[INFO] [stdout] 
[INFO] [stdout] warning: unnecessary parentheses around type
[INFO] [stdout]    --> core/implement/render/renderer_gl.rs:187:96
[INFO] [stdout]     |
[INFO] [stdout] 187 |     pub fn load_shader( & mut self, sources: &[ ( String, util_gl::ShaderType ) ] ) -> Result< ( u64 ), & 'static str > {
[INFO] [stdout]     |                                                                                                ^^   ^^
[INFO] [stdout]     |
[INFO] [stdout]     = note: `#[warn(unused_parens)]` on by default
[INFO] [stdout] help: remove these parentheses
[INFO] [stdout]     |
[INFO] [stdout] 187 -     pub fn load_shader( & mut self, sources: &[ ( String, util_gl::ShaderType ) ] ) -> Result< ( u64 ), & 'static str > {
[INFO] [stdout] 187 +     pub fn load_shader( & mut self, sources: &[ ( String, util_gl::ShaderType ) ] ) -> Result< u64, & 'static str > {
[INFO] [stdout]     |
[INFO] [stdout] 
[INFO] [stdout] 
[INFO] [stdout] warning: unnecessary parentheses around type
[INFO] [stdout]    --> core/implement/render/renderer_gl.rs:219:105
[INFO] [stdout]     |
[INFO] [stdout] 219 |     pub fn load_texture( & mut self, description: String, image: &[u8], w: usize, h: usize ) -> Result< ( u64 ), & 'static str > {
[INFO] [stdout]     |                                                                                                         ^^   ^^
[INFO] [stdout]     |
[INFO] [stdout] help: remove these parentheses
[INFO] [stdout]     |
[INFO] [stdout] 219 -     pub fn load_texture( & mut self, description: String, image: &[u8], w: usize, h: usize ) -> Result< ( u64 ), & 'static str > {
[INFO] [stdout] 219 +     pub fn load_texture( & mut self, description: String, image: &[u8], w: usize, h: usize ) -> Result< u64, & 'static str > {
[INFO] [stdout]     |
[INFO] [stdout] 
[INFO] [stdout] 
[INFO] [stdout] warning: unnecessary parentheses around type
[INFO] [stdout]   --> core/implement/render/texture_collection.rs:33:113
[INFO] [stdout]    |
[INFO] [stdout] 33 |     pub fn add( & mut self, shader_type: router::ShaderType, internal_handle: i64, descrip: String ) -> Result< (u64), & 'static str > {
[INFO] [stdout]    |                                                                                                                 ^   ^
[INFO] [stdout]    |
[INFO] [stdout] help: remove these parentheses
[INFO] [stdout]    |
[INFO] [stdout] 33 -     pub fn add( & mut self, shader_type: router::ShaderType, internal_handle: i64, descrip: String ) -> Result< (u64), & 'static str > {
[INFO] [stdout] 33 +     pub fn add( & mut self, shader_type: router::ShaderType, internal_handle: i64, descrip: String ) -> Result< u64, & 'static str > {
[INFO] [stdout]    |
[INFO] [stdout] 
[INFO] [stdout] 
[INFO] [stdout] warning: unnecessary parentheses around type
[INFO] [stdout]  --> core/implement/math/sim_anneal.rs:7:40
[INFO] [stdout]   |
[INFO] [stdout] 7 |     where F0: Fn( &[ f32 ], usize ) -> ( usize ), F1: Fn( f32 ) -> f32, F2: Fn( &[ f32 ], usize )-> f32
[INFO] [stdout]   |                                        ^^     ^^
[INFO] [stdout]   |
[INFO] [stdout] help: remove these parentheses
[INFO] [stdout]   |
[INFO] [stdout] 7 -     where F0: Fn( &[ f32 ], usize ) -> ( usize ), F1: Fn( f32 ) -> f32, F2: Fn( &[ f32 ], usize )-> f32
[INFO] [stdout] 7 +     where F0: Fn( &[ f32 ], usize ) -> usize, F1: Fn( f32 ) -> f32, F2: Fn( &[ f32 ], usize )-> f32
[INFO] [stdout]   |
[INFO] [stdout] 
[INFO] [stdout] 
[INFO] [stdout] warning: trait objects without an explicit `dyn` are deprecated
[INFO] [stdout]   --> core/interface/i_ele.rs:31:21
[INFO] [stdout]    |
[INFO] [stdout] 31 |     pub _impl: Box< IObjImpl >,
[INFO] [stdout]    |                     ^^^^^^^^
[INFO] [stdout]    |
[INFO] [stdout]    = warning: this is accepted in the current edition (Rust 2015) but is a hard error in Rust 2021!
[INFO] [stdout]    = note: for more information, see <https://doc.rust-lang.org/nightly/edition-guide/rust-2021/warnings-promoted-to-error.html>
[INFO] [stdout]    = note: `#[warn(bare_trait_objects)]` on by default
[INFO] [stdout] help: use `dyn`
[INFO] [stdout]    |
[INFO] [stdout] 31 |     pub _impl: Box< dyn IObjImpl >,
[INFO] [stdout]    |                     +++
[INFO] [stdout] 
[INFO] [stdout] 
[INFO] [stdout] warning: trait objects without an explicit `dyn` are deprecated
[INFO] [stdout]   --> core/interface/i_ele.rs:32:32
[INFO] [stdout]    |
[INFO] [stdout] 32 |     pub _components: Vec< Box< i_component::IComponent > >,
[INFO] [stdout]    |                                ^^^^^^^^^^^^^^^^^^^^^^^
[INFO] [stdout]    |
[INFO] [stdout]    = warning: this is accepted in the current edition (Rust 2015) but is a hard error in Rust 2021!
[INFO] [stdout]    = note: for more information, see <https://doc.rust-lang.org/nightly/edition-guide/rust-2021/warnings-promoted-to-error.html>
[INFO] [stdout] help: use `dyn`
[INFO] [stdout]    |
[INFO] [stdout] 32 |     pub _components: Vec< Box< dyn i_component::IComponent > >,
[INFO] [stdout]    |                                +++
[INFO] [stdout] 
[INFO] [stdout] 
[INFO] [stdout] warning: trait objects without an explicit `dyn` are deprecated
[INFO] [stdout]   --> core/implement/render/renderer_gl.rs:28:20
[INFO] [stdout]    |
[INFO] [stdout] 28 |     _rp: Vec< Box< i_renderpass::IRenderPass > >,
[INFO] [stdout]    |                    ^^^^^^^^^^^^^^^^^^^^^^^^^
[INFO] [stdout]    |
[INFO] [stdout]    = warning: this is accepted in the current edition (Rust 2015) but is a hard error in Rust 2021!
[INFO] [stdout]    = note: for more information, see <https://doc.rust-lang.org/nightly/edition-guide/rust-2021/warnings-promoted-to-error.html>
[INFO] [stdout] help: use `dyn`
[INFO] [stdout]    |
[INFO] [stdout] 28 |     _rp: Vec< Box< dyn i_renderpass::IRenderPass > >,
[INFO] [stdout]    |                    +++
[INFO] [stdout] 
[INFO] [stdout] 
[INFO] [stdout] warning: trait objects without an explicit `dyn` are deprecated
[INFO] [stdout]   --> core/interface/i_renderobj.rs:48:48
[INFO] [stdout]    |
[INFO] [stdout] 48 |     fn load_into_buffer( & mut self, rd: & mut RenderDevice ) -> Result< (), & 'static str >;
[INFO] [stdout]    |                                                ^^^^^^^^^^^^
[INFO] [stdout]    |
[INFO] [stdout]    = warning: this is accepted in the current edition (Rust 2015) but is a hard error in Rust 2021!
[INFO] [stdout]    = note: for more information, see <https://doc.rust-lang.org/nightly/edition-guide/rust-2021/warnings-promoted-to-error.html>
[INFO] [stdout] help: use `dyn`
[INFO] [stdout]    |
[INFO] [stdout] 48 |     fn load_into_buffer( & mut self, rd: & mut dyn RenderDevice ) -> Result< (), & 'static str >;
[INFO] [stdout]    |                                                +++
[INFO] [stdout] 
[INFO] [stdout] 
[INFO] [stdout] warning: trait objects without an explicit `dyn` are deprecated
[INFO] [stdout]   --> core/interface/i_ele.rs:22:21
[INFO] [stdout]    |
[INFO] [stdout] 22 | impl Clone for Box< IObjImpl > {
[INFO] [stdout]    |                     ^^^^^^^^
[INFO] [stdout]    |
[INFO] [stdout]    = warning: this is accepted in the current edition (Rust 2015) but is a hard error in Rust 2021!
[INFO] [stdout]    = note: for more information, see <https://doc.rust-lang.org/nightly/edition-guide/rust-2021/warnings-promoted-to-error.html>
[INFO] [stdout] help: use `dyn`
[INFO] [stdout]    |
[INFO] [stdout] 22 | impl Clone for Box< dyn IObjImpl > {
[INFO] [stdout]    |                     +++
[INFO] [stdout] 
[INFO] [stdout] 
[INFO] [stdout] warning: trait objects without an explicit `dyn` are deprecated
[INFO] [stdout]  --> core/interface/i_ele.rs:8:30
[INFO] [stdout]   |
[INFO] [stdout] 8 |     fn as_any( & self ) -> & Any;
[INFO] [stdout]   |                              ^^^
[INFO] [stdout]   |
[INFO] [stdout]   = warning: this is accepted in the current edition (Rust 2015) but is a hard error in Rust 2021!
[INFO] [stdout]   = note: for more information, see <https://doc.rust-lang.org/nightly/edition-guide/rust-2021/warnings-promoted-to-error.html>
[INFO] [stdout] help: use `dyn`
[INFO] [stdout]   |
[INFO] [stdout] 8 |     fn as_any( & self ) -> & dyn Any;
[INFO] [stdout]   |                              +++
[INFO] [stdout] 
[INFO] [stdout] 
[INFO] [stdout] warning: trait objects without an explicit `dyn` are deprecated
[INFO] [stdout]  --> core/interface/i_ele.rs:9:67
[INFO] [stdout]   |
[INFO] [stdout] 9 |     fn update_components( & mut self, components: & mut Vec< Box< i_component::IComponent > > ) -> Result< (), & 'static str >;
[INFO] [stdout]   |                                                                   ^^^^^^^^^^^^^^^^^^^^^^^
[INFO] [stdout]   |
[INFO] [stdout]   = warning: this is accepted in the current edition (Rust 2015) but is a hard error in Rust 2021!
[INFO] [stdout]   = note: for more information, see <https://doc.rust-lang.org/nightly/edition-guide/rust-2021/warnings-promoted-to-error.html>
[INFO] [stdout] help: use `dyn`
[INFO] [stdout]   |
[INFO] [stdout] 9 |     fn update_components( & mut self, components: & mut Vec< Box< dyn i_component::IComponent > > ) -> Result< (), & 'static str >;
[INFO] [stdout]   |                                                                   +++
[INFO] [stdout] 
[INFO] [stdout] 
[INFO] [stdout] warning: trait objects without an explicit `dyn` are deprecated
[INFO] [stdout]   --> core/interface/i_ele.rs:13:36
[INFO] [stdout]    |
[INFO] [stdout] 13 |     fn clone_box( & self ) -> Box< IObjImpl >;
[INFO] [stdout]    |                                    ^^^^^^^^
[INFO] [stdout]    |
[INFO] [stdout]    = warning: this is accepted in the current edition (Rust 2015) but is a hard error in Rust 2021!
[INFO] [stdout]    = note: for more information, see <https://doc.rust-lang.org/nightly/edition-guide/rust-2021/warnings-promoted-to-error.html>
[INFO] [stdout] help: use `dyn`
[INFO] [stdout]    |
[INFO] [stdout] 13 |     fn clone_box( & self ) -> Box< dyn IObjImpl >;
[INFO] [stdout]    |                                    +++
[INFO] [stdout] 
[INFO] [stdout] 
[INFO] [stdout] warning: trait objects without an explicit `dyn` are deprecated
[INFO] [stdout]   --> core/interface/i_ele.rs:17:36
[INFO] [stdout]    |
[INFO] [stdout] 17 |     fn clone_box( & self ) -> Box< IObjImpl > {
[INFO] [stdout]    |                                    ^^^^^^^^
[INFO] [stdout]    |
[INFO] [stdout]    = warning: this is accepted in the current edition (Rust 2015) but is a hard error in Rust 2021!
[INFO] [stdout]    = note: for more information, see <https://doc.rust-lang.org/nightly/edition-guide/rust-2021/warnings-promoted-to-error.html>
[INFO] [stdout] help: use `dyn`
[INFO] [stdout]    |
[INFO] [stdout] 17 |     fn clone_box( & self ) -> Box< dyn IObjImpl > {
[INFO] [stdout]    |                                    +++
[INFO] [stdout] 
[INFO] [stdout] 
[INFO] [stdout] warning: trait objects without an explicit `dyn` are deprecated
[INFO] [stdout]   --> core/interface/i_ele.rs:23:32
[INFO] [stdout]    |
[INFO] [stdout] 23 |     fn clone( & self ) -> Box< IObjImpl > {
[INFO] [stdout]    |                                ^^^^^^^^
[INFO] [stdout]    |
[INFO] [stdout]    = warning: this is accepted in the current edition (Rust 2015) but is a hard error in Rust 2021!
[INFO] [stdout]    = note: for more information, see <https://doc.rust-lang.org/nightly/edition-guide/rust-2021/warnings-promoted-to-error.html>
[INFO] [stdout] help: use `dyn`
[INFO] [stdout]    |
[INFO] [stdout] 23 |     fn clone( & self ) -> Box< dyn IObjImpl > {
[INFO] [stdout]    |                                +++
[INFO] [stdout] 
[INFO] [stdout] 
[INFO] [stdout] warning: trait objects without an explicit `dyn` are deprecated
[INFO] [stdout]   --> core/interface/i_component.rs:24:21
[INFO] [stdout]    |
[INFO] [stdout] 24 | impl Clone for Box< IComponent > {
[INFO] [stdout]    |                     ^^^^^^^^^^
[INFO] [stdout]    |
[INFO] [stdout]    = warning: this is accepted in the current edition (Rust 2015) but is a hard error in Rust 2021!
[INFO] [stdout]    = note: for more information, see <https://doc.rust-lang.org/nightly/edition-guide/rust-2021/warnings-promoted-to-error.html>
[INFO] [stdout] help: use `dyn`
[INFO] [stdout]    |
[INFO] [stdout] 24 | impl Clone for Box< dyn IComponent > {
[INFO] [stdout]    |                     +++
[INFO] [stdout] 
[INFO] [stdout] 
[INFO] [stdout] warning: trait objects without an explicit `dyn` are deprecated
[INFO] [stdout]   --> core/interface/i_component.rs:11:30
[INFO] [stdout]    |
[INFO] [stdout] 11 |     fn as_any( & self ) -> & Any;
[INFO] [stdout]    |                              ^^^
[INFO] [stdout]    |
[INFO] [stdout]    = warning: this is accepted in the current edition (Rust 2015) but is a hard error in Rust 2021!
[INFO] [stdout]    = note: for more information, see <https://doc.rust-lang.org/nightly/edition-guide/rust-2021/warnings-promoted-to-error.html>
[INFO] [stdout] help: use `dyn`
[INFO] [stdout]    |
[INFO] [stdout] 11 |     fn as_any( & self ) -> & dyn Any;
[INFO] [stdout]    |                              +++
[INFO] [stdout] 
[INFO] [stdout] 
[INFO] [stdout] warning: trait objects without an explicit `dyn` are deprecated
[INFO] [stdout]   --> core/interface/i_component.rs:15:36
[INFO] [stdout]    |
[INFO] [stdout] 15 |     fn clone_box( & self ) -> Box< IComponent >;
[INFO] [stdout]    |                                    ^^^^^^^^^^
[INFO] [stdout]    |
[INFO] [stdout]    = warning: this is accepted in the current edition (Rust 2015) but is a hard error in Rust 2021!
[INFO] [stdout]    = note: for more information, see <https://doc.rust-lang.org/nightly/edition-guide/rust-2021/warnings-promoted-to-error.html>
[INFO] [stdout] help: use `dyn`
[INFO] [stdout]    |
[INFO] [stdout] 15 |     fn clone_box( & self ) -> Box< dyn IComponent >;
[INFO] [stdout]    |                                    +++
[INFO] [stdout] 
[INFO] [stdout] 
[INFO] [stdout] warning: trait objects without an explicit `dyn` are deprecated
[INFO] [stdout]   --> core/interface/i_component.rs:19:36
[INFO] [stdout]    |
[INFO] [stdout] 19 |     fn clone_box( & self ) -> Box< IComponent > {
[INFO] [stdout]    |                                    ^^^^^^^^^^
[INFO] [stdout]    |
[INFO] [stdout]    = warning: this is accepted in the current edition (Rust 2015) but is a hard error in Rust 2021!
[INFO] [stdout]    = note: for more information, see <https://doc.rust-lang.org/nightly/edition-guide/rust-2021/warnings-promoted-to-error.html>
[INFO] [stdout] help: use `dyn`
[INFO] [stdout]    |
[INFO] [stdout] 19 |     fn clone_box( & self ) -> Box< dyn IComponent > {
[INFO] [stdout]    |                                    +++
[INFO] [stdout] 
[INFO] [stdout] 
[INFO] [stdout] warning: trait objects without an explicit `dyn` are deprecated
[INFO] [stdout]   --> core/interface/i_component.rs:25:32
[INFO] [stdout]    |
[INFO] [stdout] 25 |     fn clone( & self ) -> Box< IComponent > {
[INFO] [stdout]    |                                ^^^^^^^^^^
[INFO] [stdout]    |
[INFO] [stdout]    = warning: this is accepted in the current edition (Rust 2015) but is a hard error in Rust 2021!
[INFO] [stdout]    = note: for more information, see <https://doc.rust-lang.org/nightly/edition-guide/rust-2021/warnings-promoted-to-error.html>
[INFO] [stdout] help: use `dyn`
[INFO] [stdout]    |
[INFO] [stdout] 25 |     fn clone( & self ) -> Box< dyn IComponent > {
[INFO] [stdout]    |                                +++
[INFO] [stdout] 
[INFO] [stdout] 
[INFO] [stdout] warning: trait objects without an explicit `dyn` are deprecated
[INFO] [stdout]   --> core/interface/i_component.rs:37:30
[INFO] [stdout]    |
[INFO] [stdout] 37 |     fn as_any( & self ) -> & Any {
[INFO] [stdout]    |                              ^^^
[INFO] [stdout]    |
[INFO] [stdout]    = warning: this is accepted in the current edition (Rust 2015) but is a hard error in Rust 2021!
[INFO] [stdout]    = note: for more information, see <https://doc.rust-lang.org/nightly/edition-guide/rust-2021/warnings-promoted-to-error.html>
[INFO] [stdout] help: use `dyn`
[INFO] [stdout]    |
[INFO] [stdout] 37 |     fn as_any( & self ) -> & dyn Any {
[INFO] [stdout]    |                              +++
[INFO] [stdout] 
[INFO] [stdout] 
[INFO] [stdout] warning: trait objects without an explicit `dyn` are deprecated
[INFO] [stdout]   --> core/interface/i_component.rs:44:56
[INFO] [stdout]    |
[INFO] [stdout] 44 |     pub fn flush_into_render_device( & self, rd: & mut i_renderobj::RenderDevice ) -> Result< (), & 'static str > {
[INFO] [stdout]    |                                                        ^^^^^^^^^^^^^^^^^^^^^^^^^
[INFO] [stdout]    |
[INFO] [stdout]    = warning: this is accepted in the current edition (Rust 2015) but is a hard error in Rust 2021!
[INFO] [stdout]    = note: for more information, see <https://doc.rust-lang.org/nightly/edition-guide/rust-2021/warnings-promoted-to-error.html>
[INFO] [stdout] help: use `dyn`
[INFO] [stdout]    |
[INFO] [stdout] 44 |     pub fn flush_into_render_device( & self, rd: & mut dyn i_renderobj::RenderDevice ) -> Result< (), & 'static str > {
[INFO] [stdout]    |                                                        +++
[INFO] [stdout] 
[INFO] [stdout] 
[INFO] [stdout] warning: trait objects without an explicit `dyn` are deprecated
[INFO] [stdout]   --> core/interface/i_component.rs:73:30
[INFO] [stdout]    |
[INFO] [stdout] 73 |     fn as_any( & self ) -> & Any {
[INFO] [stdout]    |                              ^^^
[INFO] [stdout]    |
[INFO] [stdout]    = warning: this is accepted in the current edition (Rust 2015) but is a hard error in Rust 2021!
[INFO] [stdout]    = note: for more information, see <https://doc.rust-lang.org/nightly/edition-guide/rust-2021/warnings-promoted-to-error.html>
[INFO] [stdout] help: use `dyn`
[INFO] [stdout]    |
[INFO] [stdout] 73 |     fn as_any( & self ) -> & dyn Any {
[INFO] [stdout]    |                              +++
[INFO] [stdout] 
[INFO] [stdout] 
[INFO] [stdout] warning: trait objects without an explicit `dyn` are deprecated
[INFO] [stdout]    --> core/interface/i_component.rs:108:30
[INFO] [stdout]     |
[INFO] [stdout] 108 |     fn as_any( & self ) -> & Any {
[INFO] [stdout]     |                              ^^^
[INFO] [stdout]     |
[INFO] [stdout]     = warning: this is accepted in the current edition (Rust 2015) but is a hard error in Rust 2021!
[INFO] [stdout]     = note: for more information, see <https://doc.rust-lang.org/nightly/edition-guide/rust-2021/warnings-promoted-to-error.html>
[INFO] [stdout] help: use `dyn`
[INFO] [stdout]     |
[INFO] [stdout] 108 |     fn as_any( & self ) -> & dyn Any {
[INFO] [stdout]     |                              +++
[INFO] [stdout] 
[INFO] [stdout] 
[INFO] [stdout] warning: trait objects without an explicit `dyn` are deprecated
[INFO] [stdout]    --> core/interface/i_component.rs:120:30
[INFO] [stdout]     |
[INFO] [stdout] 120 |     fn as_any( & self ) -> & Any {
[INFO] [stdout]     |                              ^^^
[INFO] [stdout]     |
[INFO] [stdout]     = warning: this is accepted in the current edition (Rust 2015) but is a hard error in Rust 2021!
[INFO] [stdout]     = note: for more information, see <https://doc.rust-lang.org/nightly/edition-guide/rust-2021/warnings-promoted-to-error.html>
[INFO] [stdout] help: use `dyn`
[INFO] [stdout]     |
[INFO] [stdout] 120 |     fn as_any( & self ) -> & dyn Any {
[INFO] [stdout]     |                              +++
[INFO] [stdout] 
[INFO] [stdout] 
[INFO] [stdout] warning: trait objects without an explicit `dyn` are deprecated
[INFO] [stdout]    --> core/interface/i_component.rs:131:30
[INFO] [stdout]     |
[INFO] [stdout] 131 |     fn as_any( & self ) -> & Any {
[INFO] [stdout]     |                              ^^^
[INFO] [stdout]     |
[INFO] [stdout]     = warning: this is accepted in the current edition (Rust 2015) but is a hard error in Rust 2021!
[INFO] [stdout]     = note: for more information, see <https://doc.rust-lang.org/nightly/edition-guide/rust-2021/warnings-promoted-to-error.html>
[INFO] [stdout] help: use `dyn`
[INFO] [stdout]     |
[INFO] [stdout] 131 |     fn as_any( & self ) -> & dyn Any {
[INFO] [stdout]     |                              +++
[INFO] [stdout] 
[INFO] [stdout] 
[INFO] [stdout] warning: trait objects without an explicit `dyn` are deprecated
[INFO] [stdout]    --> core/interface/i_component.rs:143:30
[INFO] [stdout]     |
[INFO] [stdout] 143 |     fn as_any( & self ) -> & Any {
[INFO] [stdout]     |                              ^^^
[INFO] [stdout]     |
[INFO] [stdout]     = warning: this is accepted in the current edition (Rust 2015) but is a hard error in Rust 2021!
[INFO] [stdout]     = note: for more information, see <https://doc.rust-lang.org/nightly/edition-guide/rust-2021/warnings-promoted-to-error.html>
[INFO] [stdout] help: use `dyn`
[INFO] [stdout]     |
[INFO] [stdout] 143 |     fn as_any( & self ) -> & dyn Any {
[INFO] [stdout]     |                              +++
[INFO] [stdout] 
[INFO] [stdout] 
[INFO] [stdout] warning: trait objects without an explicit `dyn` are deprecated
[INFO] [stdout]    --> core/interface/i_component.rs:154:30
[INFO] [stdout]     |
[INFO] [stdout] 154 |     fn as_any( & self ) -> & Any {
[INFO] [stdout]     |                              ^^^
[INFO] [stdout]     |
[INFO] [stdout]     = warning: this is accepted in the current edition (Rust 2015) but is a hard error in Rust 2021!
[INFO] [stdout]     = note: for more information, see <https://doc.rust-lang.org/nightly/edition-guide/rust-2021/warnings-promoted-to-error.html>
[INFO] [stdout] help: use `dyn`
[INFO] [stdout]     |
[INFO] [stdout] 154 |     fn as_any( & self ) -> & dyn Any {
[INFO] [stdout]     |                              +++
[INFO] [stdout] 
[INFO] [stdout] 
[INFO] [stdout] warning: trait objects without an explicit `dyn` are deprecated
[INFO] [stdout]    --> core/implement/render/renderer_gl.rs:420:72
[INFO] [stdout]     |
[INFO] [stdout] 420 |     pub fn get_renderpass( & mut self, name: String ) -> Option< & mut i_renderpass::IRenderPass > {
[INFO] [stdout]     |                                                                        ^^^^^^^^^^^^^^^^^^^^^^^^^
[INFO] [stdout]     |
[INFO] [stdout]     = warning: this is accepted in the current edition (Rust 2015) but is a hard error in Rust 2021!
[INFO] [stdout]     = note: for more information, see <https://doc.rust-lang.org/nightly/edition-guide/rust-2021/warnings-promoted-to-error.html>
[INFO] [stdout] help: use `dyn`
[INFO] [stdout]     |
[INFO] [stdout] 420 |     pub fn get_renderpass( & mut self, name: String ) -> Option< & mut dyn i_renderpass::IRenderPass > {
[INFO] [stdout]     |                                                                        +++
[INFO] [stdout] 
[INFO] [stdout] 
[INFO] [stdout] warning: trait objects without an explicit `dyn` are deprecated
[INFO] [stdout]   --> core/implement/render/camera.rs:81:30
[INFO] [stdout]    |
[INFO] [stdout] 81 |     fn as_any( & self ) -> & Any {
[INFO] [stdout]    |                              ^^^
[INFO] [stdout]    |
[INFO] [stdout]    = warning: this is accepted in the current edition (Rust 2015) but is a hard error in Rust 2021!
[INFO] [stdout]    = note: for more information, see <https://doc.rust-lang.org/nightly/edition-guide/rust-2021/warnings-promoted-to-error.html>
[INFO] [stdout] help: use `dyn`
[INFO] [stdout]    |
[INFO] [stdout] 81 |     fn as_any( & self ) -> & dyn Any {
[INFO] [stdout]    |                              +++
[INFO] [stdout] 
[INFO] [stdout] 
[INFO] [stdout] warning: trait objects without an explicit `dyn` are deprecated
[INFO] [stdout]   --> core/implement/render/camera.rs:84:67
[INFO] [stdout]    |
[INFO] [stdout] 84 |     fn update_components( & mut self, components: & mut Vec< Box< i_component::IComponent > > ) -> Result< (), & 'static str > {
[INFO] [stdout]    |                                                                   ^^^^^^^^^^^^^^^^^^^^^^^
[INFO] [stdout]    |
[INFO] [stdout]    = warning: this is accepted in the current edition (Rust 2015) but is a hard error in Rust 2021!
[INFO] [stdout]    = note: for more information, see <https://doc.rust-lang.org/nightly/edition-guide/rust-2021/warnings-promoted-to-error.html>
[INFO] [stdout] help: use `dyn`
[INFO] [stdout]    |
[INFO] [stdout] 84 |     fn update_components( & mut self, components: & mut Vec< Box< dyn i_component::IComponent > > ) -> Result< (), & 'static str > {
[INFO] [stdout]    |                                                                   +++
[INFO] [stdout] 
[INFO] [stdout] 
[INFO] [stdout] warning: trait objects without an explicit `dyn` are deprecated
[INFO] [stdout]   --> core/implement/render/light.rs:27:30
[INFO] [stdout]    |
[INFO] [stdout] 27 |     fn as_any( & self ) -> & Any {
[INFO] [stdout]    |                              ^^^
[INFO] [stdout]    |
[INFO] [stdout]    = warning: this is accepted in the current edition (Rust 2015) but is a hard error in Rust 2021!
[INFO] [stdout]    = note: for more information, see <https://doc.rust-lang.org/nightly/edition-guide/rust-2021/warnings-promoted-to-error.html>
[INFO] [stdout] help: use `dyn`
[INFO] [stdout]    |
[INFO] [stdout] 27 |     fn as_any( & self ) -> & dyn Any {
[INFO] [stdout]    |                              +++
[INFO] [stdout] 
[INFO] [stdout] 
[INFO] [stdout] warning: trait objects without an explicit `dyn` are deprecated
[INFO] [stdout]   --> core/implement/render/light.rs:30:67
[INFO] [stdout]    |
[INFO] [stdout] 30 |     fn update_components( & mut self, components: & mut Vec< Box< i_component::IComponent > > ) -> Result< (), & 'static str > {
[INFO] [stdout]    |                                                                   ^^^^^^^^^^^^^^^^^^^^^^^
[INFO] [stdout]    |
[INFO] [stdout]    = warning: this is accepted in the current edition (Rust 2015) but is a hard error in Rust 2021!
[INFO] [stdout]    = note: for more information, see <https://doc.rust-lang.org/nightly/edition-guide/rust-2021/warnings-promoted-to-error.html>
[INFO] [stdout] help: use `dyn`
[INFO] [stdout]    |
[INFO] [stdout] 30 |     fn update_components( & mut self, components: & mut Vec< Box< dyn i_component::IComponent > > ) -> Result< (), & 'static str > {
[INFO] [stdout]    |                                                                   +++
[INFO] [stdout] 
[INFO] [stdout] 
[INFO] [stdout] warning: trait objects without an explicit `dyn` are deprecated
[INFO] [stdout]   --> core/implement/render/mesh.rs:41:30
[INFO] [stdout]    |
[INFO] [stdout] 41 |     fn as_any( & self ) -> & Any {
[INFO] [stdout]    |                              ^^^
[INFO] [stdout]    |
[INFO] [stdout]    = warning: this is accepted in the current edition (Rust 2015) but is a hard error in Rust 2021!
[INFO] [stdout]    = note: for more information, see <https://doc.rust-lang.org/nightly/edition-guide/rust-2021/warnings-promoted-to-error.html>
[INFO] [stdout] help: use `dyn`
[INFO] [stdout]    |
[INFO] [stdout] 41 |     fn as_any( & self ) -> & dyn Any {
[INFO] [stdout]    |                              +++
[INFO] [stdout] 
[INFO] [stdout] 
[INFO] [stdout] warning: trait objects without an explicit `dyn` are deprecated
[INFO] [stdout]   --> core/implement/render/mesh.rs:44:67
[INFO] [stdout]    |
[INFO] [stdout] 44 |     fn update_components( & mut self, components: & mut Vec< Box< i_component::IComponent > > ) -> Result< (), & 'static str > {
[INFO] [stdout]    |                                                                   ^^^^^^^^^^^^^^^^^^^^^^^
[INFO] [stdout]    |
[INFO] [stdout]    = warning: this is accepted in the current edition (Rust 2015) but is a hard error in Rust 2021!
[INFO] [stdout]    = note: for more information, see <https://doc.rust-lang.org/nightly/edition-guide/rust-2021/warnings-promoted-to-error.html>
[INFO] [stdout] help: use `dyn`
[INFO] [stdout]    |
[INFO] [stdout] 44 |     fn update_components( & mut self, components: & mut Vec< Box< dyn i_component::IComponent > > ) -> Result< (), & 'static str > {
[INFO] [stdout]    |                                                                   +++
[INFO] [stdout] 
[INFO] [stdout] 
[INFO] [stdout] warning: trait objects without an explicit `dyn` are deprecated
[INFO] [stdout]   --> core/implement/render/primitive.rs:24:30
[INFO] [stdout]    |
[INFO] [stdout] 24 |     fn as_any( & self ) -> & Any {
[INFO] [stdout]    |                              ^^^
[INFO] [stdout]    |
[INFO] [stdout]    = warning: this is accepted in the current edition (Rust 2015) but is a hard error in Rust 2021!
[INFO] [stdout]    = note: for more information, see <https://doc.rust-lang.org/nightly/edition-guide/rust-2021/warnings-promoted-to-error.html>
[INFO] [stdout] help: use `dyn`
[INFO] [stdout]    |
[INFO] [stdout] 24 |     fn as_any( & self ) -> & dyn Any {
[INFO] [stdout]    |                              +++
[INFO] [stdout] 
[INFO] [stdout] 
[INFO] [stdout] warning: trait objects without an explicit `dyn` are deprecated
[INFO] [stdout]   --> core/implement/render/primitive.rs:27:67
[INFO] [stdout]    |
[INFO] [stdout] 27 |     fn update_components( & mut self, components: & mut Vec< Box< i_component::IComponent > > ) -> Result< (), & 'static str > {
[INFO] [stdout]    |                                                                   ^^^^^^^^^^^^^^^^^^^^^^^
[INFO] [stdout]    |
[INFO] [stdout]    = warning: this is accepted in the current edition (Rust 2015) but is a hard error in Rust 2021!
[INFO] [stdout]    = note: for more information, see <https://doc.rust-lang.org/nightly/edition-guide/rust-2021/warnings-promoted-to-error.html>
[INFO] [stdout] help: use `dyn`
[INFO] [stdout]    |
[INFO] [stdout] 27 |     fn update_components( & mut self, components: & mut Vec< Box< dyn i_component::IComponent > > ) -> Result< (), & 'static str > {
[INFO] [stdout]    |                                                                   +++
[INFO] [stdout] 
[INFO] [stdout] 
[INFO] [stdout] warning: trait objects without an explicit `dyn` are deprecated
[INFO] [stdout]    --> core/implement/render/primitive.rs:276:30
[INFO] [stdout]     |
[INFO] [stdout] 276 |     fn as_any( & self ) -> & Any {
[INFO] [stdout]     |                              ^^^
[INFO] [stdout]     |
[INFO] [stdout]     = warning: this is accepted in the current edition (Rust 2015) but is a hard error in Rust 2021!
[INFO] [stdout]     = note: for more information, see <https://doc.rust-lang.org/nightly/edition-guide/rust-2021/warnings-promoted-to-error.html>
[INFO] [stdout] help: use `dyn`
[INFO] [stdout]     |
[INFO] [stdout] 276 |     fn as_any( & self ) -> & dyn Any {
[INFO] [stdout]     |                              +++
[INFO] [stdout] 
[INFO] [stdout] 
[INFO] [stdout] warning: trait objects without an explicit `dyn` are deprecated
[INFO] [stdout]    --> core/implement/render/primitive.rs:279:67
[INFO] [stdout]     |
[INFO] [stdout] 279 |     fn update_components( & mut self, components: & mut Vec< Box< i_component::IComponent > > ) -> Result< (), & 'static str > {
[INFO] [stdout]     |                                                                   ^^^^^^^^^^^^^^^^^^^^^^^
[INFO] [stdout]     |
[INFO] [stdout]     = warning: this is accepted in the current edition (Rust 2015) but is a hard error in Rust 2021!
[INFO] [stdout]     = note: for more information, see <https://doc.rust-lang.org/nightly/edition-guide/rust-2021/warnings-promoted-to-error.html>
[INFO] [stdout] help: use `dyn`
[INFO] [stdout]     |
[INFO] [stdout] 279 |     fn update_components( & mut self, components: & mut Vec< Box< dyn i_component::IComponent > > ) -> Result< (), & 'static str > {
[INFO] [stdout]     |                                                                   +++
[INFO] [stdout] 
[INFO] [stdout] 
[INFO] [stdout] warning: trait objects without an explicit `dyn` are deprecated
[INFO] [stdout]    --> core/implement/render/primitive.rs:397:30
[INFO] [stdout]     |
[INFO] [stdout] 397 |     fn as_any( & self ) -> & Any {
[INFO] [stdout]     |                              ^^^
[INFO] [stdout]     |
[INFO] [stdout]     = warning: this is accepted in the current edition (Rust 2015) but is a hard error in Rust 2021!
[INFO] [stdout]     = note: for more information, see <https://doc.rust-lang.org/nightly/edition-guide/rust-2021/warnings-promoted-to-error.html>
[INFO] [stdout] help: use `dyn`
[INFO] [stdout]     |
[INFO] [stdout] 397 |     fn as_any( & self ) -> & dyn Any {
[INFO] [stdout]     |                              +++
[INFO] [stdout] 
[INFO] [stdout] 
[INFO] [stdout] warning: trait objects without an explicit `dyn` are deprecated
[INFO] [stdout]    --> core/implement/render/primitive.rs:400:67
[INFO] [stdout]     |
[INFO] [stdout] 400 |     fn update_components( & mut self, components: & mut Vec< Box< i_component::IComponent > > ) -> Result< (), & 'static str > {
[INFO] [stdout]     |                                                                   ^^^^^^^^^^^^^^^^^^^^^^^
[INFO] [stdout]     |
[INFO] [stdout]     = warning: this is accepted in the current edition (Rust 2015) but is a hard error in Rust 2021!
[INFO] [stdout]     = note: for more information, see <https://doc.rust-lang.org/nightly/edition-guide/rust-2021/warnings-promoted-to-error.html>
[INFO] [stdout] help: use `dyn`
[INFO] [stdout]     |
[INFO] [stdout] 400 |     fn update_components( & mut self, components: & mut Vec< Box< dyn i_component::IComponent > > ) -> Result< (), & 'static str > {
[INFO] [stdout]     |                                                                   +++
[INFO] [stdout] 
[INFO] [stdout] 
[INFO] [stdout] warning: trait objects without an explicit `dyn` are deprecated
[INFO] [stdout]   --> core/implement/render/render_commands.rs:21:30
[INFO] [stdout]    |
[INFO] [stdout] 21 |     fn as_any( & self ) -> & Any {
[INFO] [stdout]    |                              ^^^
[INFO] [stdout]    |
[INFO] [stdout]    = warning: this is accepted in the current edition (Rust 2015) but is a hard error in Rust 2021!
[INFO] [stdout]    = note: for more information, see <https://doc.rust-lang.org/nightly/edition-guide/rust-2021/warnings-promoted-to-error.html>
[INFO] [stdout] help: use `dyn`
[INFO] [stdout]    |
[INFO] [stdout] 21 |     fn as_any( & self ) -> & dyn Any {
[INFO] [stdout]    |                              +++
[INFO] [stdout] 
[INFO] [stdout] 
[INFO] [stdout] warning: trait objects without an explicit `dyn` are deprecated
[INFO] [stdout]   --> core/implement/render/render_commands.rs:25:67
[INFO] [stdout]    |
[INFO] [stdout] 25 |     fn update_components( & mut self, components: & mut Vec< Box< i_component::IComponent > > ) -> Result< (), & 'static str > {
[INFO] [stdout]    |                                                                   ^^^^^^^^^^^^^^^^^^^^^^^
[INFO] [stdout]    |
[INFO] [stdout]    = warning: this is accepted in the current edition (Rust 2015) but is a hard error in Rust 2021!
[INFO] [stdout]    = note: for more information, see <https://doc.rust-lang.org/nightly/edition-guide/rust-2021/warnings-promoted-to-error.html>
[INFO] [stdout] help: use `dyn`
[INFO] [stdout]    |
[INFO] [stdout] 25 |     fn update_components( & mut self, components: & mut Vec< Box< dyn i_component::IComponent > > ) -> Result< (), & 'static str > {
[INFO] [stdout]    |                                                                   +++
[INFO] [stdout] 
[INFO] [stdout] 
[INFO] [stdout] warning: trait objects without an explicit `dyn` are deprecated
[INFO] [stdout]   --> core/implement/render/render_commands.rs:44:30
[INFO] [stdout]    |
[INFO] [stdout] 44 |     fn as_any( & self ) -> & Any {
[INFO] [stdout]    |                              ^^^
[INFO] [stdout]    |
[INFO] [stdout]    = warning: this is accepted in the current edition (Rust 2015) but is a hard error in Rust 2021!
[INFO] [stdout]    = note: for more information, see <https://doc.rust-lang.org/nightly/edition-guide/rust-2021/warnings-promoted-to-error.html>
[INFO] [stdout] help: use `dyn`
[INFO] [stdout]    |
[INFO] [stdout] 44 |     fn as_any( & self ) -> & dyn Any {
[INFO] [stdout]    |                              +++
[INFO] [stdout] 
[INFO] [stdout] 
[INFO] [stdout] warning: trait objects without an explicit `dyn` are deprecated
[INFO] [stdout]   --> core/implement/render/render_commands.rs:48:67
[INFO] [stdout]    |
[INFO] [stdout] 48 |     fn update_components( & mut self, components: & mut Vec< Box< i_component::IComponent > > ) -> Result< (), & 'static str > {
[INFO] [stdout]    |                                                                   ^^^^^^^^^^^^^^^^^^^^^^^
[INFO] [stdout]    |
[INFO] [stdout]    = warning: this is accepted in the current edition (Rust 2015) but is a hard error in Rust 2021!
[INFO] [stdout]    = note: for more information, see <https://doc.rust-lang.org/nightly/edition-guide/rust-2021/warnings-promoted-to-error.html>
[INFO] [stdout] help: use `dyn`
[INFO] [stdout]    |
[INFO] [stdout] 48 |     fn update_components( & mut self, components: & mut Vec< Box< dyn i_component::IComponent > > ) -> Result< (), & 'static str > {
[INFO] [stdout]    |                                                                   +++
[INFO] [stdout] 
[INFO] [stdout] 
[INFO] [stdout] warning: trait objects without an explicit `dyn` are deprecated
[INFO] [stdout]   --> core/implement/render/render_commands.rs:67:30
[INFO] [stdout]    |
[INFO] [stdout] 67 |     fn as_any( & self ) -> & Any {
[INFO] [stdout]    |                              ^^^
[INFO] [stdout]    |
[INFO] [stdout]    = warning: this is accepted in the current edition (Rust 2015) but is a hard error in Rust 2021!
[INFO] [stdout]    = note: for more information, see <https://doc.rust-lang.org/nightly/edition-guide/rust-2021/warnings-promoted-to-error.html>
[INFO] [stdout] help: use `dyn`
[INFO] [stdout]    |
[INFO] [stdout] 67 |     fn as_any( & self ) -> & dyn Any {
[INFO] [stdout]    |                              +++
[INFO] [stdout] 
[INFO] [stdout] 
[INFO] [stdout] warning: trait objects without an explicit `dyn` are deprecated
[INFO] [stdout]   --> core/implement/render/render_commands.rs:71:67
[INFO] [stdout]    |
[INFO] [stdout] 71 |     fn update_components( & mut self, components: & mut Vec< Box< i_component::IComponent > > ) -> Result< (), & 'static str > {
[INFO] [stdout]    |                                                                   ^^^^^^^^^^^^^^^^^^^^^^^
[INFO] [stdout]    |
[INFO] [stdout]    = warning: this is accepted in the current edition (Rust 2015) but is a hard error in Rust 2021!
[INFO] [stdout]    = note: for more information, see <https://doc.rust-lang.org/nightly/edition-guide/rust-2021/warnings-promoted-to-error.html>
[INFO] [stdout] help: use `dyn`
[INFO] [stdout]    |
[INFO] [stdout] 71 |     fn update_components( & mut self, components: & mut Vec< Box< dyn i_component::IComponent > > ) -> Result< (), & 'static str > {
[INFO] [stdout]    |                                                                   +++
[INFO] [stdout] 
[INFO] [stdout] 
[INFO] [stdout] warning: trait objects without an explicit `dyn` are deprecated
[INFO] [stdout]   --> core/implement/render/render_commands.rs:90:30
[INFO] [stdout]    |
[INFO] [stdout] 90 |     fn as_any( & self ) -> & Any {
[INFO] [stdout]    |                              ^^^
[INFO] [stdout]    |
[INFO] [stdout]    = warning: this is accepted in the current edition (Rust 2015) but is a hard error in Rust 2021!
[INFO] [stdout]    = note: for more information, see <https://doc.rust-lang.org/nightly/edition-guide/rust-2021/warnings-promoted-to-error.html>
[INFO] [stdout] help: use `dyn`
[INFO] [stdout]    |
[INFO] [stdout] 90 |     fn as_any( & self ) -> & dyn Any {
[INFO] [stdout]    |                              +++
[INFO] [stdout] 
[INFO] [stdout] 
[INFO] [stdout] warning: trait objects without an explicit `dyn` are deprecated
[INFO] [stdout]   --> core/implement/render/render_commands.rs:94:67
[INFO] [stdout]    |
[INFO] [stdout] 94 |     fn update_components( & mut self, components: & mut Vec< Box< i_component::IComponent > > ) -> Result< (), & 'static str > {
[INFO] [stdout]    |                                                                   ^^^^^^^^^^^^^^^^^^^^^^^
[INFO] [stdout]    |
[INFO] [stdout]    = warning: this is accepted in the current edition (Rust 2015) but is a hard error in Rust 2021!
[INFO] [stdout]    = note: for more information, see <https://doc.rust-lang.org/nightly/edition-guide/rust-2021/warnings-promoted-to-error.html>
[INFO] [stdout] help: use `dyn`
[INFO] [stdout]    |
[INFO] [stdout] 94 |     fn update_components( & mut self, components: & mut Vec< Box< dyn i_component::IComponent > > ) -> Result< (), & 'static str > {
[INFO] [stdout]    |                                                                   +++
[INFO] [stdout] 
[INFO] [stdout] 
[INFO] [stdout] warning: trait objects without an explicit `dyn` are deprecated
[INFO] [stdout]    --> core/implement/render/render_commands.rs:113:30
[INFO] [stdout]     |
[INFO] [stdout] 113 |     fn as_any( & self ) -> & Any {
[INFO] [stdout]     |                              ^^^
[INFO] [stdout]     |
[INFO] [stdout]     = warning: this is accepted in the current edition (Rust 2015) but is a hard error in Rust 2021!
[INFO] [stdout]     = note: for more information, see <https://doc.rust-lang.org/nightly/edition-guide/rust-2021/warnings-promoted-to-error.html>
[INFO] [stdout] help: use `dyn`
[INFO] [stdout]     |
[INFO] [stdout] 113 |     fn as_any( & self ) -> & dyn Any {
[INFO] [stdout]     |                              +++
[INFO] [stdout] 
[INFO] [stdout] 
[INFO] [stdout] warning: trait objects without an explicit `dyn` are deprecated
[INFO] [stdout]    --> core/implement/render/render_commands.rs:117:67
[INFO] [stdout]     |
[INFO] [stdout] 117 |     fn update_components( & mut self, components: & mut Vec< Box< i_component::IComponent > > ) -> Result< (), & 'static str > {
[INFO] [stdout]     |                                                                   ^^^^^^^^^^^^^^^^^^^^^^^
[INFO] [stdout]     |
[INFO] [stdout]     = warning: this is accepted in the current edition (Rust 2015) but is a hard error in Rust 2021!
[INFO] [stdout]     = note: for more information, see <https://doc.rust-lang.org/nightly/edition-guide/rust-2021/warnings-promoted-to-error.html>
[INFO] [stdout] help: use `dyn`
[INFO] [stdout]     |
[INFO] [stdout] 117 |     fn update_components( & mut self, components: & mut Vec< Box< dyn i_component::IComponent > > ) -> Result< (), & 'static str > {
[INFO] [stdout]     |                                                                   +++
[INFO] [stdout] 
[INFO] [stdout] 
[INFO] [stdout] warning: trait objects without an explicit `dyn` are deprecated
[INFO] [stdout]   --> core/implement/math/frustum.rs:44:32
[INFO] [stdout]    |
[INFO] [stdout] 44 |     fn get_bound( & self ) -> &IBound {
[INFO] [stdout]    |                                ^^^^^^
[INFO] [stdout]    |
[INFO] [stdout]    = warning: this is accepted in the current edition (Rust 2015) but is a hard error in Rust 2021!
[INFO] [stdout]    = note: for more information, see <https://doc.rust-lang.org/nightly/edition-guide/rust-2021/warnings-promoted-to-error.html>
[INFO] [stdout] help: use `dyn`
[INFO] [stdout]    |
[INFO] [stdout] 44 |     fn get_bound( & self ) -> &dyn IBound {
[INFO] [stdout]    |                                +++
[INFO] [stdout] 
[INFO] [stdout] 
[INFO] [stdout] warning: trait objects without an explicit `dyn` are deprecated
[INFO] [stdout]   --> core/implement/math/frustum.rs:47:41
[INFO] [stdout]    |
[INFO] [stdout] 47 |     fn get_intersect( & self, _other: & IShape ) -> ( bool, Option< Mat3x1< f64 > > ){
[INFO] [stdout]    |                                         ^^^^^^
[INFO] [stdout]    |
[INFO] [stdout]    = warning: this is accepted in the current edition (Rust 2015) but is a hard error in Rust 2021!
[INFO] [stdout]    = note: for more information, see <https://doc.rust-lang.org/nightly/edition-guide/rust-2021/warnings-promoted-to-error.html>
[INFO] [stdout] help: use `dyn`
[INFO] [stdout]    |
[INFO] [stdout] 47 |     fn get_intersect( & self, _other: & dyn IShape ) -> ( bool, Option< Mat3x1< f64 > > ){
[INFO] [stdout]    |                                         +++
[INFO] [stdout] 
[INFO] [stdout] 
[INFO] [stdout] error: aborting due to 2 previous errors; 5 warnings emitted
[INFO] [stdout] 
[INFO] [stdout] 
[INFO] [stdout] For more information about this error, try `rustc --explain E0554`.
[INFO] [stdout] 
[INFO] [stderr] error: could not document `e2r`
[INFO] [stderr] 
[INFO] [stderr] Caused by:
[INFO] [stderr]   process didn't exit successfully: `rustdoc --crate-type lib --crate-name e2rcore core/core.rs -o /opt/rustwide/target/doc --error-format=json --json=diagnostic-rendered-ansi,artifacts,future-incompat --document-private-items -C metadata=60e8126bf77c7ee5 -L dependency=/opt/rustwide/target/debug/deps --extern chrono=/opt/rustwide/target/debug/deps/libchrono-88c3b30e174331b1.rmeta --extern gl=/opt/rustwide/target/debug/deps/libgl-0e57638b5ee981d5.rmeta --extern glutin=/opt/rustwide/target/debug/deps/libglutin-141e7430ad55e3eb.rmeta --extern image=/opt/rustwide/target/debug/deps/libimage-2de39200e7312475.rmeta --extern libc=/opt/rustwide/target/debug/deps/liblibc-71e704faea77c71d.rmeta --extern log=/opt/rustwide/target/debug/deps/liblog-83c76fb4ff61e17e.rmeta --extern mazth=/opt/rustwide/target/debug/deps/libmazth-d3444df9a34e5fbb.rmeta --extern nom=/opt/rustwide/target/debug/deps/libnom-02b01b2391eb0df7.rmeta --extern num=/opt/rustwide/target/debug/deps/libnum-1693411e8a066379.rmeta --extern pretty_env_logger=/opt/rustwide/target/debug/deps/libpretty_env_logger-02f42fa762a00157.rmeta --extern rand=/opt/rustwide/target/debug/deps/librand-d04e83539e05a553.rmeta --extern zpatial=/opt/rustwide/target/debug/deps/libzpatial-6900952dc832eeac.rmeta --cap-lints=warn --crate-version 0.10.0` (exit status: 1)
[INFO] [stderr] warning: build failed, waiting for other jobs to finish...
[INFO] [stdout] error: aborting due to 2 previous errors; 69 warnings emitted
[INFO] [stdout] 
[INFO] [stdout] 
[INFO] [stdout] For more information about this error, try `rustc --explain E0554`.
[INFO] [stdout] 
[INFO] [stderr] error: could not compile `e2r` due to 3 previous errors; 69 warnings emitted
[INFO] running `Command { std: "docker" "inspect" "cd0c48b5047b876a5f400e2b085877be54a567ae28da6cfc8f07191753cab154", kill_on_drop: false }`
[INFO] running `Command { std: "docker" "rm" "-f" "cd0c48b5047b876a5f400e2b085877be54a567ae28da6cfc8f07191753cab154", kill_on_drop: false }`
[INFO] [stdout] cd0c48b5047b876a5f400e2b085877be54a567ae28da6cfc8f07191753cab154
