[INFO] fetching crate drogue-tls-sys 0.1.0...
[INFO] documenting drogue-tls-sys-0.1.0 against 1.69.0 for beta-1.70-rustdoc-1
[INFO] extracting crate drogue-tls-sys 0.1.0 into /workspace/builds/worker-7-tc1/source
[INFO] validating manifest of crates.io crate drogue-tls-sys 0.1.0 on toolchain 1.69.0
[INFO] running `Command { std: CARGO_HOME="/workspace/cargo-home" RUSTUP_HOME="/workspace/rustup-home" "/workspace/cargo-home/bin/cargo" "+1.69.0" "metadata" "--manifest-path" "Cargo.toml" "--no-deps", kill_on_drop: false }`
[INFO] removed /workspace/builds/worker-7-tc1/source/.cargo/config
[INFO] started tweaking crates.io crate drogue-tls-sys 0.1.0
[INFO] finished tweaking crates.io crate drogue-tls-sys 0.1.0
[INFO] tweaked toml for crates.io crate drogue-tls-sys 0.1.0 written to /workspace/builds/worker-7-tc1/source/Cargo.toml
[INFO] running `Command { std: CARGO_HOME="/workspace/cargo-home" RUSTUP_HOME="/workspace/rustup-home" __CARGO_TEST_CHANNEL_OVERRIDE_DO_NOT_USE_THIS="nightly" "/workspace/cargo-home/bin/cargo" "+1.69.0" "generate-lockfile" "--manifest-path" "Cargo.toml" "-Zno-index-update", kill_on_drop: false }`
[INFO] running `Command { std: CARGO_HOME="/workspace/cargo-home" RUSTUP_HOME="/workspace/rustup-home" "/workspace/cargo-home/bin/cargo" "+1.69.0" "fetch" "--manifest-path" "Cargo.toml", kill_on_drop: false }`
[INFO] [stderr]  Downloading crates ...
[INFO] [stderr]   Downloaded clang-sys v0.29.3
[INFO] [stderr]   Downloaded bindgen v0.53.3
[INFO] [stderr]   Downloaded drogue-ffi-compat v0.1.0
[INFO] running `Command { std: "docker" "create" "-v" "/var/lib/crater-agent-workspace/builds/worker-7-tc1/target:/opt/rustwide/target:rw,Z" "-v" "/var/lib/crater-agent-workspace/builds/worker-7-tc1/source:/opt/rustwide/workdir:ro,Z" "-v" "/var/lib/crater-agent-workspace/cargo-home:/opt/rustwide/cargo-home:ro,Z" "-v" "/var/lib/crater-agent-workspace/rustup-home:/opt/rustwide/rustup-home:ro,Z" "-e" "SOURCE_DIR=/opt/rustwide/workdir" "-e" "CARGO_TARGET_DIR=/opt/rustwide/target" "-e" "CARGO_HOME=/opt/rustwide/cargo-home" "-e" "RUSTUP_HOME=/opt/rustwide/rustup-home" "-w" "/opt/rustwide/workdir" "-m" "1610612736" "--user" "0:0" "--network" "none" "ghcr.io/rust-lang/crates-build-env/linux@sha256:5ff2268d62e97bff2cde7d5815dd6ed5b47097566f13b8d0ca110b04b60e07ed" "/opt/rustwide/cargo-home/bin/cargo" "+1.69.0" "metadata" "--no-deps" "--format-version=1", kill_on_drop: false }`
[INFO] [stdout] d1e9da4611bd8c671bed855f256af3b6ee881eca1af7169d5644b6b91e57cabd
[INFO] running `Command { std: "docker" "start" "-a" "d1e9da4611bd8c671bed855f256af3b6ee881eca1af7169d5644b6b91e57cabd", kill_on_drop: false }`
[INFO] running `Command { std: "docker" "inspect" "d1e9da4611bd8c671bed855f256af3b6ee881eca1af7169d5644b6b91e57cabd", kill_on_drop: false }`
[INFO] running `Command { std: "docker" "rm" "-f" "d1e9da4611bd8c671bed855f256af3b6ee881eca1af7169d5644b6b91e57cabd", kill_on_drop: false }`
[INFO] [stdout] d1e9da4611bd8c671bed855f256af3b6ee881eca1af7169d5644b6b91e57cabd
[INFO] running `Command { std: "docker" "create" "-v" "/var/lib/crater-agent-workspace/builds/worker-7-tc1/target:/opt/rustwide/target:rw,Z" "-v" "/var/lib/crater-agent-workspace/builds/worker-7-tc1/source:/opt/rustwide/workdir:ro,Z" "-v" "/var/lib/crater-agent-workspace/cargo-home:/opt/rustwide/cargo-home:ro,Z" "-v" "/var/lib/crater-agent-workspace/rustup-home:/opt/rustwide/rustup-home:ro,Z" "-e" "SOURCE_DIR=/opt/rustwide/workdir" "-e" "CARGO_TARGET_DIR=/opt/rustwide/target" "-e" "CARGO_INCREMENTAL=0" "-e" "RUST_BACKTRACE=full" "-e" "RUSTFLAGS=--cap-lints=warn" "-e" "RUSTDOCFLAGS=--cap-lints=warn" "-e" "CARGO_HOME=/opt/rustwide/cargo-home" "-e" "RUSTUP_HOME=/opt/rustwide/rustup-home" "-w" "/opt/rustwide/workdir" "-m" "1610612736" "--user" "0:0" "--network" "none" "ghcr.io/rust-lang/crates-build-env/linux@sha256:5ff2268d62e97bff2cde7d5815dd6ed5b47097566f13b8d0ca110b04b60e07ed" "/opt/rustwide/cargo-home/bin/cargo" "+1.69.0" "doc" "--frozen" "--no-deps" "--document-private-items" "--message-format=json", kill_on_drop: false }`
[INFO] [stdout] 5aa28c1c7ee3860a0203563c1c25a58ac461f7e22a075a1528d6de87d0bb3ef0
[INFO] running `Command { std: "docker" "start" "-a" "5aa28c1c7ee3860a0203563c1c25a58ac461f7e22a075a1528d6de87d0bb3ef0", kill_on_drop: false }`
[INFO] [stderr]    Compiling version_check v0.9.4
[INFO] [stderr]     Checking stable_deref_trait v1.2.0
[INFO] [stderr]    Compiling heapless v0.5.6
[INFO] [stderr]     Checking byteorder v1.4.3
[INFO] [stderr]     Checking generic-array v0.12.4
[INFO] [stderr]     Checking generic-array v0.13.3
[INFO] [stderr]    Compiling cmake v0.1.50
[INFO] [stderr]    Compiling drogue-ffi-compat v0.1.0
[INFO] [stderr]     Checking hash32 v0.1.1
[INFO] [stderr]    Compiling generic-array v0.14.7
[INFO] [stderr]    Compiling drogue-tls-sys v0.1.0 (/opt/rustwide/workdir)
[INFO] [stderr]     Checking as-slice v0.1.5
[INFO] [stderr] error: failed to run custom build command for `drogue-tls-sys v0.1.0 (/opt/rustwide/workdir)`
[INFO] [stderr] note: To improve backtraces for build dependencies, set the CARGO_PROFILE_DEV_BUILD_OVERRIDE_DEBUG=true environment variable to enable debug information generation.
[INFO] [stderr] 
[INFO] [stderr] Caused by:
[INFO] [stderr]   process didn't exit successfully: `/opt/rustwide/target/debug/build/drogue-tls-sys-ea07d3e03978e7fd/build-script-build` (exit status: 101)
[INFO] [stderr]   --- stdout
[INFO] [stderr]   CMAKE_TOOLCHAIN_FILE_x86_64-unknown-linux-gnu = None
[INFO] [stderr]   CMAKE_TOOLCHAIN_FILE_x86_64_unknown_linux_gnu = None
[INFO] [stderr]   HOST_CMAKE_TOOLCHAIN_FILE = None
[INFO] [stderr]   CMAKE_TOOLCHAIN_FILE = None
[INFO] [stderr]   CMAKE_GENERATOR_x86_64-unknown-linux-gnu = None
[INFO] [stderr]   CMAKE_GENERATOR_x86_64_unknown_linux_gnu = None
[INFO] [stderr]   HOST_CMAKE_GENERATOR = None
[INFO] [stderr]   CMAKE_GENERATOR = None
[INFO] [stderr]   CMAKE_PREFIX_PATH_x86_64-unknown-linux-gnu = None
[INFO] [stderr]   CMAKE_PREFIX_PATH_x86_64_unknown_linux_gnu = None
[INFO] [stderr]   HOST_CMAKE_PREFIX_PATH = None
[INFO] [stderr]   CMAKE_PREFIX_PATH = None
[INFO] [stderr]   CMAKE_x86_64-unknown-linux-gnu = None
[INFO] [stderr]   CMAKE_x86_64_unknown_linux_gnu = None
[INFO] [stderr]   HOST_CMAKE = None
[INFO] [stderr]   CMAKE = None
[INFO] [stderr]   running: cd "/opt/rustwide/target/debug/build/drogue-tls-sys-505d180ab92747c3/out/build" && CMAKE_PREFIX_PATH="" "cmake" "/opt/rustwide/workdir/vendor/mbedtls/" "-DENABLE_TESTING=OFF" "-DENABLE_PROGRAMS=OFF" "-DCMAKE_INSTALL_PREFIX=/opt/rustwide/target/debug/build/drogue-tls-sys-505d180ab92747c3/out" "-DCMAKE_C_FLAGS= -DMBEDTLS_CONFIG_FILE=\\\"drogue_config.h\\\" -I/opt/rustwide/workdir/include --specs=nosys.specs -ffunction-sections -fdata-sections -fPIC -m64" "-DCMAKE_C_COMPILER=/usr/bin/cc" "-DCMAKE_CXX_FLAGS= -ffunction-sections -fdata-sections -fPIC -m64" "-DCMAKE_CXX_COMPILER=/usr/bin/c++" "-DCMAKE_ASM_FLAGS= -ffunction-sections -fdata-sections -fPIC -m64" "-DCMAKE_ASM_COMPILER=/usr/bin/cc" "-DCMAKE_BUILD_TYPE=Debug"
[INFO] [stderr]   -- The C compiler identification is GNU 11.3.0
[INFO] [stderr]   -- Detecting C compiler ABI info
[INFO] [stderr]   -- Detecting C compiler ABI info - failed
[INFO] [stderr]   -- Check for working C compiler: /usr/bin/cc
[INFO] [stderr]   -- Check for working C compiler: /usr/bin/cc - broken
[INFO] [stderr]   -- Configuring incomplete, errors occurred!
[INFO] [stderr]   See also "/opt/rustwide/target/debug/build/drogue-tls-sys-505d180ab92747c3/out/build/CMakeFiles/CMakeOutput.log".
[INFO] [stderr]   See also "/opt/rustwide/target/debug/build/drogue-tls-sys-505d180ab92747c3/out/build/CMakeFiles/CMakeError.log".
[INFO] [stderr] 
[INFO] [stderr]   --- stderr
[INFO] [stderr]   CMake Deprecation Warning at CMakeLists.txt:19 (cmake_minimum_required):
[INFO] [stderr]     Compatibility with CMake < 2.8.12 will be removed from a future version of
[INFO] [stderr]     CMake.
[INFO] [stderr] 
[INFO] [stderr]     Update the VERSION argument <min> value or use a ...<max> suffix to tell
[INFO] [stderr]     CMake that the project does not need compatibility with older versions.
[INFO] [stderr] 
[INFO] [stderr] 
[INFO] [stderr]   CMake Error at /usr/share/cmake-3.22/Modules/CMakeTestCCompiler.cmake:69 (message):
[INFO] [stderr]     The C compiler
[INFO] [stderr] 
[INFO] [stderr]       "/usr/bin/cc"
[INFO] [stderr] 
[INFO] [stderr]     is not able to compile a simple test program.
[INFO] [stderr] 
[INFO] [stderr]     It fails with the following output:
[INFO] [stderr] 
[INFO] [stderr]       Change Dir: /opt/rustwide/target/debug/build/drogue-tls-sys-505d180ab92747c3/out/build/CMakeFiles/CMakeTmp
[INFO] [stderr]       
[INFO] [stderr]       Run Build Command(s):/usr/bin/gmake -f Makefile cmTC_18143/fast && /usr/bin/gmake  -f CMakeFiles/cmTC_18143.dir/build.make CMakeFiles/cmTC_18143.dir/build
[INFO] [stderr]       gmake[1]: Entering directory '/opt/rustwide/target/debug/build/drogue-tls-sys-505d180ab92747c3/out/build/CMakeFiles/CMakeTmp'
[INFO] [stderr]       Building C object CMakeFiles/cmTC_18143.dir/testCCompiler.c.o
[INFO] [stderr]       /usr/bin/cc   -DMBEDTLS_CONFIG_FILE=\"drogue_config.h\" -I/opt/rustwide/workdir/include --specs=nosys.specs -ffunction-sections -fdata-sections -fPIC -m64  -o CMakeFiles/cmTC_18143.dir/testCCompiler.c.o -c /opt/rustwide/target/debug/build/drogue-tls-sys-505d180ab92747c3/out/build/CMakeFiles/CMakeTmp/testCCompiler.c
[INFO] [stderr]       cc: fatal error: cannot read spec file 'nosys.specs': No such file or directory
[INFO] [stderr]       compilation terminated.
[INFO] [stderr]       gmake[1]: *** [CMakeFiles/cmTC_18143.dir/build.make:78: CMakeFiles/cmTC_18143.dir/testCCompiler.c.o] Error 1
[INFO] [stderr]       gmake[1]: Leaving directory '/opt/rustwide/target/debug/build/drogue-tls-sys-505d180ab92747c3/out/build/CMakeFiles/CMakeTmp'
[INFO] [stderr]       gmake: *** [Makefile:127: cmTC_18143/fast] Error 2
[INFO] [stderr]       
[INFO] [stderr]       
[INFO] [stderr] 
[INFO] [stderr]     
[INFO] [stderr] 
[INFO] [stderr]     CMake will not be able to correctly generate this project.
[INFO] [stderr]   Call Stack (most recent call first):
[INFO] [stderr]     CMakeLists.txt:23 (project)
[INFO] [stderr] 
[INFO] [stderr] 
[INFO] [stderr]   thread 'main' panicked at '
[INFO] [stderr]   command did not execute successfully, got: exit status: 1
[INFO] [stderr] 
[INFO] [stderr]   build script failed, must exit now', /opt/rustwide/cargo-home/registry/src/github.com-1ecc6299db9ec823/cmake-0.1.50/src/lib.rs:1098:5
[INFO] [stderr]   stack backtrace:
[INFO] [stderr]      0:     0x560f8c7e8f0a - std::backtrace_rs::backtrace::libunwind::trace::ha9053a9a07ca49cb
[INFO] [stderr]                                  at /rustc/84c898d65adf2f39a5a98507f1fe0ce10a2b8dbc/library/std/src/../../backtrace/src/backtrace/libunwind.rs:93:5
[INFO] [stderr]      1:     0x560f8c7e8f0a - std::backtrace_rs::backtrace::trace_unsynchronized::h9c2852a457ad564e
[INFO] [stderr]                                  at /rustc/84c898d65adf2f39a5a98507f1fe0ce10a2b8dbc/library/std/src/../../backtrace/src/backtrace/mod.rs:66:5
[INFO] [stderr]      2:     0x560f8c7e8f0a - std::sys_common::backtrace::_print_fmt::h457936fbfaa0070f
[INFO] [stderr]                                  at /rustc/84c898d65adf2f39a5a98507f1fe0ce10a2b8dbc/library/std/src/sys_common/backtrace.rs:65:5
[INFO] [stderr]      3:     0x560f8c7e8f0a - <std::sys_common::backtrace::_print::DisplayBacktrace as core::fmt::Display>::fmt::h5779d7bf7f70cb0c
[INFO] [stderr]                                  at /rustc/84c898d65adf2f39a5a98507f1fe0ce10a2b8dbc/library/std/src/sys_common/backtrace.rs:44:22
[INFO] [stderr]      4:     0x560f8c80926e - core::fmt::write::h5a4baaff1bcd3eb5
[INFO] [stderr]                                  at /rustc/84c898d65adf2f39a5a98507f1fe0ce10a2b8dbc/library/core/src/fmt/mod.rs:1232:17
[INFO] [stderr]      5:     0x560f8c7e5f55 - std::io::Write::write_fmt::h4bc1f301cb9e9cce
[INFO] [stderr]                                  at /rustc/84c898d65adf2f39a5a98507f1fe0ce10a2b8dbc/library/std/src/io/mod.rs:1684:15
[INFO] [stderr]      6:     0x560f8c7e8cd5 - std::sys_common::backtrace::_print::h5fcdc36060f177e8
[INFO] [stderr]                                  at /rustc/84c898d65adf2f39a5a98507f1fe0ce10a2b8dbc/library/std/src/sys_common/backtrace.rs:47:5
[INFO] [stderr]      7:     0x560f8c7e8cd5 - std::sys_common::backtrace::print::h54ca9458b876c8bf
[INFO] [stderr]                                  at /rustc/84c898d65adf2f39a5a98507f1fe0ce10a2b8dbc/library/std/src/sys_common/backtrace.rs:34:9
[INFO] [stderr]      8:     0x560f8c7ea6af - std::panicking::default_hook::{{closure}}::hbe471161c7664ed6
[INFO] [stderr]                                  at /rustc/84c898d65adf2f39a5a98507f1fe0ce10a2b8dbc/library/std/src/panicking.rs:271:22
[INFO] [stderr]      9:     0x560f8c7ea3eb - std::panicking::default_hook::ha3500da57aa4ac4f
[INFO] [stderr]                                  at /rustc/84c898d65adf2f39a5a98507f1fe0ce10a2b8dbc/library/std/src/panicking.rs:290:9
[INFO] [stderr]     10:     0x560f8c7eac58 - std::panicking::rust_panic_with_hook::h50c09d000dc561d2
[INFO] [stderr]                                  at /rustc/84c898d65adf2f39a5a98507f1fe0ce10a2b8dbc/library/std/src/panicking.rs:692:13
[INFO] [stderr]     11:     0x560f8c7eab59 - std::panicking::begin_panic_handler::{{closure}}::h9e2b2176e00e0d9c
[INFO] [stderr]                                  at /rustc/84c898d65adf2f39a5a98507f1fe0ce10a2b8dbc/library/std/src/panicking.rs:583:13
[INFO] [stderr]     12:     0x560f8c7e9376 - std::sys_common::backtrace::__rust_end_short_backtrace::h5739b8e512c09d02
[INFO] [stderr]                                  at /rustc/84c898d65adf2f39a5a98507f1fe0ce10a2b8dbc/library/std/src/sys_common/backtrace.rs:150:18
[INFO] [stderr]     13:     0x560f8c7ea862 - rust_begin_unwind
[INFO] [stderr]                                  at /rustc/84c898d65adf2f39a5a98507f1fe0ce10a2b8dbc/library/std/src/panicking.rs:579:5
[INFO] [stderr]     14:     0x560f8c76c7a3 - core::panicking::panic_fmt::hf33a1475b4dc5c3e
[INFO] [stderr]                                  at /rustc/84c898d65adf2f39a5a98507f1fe0ce10a2b8dbc/library/core/src/panicking.rs:64:14
[INFO] [stderr]     15:     0x560f8c777b2f - cmake::fail::he523feb31d426beb
[INFO] [stderr]     16:     0x560f8c777623 - cmake::run::h28b9026df7e93e8d
[INFO] [stderr]     17:     0x560f8c77392b - cmake::Config::build::h36ec1f0187cbfcd5
[INFO] [stderr]     18:     0x560f8c76d6a6 - build_script_build::main::hc74b54f3acebb179
[INFO] [stderr]     19:     0x560f8c76e7c3 - core::ops::function::FnOnce::call_once::h66fac47ab560806d
[INFO] [stderr]     20:     0x560f8c76dd39 - std::sys_common::backtrace::__rust_begin_short_backtrace::h9792598692cad980
[INFO] [stderr]     21:     0x560f8c76ee59 - std::rt::lang_start::{{closure}}::hb812e8fd2e454577
[INFO] [stderr]     22:     0x560f8c7e201c - core::ops::function::impls::<impl core::ops::function::FnOnce<A> for &F>::call_once::hd6efcd3bec896f2c
[INFO] [stderr]                                  at /rustc/84c898d65adf2f39a5a98507f1fe0ce10a2b8dbc/library/core/src/ops/function.rs:287:13
[INFO] [stderr]     23:     0x560f8c7e201c - std::panicking::try::do_call::hce04e543bb1f4cbb
[INFO] [stderr]                                  at /rustc/84c898d65adf2f39a5a98507f1fe0ce10a2b8dbc/library/std/src/panicking.rs:487:40
[INFO] [stderr]     24:     0x560f8c7e201c - std::panicking::try::h3342dd4e1f680968
[INFO] [stderr]                                  at /rustc/84c898d65adf2f39a5a98507f1fe0ce10a2b8dbc/library/std/src/panicking.rs:451:19
[INFO] [stderr]     25:     0x560f8c7e201c - std::panic::catch_unwind::h148ce1e59ac0cee7
[INFO] [stderr]                                  at /rustc/84c898d65adf2f39a5a98507f1fe0ce10a2b8dbc/library/std/src/panic.rs:140:14
[INFO] [stderr]     26:     0x560f8c7e201c - std::rt::lang_start_internal::{{closure}}::h25f9dda2057a67fe
[INFO] [stderr]                                  at /rustc/84c898d65adf2f39a5a98507f1fe0ce10a2b8dbc/library/std/src/rt.rs:148:48
[INFO] [stderr]     27:     0x560f8c7e201c - std::panicking::try::do_call::h7caaaeaf9401650b
[INFO] [stderr]                                  at /rustc/84c898d65adf2f39a5a98507f1fe0ce10a2b8dbc/library/std/src/panicking.rs:487:40
[INFO] [stderr]     28:     0x560f8c7e201c - std::panicking::try::he7d15285746cbbc2
[INFO] [stderr]                                  at /rustc/84c898d65adf2f39a5a98507f1fe0ce10a2b8dbc/library/std/src/panicking.rs:451:19
[INFO] [stderr]     29:     0x560f8c7e201c - std::panic::catch_unwind::h89fb4f50c0301fe0
[INFO] [stderr]                                  at /rustc/84c898d65adf2f39a5a98507f1fe0ce10a2b8dbc/library/std/src/panic.rs:140:14
[INFO] [stderr]     30:     0x560f8c7e201c - std::rt::lang_start_internal::h078acd489417d3c1
[INFO] [stderr]                                  at /rustc/84c898d65adf2f39a5a98507f1fe0ce10a2b8dbc/library/std/src/rt.rs:148:20
[INFO] [stderr]     31:     0x560f8c76ee37 - std::rt::lang_start::hd0df66b23e184660
[INFO] [stderr]     32:     0x560f8c76dae5 - main
[INFO] [stderr]     33:     0x7f0e32a65d90 - <unknown>
[INFO] [stderr]     34:     0x7f0e32a65e40 - __libc_start_main
[INFO] [stderr]     35:     0x560f8c76cd25 - _start
[INFO] [stderr]     36:                0x0 - <unknown>
[INFO] [stderr] warning: build failed, waiting for other jobs to finish...
[INFO] running `Command { std: "docker" "inspect" "5aa28c1c7ee3860a0203563c1c25a58ac461f7e22a075a1528d6de87d0bb3ef0", kill_on_drop: false }`
[INFO] running `Command { std: "docker" "rm" "-f" "5aa28c1c7ee3860a0203563c1c25a58ac461f7e22a075a1528d6de87d0bb3ef0", kill_on_drop: false }`
[INFO] [stdout] 5aa28c1c7ee3860a0203563c1c25a58ac461f7e22a075a1528d6de87d0bb3ef0
